I20260710 13:10:50.868772  7115 hybrid_clock.cc:648] HybridClock initialized: now 1783689050868753 us; error 0 us; skew 500 ppm
I20260710 13:10:50.869469  7115 server_base.cc:861] Flag tcmalloc_max_total_thread_cache_bytes is not working since tcmalloc is not enabled.
I20260710 13:10:50.871266  7652 ts_manager.cc:194] Registered new tserver with Master: e2d01b55bb524c9788f7d338e0b7e4c1 (127.6.242.194:33379)
I20260710 13:10:50.872498  7115 webserver.cc:533] Webserver started at http://127.6.242.195:37199/ using document root <none> and password file <none>
I20260710 13:10:50.873167  7115 fs_manager.cc:362] Metadata directory not provided
I20260710 13:10:50.873260  7652 master_service.cc:502] Signed X509 certificate for tserver {username='slave'} at 127.0.0.1:42808
I20260710 13:10:50.873512  7115 fs_manager.cc:368] Using write-ahead log directory (fs_wal_dir) as metadata directory
I20260710 13:10:50.873909  7115 server_base.cc:909] This appears to be a new deployment of Kudu; creating new FS layout
I20260710 13:10:50.875262  7115 fs_manager.cc:1068] Generated new instance metadata in path /tmp/dist-test-taskMV5H6f/test-tmp/auto_leader_rebalancer-test.0.LeaderRebalancerTest.FunctionalTestForNotDivided.1783689036532000-7115-0/minicluster-data/ts-2-root/instance:
uuid: "6d0e3fdf931d4656b2ff7fdebad323de"
format_stamp: "Formatted at 2026-07-10 13:10:50 on dist-test-slave-f9vl"
I20260710 13:10:50.880300  7115 fs_manager.cc:696] Time spent creating directory manager: real 0.004s	user 0.004s	sys 0.000s
I20260710 13:10:50.884028  7865 log_block_manager.cc:4127] Time spent loading block containers with low live blocks: real 0.000s	user 0.000s	sys 0.000s
I20260710 13:10:50.884948  7115 fs_manager.cc:730] Time spent opening block manager: real 0.003s	user 0.003s	sys 0.000s
I20260710 13:10:50.885281  7115 fs_manager.cc:647] Opened local filesystem: /tmp/dist-test-taskMV5H6f/test-tmp/auto_leader_rebalancer-test.0.LeaderRebalancerTest.FunctionalTestForNotDivided.1783689036532000-7115-0/minicluster-data/ts-2-root
uuid: "6d0e3fdf931d4656b2ff7fdebad323de"
format_stamp: "Formatted at 2026-07-10 13:10:50 on dist-test-slave-f9vl"
I20260710 13:10:50.885607  7115 fs_report.cc:389] FS layout report
--------------------
wal directory: /tmp/dist-test-taskMV5H6f/test-tmp/auto_leader_rebalancer-test.0.LeaderRebalancerTest.FunctionalTestForNotDivided.1783689036532000-7115-0/minicluster-data/ts-2-root
metadata directory: /tmp/dist-test-taskMV5H6f/test-tmp/auto_leader_rebalancer-test.0.LeaderRebalancerTest.FunctionalTestForNotDivided.1783689036532000-7115-0/minicluster-data/ts-2-root
1 data directories: /tmp/dist-test-taskMV5H6f/test-tmp/auto_leader_rebalancer-test.0.LeaderRebalancerTest.FunctionalTestForNotDivided.1783689036532000-7115-0/minicluster-data/ts-2-root/data
Total live blocks: 0
Total live bytes: 0
Total live bytes (after alignment): 0
Total number of LBM containers: 0 (0 full)
Did not check for missing blocks
Did not check for orphaned blocks
Total full LBM containers with extra space: 0 (0 repaired)
Total full LBM container extra space in bytes: 0 (0 repaired)
Total incomplete LBM containers: 0 (0 repaired)
Total LBM partial records: 0 (0 repaired)
Total corrupted LBM metadata records in RocksDB: 0 (0 repaired)
I20260710 13:10:50.904942  7115 rpc_server.cc:225] running with OpenSSL 1.1.1  11 Sep 2018
I20260710 13:10:50.906148  7115 kserver.cc:163] Server-wide thread pool size limit: 3276
I20260710 13:10:50.907636  7115 txn_system_client.cc:432] TxnSystemClient initialization is disabled...
I20260710 13:10:50.909864  7115 ts_tablet_manager.cc:585] Loaded tablet metadata (0 total tablets, 0 live tablets)
I20260710 13:10:50.910094  7115 ts_tablet_manager.cc:531] Time spent load tablet metadata: real 0.000s	user 0.000s	sys 0.000s
I20260710 13:10:50.910338  7115 ts_tablet_manager.cc:616] Registered 0 tablets
I20260710 13:10:50.910542  7115 ts_tablet_manager.cc:595] Time spent register tablets: real 0.000s	user 0.000s	sys 0.000s
I20260710 13:10:50.950856  7115 rpc_server.cc:307] RPC server started. Bound to: 127.6.242.195:40029
I20260710 13:10:50.950978  7927 acceptor_pool.cc:272] collecting diagnostics on the listening RPC socket 127.6.242.195:40029 every 8 connection(s)
I20260710 13:10:50.964699  7928 heartbeater.cc:344] Connected to a master server at 127.6.242.254:38525
I20260710 13:10:50.965117  7928 heartbeater.cc:461] Registering TS with master...
I20260710 13:10:50.965754  7928 heartbeater.cc:507] Master 127.6.242.254:38525 requested a full tablet report, sending...
I20260710 13:10:50.967614  7652 ts_manager.cc:194] Registered new tserver with Master: 6d0e3fdf931d4656b2ff7fdebad323de (127.6.242.195:40029)
I20260710 13:10:50.968398  7115 internal_mini_cluster.cc:371] 3 TS(s) registered with all masters after 0.014445285s
I20260710 13:10:50.969056  7652 master_service.cc:502] Signed X509 certificate for tserver {username='slave'} at 127.0.0.1:42818
I20260710 13:10:50.994113  7652 catalog_manager.cc:2283] Servicing CreateTable request from {username='slave'} at 127.0.0.1:42820:
name: "test-workload"
schema {
  columns {
    name: "key"
    type: INT32
    is_key: true
    is_nullable: false
    encoding: AUTO_ENCODING
    compression: DEFAULT_COMPRESSION
    cfile_block_size: 0
    immutable: false
  }
  columns {
    name: "int_val"
    type: INT32
    is_key: false
    is_nullable: false
    encoding: AUTO_ENCODING
    compression: DEFAULT_COMPRESSION
    cfile_block_size: 0
    immutable: false
  }
  columns {
    name: "string_val"
    type: STRING
    is_key: false
    is_nullable: true
    encoding: AUTO_ENCODING
    compression: DEFAULT_COMPRESSION
    cfile_block_size: 0
    immutable: false
  }
}
num_replicas: 3
split_rows_range_bounds {
  rows: "\004\001\000\314\314\314\014\004\001\000\230\231\231\031\004\001\000dff&\004\001\0000333\004\001\000\374\377\377?\004\001\000\310\314\314L\004\001\000\224\231\231Y\004\001\000`fff\004\001\000,33s""\004\001\000\314\314\314\014\004\001\000\230\231\231\031\004\001\000dff&\004\001\0000333\004\001\000\374\377\377?\004\001\000\310\314\314L\004\001\000\224\231\231Y\004\001\000`fff\004\001\000,33s"
  indirect_data: """"
}
partition_schema {
  range_schema {
    columns {
      name: "key"
    }
  }
}
W20260710 13:10:50.997311  7652 catalog_manager.cc:7077] The number of live tablet servers is not enough to re-replicate a tablet replica of the newly created table test-workload in case of a server failure: 4 tablet servers would be needed, 3 are available. Consider bringing up more tablet servers.
I20260710 13:10:51.072243  7743 tablet_service.cc:1511] Processing CreateTablet for tablet db2bec7d0985448ebb90737eef909a5f (DEFAULT_TABLE table=test-workload [id=d126e698ac6844928ace082759fcd71b]), partition=RANGE (key) PARTITION 214748364 <= VALUES < 429496728
I20260710 13:10:51.073980  7743 data_dirs.cc:400] Could only allocate 1 dirs of requested 3 for tablet db2bec7d0985448ebb90737eef909a5f. 1 dirs total, 0 dirs full, 0 dirs failed
I20260710 13:10:51.076184  7742 tablet_service.cc:1511] Processing CreateTablet for tablet a60e9c5e476b4bf095be23a5942e9dac (DEFAULT_TABLE table=test-workload [id=d126e698ac6844928ace082759fcd71b]), partition=RANGE (key) PARTITION 429496728 <= VALUES < 644245092
I20260710 13:10:51.077118  7741 tablet_service.cc:1511] Processing CreateTablet for tablet 7dfe6f13557a42c790ffcec41aa432f4 (DEFAULT_TABLE table=test-workload [id=d126e698ac6844928ace082759fcd71b]), partition=RANGE (key) PARTITION 644245092 <= VALUES < 858993456
I20260710 13:10:51.079620  7740 tablet_service.cc:1511] Processing CreateTablet for tablet 7eecfd6ce3644d688731d77755c84755 (DEFAULT_TABLE table=test-workload [id=d126e698ac6844928ace082759fcd71b]), partition=RANGE (key) PARTITION 858993456 <= VALUES < 1073741820
I20260710 13:10:51.079888  7744 tablet_service.cc:1511] Processing CreateTablet for tablet 1cc257ceef9c411ea5c48a84dc0995db (DEFAULT_TABLE table=test-workload [id=d126e698ac6844928ace082759fcd71b]), partition=RANGE (key) PARTITION VALUES < 214748364
I20260710 13:10:51.077766  7742 data_dirs.cc:400] Could only allocate 1 dirs of requested 3 for tablet a60e9c5e476b4bf095be23a5942e9dac. 1 dirs total, 0 dirs full, 0 dirs failed
I20260710 13:10:51.087231  7744 data_dirs.cc:400] Could only allocate 1 dirs of requested 3 for tablet 1cc257ceef9c411ea5c48a84dc0995db. 1 dirs total, 0 dirs full, 0 dirs failed
I20260710 13:10:51.088124  7819 tablet_service.cc:1511] Processing CreateTablet for tablet 1cc257ceef9c411ea5c48a84dc0995db (DEFAULT_TABLE table=test-workload [id=d126e698ac6844928ace082759fcd71b]), partition=RANGE (key) PARTITION VALUES < 214748364
I20260710 13:10:51.088796  7739 tablet_service.cc:1511] Processing CreateTablet for tablet 0bcd04fb582d493c8d067699dd5ed6dc (DEFAULT_TABLE table=test-workload [id=d126e698ac6844928ace082759fcd71b]), partition=RANGE (key) PARTITION 1073741820 <= VALUES < 1288490184
I20260710 13:10:51.089668  7819 data_dirs.cc:400] Could only allocate 1 dirs of requested 3 for tablet 1cc257ceef9c411ea5c48a84dc0995db. 1 dirs total, 0 dirs full, 0 dirs failed
I20260710 13:10:51.089876  7814 tablet_service.cc:1511] Processing CreateTablet for tablet 0bcd04fb582d493c8d067699dd5ed6dc (DEFAULT_TABLE table=test-workload [id=d126e698ac6844928ace082759fcd71b]), partition=RANGE (key) PARTITION 1073741820 <= VALUES < 1288490184
I20260710 13:10:51.091306  7814 data_dirs.cc:400] Could only allocate 1 dirs of requested 3 for tablet 0bcd04fb582d493c8d067699dd5ed6dc. 1 dirs total, 0 dirs full, 0 dirs failed
I20260710 13:10:51.092324  7818 tablet_service.cc:1511] Processing CreateTablet for tablet db2bec7d0985448ebb90737eef909a5f (DEFAULT_TABLE table=test-workload [id=d126e698ac6844928ace082759fcd71b]), partition=RANGE (key) PARTITION 214748364 <= VALUES < 429496728
I20260710 13:10:51.093843  7815 tablet_service.cc:1511] Processing CreateTablet for tablet 7eecfd6ce3644d688731d77755c84755 (DEFAULT_TABLE table=test-workload [id=d126e698ac6844928ace082759fcd71b]), partition=RANGE (key) PARTITION 858993456 <= VALUES < 1073741820
I20260710 13:10:51.088447  7741 data_dirs.cc:400] Could only allocate 1 dirs of requested 3 for tablet 7dfe6f13557a42c790ffcec41aa432f4. 1 dirs total, 0 dirs full, 0 dirs failed
I20260710 13:10:51.094749  7817 tablet_service.cc:1511] Processing CreateTablet for tablet a60e9c5e476b4bf095be23a5942e9dac (DEFAULT_TABLE table=test-workload [id=d126e698ac6844928ace082759fcd71b]), partition=RANGE (key) PARTITION 429496728 <= VALUES < 644245092
I20260710 13:10:51.095742  7740 data_dirs.cc:400] Could only allocate 1 dirs of requested 3 for tablet 7eecfd6ce3644d688731d77755c84755. 1 dirs total, 0 dirs full, 0 dirs failed
I20260710 13:10:51.097244  7816 tablet_service.cc:1511] Processing CreateTablet for tablet 7dfe6f13557a42c790ffcec41aa432f4 (DEFAULT_TABLE table=test-workload [id=d126e698ac6844928ace082759fcd71b]), partition=RANGE (key) PARTITION 644245092 <= VALUES < 858993456
I20260710 13:10:51.098224  7739 data_dirs.cc:400] Could only allocate 1 dirs of requested 3 for tablet 0bcd04fb582d493c8d067699dd5ed6dc. 1 dirs total, 0 dirs full, 0 dirs failed
I20260710 13:10:51.106729  7942 tablet_bootstrap.cc:492] T a60e9c5e476b4bf095be23a5942e9dac P c4d5d1dbd72442189ea44c7bbccfcc81: Bootstrap starting.
I20260710 13:10:51.107453  7818 data_dirs.cc:400] Could only allocate 1 dirs of requested 3 for tablet db2bec7d0985448ebb90737eef909a5f. 1 dirs total, 0 dirs full, 0 dirs failed
I20260710 13:10:51.111357  7817 data_dirs.cc:400] Could only allocate 1 dirs of requested 3 for tablet a60e9c5e476b4bf095be23a5942e9dac. 1 dirs total, 0 dirs full, 0 dirs failed
I20260710 13:10:51.113322  7813 tablet_service.cc:1511] Processing CreateTablet for tablet 0168b07264434b8a90d8e096e2978316 (DEFAULT_TABLE table=test-workload [id=d126e698ac6844928ace082759fcd71b]), partition=RANGE (key) PARTITION 1288490184 <= VALUES < 1503238548
I20260710 13:10:51.114670  7813 data_dirs.cc:400] Could only allocate 1 dirs of requested 3 for tablet 0168b07264434b8a90d8e096e2978316. 1 dirs total, 0 dirs full, 0 dirs failed
I20260710 13:10:51.115371  7816 data_dirs.cc:400] Could only allocate 1 dirs of requested 3 for tablet 7dfe6f13557a42c790ffcec41aa432f4. 1 dirs total, 0 dirs full, 0 dirs failed
I20260710 13:10:51.114283  7742 tablet_service.cc:1511] Processing CreateTablet for tablet 0168b07264434b8a90d8e096e2978316 (DEFAULT_TABLE table=test-workload [id=d126e698ac6844928ace082759fcd71b]), partition=RANGE (key) PARTITION 1288490184 <= VALUES < 1503238548
I20260710 13:10:51.119411  7815 data_dirs.cc:400] Could only allocate 1 dirs of requested 3 for tablet 7eecfd6ce3644d688731d77755c84755. 1 dirs total, 0 dirs full, 0 dirs failed
I20260710 13:10:51.120232  7742 data_dirs.cc:400] Could only allocate 1 dirs of requested 3 for tablet 0168b07264434b8a90d8e096e2978316. 1 dirs total, 0 dirs full, 0 dirs failed
I20260710 13:10:51.121618  7812 tablet_service.cc:1511] Processing CreateTablet for tablet 96d0d2c660b74399be5b0c36aa832655 (DEFAULT_TABLE table=test-workload [id=d126e698ac6844928ace082759fcd71b]), partition=RANGE (key) PARTITION 1503238548 <= VALUES < 1717986912
I20260710 13:10:51.122944  7812 data_dirs.cc:400] Could only allocate 1 dirs of requested 3 for tablet 96d0d2c660b74399be5b0c36aa832655. 1 dirs total, 0 dirs full, 0 dirs failed
I20260710 13:10:51.124204  7738 tablet_service.cc:1511] Processing CreateTablet for tablet 96d0d2c660b74399be5b0c36aa832655 (DEFAULT_TABLE table=test-workload [id=d126e698ac6844928ace082759fcd71b]), partition=RANGE (key) PARTITION 1503238548 <= VALUES < 1717986912
I20260710 13:10:51.125550  7738 data_dirs.cc:400] Could only allocate 1 dirs of requested 3 for tablet 96d0d2c660b74399be5b0c36aa832655. 1 dirs total, 0 dirs full, 0 dirs failed
I20260710 13:10:51.138387  7942 tablet_bootstrap.cc:654] T a60e9c5e476b4bf095be23a5942e9dac P c4d5d1dbd72442189ea44c7bbccfcc81: Neither blocks nor log segments found. Creating new log.
I20260710 13:10:51.147298  7737 tablet_service.cc:1511] Processing CreateTablet for tablet 44af576902154857975cb5f4e6b12115 (DEFAULT_TABLE table=test-workload [id=d126e698ac6844928ace082759fcd71b]), partition=RANGE (key) PARTITION 1717986912 <= VALUES < 1932735276
I20260710 13:10:51.148885  7737 data_dirs.cc:400] Could only allocate 1 dirs of requested 3 for tablet 44af576902154857975cb5f4e6b12115. 1 dirs total, 0 dirs full, 0 dirs failed
I20260710 13:10:51.156649  7818 tablet_service.cc:1511] Processing CreateTablet for tablet 44af576902154857975cb5f4e6b12115 (DEFAULT_TABLE table=test-workload [id=d126e698ac6844928ace082759fcd71b]), partition=RANGE (key) PARTITION 1717986912 <= VALUES < 1932735276
I20260710 13:10:51.166253  7893 tablet_service.cc:1511] Processing CreateTablet for tablet 1cc257ceef9c411ea5c48a84dc0995db (DEFAULT_TABLE table=test-workload [id=d126e698ac6844928ace082759fcd71b]), partition=RANGE (key) PARTITION VALUES < 214748364
I20260710 13:10:51.171900  7893 data_dirs.cc:400] Could only allocate 1 dirs of requested 3 for tablet 1cc257ceef9c411ea5c48a84dc0995db. 1 dirs total, 0 dirs full, 0 dirs failed
I20260710 13:10:51.168526  7892 tablet_service.cc:1511] Processing CreateTablet for tablet db2bec7d0985448ebb90737eef909a5f (DEFAULT_TABLE table=test-workload [id=d126e698ac6844928ace082759fcd71b]), partition=RANGE (key) PARTITION 214748364 <= VALUES < 429496728
I20260710 13:10:51.170368  7891 tablet_service.cc:1511] Processing CreateTablet for tablet a60e9c5e476b4bf095be23a5942e9dac (DEFAULT_TABLE table=test-workload [id=d126e698ac6844928ace082759fcd71b]), partition=RANGE (key) PARTITION 429496728 <= VALUES < 644245092
I20260710 13:10:51.176465  7890 tablet_service.cc:1511] Processing CreateTablet for tablet 7dfe6f13557a42c790ffcec41aa432f4 (DEFAULT_TABLE table=test-workload [id=d126e698ac6844928ace082759fcd71b]), partition=RANGE (key) PARTITION 644245092 <= VALUES < 858993456
I20260710 13:10:51.178598  7889 tablet_service.cc:1511] Processing CreateTablet for tablet 7eecfd6ce3644d688731d77755c84755 (DEFAULT_TABLE table=test-workload [id=d126e698ac6844928ace082759fcd71b]), partition=RANGE (key) PARTITION 858993456 <= VALUES < 1073741820
I20260710 13:10:51.183866  7892 data_dirs.cc:400] Could only allocate 1 dirs of requested 3 for tablet db2bec7d0985448ebb90737eef909a5f. 1 dirs total, 0 dirs full, 0 dirs failed
I20260710 13:10:51.188412  7888 tablet_service.cc:1511] Processing CreateTablet for tablet 0bcd04fb582d493c8d067699dd5ed6dc (DEFAULT_TABLE table=test-workload [id=d126e698ac6844928ace082759fcd71b]), partition=RANGE (key) PARTITION 1073741820 <= VALUES < 1288490184
I20260710 13:10:51.189810  7888 data_dirs.cc:400] Could only allocate 1 dirs of requested 3 for tablet 0bcd04fb582d493c8d067699dd5ed6dc. 1 dirs total, 0 dirs full, 0 dirs failed
I20260710 13:10:51.192796  7887 tablet_service.cc:1511] Processing CreateTablet for tablet 0168b07264434b8a90d8e096e2978316 (DEFAULT_TABLE table=test-workload [id=d126e698ac6844928ace082759fcd71b]), partition=RANGE (key) PARTITION 1288490184 <= VALUES < 1503238548
I20260710 13:10:51.195931  7886 tablet_service.cc:1511] Processing CreateTablet for tablet 96d0d2c660b74399be5b0c36aa832655 (DEFAULT_TABLE table=test-workload [id=d126e698ac6844928ace082759fcd71b]), partition=RANGE (key) PARTITION 1503238548 <= VALUES < 1717986912
I20260710 13:10:51.198925  7885 tablet_service.cc:1511] Processing CreateTablet for tablet 44af576902154857975cb5f4e6b12115 (DEFAULT_TABLE table=test-workload [id=d126e698ac6844928ace082759fcd71b]), partition=RANGE (key) PARTITION 1717986912 <= VALUES < 1932735276
I20260710 13:10:51.208510  7887 data_dirs.cc:400] Could only allocate 1 dirs of requested 3 for tablet 0168b07264434b8a90d8e096e2978316. 1 dirs total, 0 dirs full, 0 dirs failed
I20260710 13:10:51.211318  7818 data_dirs.cc:400] Could only allocate 1 dirs of requested 3 for tablet 44af576902154857975cb5f4e6b12115. 1 dirs total, 0 dirs full, 0 dirs failed
I20260710 13:10:51.215401  7886 data_dirs.cc:400] Could only allocate 1 dirs of requested 3 for tablet 96d0d2c660b74399be5b0c36aa832655. 1 dirs total, 0 dirs full, 0 dirs failed
I20260710 13:10:51.216250  7889 data_dirs.cc:400] Could only allocate 1 dirs of requested 3 for tablet 7eecfd6ce3644d688731d77755c84755. 1 dirs total, 0 dirs full, 0 dirs failed
I20260710 13:10:51.217078  7890 data_dirs.cc:400] Could only allocate 1 dirs of requested 3 for tablet 7dfe6f13557a42c790ffcec41aa432f4. 1 dirs total, 0 dirs full, 0 dirs failed
I20260710 13:10:51.219961  7885 data_dirs.cc:400] Could only allocate 1 dirs of requested 3 for tablet 44af576902154857975cb5f4e6b12115. 1 dirs total, 0 dirs full, 0 dirs failed
I20260710 13:10:51.227455  7891 data_dirs.cc:400] Could only allocate 1 dirs of requested 3 for tablet a60e9c5e476b4bf095be23a5942e9dac. 1 dirs total, 0 dirs full, 0 dirs failed
I20260710 13:10:51.227885  7741 tablet_service.cc:1511] Processing CreateTablet for tablet 103878bb78d647a79528dafee9c364d6 (DEFAULT_TABLE table=test-workload [id=d126e698ac6844928ace082759fcd71b]), partition=RANGE (key) PARTITION 1932735276 <= VALUES
I20260710 13:10:51.229671  7741 data_dirs.cc:400] Could only allocate 1 dirs of requested 3 for tablet 103878bb78d647a79528dafee9c364d6. 1 dirs total, 0 dirs full, 0 dirs failed
I20260710 13:10:51.248080  7943 tablet_bootstrap.cc:492] T 1cc257ceef9c411ea5c48a84dc0995db P e2d01b55bb524c9788f7d338e0b7e4c1: Bootstrap starting.
I20260710 13:10:51.250090  7813 tablet_service.cc:1511] Processing CreateTablet for tablet 103878bb78d647a79528dafee9c364d6 (DEFAULT_TABLE table=test-workload [id=d126e698ac6844928ace082759fcd71b]), partition=RANGE (key) PARTITION 1932735276 <= VALUES
I20260710 13:10:51.252074  7813 data_dirs.cc:400] Could only allocate 1 dirs of requested 3 for tablet 103878bb78d647a79528dafee9c364d6. 1 dirs total, 0 dirs full, 0 dirs failed
I20260710 13:10:51.273787  7942 tablet_bootstrap.cc:492] T a60e9c5e476b4bf095be23a5942e9dac P c4d5d1dbd72442189ea44c7bbccfcc81: No bootstrap required, opened a new log
I20260710 13:10:51.274510  7942 ts_tablet_manager.cc:1403] T a60e9c5e476b4bf095be23a5942e9dac P c4d5d1dbd72442189ea44c7bbccfcc81: Time spent bootstrapping tablet: real 0.168s	user 0.025s	sys 0.012s
I20260710 13:10:51.278213  7942 raft_consensus.cc:359] T a60e9c5e476b4bf095be23a5942e9dac P c4d5d1dbd72442189ea44c7bbccfcc81 [term 0 FOLLOWER]: Replica starting. Triggering 0 pending ops. Active config: opid_index: -1 OBSOLETE_local: false peers { permanent_uuid: "c4d5d1dbd72442189ea44c7bbccfcc81" member_type: VOTER last_known_addr { host: "127.6.242.193" port: 38559 } } peers { permanent_uuid: "e2d01b55bb524c9788f7d338e0b7e4c1" member_type: VOTER last_known_addr { host: "127.6.242.194" port: 33379 } } peers { permanent_uuid: "6d0e3fdf931d4656b2ff7fdebad323de" member_type: VOTER last_known_addr { host: "127.6.242.195" port: 40029 } }
I20260710 13:10:51.279174  7942 raft_consensus.cc:385] T a60e9c5e476b4bf095be23a5942e9dac P c4d5d1dbd72442189ea44c7bbccfcc81 [term 0 FOLLOWER]: Consensus starting up: Expiring failure detector timer to make a prompt election more likely
I20260710 13:10:51.288439  7943 tablet_bootstrap.cc:654] T 1cc257ceef9c411ea5c48a84dc0995db P e2d01b55bb524c9788f7d338e0b7e4c1: Neither blocks nor log segments found. Creating new log.
I20260710 13:10:51.289894  7884 tablet_service.cc:1511] Processing CreateTablet for tablet 103878bb78d647a79528dafee9c364d6 (DEFAULT_TABLE table=test-workload [id=d126e698ac6844928ace082759fcd71b]), partition=RANGE (key) PARTITION 1932735276 <= VALUES
I20260710 13:10:51.296339  7884 data_dirs.cc:400] Could only allocate 1 dirs of requested 3 for tablet 103878bb78d647a79528dafee9c364d6. 1 dirs total, 0 dirs full, 0 dirs failed
I20260710 13:10:51.302100  7942 raft_consensus.cc:740] T a60e9c5e476b4bf095be23a5942e9dac P c4d5d1dbd72442189ea44c7bbccfcc81 [term 0 FOLLOWER]: Becoming Follower/Learner. State: Replica: c4d5d1dbd72442189ea44c7bbccfcc81, State: Initialized, Role: FOLLOWER
I20260710 13:10:51.307816  7942 consensus_queue.cc:260] T a60e9c5e476b4bf095be23a5942e9dac P c4d5d1dbd72442189ea44c7bbccfcc81 [NON_LEADER]: Queue going to NON_LEADER mode. State: All replicated index: 0, Majority replicated index: 0, Committed index: 0, Last appended: 0.0, Last appended by leader: 0, Current term: 0, Majority size: -1, State: 0, Mode: NON_LEADER, active raft config: opid_index: -1 OBSOLETE_local: false peers { permanent_uuid: "c4d5d1dbd72442189ea44c7bbccfcc81" member_type: VOTER last_known_addr { host: "127.6.242.193" port: 38559 } } peers { permanent_uuid: "e2d01b55bb524c9788f7d338e0b7e4c1" member_type: VOTER last_known_addr { host: "127.6.242.194" port: 33379 } } peers { permanent_uuid: "6d0e3fdf931d4656b2ff7fdebad323de" member_type: VOTER last_known_addr { host: "127.6.242.195" port: 40029 } }
I20260710 13:10:51.326514  7943 tablet_bootstrap.cc:492] T 1cc257ceef9c411ea5c48a84dc0995db P e2d01b55bb524c9788f7d338e0b7e4c1: No bootstrap required, opened a new log
I20260710 13:10:51.327099  7943 ts_tablet_manager.cc:1403] T 1cc257ceef9c411ea5c48a84dc0995db P e2d01b55bb524c9788f7d338e0b7e4c1: Time spent bootstrapping tablet: real 0.079s	user 0.011s	sys 0.008s
I20260710 13:10:51.330651  7943 raft_consensus.cc:359] T 1cc257ceef9c411ea5c48a84dc0995db P e2d01b55bb524c9788f7d338e0b7e4c1 [term 0 FOLLOWER]: Replica starting. Triggering 0 pending ops. Active config: opid_index: -1 OBSOLETE_local: false peers { permanent_uuid: "c4d5d1dbd72442189ea44c7bbccfcc81" member_type: VOTER last_known_addr { host: "127.6.242.193" port: 38559 } } peers { permanent_uuid: "6d0e3fdf931d4656b2ff7fdebad323de" member_type: VOTER last_known_addr { host: "127.6.242.195" port: 40029 } } peers { permanent_uuid: "e2d01b55bb524c9788f7d338e0b7e4c1" member_type: VOTER last_known_addr { host: "127.6.242.194" port: 33379 } }
I20260710 13:10:51.331458  7943 raft_consensus.cc:385] T 1cc257ceef9c411ea5c48a84dc0995db P e2d01b55bb524c9788f7d338e0b7e4c1 [term 0 FOLLOWER]: Consensus starting up: Expiring failure detector timer to make a prompt election more likely
I20260710 13:10:51.331779  7943 raft_consensus.cc:740] T 1cc257ceef9c411ea5c48a84dc0995db P e2d01b55bb524c9788f7d338e0b7e4c1 [term 0 FOLLOWER]: Becoming Follower/Learner. State: Replica: e2d01b55bb524c9788f7d338e0b7e4c1, State: Initialized, Role: FOLLOWER
I20260710 13:10:51.335424  7943 consensus_queue.cc:260] T 1cc257ceef9c411ea5c48a84dc0995db P e2d01b55bb524c9788f7d338e0b7e4c1 [NON_LEADER]: Queue going to NON_LEADER mode. State: All replicated index: 0, Majority replicated index: 0, Committed index: 0, Last appended: 0.0, Last appended by leader: 0, Current term: 0, Majority size: -1, State: 0, Mode: NON_LEADER, active raft config: opid_index: -1 OBSOLETE_local: false peers { permanent_uuid: "c4d5d1dbd72442189ea44c7bbccfcc81" member_type: VOTER last_known_addr { host: "127.6.242.193" port: 38559 } } peers { permanent_uuid: "6d0e3fdf931d4656b2ff7fdebad323de" member_type: VOTER last_known_addr { host: "127.6.242.195" port: 40029 } } peers { permanent_uuid: "e2d01b55bb524c9788f7d338e0b7e4c1" member_type: VOTER last_known_addr { host: "127.6.242.194" port: 33379 } }
I20260710 13:10:51.336298  7779 heartbeater.cc:499] Master 127.6.242.254:38525 was elected leader, sending a full tablet report...
I20260710 13:10:51.352945  7854 heartbeater.cc:499] Master 127.6.242.254:38525 was elected leader, sending a full tablet report...
I20260710 13:10:51.353693  7943 ts_tablet_manager.cc:1434] T 1cc257ceef9c411ea5c48a84dc0995db P e2d01b55bb524c9788f7d338e0b7e4c1: Time spent starting tablet: real 0.026s	user 0.009s	sys 0.013s
I20260710 13:10:51.354691  7942 ts_tablet_manager.cc:1434] T a60e9c5e476b4bf095be23a5942e9dac P c4d5d1dbd72442189ea44c7bbccfcc81: Time spent starting tablet: real 0.080s	user 0.008s	sys 0.000s
I20260710 13:10:51.354707  7943 tablet_bootstrap.cc:492] T db2bec7d0985448ebb90737eef909a5f P e2d01b55bb524c9788f7d338e0b7e4c1: Bootstrap starting.
I20260710 13:10:51.356377  7942 tablet_bootstrap.cc:492] T 0168b07264434b8a90d8e096e2978316 P c4d5d1dbd72442189ea44c7bbccfcc81: Bootstrap starting.
I20260710 13:10:51.362232  7943 tablet_bootstrap.cc:654] T db2bec7d0985448ebb90737eef909a5f P e2d01b55bb524c9788f7d338e0b7e4c1: Neither blocks nor log segments found. Creating new log.
I20260710 13:10:51.374621  7942 tablet_bootstrap.cc:654] T 0168b07264434b8a90d8e096e2978316 P c4d5d1dbd72442189ea44c7bbccfcc81: Neither blocks nor log segments found. Creating new log.
I20260710 13:10:51.377867  7945 tablet_bootstrap.cc:492] T 0168b07264434b8a90d8e096e2978316 P 6d0e3fdf931d4656b2ff7fdebad323de: Bootstrap starting.
I20260710 13:10:51.385211  7945 tablet_bootstrap.cc:654] T 0168b07264434b8a90d8e096e2978316 P 6d0e3fdf931d4656b2ff7fdebad323de: Neither blocks nor log segments found. Creating new log.
I20260710 13:10:51.389683  7942 tablet_bootstrap.cc:492] T 0168b07264434b8a90d8e096e2978316 P c4d5d1dbd72442189ea44c7bbccfcc81: No bootstrap required, opened a new log
I20260710 13:10:51.390226  7942 ts_tablet_manager.cc:1403] T 0168b07264434b8a90d8e096e2978316 P c4d5d1dbd72442189ea44c7bbccfcc81: Time spent bootstrapping tablet: real 0.034s	user 0.016s	sys 0.005s
I20260710 13:10:51.393095  7942 raft_consensus.cc:359] T 0168b07264434b8a90d8e096e2978316 P c4d5d1dbd72442189ea44c7bbccfcc81 [term 0 FOLLOWER]: Replica starting. Triggering 0 pending ops. Active config: opid_index: -1 OBSOLETE_local: false peers { permanent_uuid: "c4d5d1dbd72442189ea44c7bbccfcc81" member_type: VOTER last_known_addr { host: "127.6.242.193" port: 38559 } } peers { permanent_uuid: "e2d01b55bb524c9788f7d338e0b7e4c1" member_type: VOTER last_known_addr { host: "127.6.242.194" port: 33379 } } peers { permanent_uuid: "6d0e3fdf931d4656b2ff7fdebad323de" member_type: VOTER last_known_addr { host: "127.6.242.195" port: 40029 } }
I20260710 13:10:51.393790  7942 raft_consensus.cc:385] T 0168b07264434b8a90d8e096e2978316 P c4d5d1dbd72442189ea44c7bbccfcc81 [term 0 FOLLOWER]: Consensus starting up: Expiring failure detector timer to make a prompt election more likely
I20260710 13:10:51.394102  7942 raft_consensus.cc:740] T 0168b07264434b8a90d8e096e2978316 P c4d5d1dbd72442189ea44c7bbccfcc81 [term 0 FOLLOWER]: Becoming Follower/Learner. State: Replica: c4d5d1dbd72442189ea44c7bbccfcc81, State: Initialized, Role: FOLLOWER
I20260710 13:10:51.395120  7942 consensus_queue.cc:260] T 0168b07264434b8a90d8e096e2978316 P c4d5d1dbd72442189ea44c7bbccfcc81 [NON_LEADER]: Queue going to NON_LEADER mode. State: All replicated index: 0, Majority replicated index: 0, Committed index: 0, Last appended: 0.0, Last appended by leader: 0, Current term: 0, Majority size: -1, State: 0, Mode: NON_LEADER, active raft config: opid_index: -1 OBSOLETE_local: false peers { permanent_uuid: "c4d5d1dbd72442189ea44c7bbccfcc81" member_type: VOTER last_known_addr { host: "127.6.242.193" port: 38559 } } peers { permanent_uuid: "e2d01b55bb524c9788f7d338e0b7e4c1" member_type: VOTER last_known_addr { host: "127.6.242.194" port: 33379 } } peers { permanent_uuid: "6d0e3fdf931d4656b2ff7fdebad323de" member_type: VOTER last_known_addr { host: "127.6.242.195" port: 40029 } }
I20260710 13:10:51.397449  7942 ts_tablet_manager.cc:1434] T 0168b07264434b8a90d8e096e2978316 P c4d5d1dbd72442189ea44c7bbccfcc81: Time spent starting tablet: real 0.007s	user 0.003s	sys 0.004s
I20260710 13:10:51.398408  7942 tablet_bootstrap.cc:492] T 96d0d2c660b74399be5b0c36aa832655 P c4d5d1dbd72442189ea44c7bbccfcc81: Bootstrap starting.
I20260710 13:10:51.406394  7942 tablet_bootstrap.cc:654] T 96d0d2c660b74399be5b0c36aa832655 P c4d5d1dbd72442189ea44c7bbccfcc81: Neither blocks nor log segments found. Creating new log.
I20260710 13:10:51.406970  7945 tablet_bootstrap.cc:492] T 0168b07264434b8a90d8e096e2978316 P 6d0e3fdf931d4656b2ff7fdebad323de: No bootstrap required, opened a new log
I20260710 13:10:51.407552  7945 ts_tablet_manager.cc:1403] T 0168b07264434b8a90d8e096e2978316 P 6d0e3fdf931d4656b2ff7fdebad323de: Time spent bootstrapping tablet: real 0.030s	user 0.011s	sys 0.019s
I20260710 13:10:51.410300  7943 tablet_bootstrap.cc:492] T db2bec7d0985448ebb90737eef909a5f P e2d01b55bb524c9788f7d338e0b7e4c1: No bootstrap required, opened a new log
I20260710 13:10:51.411062  7943 ts_tablet_manager.cc:1403] T db2bec7d0985448ebb90737eef909a5f P e2d01b55bb524c9788f7d338e0b7e4c1: Time spent bootstrapping tablet: real 0.057s	user 0.012s	sys 0.025s
I20260710 13:10:51.410789  7945 raft_consensus.cc:359] T 0168b07264434b8a90d8e096e2978316 P 6d0e3fdf931d4656b2ff7fdebad323de [term 0 FOLLOWER]: Replica starting. Triggering 0 pending ops. Active config: opid_index: -1 OBSOLETE_local: false peers { permanent_uuid: "c4d5d1dbd72442189ea44c7bbccfcc81" member_type: VOTER last_known_addr { host: "127.6.242.193" port: 38559 } } peers { permanent_uuid: "e2d01b55bb524c9788f7d338e0b7e4c1" member_type: VOTER last_known_addr { host: "127.6.242.194" port: 33379 } } peers { permanent_uuid: "6d0e3fdf931d4656b2ff7fdebad323de" member_type: VOTER last_known_addr { host: "127.6.242.195" port: 40029 } }
I20260710 13:10:51.411669  7945 raft_consensus.cc:385] T 0168b07264434b8a90d8e096e2978316 P 6d0e3fdf931d4656b2ff7fdebad323de [term 0 FOLLOWER]: Consensus starting up: Expiring failure detector timer to make a prompt election more likely
I20260710 13:10:51.412027  7945 raft_consensus.cc:740] T 0168b07264434b8a90d8e096e2978316 P 6d0e3fdf931d4656b2ff7fdebad323de [term 0 FOLLOWER]: Becoming Follower/Learner. State: Replica: 6d0e3fdf931d4656b2ff7fdebad323de, State: Initialized, Role: FOLLOWER
I20260710 13:10:51.412850  7945 consensus_queue.cc:260] T 0168b07264434b8a90d8e096e2978316 P 6d0e3fdf931d4656b2ff7fdebad323de [NON_LEADER]: Queue going to NON_LEADER mode. State: All replicated index: 0, Majority replicated index: 0, Committed index: 0, Last appended: 0.0, Last appended by leader: 0, Current term: 0, Majority size: -1, State: 0, Mode: NON_LEADER, active raft config: opid_index: -1 OBSOLETE_local: false peers { permanent_uuid: "c4d5d1dbd72442189ea44c7bbccfcc81" member_type: VOTER last_known_addr { host: "127.6.242.193" port: 38559 } } peers { permanent_uuid: "e2d01b55bb524c9788f7d338e0b7e4c1" member_type: VOTER last_known_addr { host: "127.6.242.194" port: 33379 } } peers { permanent_uuid: "6d0e3fdf931d4656b2ff7fdebad323de" member_type: VOTER last_known_addr { host: "127.6.242.195" port: 40029 } }
I20260710 13:10:51.415504  7943 raft_consensus.cc:359] T db2bec7d0985448ebb90737eef909a5f P e2d01b55bb524c9788f7d338e0b7e4c1 [term 0 FOLLOWER]: Replica starting. Triggering 0 pending ops. Active config: opid_index: -1 OBSOLETE_local: false peers { permanent_uuid: "c4d5d1dbd72442189ea44c7bbccfcc81" member_type: VOTER last_known_addr { host: "127.6.242.193" port: 38559 } } peers { permanent_uuid: "e2d01b55bb524c9788f7d338e0b7e4c1" member_type: VOTER last_known_addr { host: "127.6.242.194" port: 33379 } } peers { permanent_uuid: "6d0e3fdf931d4656b2ff7fdebad323de" member_type: VOTER last_known_addr { host: "127.6.242.195" port: 40029 } }
I20260710 13:10:51.416345  7943 raft_consensus.cc:385] T db2bec7d0985448ebb90737eef909a5f P e2d01b55bb524c9788f7d338e0b7e4c1 [term 0 FOLLOWER]: Consensus starting up: Expiring failure detector timer to make a prompt election more likely
I20260710 13:10:51.416712  7943 raft_consensus.cc:740] T db2bec7d0985448ebb90737eef909a5f P e2d01b55bb524c9788f7d338e0b7e4c1 [term 0 FOLLOWER]: Becoming Follower/Learner. State: Replica: e2d01b55bb524c9788f7d338e0b7e4c1, State: Initialized, Role: FOLLOWER
I20260710 13:10:51.417953  7942 tablet_bootstrap.cc:492] T 96d0d2c660b74399be5b0c36aa832655 P c4d5d1dbd72442189ea44c7bbccfcc81: No bootstrap required, opened a new log
I20260710 13:10:51.417641  7943 consensus_queue.cc:260] T db2bec7d0985448ebb90737eef909a5f P e2d01b55bb524c9788f7d338e0b7e4c1 [NON_LEADER]: Queue going to NON_LEADER mode. State: All replicated index: 0, Majority replicated index: 0, Committed index: 0, Last appended: 0.0, Last appended by leader: 0, Current term: 0, Majority size: -1, State: 0, Mode: NON_LEADER, active raft config: opid_index: -1 OBSOLETE_local: false peers { permanent_uuid: "c4d5d1dbd72442189ea44c7bbccfcc81" member_type: VOTER last_known_addr { host: "127.6.242.193" port: 38559 } } peers { permanent_uuid: "e2d01b55bb524c9788f7d338e0b7e4c1" member_type: VOTER last_known_addr { host: "127.6.242.194" port: 33379 } } peers { permanent_uuid: "6d0e3fdf931d4656b2ff7fdebad323de" member_type: VOTER last_known_addr { host: "127.6.242.195" port: 40029 } }
I20260710 13:10:51.418440  7942 ts_tablet_manager.cc:1403] T 96d0d2c660b74399be5b0c36aa832655 P c4d5d1dbd72442189ea44c7bbccfcc81: Time spent bootstrapping tablet: real 0.020s	user 0.008s	sys 0.008s
I20260710 13:10:51.419932  7943 ts_tablet_manager.cc:1434] T db2bec7d0985448ebb90737eef909a5f P e2d01b55bb524c9788f7d338e0b7e4c1: Time spent starting tablet: real 0.008s	user 0.007s	sys 0.000s
I20260710 13:10:51.420871  7943 tablet_bootstrap.cc:492] T 96d0d2c660b74399be5b0c36aa832655 P e2d01b55bb524c9788f7d338e0b7e4c1: Bootstrap starting.
I20260710 13:10:51.421406  7942 raft_consensus.cc:359] T 96d0d2c660b74399be5b0c36aa832655 P c4d5d1dbd72442189ea44c7bbccfcc81 [term 0 FOLLOWER]: Replica starting. Triggering 0 pending ops. Active config: opid_index: -1 OBSOLETE_local: false peers { permanent_uuid: "c4d5d1dbd72442189ea44c7bbccfcc81" member_type: VOTER last_known_addr { host: "127.6.242.193" port: 38559 } } peers { permanent_uuid: "e2d01b55bb524c9788f7d338e0b7e4c1" member_type: VOTER last_known_addr { host: "127.6.242.194" port: 33379 } } peers { permanent_uuid: "6d0e3fdf931d4656b2ff7fdebad323de" member_type: VOTER last_known_addr { host: "127.6.242.195" port: 40029 } }
I20260710 13:10:51.422098  7942 raft_consensus.cc:385] T 96d0d2c660b74399be5b0c36aa832655 P c4d5d1dbd72442189ea44c7bbccfcc81 [term 0 FOLLOWER]: Consensus starting up: Expiring failure detector timer to make a prompt election more likely
I20260710 13:10:51.422376  7942 raft_consensus.cc:740] T 96d0d2c660b74399be5b0c36aa832655 P c4d5d1dbd72442189ea44c7bbccfcc81 [term 0 FOLLOWER]: Becoming Follower/Learner. State: Replica: c4d5d1dbd72442189ea44c7bbccfcc81, State: Initialized, Role: FOLLOWER
I20260710 13:10:51.423317  7942 consensus_queue.cc:260] T 96d0d2c660b74399be5b0c36aa832655 P c4d5d1dbd72442189ea44c7bbccfcc81 [NON_LEADER]: Queue going to NON_LEADER mode. State: All replicated index: 0, Majority replicated index: 0, Committed index: 0, Last appended: 0.0, Last appended by leader: 0, Current term: 0, Majority size: -1, State: 0, Mode: NON_LEADER, active raft config: opid_index: -1 OBSOLETE_local: false peers { permanent_uuid: "c4d5d1dbd72442189ea44c7bbccfcc81" member_type: VOTER last_known_addr { host: "127.6.242.193" port: 38559 } } peers { permanent_uuid: "e2d01b55bb524c9788f7d338e0b7e4c1" member_type: VOTER last_known_addr { host: "127.6.242.194" port: 33379 } } peers { permanent_uuid: "6d0e3fdf931d4656b2ff7fdebad323de" member_type: VOTER last_known_addr { host: "127.6.242.195" port: 40029 } }
I20260710 13:10:51.427376  7943 tablet_bootstrap.cc:654] T 96d0d2c660b74399be5b0c36aa832655 P e2d01b55bb524c9788f7d338e0b7e4c1: Neither blocks nor log segments found. Creating new log.
I20260710 13:10:51.433003  7942 ts_tablet_manager.cc:1434] T 96d0d2c660b74399be5b0c36aa832655 P c4d5d1dbd72442189ea44c7bbccfcc81: Time spent starting tablet: real 0.014s	user 0.006s	sys 0.001s
I20260710 13:10:51.434679  7928 heartbeater.cc:499] Master 127.6.242.254:38525 was elected leader, sending a full tablet report...
I20260710 13:10:51.440115  7945 ts_tablet_manager.cc:1434] T 0168b07264434b8a90d8e096e2978316 P 6d0e3fdf931d4656b2ff7fdebad323de: Time spent starting tablet: real 0.032s	user 0.014s	sys 0.012s
I20260710 13:10:51.441658  7945 tablet_bootstrap.cc:492] T 44af576902154857975cb5f4e6b12115 P 6d0e3fdf931d4656b2ff7fdebad323de: Bootstrap starting.
I20260710 13:10:51.445233  7942 tablet_bootstrap.cc:492] T db2bec7d0985448ebb90737eef909a5f P c4d5d1dbd72442189ea44c7bbccfcc81: Bootstrap starting.
I20260710 13:10:51.448683  7945 tablet_bootstrap.cc:654] T 44af576902154857975cb5f4e6b12115 P 6d0e3fdf931d4656b2ff7fdebad323de: Neither blocks nor log segments found. Creating new log.
I20260710 13:10:51.453644  7942 tablet_bootstrap.cc:654] T db2bec7d0985448ebb90737eef909a5f P c4d5d1dbd72442189ea44c7bbccfcc81: Neither blocks nor log segments found. Creating new log.
I20260710 13:10:51.454129  7943 tablet_bootstrap.cc:492] T 96d0d2c660b74399be5b0c36aa832655 P e2d01b55bb524c9788f7d338e0b7e4c1: No bootstrap required, opened a new log
I20260710 13:10:51.454661  7943 ts_tablet_manager.cc:1403] T 96d0d2c660b74399be5b0c36aa832655 P e2d01b55bb524c9788f7d338e0b7e4c1: Time spent bootstrapping tablet: real 0.034s	user 0.009s	sys 0.021s
I20260710 13:10:51.458842  7943 raft_consensus.cc:359] T 96d0d2c660b74399be5b0c36aa832655 P e2d01b55bb524c9788f7d338e0b7e4c1 [term 0 FOLLOWER]: Replica starting. Triggering 0 pending ops. Active config: opid_index: -1 OBSOLETE_local: false peers { permanent_uuid: "c4d5d1dbd72442189ea44c7bbccfcc81" member_type: VOTER last_known_addr { host: "127.6.242.193" port: 38559 } } peers { permanent_uuid: "e2d01b55bb524c9788f7d338e0b7e4c1" member_type: VOTER last_known_addr { host: "127.6.242.194" port: 33379 } } peers { permanent_uuid: "6d0e3fdf931d4656b2ff7fdebad323de" member_type: VOTER last_known_addr { host: "127.6.242.195" port: 40029 } }
I20260710 13:10:51.459658  7943 raft_consensus.cc:385] T 96d0d2c660b74399be5b0c36aa832655 P e2d01b55bb524c9788f7d338e0b7e4c1 [term 0 FOLLOWER]: Consensus starting up: Expiring failure detector timer to make a prompt election more likely
I20260710 13:10:51.460006  7943 raft_consensus.cc:740] T 96d0d2c660b74399be5b0c36aa832655 P e2d01b55bb524c9788f7d338e0b7e4c1 [term 0 FOLLOWER]: Becoming Follower/Learner. State: Replica: e2d01b55bb524c9788f7d338e0b7e4c1, State: Initialized, Role: FOLLOWER
I20260710 13:10:51.460840  7943 consensus_queue.cc:260] T 96d0d2c660b74399be5b0c36aa832655 P e2d01b55bb524c9788f7d338e0b7e4c1 [NON_LEADER]: Queue going to NON_LEADER mode. State: All replicated index: 0, Majority replicated index: 0, Committed index: 0, Last appended: 0.0, Last appended by leader: 0, Current term: 0, Majority size: -1, State: 0, Mode: NON_LEADER, active raft config: opid_index: -1 OBSOLETE_local: false peers { permanent_uuid: "c4d5d1dbd72442189ea44c7bbccfcc81" member_type: VOTER last_known_addr { host: "127.6.242.193" port: 38559 } } peers { permanent_uuid: "e2d01b55bb524c9788f7d338e0b7e4c1" member_type: VOTER last_known_addr { host: "127.6.242.194" port: 33379 } } peers { permanent_uuid: "6d0e3fdf931d4656b2ff7fdebad323de" member_type: VOTER last_known_addr { host: "127.6.242.195" port: 40029 } }
I20260710 13:10:51.463347  7943 ts_tablet_manager.cc:1434] T 96d0d2c660b74399be5b0c36aa832655 P e2d01b55bb524c9788f7d338e0b7e4c1: Time spent starting tablet: real 0.008s	user 0.010s	sys 0.000s
I20260710 13:10:51.460004  7942 tablet_bootstrap.cc:492] T db2bec7d0985448ebb90737eef909a5f P c4d5d1dbd72442189ea44c7bbccfcc81: No bootstrap required, opened a new log
I20260710 13:10:51.464013  7942 ts_tablet_manager.cc:1403] T db2bec7d0985448ebb90737eef909a5f P c4d5d1dbd72442189ea44c7bbccfcc81: Time spent bootstrapping tablet: real 0.019s	user 0.015s	sys 0.000s
I20260710 13:10:51.464526  7943 tablet_bootstrap.cc:492] T 7dfe6f13557a42c790ffcec41aa432f4 P e2d01b55bb524c9788f7d338e0b7e4c1: Bootstrap starting.
I20260710 13:10:51.464998  7945 tablet_bootstrap.cc:492] T 44af576902154857975cb5f4e6b12115 P 6d0e3fdf931d4656b2ff7fdebad323de: No bootstrap required, opened a new log
I20260710 13:10:51.465515  7945 ts_tablet_manager.cc:1403] T 44af576902154857975cb5f4e6b12115 P 6d0e3fdf931d4656b2ff7fdebad323de: Time spent bootstrapping tablet: real 0.024s	user 0.011s	sys 0.006s
I20260710 13:10:51.466962  7942 raft_consensus.cc:359] T db2bec7d0985448ebb90737eef909a5f P c4d5d1dbd72442189ea44c7bbccfcc81 [term 0 FOLLOWER]: Replica starting. Triggering 0 pending ops. Active config: opid_index: -1 OBSOLETE_local: false peers { permanent_uuid: "c4d5d1dbd72442189ea44c7bbccfcc81" member_type: VOTER last_known_addr { host: "127.6.242.193" port: 38559 } } peers { permanent_uuid: "e2d01b55bb524c9788f7d338e0b7e4c1" member_type: VOTER last_known_addr { host: "127.6.242.194" port: 33379 } } peers { permanent_uuid: "6d0e3fdf931d4656b2ff7fdebad323de" member_type: VOTER last_known_addr { host: "127.6.242.195" port: 40029 } }
I20260710 13:10:51.467829  7942 raft_consensus.cc:385] T db2bec7d0985448ebb90737eef909a5f P c4d5d1dbd72442189ea44c7bbccfcc81 [term 0 FOLLOWER]: Consensus starting up: Expiring failure detector timer to make a prompt election more likely
I20260710 13:10:51.468221  7942 raft_consensus.cc:740] T db2bec7d0985448ebb90737eef909a5f P c4d5d1dbd72442189ea44c7bbccfcc81 [term 0 FOLLOWER]: Becoming Follower/Learner. State: Replica: c4d5d1dbd72442189ea44c7bbccfcc81, State: Initialized, Role: FOLLOWER
I20260710 13:10:51.468894  7945 raft_consensus.cc:359] T 44af576902154857975cb5f4e6b12115 P 6d0e3fdf931d4656b2ff7fdebad323de [term 0 FOLLOWER]: Replica starting. Triggering 0 pending ops. Active config: opid_index: -1 OBSOLETE_local: false peers { permanent_uuid: "c4d5d1dbd72442189ea44c7bbccfcc81" member_type: VOTER last_known_addr { host: "127.6.242.193" port: 38559 } } peers { permanent_uuid: "e2d01b55bb524c9788f7d338e0b7e4c1" member_type: VOTER last_known_addr { host: "127.6.242.194" port: 33379 } } peers { permanent_uuid: "6d0e3fdf931d4656b2ff7fdebad323de" member_type: VOTER last_known_addr { host: "127.6.242.195" port: 40029 } }
I20260710 13:10:51.469084  7942 consensus_queue.cc:260] T db2bec7d0985448ebb90737eef909a5f P c4d5d1dbd72442189ea44c7bbccfcc81 [NON_LEADER]: Queue going to NON_LEADER mode. State: All replicated index: 0, Majority replicated index: 0, Committed index: 0, Last appended: 0.0, Last appended by leader: 0, Current term: 0, Majority size: -1, State: 0, Mode: NON_LEADER, active raft config: opid_index: -1 OBSOLETE_local: false peers { permanent_uuid: "c4d5d1dbd72442189ea44c7bbccfcc81" member_type: VOTER last_known_addr { host: "127.6.242.193" port: 38559 } } peers { permanent_uuid: "e2d01b55bb524c9788f7d338e0b7e4c1" member_type: VOTER last_known_addr { host: "127.6.242.194" port: 33379 } } peers { permanent_uuid: "6d0e3fdf931d4656b2ff7fdebad323de" member_type: VOTER last_known_addr { host: "127.6.242.195" port: 40029 } }
I20260710 13:10:51.469707  7945 raft_consensus.cc:385] T 44af576902154857975cb5f4e6b12115 P 6d0e3fdf931d4656b2ff7fdebad323de [term 0 FOLLOWER]: Consensus starting up: Expiring failure detector timer to make a prompt election more likely
I20260710 13:10:51.470177  7945 raft_consensus.cc:740] T 44af576902154857975cb5f4e6b12115 P 6d0e3fdf931d4656b2ff7fdebad323de [term 0 FOLLOWER]: Becoming Follower/Learner. State: Replica: 6d0e3fdf931d4656b2ff7fdebad323de, State: Initialized, Role: FOLLOWER
I20260710 13:10:51.470571  7947 raft_consensus.cc:493] T 0168b07264434b8a90d8e096e2978316 P c4d5d1dbd72442189ea44c7bbccfcc81 [term 0 FOLLOWER]: Starting pre-election (no leader contacted us within the election timeout)
I20260710 13:10:51.471076  7947 raft_consensus.cc:515] T 0168b07264434b8a90d8e096e2978316 P c4d5d1dbd72442189ea44c7bbccfcc81 [term 0 FOLLOWER]: Starting pre-election with config: opid_index: -1 OBSOLETE_local: false peers { permanent_uuid: "c4d5d1dbd72442189ea44c7bbccfcc81" member_type: VOTER last_known_addr { host: "127.6.242.193" port: 38559 } } peers { permanent_uuid: "e2d01b55bb524c9788f7d338e0b7e4c1" member_type: VOTER last_known_addr { host: "127.6.242.194" port: 33379 } } peers { permanent_uuid: "6d0e3fdf931d4656b2ff7fdebad323de" member_type: VOTER last_known_addr { host: "127.6.242.195" port: 40029 } }
I20260710 13:10:51.471138  7945 consensus_queue.cc:260] T 44af576902154857975cb5f4e6b12115 P 6d0e3fdf931d4656b2ff7fdebad323de [NON_LEADER]: Queue going to NON_LEADER mode. State: All replicated index: 0, Majority replicated index: 0, Committed index: 0, Last appended: 0.0, Last appended by leader: 0, Current term: 0, Majority size: -1, State: 0, Mode: NON_LEADER, active raft config: opid_index: -1 OBSOLETE_local: false peers { permanent_uuid: "c4d5d1dbd72442189ea44c7bbccfcc81" member_type: VOTER last_known_addr { host: "127.6.242.193" port: 38559 } } peers { permanent_uuid: "e2d01b55bb524c9788f7d338e0b7e4c1" member_type: VOTER last_known_addr { host: "127.6.242.194" port: 33379 } } peers { permanent_uuid: "6d0e3fdf931d4656b2ff7fdebad323de" member_type: VOTER last_known_addr { host: "127.6.242.195" port: 40029 } }
I20260710 13:10:51.471910  7943 tablet_bootstrap.cc:654] T 7dfe6f13557a42c790ffcec41aa432f4 P e2d01b55bb524c9788f7d338e0b7e4c1: Neither blocks nor log segments found. Creating new log.
I20260710 13:10:51.477195  7947 leader_election.cc:290] T 0168b07264434b8a90d8e096e2978316 P c4d5d1dbd72442189ea44c7bbccfcc81 [CANDIDATE]: Term 1 pre-election: Requested pre-vote from peers e2d01b55bb524c9788f7d338e0b7e4c1 (127.6.242.194:33379), 6d0e3fdf931d4656b2ff7fdebad323de (127.6.242.195:40029)
I20260710 13:10:51.480564  7945 ts_tablet_manager.cc:1434] T 44af576902154857975cb5f4e6b12115 P 6d0e3fdf931d4656b2ff7fdebad323de: Time spent starting tablet: real 0.014s	user 0.006s	sys 0.000s
I20260710 13:10:51.481580  7945 tablet_bootstrap.cc:492] T 7dfe6f13557a42c790ffcec41aa432f4 P 6d0e3fdf931d4656b2ff7fdebad323de: Bootstrap starting.
I20260710 13:10:51.489370  7945 tablet_bootstrap.cc:654] T 7dfe6f13557a42c790ffcec41aa432f4 P 6d0e3fdf931d4656b2ff7fdebad323de: Neither blocks nor log segments found. Creating new log.
W20260710 13:10:51.489526  7700 auto_rebalancer.cc:288] Could not retrieve cluster info: Service unavailable: Tablet not running
I20260710 13:10:51.489544  7942 ts_tablet_manager.cc:1434] T db2bec7d0985448ebb90737eef909a5f P c4d5d1dbd72442189ea44c7bbccfcc81: Time spent starting tablet: real 0.025s	user 0.007s	sys 0.001s
I20260710 13:10:51.491772  7942 tablet_bootstrap.cc:492] T 7eecfd6ce3644d688731d77755c84755 P c4d5d1dbd72442189ea44c7bbccfcc81: Bootstrap starting.
I20260710 13:10:51.510892  7945 tablet_bootstrap.cc:492] T 7dfe6f13557a42c790ffcec41aa432f4 P 6d0e3fdf931d4656b2ff7fdebad323de: No bootstrap required, opened a new log
I20260710 13:10:51.511310  7943 tablet_bootstrap.cc:492] T 7dfe6f13557a42c790ffcec41aa432f4 P e2d01b55bb524c9788f7d338e0b7e4c1: No bootstrap required, opened a new log
I20260710 13:10:51.511520  7945 ts_tablet_manager.cc:1403] T 7dfe6f13557a42c790ffcec41aa432f4 P 6d0e3fdf931d4656b2ff7fdebad323de: Time spent bootstrapping tablet: real 0.030s	user 0.010s	sys 0.018s
I20260710 13:10:51.511979  7943 ts_tablet_manager.cc:1403] T 7dfe6f13557a42c790ffcec41aa432f4 P e2d01b55bb524c9788f7d338e0b7e4c1: Time spent bootstrapping tablet: real 0.048s	user 0.013s	sys 0.030s
I20260710 13:10:51.514081  7942 tablet_bootstrap.cc:654] T 7eecfd6ce3644d688731d77755c84755 P c4d5d1dbd72442189ea44c7bbccfcc81: Neither blocks nor log segments found. Creating new log.
I20260710 13:10:51.514889  7945 raft_consensus.cc:359] T 7dfe6f13557a42c790ffcec41aa432f4 P 6d0e3fdf931d4656b2ff7fdebad323de [term 0 FOLLOWER]: Replica starting. Triggering 0 pending ops. Active config: opid_index: -1 OBSOLETE_local: false peers { permanent_uuid: "c4d5d1dbd72442189ea44c7bbccfcc81" member_type: VOTER last_known_addr { host: "127.6.242.193" port: 38559 } } peers { permanent_uuid: "e2d01b55bb524c9788f7d338e0b7e4c1" member_type: VOTER last_known_addr { host: "127.6.242.194" port: 33379 } } peers { permanent_uuid: "6d0e3fdf931d4656b2ff7fdebad323de" member_type: VOTER last_known_addr { host: "127.6.242.195" port: 40029 } }
