I20260710 11:12:02.724139  5924 consensus_queue.cc:237] T 09fc6336bd7b4a7bac4c5ff44d1c44ad P b340d369948f4238928eb32104d326e6 [LEADER]: Queue going to LEADER mode. State: All replicated index: 0, Majority replicated index: 0, Committed index: 0, Last appended: 0.0, Last appended by leader: 0, Current term: 1, Majority size: 2, State: 0, Mode: LEADER, active raft config: opid_index: -1 OBSOLETE_local: false peers { permanent_uuid: "b340d369948f4238928eb32104d326e6" member_type: VOTER last_known_addr { host: "127.4.238.1" port: 45481 } } peers { permanent_uuid: "89f02782b9704caeb04f13ea2117c19f" member_type: VOTER last_known_addr { host: "127.4.238.2" port: 37341 } } peers { permanent_uuid: "a1ef6975a4e04bf686cbb73dc7f4c57f" member_type: VOTER last_known_addr { host: "127.4.238.3" port: 34287 } }
I20260710 11:12:02.728533  5905 ts_tablet_manager.cc:1434] T 791f9ed6820c4293b7cf9d9a5b1f38fc P a1ef6975a4e04bf686cbb73dc7f4c57f: Time spent starting tablet: real 0.013s	user 0.007s	sys 0.000s
I20260710 11:12:02.729530  5905 tablet_bootstrap.cc:492] T ec27df33c06e4a2fb91637412e11e23d P a1ef6975a4e04bf686cbb73dc7f4c57f: Bootstrap starting.
I20260710 11:12:02.733500  5908 tablet_bootstrap.cc:492] T f86a7ccdd41e442c8fc85d95f735dcc8 P b340d369948f4238928eb32104d326e6: No bootstrap required, opened a new log
I20260710 11:12:02.734074  5908 ts_tablet_manager.cc:1403] T f86a7ccdd41e442c8fc85d95f735dcc8 P b340d369948f4238928eb32104d326e6: Time spent bootstrapping tablet: real 0.050s	user 0.005s	sys 0.007s
I20260710 11:12:02.735178  5905 tablet_bootstrap.cc:654] T ec27df33c06e4a2fb91637412e11e23d P a1ef6975a4e04bf686cbb73dc7f4c57f: Neither blocks nor log segments found. Creating new log.
I20260710 11:12:02.735790  5791 tablet_service.cc:1917] Received RequestConsensusVote() RPC: tablet_id: "09fc6336bd7b4a7bac4c5ff44d1c44ad" candidate_uuid: "b340d369948f4238928eb32104d326e6" candidate_term: 1 candidate_status { last_received { term: 0 index: 0 } } ignore_live_leader: false dest_uuid: "89f02782b9704caeb04f13ea2117c19f"
I20260710 11:12:02.736436  5791 raft_consensus.cc:3060] T 09fc6336bd7b4a7bac4c5ff44d1c44ad P 89f02782b9704caeb04f13ea2117c19f [term 0 FOLLOWER]: Advancing to term 1
I20260710 11:12:02.737068  5908 raft_consensus.cc:359] T f86a7ccdd41e442c8fc85d95f735dcc8 P b340d369948f4238928eb32104d326e6 [term 0 FOLLOWER]: Replica starting. Triggering 0 pending ops. Active config: opid_index: -1 OBSOLETE_local: false peers { permanent_uuid: "b340d369948f4238928eb32104d326e6" member_type: VOTER last_known_addr { host: "127.4.238.1" port: 45481 } } peers { permanent_uuid: "89f02782b9704caeb04f13ea2117c19f" member_type: VOTER last_known_addr { host: "127.4.238.2" port: 37341 } } peers { permanent_uuid: "a1ef6975a4e04bf686cbb73dc7f4c57f" member_type: VOTER last_known_addr { host: "127.4.238.3" port: 34287 } }
I20260710 11:12:02.737818  5908 raft_consensus.cc:385] T f86a7ccdd41e442c8fc85d95f735dcc8 P b340d369948f4238928eb32104d326e6 [term 0 FOLLOWER]: Consensus starting up: Expiring failure detector timer to make a prompt election more likely
I20260710 11:12:02.738152  5908 raft_consensus.cc:740] T f86a7ccdd41e442c8fc85d95f735dcc8 P b340d369948f4238928eb32104d326e6 [term 0 FOLLOWER]: Becoming Follower/Learner. State: Replica: b340d369948f4238928eb32104d326e6, State: Initialized, Role: FOLLOWER
I20260710 11:12:02.739032  5908 consensus_queue.cc:260] T f86a7ccdd41e442c8fc85d95f735dcc8 P b340d369948f4238928eb32104d326e6 [NON_LEADER]: Queue going to NON_LEADER mode. State: All replicated index: 0, Majority replicated index: 0, Committed index: 0, Last appended: 0.0, Last appended by leader: 0, Current term: 0, Majority size: -1, State: 0, Mode: NON_LEADER, active raft config: opid_index: -1 OBSOLETE_local: false peers { permanent_uuid: "b340d369948f4238928eb32104d326e6" member_type: VOTER last_known_addr { host: "127.4.238.1" port: 45481 } } peers { permanent_uuid: "89f02782b9704caeb04f13ea2117c19f" member_type: VOTER last_known_addr { host: "127.4.238.2" port: 37341 } } peers { permanent_uuid: "a1ef6975a4e04bf686cbb73dc7f4c57f" member_type: VOTER last_known_addr { host: "127.4.238.3" port: 34287 } }
I20260710 11:12:02.742151  5865 tablet_service.cc:1917] Received RequestConsensusVote() RPC: tablet_id: "b934c62608074e91a224160471ae1b83" candidate_uuid: "89f02782b9704caeb04f13ea2117c19f" candidate_term: 1 candidate_status { last_received { term: 0 index: 0 } } ignore_live_leader: false dest_uuid: "a1ef6975a4e04bf686cbb73dc7f4c57f" is_pre_election: true
I20260710 11:12:02.743079  5865 raft_consensus.cc:2468] T b934c62608074e91a224160471ae1b83 P a1ef6975a4e04bf686cbb73dc7f4c57f [term 0 FOLLOWER]: Leader pre-election vote request: Granting yes vote for candidate 89f02782b9704caeb04f13ea2117c19f in term 0.
I20260710 11:12:02.745072  5906 tablet_bootstrap.cc:654] T 791f9ed6820c4293b7cf9d9a5b1f38fc P 89f02782b9704caeb04f13ea2117c19f: Neither blocks nor log segments found. Creating new log.
I20260710 11:12:02.744827  5757 leader_election.cc:304] T b934c62608074e91a224160471ae1b83 P 89f02782b9704caeb04f13ea2117c19f [CANDIDATE]: Term 1 pre-election: Election decided. Result: candidate won. Election summary: received 2 responses out of 3 voters: 2 yes votes; 0 no votes. yes voters: 89f02782b9704caeb04f13ea2117c19f, a1ef6975a4e04bf686cbb73dc7f4c57f; no voters: 
I20260710 11:12:02.746182  5912 raft_consensus.cc:2804] T b934c62608074e91a224160471ae1b83 P 89f02782b9704caeb04f13ea2117c19f [term 0 FOLLOWER]: Leader pre-election won for term 1
I20260710 11:12:02.746694  5912 raft_consensus.cc:493] T b934c62608074e91a224160471ae1b83 P 89f02782b9704caeb04f13ea2117c19f [term 0 FOLLOWER]: Starting leader election (no leader contacted us within the election timeout)
I20260710 11:12:02.747141  5912 raft_consensus.cc:3060] T b934c62608074e91a224160471ae1b83 P 89f02782b9704caeb04f13ea2117c19f [term 0 FOLLOWER]: Advancing to term 1
I20260710 11:12:02.749012  5908 ts_tablet_manager.cc:1434] T f86a7ccdd41e442c8fc85d95f735dcc8 P b340d369948f4238928eb32104d326e6: Time spent starting tablet: real 0.015s	user 0.006s	sys 0.000s
I20260710 11:12:02.750313  5908 tablet_bootstrap.cc:492] T ec27df33c06e4a2fb91637412e11e23d P b340d369948f4238928eb32104d326e6: Bootstrap starting.
I20260710 11:12:02.759126  5908 tablet_bootstrap.cc:654] T ec27df33c06e4a2fb91637412e11e23d P b340d369948f4238928eb32104d326e6: Neither blocks nor log segments found. Creating new log.
I20260710 11:12:02.760861  5791 raft_consensus.cc:2468] T 09fc6336bd7b4a7bac4c5ff44d1c44ad P 89f02782b9704caeb04f13ea2117c19f [term 1 FOLLOWER]: Leader election vote request: Granting yes vote for candidate b340d369948f4238928eb32104d326e6 in term 1.
I20260710 11:12:02.760973  5715 tablet_service.cc:1917] Received RequestConsensusVote() RPC: tablet_id: "b934c62608074e91a224160471ae1b83" candidate_uuid: "89f02782b9704caeb04f13ea2117c19f" candidate_term: 1 candidate_status { last_received { term: 0 index: 0 } } ignore_live_leader: false dest_uuid: "b340d369948f4238928eb32104d326e6" is_pre_election: true
I20260710 11:12:02.761967  5923 raft_consensus.cc:493] T 791f9ed6820c4293b7cf9d9a5b1f38fc P a1ef6975a4e04bf686cbb73dc7f4c57f [term 0 FOLLOWER]: Starting pre-election (no leader contacted us within the election timeout)
I20260710 11:12:02.764585  5923 raft_consensus.cc:515] T 791f9ed6820c4293b7cf9d9a5b1f38fc P a1ef6975a4e04bf686cbb73dc7f4c57f [term 0 FOLLOWER]: Starting pre-election with config: opid_index: -1 OBSOLETE_local: false peers { permanent_uuid: "b340d369948f4238928eb32104d326e6" member_type: VOTER last_known_addr { host: "127.4.238.1" port: 45481 } } peers { permanent_uuid: "89f02782b9704caeb04f13ea2117c19f" member_type: VOTER last_known_addr { host: "127.4.238.2" port: 37341 } } peers { permanent_uuid: "a1ef6975a4e04bf686cbb73dc7f4c57f" member_type: VOTER last_known_addr { host: "127.4.238.3" port: 34287 } }
I20260710 11:12:02.768914  5912 raft_consensus.cc:515] T b934c62608074e91a224160471ae1b83 P 89f02782b9704caeb04f13ea2117c19f [term 1 FOLLOWER]: Starting leader election with config: opid_index: -1 OBSOLETE_local: false peers { permanent_uuid: "b340d369948f4238928eb32104d326e6" member_type: VOTER last_known_addr { host: "127.4.238.1" port: 45481 } } peers { permanent_uuid: "89f02782b9704caeb04f13ea2117c19f" member_type: VOTER last_known_addr { host: "127.4.238.2" port: 37341 } } peers { permanent_uuid: "a1ef6975a4e04bf686cbb73dc7f4c57f" member_type: VOTER last_known_addr { host: "127.4.238.3" port: 34287 } }
I20260710 11:12:02.770414  5716 tablet_service.cc:1917] Received RequestConsensusVote() RPC: tablet_id: "791f9ed6820c4293b7cf9d9a5b1f38fc" candidate_uuid: "a1ef6975a4e04bf686cbb73dc7f4c57f" candidate_term: 1 candidate_status { last_received { term: 0 index: 0 } } ignore_live_leader: false dest_uuid: "b340d369948f4238928eb32104d326e6" is_pre_election: true
I20260710 11:12:02.762844  5715 raft_consensus.cc:2468] T b934c62608074e91a224160471ae1b83 P b340d369948f4238928eb32104d326e6 [term 0 FOLLOWER]: Leader pre-election vote request: Granting yes vote for candidate 89f02782b9704caeb04f13ea2117c19f in term 0.
I20260710 11:12:02.773033  5912 leader_election.cc:290] T b934c62608074e91a224160471ae1b83 P 89f02782b9704caeb04f13ea2117c19f [CANDIDATE]: Term 1 election: Requested vote from peers b340d369948f4238928eb32104d326e6 (127.4.238.1:45481), a1ef6975a4e04bf686cbb73dc7f4c57f (127.4.238.3:34287)
I20260710 11:12:02.771279  5716 raft_consensus.cc:2468] T 791f9ed6820c4293b7cf9d9a5b1f38fc P b340d369948f4238928eb32104d326e6 [term 0 FOLLOWER]: Leader pre-election vote request: Granting yes vote for candidate a1ef6975a4e04bf686cbb73dc7f4c57f in term 0.
I20260710 11:12:02.775759  5865 tablet_service.cc:1917] Received RequestConsensusVote() RPC: tablet_id: "b934c62608074e91a224160471ae1b83" candidate_uuid: "89f02782b9704caeb04f13ea2117c19f" candidate_term: 1 candidate_status { last_received { term: 0 index: 0 } } ignore_live_leader: false dest_uuid: "a1ef6975a4e04bf686cbb73dc7f4c57f"
I20260710 11:12:02.776458  5865 raft_consensus.cc:3060] T b934c62608074e91a224160471ae1b83 P a1ef6975a4e04bf686cbb73dc7f4c57f [term 0 FOLLOWER]: Advancing to term 1
I20260710 11:12:02.780735  5715 tablet_service.cc:1917] Received RequestConsensusVote() RPC: tablet_id: "b934c62608074e91a224160471ae1b83" candidate_uuid: "89f02782b9704caeb04f13ea2117c19f" candidate_term: 1 candidate_status { last_received { term: 0 index: 0 } } ignore_live_leader: false dest_uuid: "b340d369948f4238928eb32104d326e6"
I20260710 11:12:02.781505  5715 raft_consensus.cc:3060] T b934c62608074e91a224160471ae1b83 P b340d369948f4238928eb32104d326e6 [term 0 FOLLOWER]: Advancing to term 1
I20260710 11:12:02.784025  5830 leader_election.cc:304] T 791f9ed6820c4293b7cf9d9a5b1f38fc P a1ef6975a4e04bf686cbb73dc7f4c57f [CANDIDATE]: Term 1 pre-election: Election decided. Result: candidate won. Election summary: received 2 responses out of 3 voters: 2 yes votes; 0 no votes. yes voters: a1ef6975a4e04bf686cbb73dc7f4c57f, b340d369948f4238928eb32104d326e6; no voters: 
I20260710 11:12:02.785049  5911 raft_consensus.cc:2804] T 791f9ed6820c4293b7cf9d9a5b1f38fc P a1ef6975a4e04bf686cbb73dc7f4c57f [term 0 FOLLOWER]: Leader pre-election won for term 1
I20260710 11:12:02.785481  5911 raft_consensus.cc:493] T 791f9ed6820c4293b7cf9d9a5b1f38fc P a1ef6975a4e04bf686cbb73dc7f4c57f [term 0 FOLLOWER]: Starting leader election (no leader contacted us within the election timeout)
I20260710 11:12:02.785882  5911 raft_consensus.cc:3060] T 791f9ed6820c4293b7cf9d9a5b1f38fc P a1ef6975a4e04bf686cbb73dc7f4c57f [term 0 FOLLOWER]: Advancing to term 1
I20260710 11:12:02.791745  5923 leader_election.cc:290] T 791f9ed6820c4293b7cf9d9a5b1f38fc P a1ef6975a4e04bf686cbb73dc7f4c57f [CANDIDATE]: Term 1 pre-election: Requested pre-vote from peers b340d369948f4238928eb32104d326e6 (127.4.238.1:45481), 89f02782b9704caeb04f13ea2117c19f (127.4.238.2:37341)
I20260710 11:12:02.796531  5791 tablet_service.cc:1917] Received RequestConsensusVote() RPC: tablet_id: "791f9ed6820c4293b7cf9d9a5b1f38fc" candidate_uuid: "a1ef6975a4e04bf686cbb73dc7f4c57f" candidate_term: 1 candidate_status { last_received { term: 0 index: 0 } } ignore_live_leader: false dest_uuid: "89f02782b9704caeb04f13ea2117c19f" is_pre_election: true
W20260710 11:12:02.798426  5828 leader_election.cc:343] T 791f9ed6820c4293b7cf9d9a5b1f38fc P a1ef6975a4e04bf686cbb73dc7f4c57f [CANDIDATE]: Term 1 pre-election: Tablet error from VoteRequest() call to peer 89f02782b9704caeb04f13ea2117c19f (127.4.238.2:37341): Illegal state: must be running to vote when last-logged opid is not known
I20260710 11:12:02.810915  5865 raft_consensus.cc:2468] T b934c62608074e91a224160471ae1b83 P a1ef6975a4e04bf686cbb73dc7f4c57f [term 1 FOLLOWER]: Leader election vote request: Granting yes vote for candidate 89f02782b9704caeb04f13ea2117c19f in term 1.
I20260710 11:12:02.819883  5757 leader_election.cc:304] T b934c62608074e91a224160471ae1b83 P 89f02782b9704caeb04f13ea2117c19f [CANDIDATE]: Term 1 election: Election decided. Result: candidate won. Election summary: received 2 responses out of 3 voters: 2 yes votes; 0 no votes. yes voters: 89f02782b9704caeb04f13ea2117c19f, a1ef6975a4e04bf686cbb73dc7f4c57f; no voters: 
I20260710 11:12:02.824698  5912 raft_consensus.cc:2804] T b934c62608074e91a224160471ae1b83 P 89f02782b9704caeb04f13ea2117c19f [term 1 FOLLOWER]: Leader election won for term 1
I20260710 11:12:02.826484  5912 raft_consensus.cc:697] T b934c62608074e91a224160471ae1b83 P 89f02782b9704caeb04f13ea2117c19f [term 1 LEADER]: Becoming Leader. State: Replica: 89f02782b9704caeb04f13ea2117c19f, State: Running, Role: LEADER
I20260710 11:12:02.826749  5611 catalog_manager.cc:5697] T 09fc6336bd7b4a7bac4c5ff44d1c44ad P b340d369948f4238928eb32104d326e6 reported cstate change: term changed from 0 to 1, leader changed from <none> to b340d369948f4238928eb32104d326e6 (127.4.238.1). New cstate: current_term: 1 leader_uuid: "b340d369948f4238928eb32104d326e6" committed_config { opid_index: -1 OBSOLETE_local: false peers { permanent_uuid: "b340d369948f4238928eb32104d326e6" member_type: VOTER last_known_addr { host: "127.4.238.1" port: 45481 } health_report { overall_health: HEALTHY } } peers { permanent_uuid: "89f02782b9704caeb04f13ea2117c19f" member_type: VOTER last_known_addr { host: "127.4.238.2" port: 37341 } health_report { overall_health: UNKNOWN } } peers { permanent_uuid: "a1ef6975a4e04bf686cbb73dc7f4c57f" member_type: VOTER last_known_addr { host: "127.4.238.3" port: 34287 } health_report { overall_health: UNKNOWN } } }
I20260710 11:12:02.827461  5912 consensus_queue.cc:237] T b934c62608074e91a224160471ae1b83 P 89f02782b9704caeb04f13ea2117c19f [LEADER]: Queue going to LEADER mode. State: All replicated index: 0, Majority replicated index: 0, Committed index: 0, Last appended: 0.0, Last appended by leader: 0, Current term: 1, Majority size: 2, State: 0, Mode: LEADER, active raft config: opid_index: -1 OBSOLETE_local: false peers { permanent_uuid: "b340d369948f4238928eb32104d326e6" member_type: VOTER last_known_addr { host: "127.4.238.1" port: 45481 } } peers { permanent_uuid: "89f02782b9704caeb04f13ea2117c19f" member_type: VOTER last_known_addr { host: "127.4.238.2" port: 37341 } } peers { permanent_uuid: "a1ef6975a4e04bf686cbb73dc7f4c57f" member_type: VOTER last_known_addr { host: "127.4.238.3" port: 34287 } }
I20260710 11:12:02.829057  5715 raft_consensus.cc:2468] T b934c62608074e91a224160471ae1b83 P b340d369948f4238928eb32104d326e6 [term 1 FOLLOWER]: Leader election vote request: Granting yes vote for candidate 89f02782b9704caeb04f13ea2117c19f in term 1.
I20260710 11:12:02.829730  5908 tablet_bootstrap.cc:492] T ec27df33c06e4a2fb91637412e11e23d P b340d369948f4238928eb32104d326e6: No bootstrap required, opened a new log
I20260710 11:12:02.830219  5908 ts_tablet_manager.cc:1403] T ec27df33c06e4a2fb91637412e11e23d P b340d369948f4238928eb32104d326e6: Time spent bootstrapping tablet: real 0.080s	user 0.017s	sys 0.008s
I20260710 11:12:02.807467  5911 raft_consensus.cc:515] T 791f9ed6820c4293b7cf9d9a5b1f38fc P a1ef6975a4e04bf686cbb73dc7f4c57f [term 1 FOLLOWER]: Starting leader election with config: opid_index: -1 OBSOLETE_local: false peers { permanent_uuid: "b340d369948f4238928eb32104d326e6" member_type: VOTER last_known_addr { host: "127.4.238.1" port: 45481 } } peers { permanent_uuid: "89f02782b9704caeb04f13ea2117c19f" member_type: VOTER last_known_addr { host: "127.4.238.2" port: 37341 } } peers { permanent_uuid: "a1ef6975a4e04bf686cbb73dc7f4c57f" member_type: VOTER last_known_addr { host: "127.4.238.3" port: 34287 } }
I20260710 11:12:02.833263  5905 tablet_bootstrap.cc:492] T ec27df33c06e4a2fb91637412e11e23d P a1ef6975a4e04bf686cbb73dc7f4c57f: No bootstrap required, opened a new log
I20260710 11:12:02.833714  5905 ts_tablet_manager.cc:1403] T ec27df33c06e4a2fb91637412e11e23d P a1ef6975a4e04bf686cbb73dc7f4c57f: Time spent bootstrapping tablet: real 0.104s	user 0.033s	sys 0.026s
I20260710 11:12:02.835067  5716 tablet_service.cc:1917] Received RequestConsensusVote() RPC: tablet_id: "791f9ed6820c4293b7cf9d9a5b1f38fc" candidate_uuid: "a1ef6975a4e04bf686cbb73dc7f4c57f" candidate_term: 1 candidate_status { last_received { term: 0 index: 0 } } ignore_live_leader: false dest_uuid: "b340d369948f4238928eb32104d326e6"
I20260710 11:12:02.835747  5716 raft_consensus.cc:3060] T 791f9ed6820c4293b7cf9d9a5b1f38fc P b340d369948f4238928eb32104d326e6 [term 0 FOLLOWER]: Advancing to term 1
I20260710 11:12:02.836532  5908 raft_consensus.cc:359] T ec27df33c06e4a2fb91637412e11e23d P b340d369948f4238928eb32104d326e6 [term 0 FOLLOWER]: Replica starting. Triggering 0 pending ops. Active config: opid_index: -1 OBSOLETE_local: false peers { permanent_uuid: "b340d369948f4238928eb32104d326e6" member_type: VOTER last_known_addr { host: "127.4.238.1" port: 45481 } } peers { permanent_uuid: "89f02782b9704caeb04f13ea2117c19f" member_type: VOTER last_known_addr { host: "127.4.238.2" port: 37341 } } peers { permanent_uuid: "a1ef6975a4e04bf686cbb73dc7f4c57f" member_type: VOTER last_known_addr { host: "127.4.238.3" port: 34287 } }
I20260710 11:12:02.837414  5908 raft_consensus.cc:385] T ec27df33c06e4a2fb91637412e11e23d P b340d369948f4238928eb32104d326e6 [term 0 FOLLOWER]: Consensus starting up: Expiring failure detector timer to make a prompt election more likely
I20260710 11:12:02.837738  5908 raft_consensus.cc:740] T ec27df33c06e4a2fb91637412e11e23d P b340d369948f4238928eb32104d326e6 [term 0 FOLLOWER]: Becoming Follower/Learner. State: Replica: b340d369948f4238928eb32104d326e6, State: Initialized, Role: FOLLOWER
I20260710 11:12:02.838471  5908 consensus_queue.cc:260] T ec27df33c06e4a2fb91637412e11e23d P b340d369948f4238928eb32104d326e6 [NON_LEADER]: Queue going to NON_LEADER mode. State: All replicated index: 0, Majority replicated index: 0, Committed index: 0, Last appended: 0.0, Last appended by leader: 0, Current term: 0, Majority size: -1, State: 0, Mode: NON_LEADER, active raft config: opid_index: -1 OBSOLETE_local: false peers { permanent_uuid: "b340d369948f4238928eb32104d326e6" member_type: VOTER last_known_addr { host: "127.4.238.1" port: 45481 } } peers { permanent_uuid: "89f02782b9704caeb04f13ea2117c19f" member_type: VOTER last_known_addr { host: "127.4.238.2" port: 37341 } } peers { permanent_uuid: "a1ef6975a4e04bf686cbb73dc7f4c57f" member_type: VOTER last_known_addr { host: "127.4.238.3" port: 34287 } }
I20260710 11:12:02.840452  5905 raft_consensus.cc:359] T ec27df33c06e4a2fb91637412e11e23d P a1ef6975a4e04bf686cbb73dc7f4c57f [term 0 FOLLOWER]: Replica starting. Triggering 0 pending ops. Active config: opid_index: -1 OBSOLETE_local: false peers { permanent_uuid: "b340d369948f4238928eb32104d326e6" member_type: VOTER last_known_addr { host: "127.4.238.1" port: 45481 } } peers { permanent_uuid: "89f02782b9704caeb04f13ea2117c19f" member_type: VOTER last_known_addr { host: "127.4.238.2" port: 37341 } } peers { permanent_uuid: "a1ef6975a4e04bf686cbb73dc7f4c57f" member_type: VOTER last_known_addr { host: "127.4.238.3" port: 34287 } }
I20260710 11:12:02.840843  5908 ts_tablet_manager.cc:1434] T ec27df33c06e4a2fb91637412e11e23d P b340d369948f4238928eb32104d326e6: Time spent starting tablet: real 0.010s	user 0.005s	sys 0.000s
I20260710 11:12:02.843194  5905 raft_consensus.cc:385] T ec27df33c06e4a2fb91637412e11e23d P a1ef6975a4e04bf686cbb73dc7f4c57f [term 0 FOLLOWER]: Consensus starting up: Expiring failure detector timer to make a prompt election more likely
I20260710 11:12:02.843513  5905 raft_consensus.cc:740] T ec27df33c06e4a2fb91637412e11e23d P a1ef6975a4e04bf686cbb73dc7f4c57f [term 0 FOLLOWER]: Becoming Follower/Learner. State: Replica: a1ef6975a4e04bf686cbb73dc7f4c57f, State: Initialized, Role: FOLLOWER
I20260710 11:12:02.844260  5905 consensus_queue.cc:260] T ec27df33c06e4a2fb91637412e11e23d P a1ef6975a4e04bf686cbb73dc7f4c57f [NON_LEADER]: Queue going to NON_LEADER mode. State: All replicated index: 0, Majority replicated index: 0, Committed index: 0, Last appended: 0.0, Last appended by leader: 0, Current term: 0, Majority size: -1, State: 0, Mode: NON_LEADER, active raft config: opid_index: -1 OBSOLETE_local: false peers { permanent_uuid: "b340d369948f4238928eb32104d326e6" member_type: VOTER last_known_addr { host: "127.4.238.1" port: 45481 } } peers { permanent_uuid: "89f02782b9704caeb04f13ea2117c19f" member_type: VOTER last_known_addr { host: "127.4.238.2" port: 37341 } } peers { permanent_uuid: "a1ef6975a4e04bf686cbb73dc7f4c57f" member_type: VOTER last_known_addr { host: "127.4.238.3" port: 34287 } }
I20260710 11:12:02.846267  5905 ts_tablet_manager.cc:1434] T ec27df33c06e4a2fb91637412e11e23d P a1ef6975a4e04bf686cbb73dc7f4c57f: Time spent starting tablet: real 0.012s	user 0.006s	sys 0.000s
I20260710 11:12:02.847337  5905 tablet_bootstrap.cc:492] T d0d2fdc04a0d4fb18a09780c2a9c6432 P a1ef6975a4e04bf686cbb73dc7f4c57f: Bootstrap starting.
I20260710 11:12:02.847963  5716 raft_consensus.cc:2468] T 791f9ed6820c4293b7cf9d9a5b1f38fc P b340d369948f4238928eb32104d326e6 [term 1 FOLLOWER]: Leader election vote request: Granting yes vote for candidate a1ef6975a4e04bf686cbb73dc7f4c57f in term 1.
I20260710 11:12:02.849253  5830 leader_election.cc:304] T 791f9ed6820c4293b7cf9d9a5b1f38fc P a1ef6975a4e04bf686cbb73dc7f4c57f [CANDIDATE]: Term 1 election: Election decided. Result: candidate won. Election summary: received 2 responses out of 3 voters: 2 yes votes; 0 no votes. yes voters: a1ef6975a4e04bf686cbb73dc7f4c57f, b340d369948f4238928eb32104d326e6; no voters: 
I20260710 11:12:02.850330  5923 raft_consensus.cc:2804] T 791f9ed6820c4293b7cf9d9a5b1f38fc P a1ef6975a4e04bf686cbb73dc7f4c57f [term 1 FOLLOWER]: Leader election won for term 1
I20260710 11:12:02.851449  5955 raft_consensus.cc:493] T d0d2fdc04a0d4fb18a09780c2a9c6432 P 89f02782b9704caeb04f13ea2117c19f [term 0 FOLLOWER]: Starting pre-election (no leader contacted us within the election timeout)
I20260710 11:12:02.851949  5955 raft_consensus.cc:515] T d0d2fdc04a0d4fb18a09780c2a9c6432 P 89f02782b9704caeb04f13ea2117c19f [term 0 FOLLOWER]: Starting pre-election with config: opid_index: -1 OBSOLETE_local: false peers { permanent_uuid: "b340d369948f4238928eb32104d326e6" member_type: VOTER last_known_addr { host: "127.4.238.1" port: 45481 } } peers { permanent_uuid: "89f02782b9704caeb04f13ea2117c19f" member_type: VOTER last_known_addr { host: "127.4.238.2" port: 37341 } } peers { permanent_uuid: "a1ef6975a4e04bf686cbb73dc7f4c57f" member_type: VOTER last_known_addr { host: "127.4.238.3" port: 34287 } }
I20260710 11:12:02.853631  5905 tablet_bootstrap.cc:654] T d0d2fdc04a0d4fb18a09780c2a9c6432 P a1ef6975a4e04bf686cbb73dc7f4c57f: Neither blocks nor log segments found. Creating new log.
I20260710 11:12:02.854450  5955 leader_election.cc:290] T d0d2fdc04a0d4fb18a09780c2a9c6432 P 89f02782b9704caeb04f13ea2117c19f [CANDIDATE]: Term 1 pre-election: Requested pre-vote from peers b340d369948f4238928eb32104d326e6 (127.4.238.1:45481), a1ef6975a4e04bf686cbb73dc7f4c57f (127.4.238.3:34287)
I20260710 11:12:02.855309  5714 tablet_service.cc:1917] Received RequestConsensusVote() RPC: tablet_id: "d0d2fdc04a0d4fb18a09780c2a9c6432" candidate_uuid: "89f02782b9704caeb04f13ea2117c19f" candidate_term: 1 candidate_status { last_received { term: 0 index: 0 } } ignore_live_leader: false dest_uuid: "b340d369948f4238928eb32104d326e6" is_pre_election: true
I20260710 11:12:02.856127  5714 raft_consensus.cc:2468] T d0d2fdc04a0d4fb18a09780c2a9c6432 P b340d369948f4238928eb32104d326e6 [term 0 FOLLOWER]: Leader pre-election vote request: Granting yes vote for candidate 89f02782b9704caeb04f13ea2117c19f in term 0.
I20260710 11:12:02.857460  5756 leader_election.cc:304] T d0d2fdc04a0d4fb18a09780c2a9c6432 P 89f02782b9704caeb04f13ea2117c19f [CANDIDATE]: Term 1 pre-election: Election decided. Result: candidate won. Election summary: received 2 responses out of 3 voters: 2 yes votes; 0 no votes. yes voters: 89f02782b9704caeb04f13ea2117c19f, b340d369948f4238928eb32104d326e6; no voters: 
I20260710 11:12:02.858155  5912 raft_consensus.cc:2804] T d0d2fdc04a0d4fb18a09780c2a9c6432 P 89f02782b9704caeb04f13ea2117c19f [term 0 FOLLOWER]: Leader pre-election won for term 1
I20260710 11:12:02.858558  5912 raft_consensus.cc:493] T d0d2fdc04a0d4fb18a09780c2a9c6432 P 89f02782b9704caeb04f13ea2117c19f [term 0 FOLLOWER]: Starting leader election (no leader contacted us within the election timeout)
I20260710 11:12:02.858868  5865 tablet_service.cc:1917] Received RequestConsensusVote() RPC: tablet_id: "d0d2fdc04a0d4fb18a09780c2a9c6432" candidate_uuid: "89f02782b9704caeb04f13ea2117c19f" candidate_term: 1 candidate_status { last_received { term: 0 index: 0 } } ignore_live_leader: false dest_uuid: "a1ef6975a4e04bf686cbb73dc7f4c57f" is_pre_election: true
I20260710 11:12:02.859068  5912 raft_consensus.cc:3060] T d0d2fdc04a0d4fb18a09780c2a9c6432 P 89f02782b9704caeb04f13ea2117c19f [term 0 FOLLOWER]: Advancing to term 1
W20260710 11:12:02.860124  5757 leader_election.cc:343] T d0d2fdc04a0d4fb18a09780c2a9c6432 P 89f02782b9704caeb04f13ea2117c19f [CANDIDATE]: Term 1 pre-election: Tablet error from VoteRequest() call to peer a1ef6975a4e04bf686cbb73dc7f4c57f (127.4.238.3:34287): Illegal state: must be running to vote when last-logged opid is not known
I20260710 11:12:02.866217  5955 raft_consensus.cc:493] T ec27df33c06e4a2fb91637412e11e23d P 89f02782b9704caeb04f13ea2117c19f [term 0 FOLLOWER]: Starting pre-election (no leader contacted us within the election timeout)
I20260710 11:12:02.866875  5955 raft_consensus.cc:515] T ec27df33c06e4a2fb91637412e11e23d P 89f02782b9704caeb04f13ea2117c19f [term 0 FOLLOWER]: Starting pre-election with config: opid_index: -1 OBSOLETE_local: false peers { permanent_uuid: "b340d369948f4238928eb32104d326e6" member_type: VOTER last_known_addr { host: "127.4.238.1" port: 45481 } } peers { permanent_uuid: "89f02782b9704caeb04f13ea2117c19f" member_type: VOTER last_known_addr { host: "127.4.238.2" port: 37341 } } peers { permanent_uuid: "a1ef6975a4e04bf686cbb73dc7f4c57f" member_type: VOTER last_known_addr { host: "127.4.238.3" port: 34287 } }
I20260710 11:12:02.869455  5955 leader_election.cc:290] T ec27df33c06e4a2fb91637412e11e23d P 89f02782b9704caeb04f13ea2117c19f [CANDIDATE]: Term 1 pre-election: Requested pre-vote from peers b340d369948f4238928eb32104d326e6 (127.4.238.1:45481), a1ef6975a4e04bf686cbb73dc7f4c57f (127.4.238.3:34287)
I20260710 11:12:02.870196  5611 catalog_manager.cc:5697] T b934c62608074e91a224160471ae1b83 P 89f02782b9704caeb04f13ea2117c19f reported cstate change: term changed from 0 to 1, leader changed from <none> to 89f02782b9704caeb04f13ea2117c19f (127.4.238.2). New cstate: current_term: 1 leader_uuid: "89f02782b9704caeb04f13ea2117c19f" committed_config { opid_index: -1 OBSOLETE_local: false peers { permanent_uuid: "b340d369948f4238928eb32104d326e6" member_type: VOTER last_known_addr { host: "127.4.238.1" port: 45481 } health_report { overall_health: UNKNOWN } } peers { permanent_uuid: "89f02782b9704caeb04f13ea2117c19f" member_type: VOTER last_known_addr { host: "127.4.238.2" port: 37341 } health_report { overall_health: HEALTHY } } peers { permanent_uuid: "a1ef6975a4e04bf686cbb73dc7f4c57f" member_type: VOTER last_known_addr { host: "127.4.238.3" port: 34287 } health_report { overall_health: UNKNOWN } } }
I20260710 11:12:02.871274  5865 tablet_service.cc:1917] Received RequestConsensusVote() RPC: tablet_id: "ec27df33c06e4a2fb91637412e11e23d" candidate_uuid: "89f02782b9704caeb04f13ea2117c19f" candidate_term: 1 candidate_status { last_received { term: 0 index: 0 } } ignore_live_leader: false dest_uuid: "a1ef6975a4e04bf686cbb73dc7f4c57f" is_pre_election: true
I20260710 11:12:02.872279  5865 raft_consensus.cc:2468] T ec27df33c06e4a2fb91637412e11e23d P a1ef6975a4e04bf686cbb73dc7f4c57f [term 0 FOLLOWER]: Leader pre-election vote request: Granting yes vote for candidate 89f02782b9704caeb04f13ea2117c19f in term 0.
I20260710 11:12:02.873801  5714 tablet_service.cc:1917] Received RequestConsensusVote() RPC: tablet_id: "ec27df33c06e4a2fb91637412e11e23d" candidate_uuid: "89f02782b9704caeb04f13ea2117c19f" candidate_term: 1 candidate_status { last_received { term: 0 index: 0 } } ignore_live_leader: false dest_uuid: "b340d369948f4238928eb32104d326e6" is_pre_election: true
I20260710 11:12:02.873693  5912 raft_consensus.cc:515] T d0d2fdc04a0d4fb18a09780c2a9c6432 P 89f02782b9704caeb04f13ea2117c19f [term 1 FOLLOWER]: Starting leader election with config: opid_index: -1 OBSOLETE_local: false peers { permanent_uuid: "b340d369948f4238928eb32104d326e6" member_type: VOTER last_known_addr { host: "127.4.238.1" port: 45481 } } peers { permanent_uuid: "89f02782b9704caeb04f13ea2117c19f" member_type: VOTER last_known_addr { host: "127.4.238.2" port: 37341 } } peers { permanent_uuid: "a1ef6975a4e04bf686cbb73dc7f4c57f" member_type: VOTER last_known_addr { host: "127.4.238.3" port: 34287 } }
I20260710 11:12:02.877072  5912 leader_election.cc:290] T d0d2fdc04a0d4fb18a09780c2a9c6432 P 89f02782b9704caeb04f13ea2117c19f [CANDIDATE]: Term 1 election: Requested vote from peers b340d369948f4238928eb32104d326e6 (127.4.238.1:45481), a1ef6975a4e04bf686cbb73dc7f4c57f (127.4.238.3:34287)
I20260710 11:12:02.881059  5713 tablet_service.cc:1917] Received RequestConsensusVote() RPC: tablet_id: "d0d2fdc04a0d4fb18a09780c2a9c6432" candidate_uuid: "89f02782b9704caeb04f13ea2117c19f" candidate_term: 1 candidate_status { last_received { term: 0 index: 0 } } ignore_live_leader: false dest_uuid: "b340d369948f4238928eb32104d326e6"
I20260710 11:12:02.881747  5713 raft_consensus.cc:3060] T d0d2fdc04a0d4fb18a09780c2a9c6432 P b340d369948f4238928eb32104d326e6 [term 0 FOLLOWER]: Advancing to term 1
I20260710 11:12:02.874418  5714 raft_consensus.cc:2468] T ec27df33c06e4a2fb91637412e11e23d P b340d369948f4238928eb32104d326e6 [term 0 FOLLOWER]: Leader pre-election vote request: Granting yes vote for candidate 89f02782b9704caeb04f13ea2117c19f in term 0.
I20260710 11:12:02.884513  5756 leader_election.cc:304] T ec27df33c06e4a2fb91637412e11e23d P 89f02782b9704caeb04f13ea2117c19f [CANDIDATE]: Term 1 pre-election: Election decided. Result: candidate won. Election summary: received 2 responses out of 3 voters: 2 yes votes; 0 no votes. yes voters: 89f02782b9704caeb04f13ea2117c19f, b340d369948f4238928eb32104d326e6; no voters: 
I20260710 11:12:02.889791  5713 raft_consensus.cc:2468] T d0d2fdc04a0d4fb18a09780c2a9c6432 P b340d369948f4238928eb32104d326e6 [term 1 FOLLOWER]: Leader election vote request: Granting yes vote for candidate 89f02782b9704caeb04f13ea2117c19f in term 1.
I20260710 11:12:02.890890  5756 leader_election.cc:304] T d0d2fdc04a0d4fb18a09780c2a9c6432 P 89f02782b9704caeb04f13ea2117c19f [CANDIDATE]: Term 1 election: Election decided. Result: candidate won. Election summary: received 2 responses out of 3 voters: 2 yes votes; 0 no votes. yes voters: 89f02782b9704caeb04f13ea2117c19f, b340d369948f4238928eb32104d326e6; no voters: 
I20260710 11:12:02.891762  5865 tablet_service.cc:1917] Received RequestConsensusVote() RPC: tablet_id: "d0d2fdc04a0d4fb18a09780c2a9c6432" candidate_uuid: "89f02782b9704caeb04f13ea2117c19f" candidate_term: 1 candidate_status { last_received { term: 0 index: 0 } } ignore_live_leader: false dest_uuid: "a1ef6975a4e04bf686cbb73dc7f4c57f"
I20260710 11:12:02.891795  5955 raft_consensus.cc:2804] T ec27df33c06e4a2fb91637412e11e23d P 89f02782b9704caeb04f13ea2117c19f [term 0 FOLLOWER]: Leader pre-election won for term 1
I20260710 11:12:02.892480  5955 raft_consensus.cc:493] T ec27df33c06e4a2fb91637412e11e23d P 89f02782b9704caeb04f13ea2117c19f [term 0 FOLLOWER]: Starting leader election (no leader contacted us within the election timeout)
W20260710 11:12:02.892956  5757 leader_election.cc:343] T d0d2fdc04a0d4fb18a09780c2a9c6432 P 89f02782b9704caeb04f13ea2117c19f [CANDIDATE]: Term 1 election: Tablet error from VoteRequest() call to peer a1ef6975a4e04bf686cbb73dc7f4c57f (127.4.238.3:34287): Illegal state: must be running to vote when last-logged opid is not known
I20260710 11:12:02.892963  5955 raft_consensus.cc:3060] T ec27df33c06e4a2fb91637412e11e23d P 89f02782b9704caeb04f13ea2117c19f [term 0 FOLLOWER]: Advancing to term 1
I20260710 11:12:02.894482  5906 tablet_bootstrap.cc:492] T 791f9ed6820c4293b7cf9d9a5b1f38fc P 89f02782b9704caeb04f13ea2117c19f: No bootstrap required, opened a new log
I20260710 11:12:02.894878  5906 ts_tablet_manager.cc:1403] T 791f9ed6820c4293b7cf9d9a5b1f38fc P 89f02782b9704caeb04f13ea2117c19f: Time spent bootstrapping tablet: real 0.184s	user 0.013s	sys 0.007s
I20260710 11:12:02.892804  5912 raft_consensus.cc:2804] T d0d2fdc04a0d4fb18a09780c2a9c6432 P 89f02782b9704caeb04f13ea2117c19f [term 1 FOLLOWER]: Leader election won for term 1
I20260710 11:12:02.897455  5791 tablet_service.cc:1917] Received RequestConsensusVote() RPC: tablet_id: "791f9ed6820c4293b7cf9d9a5b1f38fc" candidate_uuid: "a1ef6975a4e04bf686cbb73dc7f4c57f" candidate_term: 1 candidate_status { last_received { term: 0 index: 0 } } ignore_live_leader: false dest_uuid: "89f02782b9704caeb04f13ea2117c19f"
I20260710 11:12:02.897802  5906 raft_consensus.cc:359] T 791f9ed6820c4293b7cf9d9a5b1f38fc P 89f02782b9704caeb04f13ea2117c19f [term 0 FOLLOWER]: Replica starting. Triggering 0 pending ops. Active config: opid_index: -1 OBSOLETE_local: false peers { permanent_uuid: "b340d369948f4238928eb32104d326e6" member_type: VOTER last_known_addr { host: "127.4.238.1" port: 45481 } } peers { permanent_uuid: "89f02782b9704caeb04f13ea2117c19f" member_type: VOTER last_known_addr { host: "127.4.238.2" port: 37341 } } peers { permanent_uuid: "a1ef6975a4e04bf686cbb73dc7f4c57f" member_type: VOTER last_known_addr { host: "127.4.238.3" port: 34287 } }
I20260710 11:12:02.898522  5906 raft_consensus.cc:385] T 791f9ed6820c4293b7cf9d9a5b1f38fc P 89f02782b9704caeb04f13ea2117c19f [term 0 FOLLOWER]: Consensus starting up: Expiring failure detector timer to make a prompt election more likely
I20260710 11:12:02.898828  5906 raft_consensus.cc:740] T 791f9ed6820c4293b7cf9d9a5b1f38fc P 89f02782b9704caeb04f13ea2117c19f [term 0 FOLLOWER]: Becoming Follower/Learner. State: Replica: 89f02782b9704caeb04f13ea2117c19f, State: Initialized, Role: FOLLOWER
I20260710 11:12:02.899072  5911 leader_election.cc:290] T 791f9ed6820c4293b7cf9d9a5b1f38fc P a1ef6975a4e04bf686cbb73dc7f4c57f [CANDIDATE]: Term 1 election: Requested vote from peers b340d369948f4238928eb32104d326e6 (127.4.238.1:45481), 89f02782b9704caeb04f13ea2117c19f (127.4.238.2:37341)
I20260710 11:12:02.904527  5955 raft_consensus.cc:515] T ec27df33c06e4a2fb91637412e11e23d P 89f02782b9704caeb04f13ea2117c19f [term 1 FOLLOWER]: Starting leader election with config: opid_index: -1 OBSOLETE_local: false peers { permanent_uuid: "b340d369948f4238928eb32104d326e6" member_type: VOTER last_known_addr { host: "127.4.238.1" port: 45481 } } peers { permanent_uuid: "89f02782b9704caeb04f13ea2117c19f" member_type: VOTER last_known_addr { host: "127.4.238.2" port: 37341 } } peers { permanent_uuid: "a1ef6975a4e04bf686cbb73dc7f4c57f" member_type: VOTER last_known_addr { host: "127.4.238.3" port: 34287 } }
I20260710 11:12:02.899559  5906 consensus_queue.cc:260] T 791f9ed6820c4293b7cf9d9a5b1f38fc P 89f02782b9704caeb04f13ea2117c19f [NON_LEADER]: Queue going to NON_LEADER mode. State: All replicated index: 0, Majority replicated index: 0, Committed index: 0, Last appended: 0.0, Last appended by leader: 0, Current term: 0, Majority size: -1, State: 0, Mode: NON_LEADER, active raft config: opid_index: -1 OBSOLETE_local: false peers { permanent_uuid: "b340d369948f4238928eb32104d326e6" member_type: VOTER last_known_addr { host: "127.4.238.1" port: 45481 } } peers { permanent_uuid: "89f02782b9704caeb04f13ea2117c19f" member_type: VOTER last_known_addr { host: "127.4.238.2" port: 37341 } } peers { permanent_uuid: "a1ef6975a4e04bf686cbb73dc7f4c57f" member_type: VOTER last_known_addr { host: "127.4.238.3" port: 34287 } }
I20260710 11:12:02.910679  5955 leader_election.cc:290] T ec27df33c06e4a2fb91637412e11e23d P 89f02782b9704caeb04f13ea2117c19f [CANDIDATE]: Term 1 election: Requested vote from peers b340d369948f4238928eb32104d326e6 (127.4.238.1:45481), a1ef6975a4e04bf686cbb73dc7f4c57f (127.4.238.3:34287)
I20260710 11:12:02.911213  5791 raft_consensus.cc:3060] T 791f9ed6820c4293b7cf9d9a5b1f38fc P 89f02782b9704caeb04f13ea2117c19f [term 0 FOLLOWER]: Advancing to term 1
I20260710 11:12:02.922631  5791 raft_consensus.cc:2468] T 791f9ed6820c4293b7cf9d9a5b1f38fc P 89f02782b9704caeb04f13ea2117c19f [term 1 FOLLOWER]: Leader election vote request: Granting yes vote for candidate a1ef6975a4e04bf686cbb73dc7f4c57f in term 1.
I20260710 11:12:02.928519  5960 consensus_queue.cc:1048] T bcf8ca149c76491cbb746fbe017bee3e P a1ef6975a4e04bf686cbb73dc7f4c57f [LEADER]: Connected to new peer: Peer: permanent_uuid: "b340d369948f4238928eb32104d326e6" member_type: VOTER last_known_addr { host: "127.4.238.1" port: 45481 }, Status: LMP_MISMATCH, Last received: 0.0, Next index: 1, Last known committed idx: 0, Time since last communication: 0.001s
I20260710 11:12:02.932372  5960 consensus_queue.cc:1048] T 20baeb57ebfb47d4bdbc16b29ba6698a P a1ef6975a4e04bf686cbb73dc7f4c57f [LEADER]: Connected to new peer: Peer: permanent_uuid: "89f02782b9704caeb04f13ea2117c19f" member_type: VOTER last_known_addr { host: "127.4.238.2" port: 37341 }, Status: LMP_MISMATCH, Last received: 0.0, Next index: 1, Last known committed idx: 0, Time since last communication: 0.001s
I20260710 11:12:02.941936  5865 tablet_service.cc:1917] Received RequestConsensusVote() RPC: tablet_id: "ec27df33c06e4a2fb91637412e11e23d" candidate_uuid: "89f02782b9704caeb04f13ea2117c19f" candidate_term: 1 candidate_status { last_received { term: 0 index: 0 } } ignore_live_leader: false dest_uuid: "a1ef6975a4e04bf686cbb73dc7f4c57f"
I20260710 11:12:02.942651  5865 raft_consensus.cc:3060] T ec27df33c06e4a2fb91637412e11e23d P a1ef6975a4e04bf686cbb73dc7f4c57f [term 0 FOLLOWER]: Advancing to term 1
I20260710 11:12:02.943212  5716 tablet_service.cc:1917] Received RequestConsensusVote() RPC: tablet_id: "ec27df33c06e4a2fb91637412e11e23d" candidate_uuid: "89f02782b9704caeb04f13ea2117c19f" candidate_term: 1 candidate_status { last_received { term: 0 index: 0 } } ignore_live_leader: false dest_uuid: "b340d369948f4238928eb32104d326e6"
I20260710 11:12:02.944607  5716 raft_consensus.cc:3060] T ec27df33c06e4a2fb91637412e11e23d P b340d369948f4238928eb32104d326e6 [term 0 FOLLOWER]: Advancing to term 1
I20260710 11:12:02.946079  5923 raft_consensus.cc:697] T 791f9ed6820c4293b7cf9d9a5b1f38fc P a1ef6975a4e04bf686cbb73dc7f4c57f [term 1 LEADER]: Becoming Leader. State: Replica: a1ef6975a4e04bf686cbb73dc7f4c57f, State: Running, Role: LEADER
I20260710 11:12:02.949951  5923 consensus_queue.cc:237] T 791f9ed6820c4293b7cf9d9a5b1f38fc P a1ef6975a4e04bf686cbb73dc7f4c57f [LEADER]: Queue going to LEADER mode. State: All replicated index: 0, Majority replicated index: 0, Committed index: 0, Last appended: 0.0, Last appended by leader: 0, Current term: 1, Majority size: 2, State: 0, Mode: LEADER, active raft config: opid_index: -1 OBSOLETE_local: false peers { permanent_uuid: "b340d369948f4238928eb32104d326e6" member_type: VOTER last_known_addr { host: "127.4.238.1" port: 45481 } } peers { permanent_uuid: "89f02782b9704caeb04f13ea2117c19f" member_type: VOTER last_known_addr { host: "127.4.238.2" port: 37341 } } peers { permanent_uuid: "a1ef6975a4e04bf686cbb73dc7f4c57f" member_type: VOTER last_known_addr { host: "127.4.238.3" port: 34287 } }
I20260710 11:12:02.961042  5865 raft_consensus.cc:2468] T ec27df33c06e4a2fb91637412e11e23d P a1ef6975a4e04bf686cbb73dc7f4c57f [term 1 FOLLOWER]: Leader election vote request: Granting yes vote for candidate 89f02782b9704caeb04f13ea2117c19f in term 1.
I20260710 11:12:02.962739  5757 leader_election.cc:304] T ec27df33c06e4a2fb91637412e11e23d P 89f02782b9704caeb04f13ea2117c19f [CANDIDATE]: Term 1 election: Election decided. Result: candidate won. Election summary: received 2 responses out of 3 voters: 2 yes votes; 0 no votes. yes voters: 89f02782b9704caeb04f13ea2117c19f, a1ef6975a4e04bf686cbb73dc7f4c57f; no voters: 
I20260710 11:12:02.963622  5955 raft_consensus.cc:2804] T ec27df33c06e4a2fb91637412e11e23d P 89f02782b9704caeb04f13ea2117c19f [term 1 FOLLOWER]: Leader election won for term 1
I20260710 11:12:02.964352  5955 raft_consensus.cc:697] T ec27df33c06e4a2fb91637412e11e23d P 89f02782b9704caeb04f13ea2117c19f [term 1 LEADER]: Becoming Leader. State: Replica: 89f02782b9704caeb04f13ea2117c19f, State: Running, Role: LEADER
I20260710 11:12:02.965663  5955 consensus_queue.cc:237] T ec27df33c06e4a2fb91637412e11e23d P 89f02782b9704caeb04f13ea2117c19f [LEADER]: Queue going to LEADER mode. State: All replicated index: 0, Majority replicated index: 0, Committed index: 0, Last appended: 0.0, Last appended by leader: 0, Current term: 1, Majority size: 2, State: 0, Mode: LEADER, active raft config: opid_index: -1 OBSOLETE_local: false peers { permanent_uuid: "b340d369948f4238928eb32104d326e6" member_type: VOTER last_known_addr { host: "127.4.238.1" port: 45481 } } peers { permanent_uuid: "89f02782b9704caeb04f13ea2117c19f" member_type: VOTER last_known_addr { host: "127.4.238.2" port: 37341 } } peers { permanent_uuid: "a1ef6975a4e04bf686cbb73dc7f4c57f" member_type: VOTER last_known_addr { host: "127.4.238.3" port: 34287 } }
I20260710 11:12:03.001308  5906 ts_tablet_manager.cc:1434] T 791f9ed6820c4293b7cf9d9a5b1f38fc P 89f02782b9704caeb04f13ea2117c19f: Time spent starting tablet: real 0.106s	user 0.027s	sys 0.024s
I20260710 11:12:03.002558  5906 tablet_bootstrap.cc:492] T bcf8ca149c76491cbb746fbe017bee3e P 89f02782b9704caeb04f13ea2117c19f: Bootstrap starting.
I20260710 11:12:03.007382  5716 raft_consensus.cc:2468] T ec27df33c06e4a2fb91637412e11e23d P b340d369948f4238928eb32104d326e6 [term 1 FOLLOWER]: Leader election vote request: Granting yes vote for candidate 89f02782b9704caeb04f13ea2117c19f in term 1.
W20260710 11:12:03.008045  5828 consensus_peers.cc:597] T bcf8ca149c76491cbb746fbe017bee3e P a1ef6975a4e04bf686cbb73dc7f4c57f -> Peer 89f02782b9704caeb04f13ea2117c19f (127.4.238.2:37341): Couldn't send request to peer 89f02782b9704caeb04f13ea2117c19f. Error code: TABLET_NOT_RUNNING (12). Status: Illegal state: Tablet not RUNNING: BOOTSTRAPPING. This is attempt 1: this message will repeat every 5th retry.
I20260710 11:12:03.008790  5906 tablet_bootstrap.cc:654] T bcf8ca149c76491cbb746fbe017bee3e P 89f02782b9704caeb04f13ea2117c19f: Neither blocks nor log segments found. Creating new log.
I20260710 11:12:02.996376  5912 raft_consensus.cc:697] T d0d2fdc04a0d4fb18a09780c2a9c6432 P 89f02782b9704caeb04f13ea2117c19f [term 1 LEADER]: Becoming Leader. State: Replica: 89f02782b9704caeb04f13ea2117c19f, State: Running, Role: LEADER
I20260710 11:12:03.014195  5912 consensus_queue.cc:237] T d0d2fdc04a0d4fb18a09780c2a9c6432 P 89f02782b9704caeb04f13ea2117c19f [LEADER]: Queue going to LEADER mode. State: All replicated index: 0, Majority replicated index: 0, Committed index: 0, Last appended: 0.0, Last appended by leader: 0, Current term: 1, Majority size: 2, State: 0, Mode: LEADER, active raft config: opid_index: -1 OBSOLETE_local: false peers { permanent_uuid: "b340d369948f4238928eb32104d326e6" member_type: VOTER last_known_addr { host: "127.4.238.1" port: 45481 } } peers { permanent_uuid: "89f02782b9704caeb04f13ea2117c19f" member_type: VOTER last_known_addr { host: "127.4.238.2" port: 37341 } } peers { permanent_uuid: "a1ef6975a4e04bf686cbb73dc7f4c57f" member_type: VOTER last_known_addr { host: "127.4.238.3" port: 34287 } }
I20260710 11:12:03.011680  5611 catalog_manager.cc:5697] T 791f9ed6820c4293b7cf9d9a5b1f38fc P a1ef6975a4e04bf686cbb73dc7f4c57f reported cstate change: term changed from 0 to 1, leader changed from <none> to a1ef6975a4e04bf686cbb73dc7f4c57f (127.4.238.3). New cstate: current_term: 1 leader_uuid: "a1ef6975a4e04bf686cbb73dc7f4c57f" committed_config { opid_index: -1 OBSOLETE_local: false peers { permanent_uuid: "b340d369948f4238928eb32104d326e6" member_type: VOTER last_known_addr { host: "127.4.238.1" port: 45481 } health_report { overall_health: UNKNOWN } } peers { permanent_uuid: "89f02782b9704caeb04f13ea2117c19f" member_type: VOTER last_known_addr { host: "127.4.238.2" port: 37341 } health_report { overall_health: UNKNOWN } } peers { permanent_uuid: "a1ef6975a4e04bf686cbb73dc7f4c57f" member_type: VOTER last_known_addr { host: "127.4.238.3" port: 34287 } health_report { overall_health: HEALTHY } } }
I20260710 11:12:03.016553  5966 consensus_queue.cc:1048] T 20baeb57ebfb47d4bdbc16b29ba6698a P a1ef6975a4e04bf686cbb73dc7f4c57f [LEADER]: Connected to new peer: Peer: permanent_uuid: "b340d369948f4238928eb32104d326e6" member_type: VOTER last_known_addr { host: "127.4.238.1" port: 45481 }, Status: LMP_MISMATCH, Last received: 0.0, Next index: 1, Last known committed idx: 0, Time since last communication: 0.001s
I20260710 11:12:03.017097  5905 tablet_bootstrap.cc:492] T d0d2fdc04a0d4fb18a09780c2a9c6432 P a1ef6975a4e04bf686cbb73dc7f4c57f: No bootstrap required, opened a new log
I20260710 11:12:03.017815  5905 ts_tablet_manager.cc:1403] T d0d2fdc04a0d4fb18a09780c2a9c6432 P a1ef6975a4e04bf686cbb73dc7f4c57f: Time spent bootstrapping tablet: real 0.171s	user 0.067s	sys 0.086s
I20260710 11:12:03.023249  5905 raft_consensus.cc:359] T d0d2fdc04a0d4fb18a09780c2a9c6432 P a1ef6975a4e04bf686cbb73dc7f4c57f [term 0 FOLLOWER]: Replica starting. Triggering 0 pending ops. Active config: opid_index: -1 OBSOLETE_local: false peers { permanent_uuid: "b340d369948f4238928eb32104d326e6" member_type: VOTER last_known_addr { host: "127.4.238.1" port: 45481 } } peers { permanent_uuid: "89f02782b9704caeb04f13ea2117c19f" member_type: VOTER last_known_addr { host: "127.4.238.2" port: 37341 } } peers { permanent_uuid: "a1ef6975a4e04bf686cbb73dc7f4c57f" member_type: VOTER last_known_addr { host: "127.4.238.3" port: 34287 } }
I20260710 11:12:03.024039  5905 raft_consensus.cc:385] T d0d2fdc04a0d4fb18a09780c2a9c6432 P a1ef6975a4e04bf686cbb73dc7f4c57f [term 0 FOLLOWER]: Consensus starting up: Expiring failure detector timer to make a prompt election more likely
I20260710 11:12:03.024324  5905 raft_consensus.cc:740] T d0d2fdc04a0d4fb18a09780c2a9c6432 P a1ef6975a4e04bf686cbb73dc7f4c57f [term 0 FOLLOWER]: Becoming Follower/Learner. State: Replica: a1ef6975a4e04bf686cbb73dc7f4c57f, State: Initialized, Role: FOLLOWER
I20260710 11:12:03.025004  5905 consensus_queue.cc:260] T d0d2fdc04a0d4fb18a09780c2a9c6432 P a1ef6975a4e04bf686cbb73dc7f4c57f [NON_LEADER]: Queue going to NON_LEADER mode. State: All replicated index: 0, Majority replicated index: 0, Committed index: 0, Last appended: 0.0, Last appended by leader: 0, Current term: 0, Majority size: -1, State: 0, Mode: NON_LEADER, active raft config: opid_index: -1 OBSOLETE_local: false peers { permanent_uuid: "b340d369948f4238928eb32104d326e6" member_type: VOTER last_known_addr { host: "127.4.238.1" port: 45481 } } peers { permanent_uuid: "89f02782b9704caeb04f13ea2117c19f" member_type: VOTER last_known_addr { host: "127.4.238.2" port: 37341 } } peers { permanent_uuid: "a1ef6975a4e04bf686cbb73dc7f4c57f" member_type: VOTER last_known_addr { host: "127.4.238.3" port: 34287 } }
I20260710 11:12:03.027160  5906 tablet_bootstrap.cc:492] T bcf8ca149c76491cbb746fbe017bee3e P 89f02782b9704caeb04f13ea2117c19f: No bootstrap required, opened a new log
I20260710 11:12:03.027215  5905 ts_tablet_manager.cc:1434] T d0d2fdc04a0d4fb18a09780c2a9c6432 P a1ef6975a4e04bf686cbb73dc7f4c57f: Time spent starting tablet: real 0.009s	user 0.003s	sys 0.000s
I20260710 11:12:03.027760  5906 ts_tablet_manager.cc:1403] T bcf8ca149c76491cbb746fbe017bee3e P 89f02782b9704caeb04f13ea2117c19f: Time spent bootstrapping tablet: real 0.026s	user 0.014s	sys 0.004s
I20260710 11:12:03.031272  5906 raft_consensus.cc:359] T bcf8ca149c76491cbb746fbe017bee3e P 89f02782b9704caeb04f13ea2117c19f [term 0 FOLLOWER]: Replica starting. Triggering 0 pending ops. Active config: opid_index: -1 OBSOLETE_local: false peers { permanent_uuid: "89f02782b9704caeb04f13ea2117c19f" member_type: VOTER last_known_addr { host: "127.4.238.2" port: 37341 } } peers { permanent_uuid: "b340d369948f4238928eb32104d326e6" member_type: VOTER last_known_addr { host: "127.4.238.1" port: 45481 } } peers { permanent_uuid: "a1ef6975a4e04bf686cbb73dc7f4c57f" member_type: VOTER last_known_addr { host: "127.4.238.3" port: 34287 } }
I20260710 11:12:03.032457  5906 raft_consensus.cc:385] T bcf8ca149c76491cbb746fbe017bee3e P 89f02782b9704caeb04f13ea2117c19f [term 0 FOLLOWER]: Consensus starting up: Expiring failure detector timer to make a prompt election more likely
I20260710 11:12:03.032744  5906 raft_consensus.cc:740] T bcf8ca149c76491cbb746fbe017bee3e P 89f02782b9704caeb04f13ea2117c19f [term 0 FOLLOWER]: Becoming Follower/Learner. State: Replica: 89f02782b9704caeb04f13ea2117c19f, State: Initialized, Role: FOLLOWER
