I20260710 11:12:15.014330  6518 consensus_queue.cc:1048] T fbb9f35fb48f49c58f96e6311115dac0 P 55d06c0641a34c93bae4cb66e3da615d [LEADER]: Connected to new peer: Peer: permanent_uuid: "0d310125d77a4d3bb5cb0550b2c0023f" member_type: VOTER last_known_addr { host: "127.4.238.1" port: 37685 }, Status: LMP_MISMATCH, Last received: 0.0, Next index: 1, Last known committed idx: 0, Time since last communication: 0.050s
I20260710 11:12:15.046511  6509 raft_consensus.cc:2749] T 016a97482ad24d21b993c4028a110dc0 P 0d310125d77a4d3bb5cb0550b2c0023f [term 0 FOLLOWER]: Leader pre-election lost for term 1. Reason: could not achieve majority
I20260710 11:12:15.051905  6344 raft_consensus.cc:3060] T fbb9f35fb48f49c58f96e6311115dac0 P e65c7594f76041ef85393baee550bd56 [term 0 FOLLOWER]: Advancing to term 1
W20260710 11:12:15.067709  6161 outbound_call.cc:321] RPC callback for RPC call kudu.consensus.ConsensusService.RequestConsensusVote -> {remote=127.4.238.2:37689, user_credentials={real_user=slave}} blocked reactor thread for 57769.6us
I20260710 11:12:15.068547  6091 catalog_manager.cc:5697] T 3822bce65c7b45b48e01f0ebd763794e P 55d06c0641a34c93bae4cb66e3da615d reported cstate change: term changed from 0 to 1, leader changed from <none> to 55d06c0641a34c93bae4cb66e3da615d (127.4.238.2). New cstate: current_term: 1 leader_uuid: "55d06c0641a34c93bae4cb66e3da615d" committed_config { opid_index: -1 OBSOLETE_local: false peers { permanent_uuid: "0d310125d77a4d3bb5cb0550b2c0023f" member_type: VOTER last_known_addr { host: "127.4.238.1" port: 37685 } health_report { overall_health: UNKNOWN } } peers { permanent_uuid: "55d06c0641a34c93bae4cb66e3da615d" member_type: VOTER last_known_addr { host: "127.4.238.2" port: 37689 } health_report { overall_health: HEALTHY } } peers { permanent_uuid: "e65c7594f76041ef85393baee550bd56" member_type: VOTER last_known_addr { host: "127.4.238.3" port: 40453 } health_report { overall_health: UNKNOWN } } }
I20260710 11:12:15.082088  6509 raft_consensus.cc:493] T 5c67feaa716c400b87efc0939bf9513c P 0d310125d77a4d3bb5cb0550b2c0023f [term 0 FOLLOWER]: Starting pre-election (no leader contacted us within the election timeout)
I20260710 11:12:15.082718  6509 raft_consensus.cc:515] T 5c67feaa716c400b87efc0939bf9513c P 0d310125d77a4d3bb5cb0550b2c0023f [term 0 FOLLOWER]: Starting pre-election with config: opid_index: -1 OBSOLETE_local: false peers { permanent_uuid: "0d310125d77a4d3bb5cb0550b2c0023f" member_type: VOTER last_known_addr { host: "127.4.238.1" port: 37685 } } peers { permanent_uuid: "55d06c0641a34c93bae4cb66e3da615d" member_type: VOTER last_known_addr { host: "127.4.238.2" port: 37689 } } peers { permanent_uuid: "e65c7594f76041ef85393baee550bd56" member_type: VOTER last_known_addr { host: "127.4.238.3" port: 40453 } }
I20260710 11:12:15.085295  6509 leader_election.cc:290] T 5c67feaa716c400b87efc0939bf9513c P 0d310125d77a4d3bb5cb0550b2c0023f [CANDIDATE]: Term 1 pre-election: Requested pre-vote from peers 55d06c0641a34c93bae4cb66e3da615d (127.4.238.2:37689), e65c7594f76041ef85393baee550bd56 (127.4.238.3:40453)
I20260710 11:12:15.087591  6265 tablet_service.cc:1917] Received RequestConsensusVote() RPC: tablet_id: "5c67feaa716c400b87efc0939bf9513c" candidate_uuid: "0d310125d77a4d3bb5cb0550b2c0023f" candidate_term: 1 candidate_status { last_received { term: 0 index: 0 } } ignore_live_leader: false dest_uuid: "55d06c0641a34c93bae4cb66e3da615d" is_pre_election: true
W20260710 11:12:15.089845  6161 leader_election.cc:343] T 5c67feaa716c400b87efc0939bf9513c P 0d310125d77a4d3bb5cb0550b2c0023f [CANDIDATE]: Term 1 pre-election: Tablet error from VoteRequest() call to peer 55d06c0641a34c93bae4cb66e3da615d (127.4.238.2:37689): Illegal state: must be running to vote when last-logged opid is not known
I20260710 11:12:15.090281  6342 tablet_service.cc:1917] Received RequestConsensusVote() RPC: tablet_id: "5c67feaa716c400b87efc0939bf9513c" candidate_uuid: "0d310125d77a4d3bb5cb0550b2c0023f" candidate_term: 1 candidate_status { last_received { term: 0 index: 0 } } ignore_live_leader: false dest_uuid: "e65c7594f76041ef85393baee550bd56" is_pre_election: true
W20260710 11:12:15.091722  6161 leader_election.cc:343] T 5c67feaa716c400b87efc0939bf9513c P 0d310125d77a4d3bb5cb0550b2c0023f [CANDIDATE]: Term 1 pre-election: Tablet error from VoteRequest() call to peer e65c7594f76041ef85393baee550bd56 (127.4.238.3:40453): Illegal state: must be running to vote when last-logged opid is not known
I20260710 11:12:15.092239  6161 leader_election.cc:304] T 5c67feaa716c400b87efc0939bf9513c P 0d310125d77a4d3bb5cb0550b2c0023f [CANDIDATE]: Term 1 pre-election: Election decided. Result: candidate lost. Election summary: received 3 responses out of 3 voters: 1 yes votes; 2 no votes. yes voters: 0d310125d77a4d3bb5cb0550b2c0023f; no voters: 55d06c0641a34c93bae4cb66e3da615d, e65c7594f76041ef85393baee550bd56
I20260710 11:12:15.093041  6509 raft_consensus.cc:2749] T 5c67feaa716c400b87efc0939bf9513c P 0d310125d77a4d3bb5cb0550b2c0023f [term 0 FOLLOWER]: Leader pre-election lost for term 1. Reason: could not achieve majority
I20260710 11:12:15.097273  6384 tablet_bootstrap.cc:492] T b9761d698b3844be9cb8bae509f2a71f P 55d06c0641a34c93bae4cb66e3da615d: No bootstrap required, opened a new log
I20260710 11:12:15.098205  6384 ts_tablet_manager.cc:1403] T b9761d698b3844be9cb8bae509f2a71f P 55d06c0641a34c93bae4cb66e3da615d: Time spent bootstrapping tablet: real 0.371s	user 0.017s	sys 0.016s
I20260710 11:12:15.101583  6385 tablet_bootstrap.cc:654] T 39aa2ee9169743bb9db2aac9ca2ed32b P 0d310125d77a4d3bb5cb0550b2c0023f: Neither blocks nor log segments found. Creating new log.
I20260710 11:12:15.102550  6384 raft_consensus.cc:359] T b9761d698b3844be9cb8bae509f2a71f P 55d06c0641a34c93bae4cb66e3da615d [term 0 FOLLOWER]: Replica starting. Triggering 0 pending ops. Active config: opid_index: -1 OBSOLETE_local: false peers { permanent_uuid: "0d310125d77a4d3bb5cb0550b2c0023f" member_type: VOTER last_known_addr { host: "127.4.238.1" port: 37685 } } peers { permanent_uuid: "55d06c0641a34c93bae4cb66e3da615d" member_type: VOTER last_known_addr { host: "127.4.238.2" port: 37689 } } peers { permanent_uuid: "e65c7594f76041ef85393baee550bd56" member_type: VOTER last_known_addr { host: "127.4.238.3" port: 40453 } }
I20260710 11:12:15.103222  6384 raft_consensus.cc:385] T b9761d698b3844be9cb8bae509f2a71f P 55d06c0641a34c93bae4cb66e3da615d [term 0 FOLLOWER]: Consensus starting up: Expiring failure detector timer to make a prompt election more likely
I20260710 11:12:15.103483  6384 raft_consensus.cc:740] T b9761d698b3844be9cb8bae509f2a71f P 55d06c0641a34c93bae4cb66e3da615d [term 0 FOLLOWER]: Becoming Follower/Learner. State: Replica: 55d06c0641a34c93bae4cb66e3da615d, State: Initialized, Role: FOLLOWER
I20260710 11:12:15.104146  6384 consensus_queue.cc:260] T b9761d698b3844be9cb8bae509f2a71f P 55d06c0641a34c93bae4cb66e3da615d [NON_LEADER]: Queue going to NON_LEADER mode. State: All replicated index: 0, Majority replicated index: 0, Committed index: 0, Last appended: 0.0, Last appended by leader: 0, Current term: 0, Majority size: -1, State: 0, Mode: NON_LEADER, active raft config: opid_index: -1 OBSOLETE_local: false peers { permanent_uuid: "0d310125d77a4d3bb5cb0550b2c0023f" member_type: VOTER last_known_addr { host: "127.4.238.1" port: 37685 } } peers { permanent_uuid: "55d06c0641a34c93bae4cb66e3da615d" member_type: VOTER last_known_addr { host: "127.4.238.2" port: 37689 } } peers { permanent_uuid: "e65c7594f76041ef85393baee550bd56" member_type: VOTER last_known_addr { host: "127.4.238.3" port: 40453 } }
I20260710 11:12:15.109434  6518 consensus_queue.cc:1048] T fbb9f35fb48f49c58f96e6311115dac0 P 55d06c0641a34c93bae4cb66e3da615d [LEADER]: Connected to new peer: Peer: permanent_uuid: "e65c7594f76041ef85393baee550bd56" member_type: VOTER last_known_addr { host: "127.4.238.3" port: 40453 }, Status: LMP_MISMATCH, Last received: 0.0, Next index: 1, Last known committed idx: 0, Time since last communication: 0.000s
I20260710 11:12:15.112062  6384 ts_tablet_manager.cc:1434] T b9761d698b3844be9cb8bae509f2a71f P 55d06c0641a34c93bae4cb66e3da615d: Time spent starting tablet: real 0.014s	user 0.008s	sys 0.000s
I20260710 11:12:15.115554  6384 tablet_bootstrap.cc:492] T 016a97482ad24d21b993c4028a110dc0 P 55d06c0641a34c93bae4cb66e3da615d: Bootstrap starting.
I20260710 11:12:15.121284  6384 tablet_bootstrap.cc:654] T 016a97482ad24d21b993c4028a110dc0 P 55d06c0641a34c93bae4cb66e3da615d: Neither blocks nor log segments found. Creating new log.
I20260710 11:12:15.122988  6385 tablet_bootstrap.cc:492] T 39aa2ee9169743bb9db2aac9ca2ed32b P 0d310125d77a4d3bb5cb0550b2c0023f: No bootstrap required, opened a new log
I20260710 11:12:15.123441  6385 ts_tablet_manager.cc:1403] T 39aa2ee9169743bb9db2aac9ca2ed32b P 0d310125d77a4d3bb5cb0550b2c0023f: Time spent bootstrapping tablet: real 0.182s	user 0.010s	sys 0.004s
I20260710 11:12:15.122767  6091 catalog_manager.cc:5697] T 2f4b9f665634452e86875679f5d16419 P 0d310125d77a4d3bb5cb0550b2c0023f reported cstate change: term changed from 0 to 1, leader changed from <none> to 0d310125d77a4d3bb5cb0550b2c0023f (127.4.238.1). New cstate: current_term: 1 leader_uuid: "0d310125d77a4d3bb5cb0550b2c0023f" committed_config { opid_index: -1 OBSOLETE_local: false peers { permanent_uuid: "0d310125d77a4d3bb5cb0550b2c0023f" member_type: VOTER last_known_addr { host: "127.4.238.1" port: 37685 } health_report { overall_health: HEALTHY } } peers { permanent_uuid: "55d06c0641a34c93bae4cb66e3da615d" member_type: VOTER last_known_addr { host: "127.4.238.2" port: 37689 } health_report { overall_health: UNKNOWN } } peers { permanent_uuid: "e65c7594f76041ef85393baee550bd56" member_type: VOTER last_known_addr { host: "127.4.238.3" port: 40453 } health_report { overall_health: UNKNOWN } } }
I20260710 11:12:15.125023  6091 catalog_manager.cc:5697] T fbb2be49fa1c47458d58e6dde5fe0146 P 0d310125d77a4d3bb5cb0550b2c0023f reported cstate change: term changed from 0 to 1, leader changed from <none> to 0d310125d77a4d3bb5cb0550b2c0023f (127.4.238.1). New cstate: current_term: 1 leader_uuid: "0d310125d77a4d3bb5cb0550b2c0023f" committed_config { opid_index: -1 OBSOLETE_local: false peers { permanent_uuid: "0d310125d77a4d3bb5cb0550b2c0023f" member_type: VOTER last_known_addr { host: "127.4.238.1" port: 37685 } health_report { overall_health: HEALTHY } } peers { permanent_uuid: "55d06c0641a34c93bae4cb66e3da615d" member_type: VOTER last_known_addr { host: "127.4.238.2" port: 37689 } health_report { overall_health: UNKNOWN } } peers { permanent_uuid: "e65c7594f76041ef85393baee550bd56" member_type: VOTER last_known_addr { host: "127.4.238.3" port: 40453 } health_report { overall_health: UNKNOWN } } }
I20260710 11:12:15.125564  6509 consensus_queue.cc:1048] T a3c42d57a4794d2389415caa121d1833 P 0d310125d77a4d3bb5cb0550b2c0023f [LEADER]: Connected to new peer: Peer: permanent_uuid: "55d06c0641a34c93bae4cb66e3da615d" member_type: VOTER last_known_addr { host: "127.4.238.2" port: 37689 }, Status: LMP_MISMATCH, Last received: 0.0, Next index: 1, Last known committed idx: 0, Time since last communication: 0.000s
I20260710 11:12:15.126310  6385 raft_consensus.cc:359] T 39aa2ee9169743bb9db2aac9ca2ed32b P 0d310125d77a4d3bb5cb0550b2c0023f [term 0 FOLLOWER]: Replica starting. Triggering 0 pending ops. Active config: opid_index: -1 OBSOLETE_local: false peers { permanent_uuid: "0d310125d77a4d3bb5cb0550b2c0023f" member_type: VOTER last_known_addr { host: "127.4.238.1" port: 37685 } } peers { permanent_uuid: "55d06c0641a34c93bae4cb66e3da615d" member_type: VOTER last_known_addr { host: "127.4.238.2" port: 37689 } } peers { permanent_uuid: "e65c7594f76041ef85393baee550bd56" member_type: VOTER last_known_addr { host: "127.4.238.3" port: 40453 } }
I20260710 11:12:15.127120  6385 raft_consensus.cc:385] T 39aa2ee9169743bb9db2aac9ca2ed32b P 0d310125d77a4d3bb5cb0550b2c0023f [term 0 FOLLOWER]: Consensus starting up: Expiring failure detector timer to make a prompt election more likely
I20260710 11:12:15.133819  6504 consensus_queue.cc:1048] T a3c42d57a4794d2389415caa121d1833 P 0d310125d77a4d3bb5cb0550b2c0023f [LEADER]: Connected to new peer: Peer: permanent_uuid: "e65c7594f76041ef85393baee550bd56" member_type: VOTER last_known_addr { host: "127.4.238.3" port: 40453 }, Status: LMP_MISMATCH, Last received: 0.0, Next index: 1, Last known committed idx: 0, Time since last communication: 0.001s
I20260710 11:12:15.137686  6386 tablet_bootstrap.cc:492] T 2f4b9f665634452e86875679f5d16419 P e65c7594f76041ef85393baee550bd56: No bootstrap required, opened a new log
I20260710 11:12:15.138211  6386 ts_tablet_manager.cc:1403] T 2f4b9f665634452e86875679f5d16419 P e65c7594f76041ef85393baee550bd56: Time spent bootstrapping tablet: real 0.377s	user 0.012s	sys 0.016s
W20260710 11:12:15.142462  6141 auto_rebalancer.cc:288] Could not retrieve cluster info: Service unavailable: Tablet not running
I20260710 11:12:15.127403  6385 raft_consensus.cc:740] T 39aa2ee9169743bb9db2aac9ca2ed32b P 0d310125d77a4d3bb5cb0550b2c0023f [term 0 FOLLOWER]: Becoming Follower/Learner. State: Replica: 0d310125d77a4d3bb5cb0550b2c0023f, State: Initialized, Role: FOLLOWER
I20260710 11:12:15.144367  6385 consensus_queue.cc:260] T 39aa2ee9169743bb9db2aac9ca2ed32b P 0d310125d77a4d3bb5cb0550b2c0023f [NON_LEADER]: Queue going to NON_LEADER mode. State: All replicated index: 0, Majority replicated index: 0, Committed index: 0, Last appended: 0.0, Last appended by leader: 0, Current term: 0, Majority size: -1, State: 0, Mode: NON_LEADER, active raft config: opid_index: -1 OBSOLETE_local: false peers { permanent_uuid: "0d310125d77a4d3bb5cb0550b2c0023f" member_type: VOTER last_known_addr { host: "127.4.238.1" port: 37685 } } peers { permanent_uuid: "55d06c0641a34c93bae4cb66e3da615d" member_type: VOTER last_known_addr { host: "127.4.238.2" port: 37689 } } peers { permanent_uuid: "e65c7594f76041ef85393baee550bd56" member_type: VOTER last_known_addr { host: "127.4.238.3" port: 40453 } }
I20260710 11:12:15.147037  6385 ts_tablet_manager.cc:1434] T 39aa2ee9169743bb9db2aac9ca2ed32b P 0d310125d77a4d3bb5cb0550b2c0023f: Time spent starting tablet: real 0.023s	user 0.006s	sys 0.000s
I20260710 11:12:15.149894  6386 raft_consensus.cc:359] T 2f4b9f665634452e86875679f5d16419 P e65c7594f76041ef85393baee550bd56 [term 0 FOLLOWER]: Replica starting. Triggering 0 pending ops. Active config: opid_index: -1 OBSOLETE_local: false peers { permanent_uuid: "0d310125d77a4d3bb5cb0550b2c0023f" member_type: VOTER last_known_addr { host: "127.4.238.1" port: 37685 } } peers { permanent_uuid: "55d06c0641a34c93bae4cb66e3da615d" member_type: VOTER last_known_addr { host: "127.4.238.2" port: 37689 } } peers { permanent_uuid: "e65c7594f76041ef85393baee550bd56" member_type: VOTER last_known_addr { host: "127.4.238.3" port: 40453 } }
I20260710 11:12:15.154807  6386 raft_consensus.cc:385] T 2f4b9f665634452e86875679f5d16419 P e65c7594f76041ef85393baee550bd56 [term 0 FOLLOWER]: Consensus starting up: Expiring failure detector timer to make a prompt election more likely
I20260710 11:12:15.158084  6386 raft_consensus.cc:740] T 2f4b9f665634452e86875679f5d16419 P e65c7594f76041ef85393baee550bd56 [term 0 FOLLOWER]: Becoming Follower/Learner. State: Replica: e65c7594f76041ef85393baee550bd56, State: Initialized, Role: FOLLOWER
I20260710 11:12:15.156867  6384 tablet_bootstrap.cc:492] T 016a97482ad24d21b993c4028a110dc0 P 55d06c0641a34c93bae4cb66e3da615d: No bootstrap required, opened a new log
I20260710 11:12:15.161332  6384 ts_tablet_manager.cc:1403] T 016a97482ad24d21b993c4028a110dc0 P 55d06c0641a34c93bae4cb66e3da615d: Time spent bootstrapping tablet: real 0.046s	user 0.015s	sys 0.013s
I20260710 11:12:15.164083  6384 raft_consensus.cc:359] T 016a97482ad24d21b993c4028a110dc0 P 55d06c0641a34c93bae4cb66e3da615d [term 0 FOLLOWER]: Replica starting. Triggering 0 pending ops. Active config: opid_index: -1 OBSOLETE_local: false peers { permanent_uuid: "0d310125d77a4d3bb5cb0550b2c0023f" member_type: VOTER last_known_addr { host: "127.4.238.1" port: 37685 } } peers { permanent_uuid: "55d06c0641a34c93bae4cb66e3da615d" member_type: VOTER last_known_addr { host: "127.4.238.2" port: 37689 } } peers { permanent_uuid: "e65c7594f76041ef85393baee550bd56" member_type: VOTER last_known_addr { host: "127.4.238.3" port: 40453 } }
I20260710 11:12:15.171813  6384 raft_consensus.cc:385] T 016a97482ad24d21b993c4028a110dc0 P 55d06c0641a34c93bae4cb66e3da615d [term 0 FOLLOWER]: Consensus starting up: Expiring failure detector timer to make a prompt election more likely
I20260710 11:12:15.164927  6386 consensus_queue.cc:260] T 2f4b9f665634452e86875679f5d16419 P e65c7594f76041ef85393baee550bd56 [NON_LEADER]: Queue going to NON_LEADER mode. State: All replicated index: 0, Majority replicated index: 0, Committed index: 0, Last appended: 0.0, Last appended by leader: 0, Current term: 0, Majority size: -1, State: 0, Mode: NON_LEADER, active raft config: opid_index: -1 OBSOLETE_local: false peers { permanent_uuid: "0d310125d77a4d3bb5cb0550b2c0023f" member_type: VOTER last_known_addr { host: "127.4.238.1" port: 37685 } } peers { permanent_uuid: "55d06c0641a34c93bae4cb66e3da615d" member_type: VOTER last_known_addr { host: "127.4.238.2" port: 37689 } } peers { permanent_uuid: "e65c7594f76041ef85393baee550bd56" member_type: VOTER last_known_addr { host: "127.4.238.3" port: 40453 } }
I20260710 11:12:15.172187  6384 raft_consensus.cc:740] T 016a97482ad24d21b993c4028a110dc0 P 55d06c0641a34c93bae4cb66e3da615d [term 0 FOLLOWER]: Becoming Follower/Learner. State: Replica: 55d06c0641a34c93bae4cb66e3da615d, State: Initialized, Role: FOLLOWER
I20260710 11:12:15.173264  6386 ts_tablet_manager.cc:1434] T 2f4b9f665634452e86875679f5d16419 P e65c7594f76041ef85393baee550bd56: Time spent starting tablet: real 0.035s	user 0.006s	sys 0.002s
I20260710 11:12:15.180429  6386 tablet_bootstrap.cc:492] T 39aa2ee9169743bb9db2aac9ca2ed32b P e65c7594f76041ef85393baee550bd56: Bootstrap starting.
I20260710 11:12:15.173081  6384 consensus_queue.cc:260] T 016a97482ad24d21b993c4028a110dc0 P 55d06c0641a34c93bae4cb66e3da615d [NON_LEADER]: Queue going to NON_LEADER mode. State: All replicated index: 0, Majority replicated index: 0, Committed index: 0, Last appended: 0.0, Last appended by leader: 0, Current term: 0, Majority size: -1, State: 0, Mode: NON_LEADER, active raft config: opid_index: -1 OBSOLETE_local: false peers { permanent_uuid: "0d310125d77a4d3bb5cb0550b2c0023f" member_type: VOTER last_known_addr { host: "127.4.238.1" port: 37685 } } peers { permanent_uuid: "55d06c0641a34c93bae4cb66e3da615d" member_type: VOTER last_known_addr { host: "127.4.238.2" port: 37689 } } peers { permanent_uuid: "e65c7594f76041ef85393baee550bd56" member_type: VOTER last_known_addr { host: "127.4.238.3" port: 40453 } }
I20260710 11:12:15.184340  6506 raft_consensus.cc:493] T 6041f6a4ac2a4ef4bea7350197dd2ff2 P 0d310125d77a4d3bb5cb0550b2c0023f [term 0 FOLLOWER]: Starting pre-election (no leader contacted us within the election timeout)
I20260710 11:12:15.185247  6384 ts_tablet_manager.cc:1434] T 016a97482ad24d21b993c4028a110dc0 P 55d06c0641a34c93bae4cb66e3da615d: Time spent starting tablet: real 0.024s	user 0.005s	sys 0.000s
I20260710 11:12:15.184878  6506 raft_consensus.cc:515] T 6041f6a4ac2a4ef4bea7350197dd2ff2 P 0d310125d77a4d3bb5cb0550b2c0023f [term 0 FOLLOWER]: Starting pre-election with config: opid_index: -1 OBSOLETE_local: false peers { permanent_uuid: "0d310125d77a4d3bb5cb0550b2c0023f" member_type: VOTER last_known_addr { host: "127.4.238.1" port: 37685 } } peers { permanent_uuid: "55d06c0641a34c93bae4cb66e3da615d" member_type: VOTER last_known_addr { host: "127.4.238.2" port: 37689 } } peers { permanent_uuid: "e65c7594f76041ef85393baee550bd56" member_type: VOTER last_known_addr { host: "127.4.238.3" port: 40453 } }
I20260710 11:12:15.186664  6384 tablet_bootstrap.cc:492] T 39aa2ee9169743bb9db2aac9ca2ed32b P 55d06c0641a34c93bae4cb66e3da615d: Bootstrap starting.
I20260710 11:12:15.187140  6506 leader_election.cc:290] T 6041f6a4ac2a4ef4bea7350197dd2ff2 P 0d310125d77a4d3bb5cb0550b2c0023f [CANDIDATE]: Term 1 pre-election: Requested pre-vote from peers 55d06c0641a34c93bae4cb66e3da615d (127.4.238.2:37689), e65c7594f76041ef85393baee550bd56 (127.4.238.3:40453)
I20260710 11:12:15.187001  6503 consensus_queue.cc:1048] T 8c4aaf1e1a2e4747961d653a43994467 P 0d310125d77a4d3bb5cb0550b2c0023f [LEADER]: Connected to new peer: Peer: permanent_uuid: "e65c7594f76041ef85393baee550bd56" member_type: VOTER last_known_addr { host: "127.4.238.3" port: 40453 }, Status: LMP_MISMATCH, Last received: 0.0, Next index: 1, Last known committed idx: 0, Time since last communication: 0.000s
I20260710 11:12:15.191736  6270 tablet_service.cc:1917] Received RequestConsensusVote() RPC: tablet_id: "6041f6a4ac2a4ef4bea7350197dd2ff2" candidate_uuid: "0d310125d77a4d3bb5cb0550b2c0023f" candidate_term: 1 candidate_status { last_received { term: 0 index: 0 } } ignore_live_leader: false dest_uuid: "55d06c0641a34c93bae4cb66e3da615d" is_pre_election: true
I20260710 11:12:15.193307  6386 tablet_bootstrap.cc:654] T 39aa2ee9169743bb9db2aac9ca2ed32b P e65c7594f76041ef85393baee550bd56: Neither blocks nor log segments found. Creating new log.
I20260710 11:12:15.194167  6384 tablet_bootstrap.cc:654] T 39aa2ee9169743bb9db2aac9ca2ed32b P 55d06c0641a34c93bae4cb66e3da615d: Neither blocks nor log segments found. Creating new log.
I20260710 11:12:15.205749  6342 tablet_service.cc:1917] Received RequestConsensusVote() RPC: tablet_id: "6041f6a4ac2a4ef4bea7350197dd2ff2" candidate_uuid: "0d310125d77a4d3bb5cb0550b2c0023f" candidate_term: 1 candidate_status { last_received { term: 0 index: 0 } } ignore_live_leader: false dest_uuid: "e65c7594f76041ef85393baee550bd56" is_pre_election: true
W20260710 11:12:15.206888  6161 leader_election.cc:343] T 6041f6a4ac2a4ef4bea7350197dd2ff2 P 0d310125d77a4d3bb5cb0550b2c0023f [CANDIDATE]: Term 1 pre-election: Tablet error from VoteRequest() call to peer 55d06c0641a34c93bae4cb66e3da615d (127.4.238.2:37689): Illegal state: must be running to vote when last-logged opid is not known
W20260710 11:12:15.210542  6161 leader_election.cc:343] T 6041f6a4ac2a4ef4bea7350197dd2ff2 P 0d310125d77a4d3bb5cb0550b2c0023f [CANDIDATE]: Term 1 pre-election: Tablet error from VoteRequest() call to peer e65c7594f76041ef85393baee550bd56 (127.4.238.3:40453): Illegal state: must be running to vote when last-logged opid is not known
I20260710 11:12:15.210980  6161 leader_election.cc:304] T 6041f6a4ac2a4ef4bea7350197dd2ff2 P 0d310125d77a4d3bb5cb0550b2c0023f [CANDIDATE]: Term 1 pre-election: Election decided. Result: candidate lost. Election summary: received 3 responses out of 3 voters: 1 yes votes; 2 no votes. yes voters: 0d310125d77a4d3bb5cb0550b2c0023f; no voters: 55d06c0641a34c93bae4cb66e3da615d, e65c7594f76041ef85393baee550bd56
I20260710 11:12:15.211591  6427 raft_consensus.cc:2749] T 6041f6a4ac2a4ef4bea7350197dd2ff2 P 0d310125d77a4d3bb5cb0550b2c0023f [term 0 FOLLOWER]: Leader pre-election lost for term 1. Reason: could not achieve majority
I20260710 11:12:15.212239  6427 consensus_queue.cc:1048] T fbb2be49fa1c47458d58e6dde5fe0146 P 0d310125d77a4d3bb5cb0550b2c0023f [LEADER]: Connected to new peer: Peer: permanent_uuid: "55d06c0641a34c93bae4cb66e3da615d" member_type: VOTER last_known_addr { host: "127.4.238.2" port: 37689 }, Status: LMP_MISMATCH, Last received: 0.0, Next index: 1, Last known committed idx: 0, Time since last communication: 0.000s
I20260710 11:12:15.213012  6503 consensus_queue.cc:1048] T 8c4aaf1e1a2e4747961d653a43994467 P 0d310125d77a4d3bb5cb0550b2c0023f [LEADER]: Connected to new peer: Peer: permanent_uuid: "55d06c0641a34c93bae4cb66e3da615d" member_type: VOTER last_known_addr { host: "127.4.238.2" port: 37689 }, Status: LMP_MISMATCH, Last received: 0.0, Next index: 1, Last known committed idx: 0, Time since last communication: 0.000s
I20260710 11:12:15.214860  6384 tablet_bootstrap.cc:492] T 39aa2ee9169743bb9db2aac9ca2ed32b P 55d06c0641a34c93bae4cb66e3da615d: No bootstrap required, opened a new log
I20260710 11:12:15.215314  6386 tablet_bootstrap.cc:492] T 39aa2ee9169743bb9db2aac9ca2ed32b P e65c7594f76041ef85393baee550bd56: No bootstrap required, opened a new log
I20260710 11:12:15.215523  6384 ts_tablet_manager.cc:1403] T 39aa2ee9169743bb9db2aac9ca2ed32b P 55d06c0641a34c93bae4cb66e3da615d: Time spent bootstrapping tablet: real 0.029s	user 0.013s	sys 0.007s
I20260710 11:12:15.215785  6386 ts_tablet_manager.cc:1403] T 39aa2ee9169743bb9db2aac9ca2ed32b P e65c7594f76041ef85393baee550bd56: Time spent bootstrapping tablet: real 0.036s	user 0.020s	sys 0.002s
I20260710 11:12:15.220470  6384 raft_consensus.cc:359] T 39aa2ee9169743bb9db2aac9ca2ed32b P 55d06c0641a34c93bae4cb66e3da615d [term 0 FOLLOWER]: Replica starting. Triggering 0 pending ops. Active config: opid_index: -1 OBSOLETE_local: false peers { permanent_uuid: "0d310125d77a4d3bb5cb0550b2c0023f" member_type: VOTER last_known_addr { host: "127.4.238.1" port: 37685 } } peers { permanent_uuid: "55d06c0641a34c93bae4cb66e3da615d" member_type: VOTER last_known_addr { host: "127.4.238.2" port: 37689 } } peers { permanent_uuid: "e65c7594f76041ef85393baee550bd56" member_type: VOTER last_known_addr { host: "127.4.238.3" port: 40453 } }
I20260710 11:12:15.221451  6384 raft_consensus.cc:385] T 39aa2ee9169743bb9db2aac9ca2ed32b P 55d06c0641a34c93bae4cb66e3da615d [term 0 FOLLOWER]: Consensus starting up: Expiring failure detector timer to make a prompt election more likely
I20260710 11:12:15.221844  6384 raft_consensus.cc:740] T 39aa2ee9169743bb9db2aac9ca2ed32b P 55d06c0641a34c93bae4cb66e3da615d [term 0 FOLLOWER]: Becoming Follower/Learner. State: Replica: 55d06c0641a34c93bae4cb66e3da615d, State: Initialized, Role: FOLLOWER
I20260710 11:12:15.222949  6384 consensus_queue.cc:260] T 39aa2ee9169743bb9db2aac9ca2ed32b P 55d06c0641a34c93bae4cb66e3da615d [NON_LEADER]: Queue going to NON_LEADER mode. State: All replicated index: 0, Majority replicated index: 0, Committed index: 0, Last appended: 0.0, Last appended by leader: 0, Current term: 0, Majority size: -1, State: 0, Mode: NON_LEADER, active raft config: opid_index: -1 OBSOLETE_local: false peers { permanent_uuid: "0d310125d77a4d3bb5cb0550b2c0023f" member_type: VOTER last_known_addr { host: "127.4.238.1" port: 37685 } } peers { permanent_uuid: "55d06c0641a34c93bae4cb66e3da615d" member_type: VOTER last_known_addr { host: "127.4.238.2" port: 37689 } } peers { permanent_uuid: "e65c7594f76041ef85393baee550bd56" member_type: VOTER last_known_addr { host: "127.4.238.3" port: 40453 } }
I20260710 11:12:15.226383  6384 ts_tablet_manager.cc:1434] T 39aa2ee9169743bb9db2aac9ca2ed32b P 55d06c0641a34c93bae4cb66e3da615d: Time spent starting tablet: real 0.010s	user 0.007s	sys 0.000s
I20260710 11:12:15.228096  6384 tablet_bootstrap.cc:492] T 5c67feaa716c400b87efc0939bf9513c P 55d06c0641a34c93bae4cb66e3da615d: Bootstrap starting.
I20260710 11:12:15.225840  6386 raft_consensus.cc:359] T 39aa2ee9169743bb9db2aac9ca2ed32b P e65c7594f76041ef85393baee550bd56 [term 0 FOLLOWER]: Replica starting. Triggering 0 pending ops. Active config: opid_index: -1 OBSOLETE_local: false peers { permanent_uuid: "0d310125d77a4d3bb5cb0550b2c0023f" member_type: VOTER last_known_addr { host: "127.4.238.1" port: 37685 } } peers { permanent_uuid: "55d06c0641a34c93bae4cb66e3da615d" member_type: VOTER last_known_addr { host: "127.4.238.2" port: 37689 } } peers { permanent_uuid: "e65c7594f76041ef85393baee550bd56" member_type: VOTER last_known_addr { host: "127.4.238.3" port: 40453 } }
I20260710 11:12:15.232533  6386 raft_consensus.cc:385] T 39aa2ee9169743bb9db2aac9ca2ed32b P e65c7594f76041ef85393baee550bd56 [term 0 FOLLOWER]: Consensus starting up: Expiring failure detector timer to make a prompt election more likely
I20260710 11:12:15.232941  6386 raft_consensus.cc:740] T 39aa2ee9169743bb9db2aac9ca2ed32b P e65c7594f76041ef85393baee550bd56 [term 0 FOLLOWER]: Becoming Follower/Learner. State: Replica: e65c7594f76041ef85393baee550bd56, State: Initialized, Role: FOLLOWER
I20260710 11:12:15.239954  6384 tablet_bootstrap.cc:654] T 5c67feaa716c400b87efc0939bf9513c P 55d06c0641a34c93bae4cb66e3da615d: Neither blocks nor log segments found. Creating new log.
I20260710 11:12:15.244478  6386 consensus_queue.cc:260] T 39aa2ee9169743bb9db2aac9ca2ed32b P e65c7594f76041ef85393baee550bd56 [NON_LEADER]: Queue going to NON_LEADER mode. State: All replicated index: 0, Majority replicated index: 0, Committed index: 0, Last appended: 0.0, Last appended by leader: 0, Current term: 0, Majority size: -1, State: 0, Mode: NON_LEADER, active raft config: opid_index: -1 OBSOLETE_local: false peers { permanent_uuid: "0d310125d77a4d3bb5cb0550b2c0023f" member_type: VOTER last_known_addr { host: "127.4.238.1" port: 37685 } } peers { permanent_uuid: "55d06c0641a34c93bae4cb66e3da615d" member_type: VOTER last_known_addr { host: "127.4.238.2" port: 37689 } } peers { permanent_uuid: "e65c7594f76041ef85393baee550bd56" member_type: VOTER last_known_addr { host: "127.4.238.3" port: 40453 } }
I20260710 11:12:15.248057  6384 tablet_bootstrap.cc:492] T 5c67feaa716c400b87efc0939bf9513c P 55d06c0641a34c93bae4cb66e3da615d: No bootstrap required, opened a new log
I20260710 11:12:15.248654  6384 ts_tablet_manager.cc:1403] T 5c67feaa716c400b87efc0939bf9513c P 55d06c0641a34c93bae4cb66e3da615d: Time spent bootstrapping tablet: real 0.021s	user 0.012s	sys 0.000s
I20260710 11:12:15.249029  6390 raft_consensus.cc:493] T b9761d698b3844be9cb8bae509f2a71f P 55d06c0641a34c93bae4cb66e3da615d [term 0 FOLLOWER]: Starting pre-election (no leader contacted us within the election timeout)
I20260710 11:12:15.249554  6390 raft_consensus.cc:515] T b9761d698b3844be9cb8bae509f2a71f P 55d06c0641a34c93bae4cb66e3da615d [term 0 FOLLOWER]: Starting pre-election with config: opid_index: -1 OBSOLETE_local: false peers { permanent_uuid: "0d310125d77a4d3bb5cb0550b2c0023f" member_type: VOTER last_known_addr { host: "127.4.238.1" port: 37685 } } peers { permanent_uuid: "55d06c0641a34c93bae4cb66e3da615d" member_type: VOTER last_known_addr { host: "127.4.238.2" port: 37689 } } peers { permanent_uuid: "e65c7594f76041ef85393baee550bd56" member_type: VOTER last_known_addr { host: "127.4.238.3" port: 40453 } }
I20260710 11:12:15.251544  6390 leader_election.cc:290] T b9761d698b3844be9cb8bae509f2a71f P 55d06c0641a34c93bae4cb66e3da615d [CANDIDATE]: Term 1 pre-election: Requested pre-vote from peers 0d310125d77a4d3bb5cb0550b2c0023f (127.4.238.1:37685), e65c7594f76041ef85393baee550bd56 (127.4.238.3:40453)
I20260710 11:12:15.251844  6384 raft_consensus.cc:359] T 5c67feaa716c400b87efc0939bf9513c P 55d06c0641a34c93bae4cb66e3da615d [term 0 FOLLOWER]: Replica starting. Triggering 0 pending ops. Active config: opid_index: -1 OBSOLETE_local: false peers { permanent_uuid: "0d310125d77a4d3bb5cb0550b2c0023f" member_type: VOTER last_known_addr { host: "127.4.238.1" port: 37685 } } peers { permanent_uuid: "55d06c0641a34c93bae4cb66e3da615d" member_type: VOTER last_known_addr { host: "127.4.238.2" port: 37689 } } peers { permanent_uuid: "e65c7594f76041ef85393baee550bd56" member_type: VOTER last_known_addr { host: "127.4.238.3" port: 40453 } }
I20260710 11:12:15.252751  6384 raft_consensus.cc:385] T 5c67feaa716c400b87efc0939bf9513c P 55d06c0641a34c93bae4cb66e3da615d [term 0 FOLLOWER]: Consensus starting up: Expiring failure detector timer to make a prompt election more likely
I20260710 11:12:15.253105  6384 raft_consensus.cc:740] T 5c67feaa716c400b87efc0939bf9513c P 55d06c0641a34c93bae4cb66e3da615d [term 0 FOLLOWER]: Becoming Follower/Learner. State: Replica: 55d06c0641a34c93bae4cb66e3da615d, State: Initialized, Role: FOLLOWER
I20260710 11:12:15.253139  6195 tablet_service.cc:1917] Received RequestConsensusVote() RPC: tablet_id: "b9761d698b3844be9cb8bae509f2a71f" candidate_uuid: "55d06c0641a34c93bae4cb66e3da615d" candidate_term: 1 candidate_status { last_received { term: 0 index: 0 } } ignore_live_leader: false dest_uuid: "0d310125d77a4d3bb5cb0550b2c0023f" is_pre_election: true
I20260710 11:12:15.254019  6384 consensus_queue.cc:260] T 5c67feaa716c400b87efc0939bf9513c P 55d06c0641a34c93bae4cb66e3da615d [NON_LEADER]: Queue going to NON_LEADER mode. State: All replicated index: 0, Majority replicated index: 0, Committed index: 0, Last appended: 0.0, Last appended by leader: 0, Current term: 0, Majority size: -1, State: 0, Mode: NON_LEADER, active raft config: opid_index: -1 OBSOLETE_local: false peers { permanent_uuid: "0d310125d77a4d3bb5cb0550b2c0023f" member_type: VOTER last_known_addr { host: "127.4.238.1" port: 37685 } } peers { permanent_uuid: "55d06c0641a34c93bae4cb66e3da615d" member_type: VOTER last_known_addr { host: "127.4.238.2" port: 37689 } } peers { permanent_uuid: "e65c7594f76041ef85393baee550bd56" member_type: VOTER last_known_addr { host: "127.4.238.3" port: 40453 } }
I20260710 11:12:15.255950  6344 tablet_service.cc:1917] Received RequestConsensusVote() RPC: tablet_id: "b9761d698b3844be9cb8bae509f2a71f" candidate_uuid: "55d06c0641a34c93bae4cb66e3da615d" candidate_term: 1 candidate_status { last_received { term: 0 index: 0 } } ignore_live_leader: false dest_uuid: "e65c7594f76041ef85393baee550bd56" is_pre_election: true
I20260710 11:12:15.256826  6384 ts_tablet_manager.cc:1434] T 5c67feaa716c400b87efc0939bf9513c P 55d06c0641a34c93bae4cb66e3da615d: Time spent starting tablet: real 0.008s	user 0.007s	sys 0.000s
W20260710 11:12:15.257517  6236 leader_election.cc:343] T b9761d698b3844be9cb8bae509f2a71f P 55d06c0641a34c93bae4cb66e3da615d [CANDIDATE]: Term 1 pre-election: Tablet error from VoteRequest() call to peer e65c7594f76041ef85393baee550bd56 (127.4.238.3:40453): Illegal state: must be running to vote when last-logged opid is not known
I20260710 11:12:15.257853  6384 tablet_bootstrap.cc:492] T 6041f6a4ac2a4ef4bea7350197dd2ff2 P 55d06c0641a34c93bae4cb66e3da615d: Bootstrap starting.
I20260710 11:12:15.258812  6530 raft_consensus.cc:493] T 016a97482ad24d21b993c4028a110dc0 P 55d06c0641a34c93bae4cb66e3da615d [term 0 FOLLOWER]: Starting pre-election (no leader contacted us within the election timeout)
I20260710 11:12:15.259270  6530 raft_consensus.cc:515] T 016a97482ad24d21b993c4028a110dc0 P 55d06c0641a34c93bae4cb66e3da615d [term 0 FOLLOWER]: Starting pre-election with config: opid_index: -1 OBSOLETE_local: false peers { permanent_uuid: "0d310125d77a4d3bb5cb0550b2c0023f" member_type: VOTER last_known_addr { host: "127.4.238.1" port: 37685 } } peers { permanent_uuid: "55d06c0641a34c93bae4cb66e3da615d" member_type: VOTER last_known_addr { host: "127.4.238.2" port: 37689 } } peers { permanent_uuid: "e65c7594f76041ef85393baee550bd56" member_type: VOTER last_known_addr { host: "127.4.238.3" port: 40453 } }
I20260710 11:12:15.261299  6530 leader_election.cc:290] T 016a97482ad24d21b993c4028a110dc0 P 55d06c0641a34c93bae4cb66e3da615d [CANDIDATE]: Term 1 pre-election: Requested pre-vote from peers 0d310125d77a4d3bb5cb0550b2c0023f (127.4.238.1:37685), e65c7594f76041ef85393baee550bd56 (127.4.238.3:40453)
I20260710 11:12:15.261396  6386 ts_tablet_manager.cc:1434] T 39aa2ee9169743bb9db2aac9ca2ed32b P e65c7594f76041ef85393baee550bd56: Time spent starting tablet: real 0.045s	user 0.005s	sys 0.002s
I20260710 11:12:15.262938  6193 tablet_service.cc:1917] Received RequestConsensusVote() RPC: tablet_id: "016a97482ad24d21b993c4028a110dc0" candidate_uuid: "55d06c0641a34c93bae4cb66e3da615d" candidate_term: 1 candidate_status { last_received { term: 0 index: 0 } } ignore_live_leader: false dest_uuid: "0d310125d77a4d3bb5cb0550b2c0023f" is_pre_election: true
I20260710 11:12:15.263473  6193 raft_consensus.cc:2468] T 016a97482ad24d21b993c4028a110dc0 P 0d310125d77a4d3bb5cb0550b2c0023f [term 0 FOLLOWER]: Leader pre-election vote request: Granting yes vote for candidate 55d06c0641a34c93bae4cb66e3da615d in term 0.
I20260710 11:12:15.264870  6235 leader_election.cc:304] T 016a97482ad24d21b993c4028a110dc0 P 55d06c0641a34c93bae4cb66e3da615d [CANDIDATE]: Term 1 pre-election: Election decided. Result: candidate won. Election summary: received 2 responses out of 3 voters: 2 yes votes; 0 no votes. yes voters: 0d310125d77a4d3bb5cb0550b2c0023f, 55d06c0641a34c93bae4cb66e3da615d; no voters: 
I20260710 11:12:15.265483  6384 tablet_bootstrap.cc:654] T 6041f6a4ac2a4ef4bea7350197dd2ff2 P 55d06c0641a34c93bae4cb66e3da615d: Neither blocks nor log segments found. Creating new log.
I20260710 11:12:15.253860  6195 raft_consensus.cc:2468] T b9761d698b3844be9cb8bae509f2a71f P 0d310125d77a4d3bb5cb0550b2c0023f [term 0 FOLLOWER]: Leader pre-election vote request: Granting yes vote for candidate 55d06c0641a34c93bae4cb66e3da615d in term 0.
I20260710 11:12:15.267957  6235 leader_election.cc:304] T b9761d698b3844be9cb8bae509f2a71f P 55d06c0641a34c93bae4cb66e3da615d [CANDIDATE]: Term 1 pre-election: Election decided. Result: candidate won. Election summary: received 3 responses out of 3 voters: 2 yes votes; 1 no votes. yes voters: 0d310125d77a4d3bb5cb0550b2c0023f, 55d06c0641a34c93bae4cb66e3da615d; no voters: e65c7594f76041ef85393baee550bd56
I20260710 11:12:15.268280  6344 tablet_service.cc:1917] Received RequestConsensusVote() RPC: tablet_id: "016a97482ad24d21b993c4028a110dc0" candidate_uuid: "55d06c0641a34c93bae4cb66e3da615d" candidate_term: 1 candidate_status { last_received { term: 0 index: 0 } } ignore_live_leader: false dest_uuid: "e65c7594f76041ef85393baee550bd56" is_pre_election: true
W20260710 11:12:15.271164  6236 leader_election.cc:343] T 016a97482ad24d21b993c4028a110dc0 P 55d06c0641a34c93bae4cb66e3da615d [CANDIDATE]: Term 1 pre-election: Tablet error from VoteRequest() call to peer e65c7594f76041ef85393baee550bd56 (127.4.238.3:40453): Illegal state: must be running to vote when last-logged opid is not known
I20260710 11:12:15.271483  6386 tablet_bootstrap.cc:492] T b9761d698b3844be9cb8bae509f2a71f P e65c7594f76041ef85393baee550bd56: Bootstrap starting.
I20260710 11:12:15.271801  6531 raft_consensus.cc:2804] T 016a97482ad24d21b993c4028a110dc0 P 55d06c0641a34c93bae4cb66e3da615d [term 0 FOLLOWER]: Leader pre-election won for term 1
I20260710 11:12:15.272205  6531 raft_consensus.cc:493] T 016a97482ad24d21b993c4028a110dc0 P 55d06c0641a34c93bae4cb66e3da615d [term 0 FOLLOWER]: Starting leader election (no leader contacted us within the election timeout)
I20260710 11:12:15.272526  6531 raft_consensus.cc:3060] T 016a97482ad24d21b993c4028a110dc0 P 55d06c0641a34c93bae4cb66e3da615d [term 0 FOLLOWER]: Advancing to term 1
I20260710 11:12:15.273790  6504 consensus_queue.cc:1048] T fbb2be49fa1c47458d58e6dde5fe0146 P 0d310125d77a4d3bb5cb0550b2c0023f [LEADER]: Connected to new peer: Peer: permanent_uuid: "e65c7594f76041ef85393baee550bd56" member_type: VOTER last_known_addr { host: "127.4.238.3" port: 40453 }, Status: LMP_MISMATCH, Last received: 0.0, Next index: 1, Last known committed idx: 0, Time since last communication: 0.000s
I20260710 11:12:15.275837  6390 raft_consensus.cc:2804] T b9761d698b3844be9cb8bae509f2a71f P 55d06c0641a34c93bae4cb66e3da615d [term 0 FOLLOWER]: Leader pre-election won for term 1
I20260710 11:12:15.276221  6390 raft_consensus.cc:493] T b9761d698b3844be9cb8bae509f2a71f P 55d06c0641a34c93bae4cb66e3da615d [term 0 FOLLOWER]: Starting leader election (no leader contacted us within the election timeout)
I20260710 11:12:15.276556  6390 raft_consensus.cc:3060] T b9761d698b3844be9cb8bae509f2a71f P 55d06c0641a34c93bae4cb66e3da615d [term 0 FOLLOWER]: Advancing to term 1
I20260710 11:12:15.281251  6386 tablet_bootstrap.cc:654] T b9761d698b3844be9cb8bae509f2a71f P e65c7594f76041ef85393baee550bd56: Neither blocks nor log segments found. Creating new log.
I20260710 11:12:15.285636  6531 raft_consensus.cc:515] T 016a97482ad24d21b993c4028a110dc0 P 55d06c0641a34c93bae4cb66e3da615d [term 1 FOLLOWER]: Starting leader election with config: opid_index: -1 OBSOLETE_local: false peers { permanent_uuid: "0d310125d77a4d3bb5cb0550b2c0023f" member_type: VOTER last_known_addr { host: "127.4.238.1" port: 37685 } } peers { permanent_uuid: "55d06c0641a34c93bae4cb66e3da615d" member_type: VOTER last_known_addr { host: "127.4.238.2" port: 37689 } } peers { permanent_uuid: "e65c7594f76041ef85393baee550bd56" member_type: VOTER last_known_addr { host: "127.4.238.3" port: 40453 } }
I20260710 11:12:15.304209  6386 tablet_bootstrap.cc:492] T b9761d698b3844be9cb8bae509f2a71f P e65c7594f76041ef85393baee550bd56: No bootstrap required, opened a new log
I20260710 11:12:15.304908  6386 ts_tablet_manager.cc:1403] T b9761d698b3844be9cb8bae509f2a71f P e65c7594f76041ef85393baee550bd56: Time spent bootstrapping tablet: real 0.034s	user 0.013s	sys 0.007s
I20260710 11:12:15.308768  6386 raft_consensus.cc:359] T b9761d698b3844be9cb8bae509f2a71f P e65c7594f76041ef85393baee550bd56 [term 0 FOLLOWER]: Replica starting. Triggering 0 pending ops. Active config: opid_index: -1 OBSOLETE_local: false peers { permanent_uuid: "0d310125d77a4d3bb5cb0550b2c0023f" member_type: VOTER last_known_addr { host: "127.4.238.1" port: 37685 } } peers { permanent_uuid: "55d06c0641a34c93bae4cb66e3da615d" member_type: VOTER last_known_addr { host: "127.4.238.2" port: 37689 } } peers { permanent_uuid: "e65c7594f76041ef85393baee550bd56" member_type: VOTER last_known_addr { host: "127.4.238.3" port: 40453 } }
I20260710 11:12:15.309743  6386 raft_consensus.cc:385] T b9761d698b3844be9cb8bae509f2a71f P e65c7594f76041ef85393baee550bd56 [term 0 FOLLOWER]: Consensus starting up: Expiring failure detector timer to make a prompt election more likely
I20260710 11:12:15.310122  6386 raft_consensus.cc:740] T b9761d698b3844be9cb8bae509f2a71f P e65c7594f76041ef85393baee550bd56 [term 0 FOLLOWER]: Becoming Follower/Learner. State: Replica: e65c7594f76041ef85393baee550bd56, State: Initialized, Role: FOLLOWER
I20260710 11:12:15.311260  6386 consensus_queue.cc:260] T b9761d698b3844be9cb8bae509f2a71f P e65c7594f76041ef85393baee550bd56 [NON_LEADER]: Queue going to NON_LEADER mode. State: All replicated index: 0, Majority replicated index: 0, Committed index: 0, Last appended: 0.0, Last appended by leader: 0, Current term: 0, Majority size: -1, State: 0, Mode: NON_LEADER, active raft config: opid_index: -1 OBSOLETE_local: false peers { permanent_uuid: "0d310125d77a4d3bb5cb0550b2c0023f" member_type: VOTER last_known_addr { host: "127.4.238.1" port: 37685 } } peers { permanent_uuid: "55d06c0641a34c93bae4cb66e3da615d" member_type: VOTER last_known_addr { host: "127.4.238.2" port: 37689 } } peers { permanent_uuid: "e65c7594f76041ef85393baee550bd56" member_type: VOTER last_known_addr { host: "127.4.238.3" port: 40453 } }
I20260710 11:12:15.311719  6390 raft_consensus.cc:515] T b9761d698b3844be9cb8bae509f2a71f P 55d06c0641a34c93bae4cb66e3da615d [term 1 FOLLOWER]: Starting leader election with config: opid_index: -1 OBSOLETE_local: false peers { permanent_uuid: "0d310125d77a4d3bb5cb0550b2c0023f" member_type: VOTER last_known_addr { host: "127.4.238.1" port: 37685 } } peers { permanent_uuid: "55d06c0641a34c93bae4cb66e3da615d" member_type: VOTER last_known_addr { host: "127.4.238.2" port: 37689 } } peers { permanent_uuid: "e65c7594f76041ef85393baee550bd56" member_type: VOTER last_known_addr { host: "127.4.238.3" port: 40453 } }
I20260710 11:12:15.314445  6195 tablet_service.cc:1917] Received RequestConsensusVote() RPC: tablet_id: "b9761d698b3844be9cb8bae509f2a71f" candidate_uuid: "55d06c0641a34c93bae4cb66e3da615d" candidate_term: 1 candidate_status { last_received { term: 0 index: 0 } } ignore_live_leader: false dest_uuid: "0d310125d77a4d3bb5cb0550b2c0023f"
I20260710 11:12:15.315091  6195 raft_consensus.cc:3060] T b9761d698b3844be9cb8bae509f2a71f P 0d310125d77a4d3bb5cb0550b2c0023f [term 0 FOLLOWER]: Advancing to term 1
I20260710 11:12:15.316874  6384 tablet_bootstrap.cc:492] T 6041f6a4ac2a4ef4bea7350197dd2ff2 P 55d06c0641a34c93bae4cb66e3da615d: No bootstrap required, opened a new log
I20260710 11:12:15.317086  6386 ts_tablet_manager.cc:1434] T b9761d698b3844be9cb8bae509f2a71f P e65c7594f76041ef85393baee550bd56: Time spent starting tablet: real 0.012s	user 0.009s	sys 0.000s
I20260710 11:12:15.317396  6384 ts_tablet_manager.cc:1403] T 6041f6a4ac2a4ef4bea7350197dd2ff2 P 55d06c0641a34c93bae4cb66e3da615d: Time spent bootstrapping tablet: real 0.060s	user 0.030s	sys 0.024s
I20260710 11:12:15.318095  6386 tablet_bootstrap.cc:492] T 3822bce65c7b45b48e01f0ebd763794e P e65c7594f76041ef85393baee550bd56: Bootstrap starting.
I20260710 11:12:15.320185  6384 raft_consensus.cc:359] T 6041f6a4ac2a4ef4bea7350197dd2ff2 P 55d06c0641a34c93bae4cb66e3da615d [term 0 FOLLOWER]: Replica starting. Triggering 0 pending ops. Active config: opid_index: -1 OBSOLETE_local: false peers { permanent_uuid: "0d310125d77a4d3bb5cb0550b2c0023f" member_type: VOTER last_known_addr { host: "127.4.238.1" port: 37685 } } peers { permanent_uuid: "55d06c0641a34c93bae4cb66e3da615d" member_type: VOTER last_known_addr { host: "127.4.238.2" port: 37689 } } peers { permanent_uuid: "e65c7594f76041ef85393baee550bd56" member_type: VOTER last_known_addr { host: "127.4.238.3" port: 40453 } }
I20260710 11:12:15.320863  6384 raft_consensus.cc:385] T 6041f6a4ac2a4ef4bea7350197dd2ff2 P 55d06c0641a34c93bae4cb66e3da615d [term 0 FOLLOWER]: Consensus starting up: Expiring failure detector timer to make a prompt election more likely
I20260710 11:12:15.321146  6384 raft_consensus.cc:740] T 6041f6a4ac2a4ef4bea7350197dd2ff2 P 55d06c0641a34c93bae4cb66e3da615d [term 0 FOLLOWER]: Becoming Follower/Learner. State: Replica: 55d06c0641a34c93bae4cb66e3da615d, State: Initialized, Role: FOLLOWER
I20260710 11:12:15.321748  6195 raft_consensus.cc:2468] T b9761d698b3844be9cb8bae509f2a71f P 0d310125d77a4d3bb5cb0550b2c0023f [term 1 FOLLOWER]: Leader election vote request: Granting yes vote for candidate 55d06c0641a34c93bae4cb66e3da615d in term 1.
I20260710 11:12:15.321794  6384 consensus_queue.cc:260] T 6041f6a4ac2a4ef4bea7350197dd2ff2 P 55d06c0641a34c93bae4cb66e3da615d [NON_LEADER]: Queue going to NON_LEADER mode. State: All replicated index: 0, Majority replicated index: 0, Committed index: 0, Last appended: 0.0, Last appended by leader: 0, Current term: 0, Majority size: -1, State: 0, Mode: NON_LEADER, active raft config: opid_index: -1 OBSOLETE_local: false peers { permanent_uuid: "0d310125d77a4d3bb5cb0550b2c0023f" member_type: VOTER last_known_addr { host: "127.4.238.1" port: 37685 } } peers { permanent_uuid: "55d06c0641a34c93bae4cb66e3da615d" member_type: VOTER last_known_addr { host: "127.4.238.2" port: 37689 } } peers { permanent_uuid: "e65c7594f76041ef85393baee550bd56" member_type: VOTER last_known_addr { host: "127.4.238.3" port: 40453 } }
I20260710 11:12:15.323035  6235 leader_election.cc:304] T b9761d698b3844be9cb8bae509f2a71f P 55d06c0641a34c93bae4cb66e3da615d [CANDIDATE]: Term 1 election: Election decided. Result: candidate won. Election summary: received 2 responses out of 3 voters: 2 yes votes; 0 no votes. yes voters: 0d310125d77a4d3bb5cb0550b2c0023f, 55d06c0641a34c93bae4cb66e3da615d; no voters: 
I20260710 11:12:15.323798  6530 raft_consensus.cc:2804] T b9761d698b3844be9cb8bae509f2a71f P 55d06c0641a34c93bae4cb66e3da615d [term 1 FOLLOWER]: Leader election won for term 1
I20260710 11:12:15.324262  6530 raft_consensus.cc:697] T b9761d698b3844be9cb8bae509f2a71f P 55d06c0641a34c93bae4cb66e3da615d [term 1 LEADER]: Becoming Leader. State: Replica: 55d06c0641a34c93bae4cb66e3da615d, State: Running, Role: LEADER
I20260710 11:12:15.325047  6530 consensus_queue.cc:237] T b9761d698b3844be9cb8bae509f2a71f P 55d06c0641a34c93bae4cb66e3da615d [LEADER]: Queue going to LEADER mode. State: All replicated index: 0, Majority replicated index: 0, Committed index: 0, Last appended: 0.0, Last appended by leader: 0, Current term: 1, Majority size: 2, State: 0, Mode: LEADER, active raft config: opid_index: -1 OBSOLETE_local: false peers { permanent_uuid: "0d310125d77a4d3bb5cb0550b2c0023f" member_type: VOTER last_known_addr { host: "127.4.238.1" port: 37685 } } peers { permanent_uuid: "55d06c0641a34c93bae4cb66e3da615d" member_type: VOTER last_known_addr { host: "127.4.238.2" port: 37689 } } peers { permanent_uuid: "e65c7594f76041ef85393baee550bd56" member_type: VOTER last_known_addr { host: "127.4.238.3" port: 40453 } }
I20260710 11:12:15.327261  6384 ts_tablet_manager.cc:1434] T 6041f6a4ac2a4ef4bea7350197dd2ff2 P 55d06c0641a34c93bae4cb66e3da615d: Time spent starting tablet: real 0.010s	user 0.007s	sys 0.000s
I20260710 11:12:15.331632  6504 consensus_queue.cc:1048] T 2f4b9f665634452e86875679f5d16419 P 0d310125d77a4d3bb5cb0550b2c0023f [LEADER]: Connected to new peer: Peer: permanent_uuid: "55d06c0641a34c93bae4cb66e3da615d" member_type: VOTER last_known_addr { host: "127.4.238.2" port: 37689 }, Status: LMP_MISMATCH, Last received: 0.0, Next index: 1, Last known committed idx: 0, Time since last communication: 0.001s
I20260710 11:12:15.333853  6386 tablet_bootstrap.cc:654] T 3822bce65c7b45b48e01f0ebd763794e P e65c7594f76041ef85393baee550bd56: Neither blocks nor log segments found. Creating new log.
I20260710 11:12:15.335032  6531 leader_election.cc:290] T 016a97482ad24d21b993c4028a110dc0 P 55d06c0641a34c93bae4cb66e3da615d [CANDIDATE]: Term 1 election: Requested vote from peers 0d310125d77a4d3bb5cb0550b2c0023f (127.4.238.1:37685), e65c7594f76041ef85393baee550bd56 (127.4.238.3:40453)
I20260710 11:12:15.336268  6344 tablet_service.cc:1917] Received RequestConsensusVote() RPC: tablet_id: "016a97482ad24d21b993c4028a110dc0" candidate_uuid: "55d06c0641a34c93bae4cb66e3da615d" candidate_term: 1 candidate_status { last_received { term: 0 index: 0 } } ignore_live_leader: false dest_uuid: "e65c7594f76041ef85393baee550bd56"
W20260710 11:12:15.338392  6236 leader_election.cc:343] T 016a97482ad24d21b993c4028a110dc0 P 55d06c0641a34c93bae4cb66e3da615d [CANDIDATE]: Term 1 election: Tablet error from VoteRequest() call to peer e65c7594f76041ef85393baee550bd56 (127.4.238.3:40453): Illegal state: must be running to vote when last-logged opid is not known
