I20260710 11:12:20.871253 24553 tablet_service.cc:1558] Processing DeleteTablet for tablet 61b1b759a6724449b9918dfde6bd14b2 with delete_type TABLET_DATA_TOMBSTONED (TS 930ce1dd11a3470e943a1f8905f49b6b not found in new config with opid_index 4) from {username='slave'} at 127.0.0.1:48282
I20260710 11:12:20.877296 24303 catalog_manager.cc:5210] ChangeConfig:REMOVE_PEER RPC for tablet 8d6148a1e7774d68b391d4a747a76618 with cas_config_opid_index 3: ChangeConfig:REMOVE_PEER succeeded (attempt 1)
I20260710 11:12:20.882951 24319 catalog_manager.cc:5697] T 8d6148a1e7774d68b391d4a747a76618 P 930ce1dd11a3470e943a1f8905f49b6b reported cstate change: config changed from index 3 to 4, VOTER 0a9a290ea66c47998e5891e3252e3f92 (127.22.195.2) evicted. New cstate: current_term: 1 leader_uuid: "930ce1dd11a3470e943a1f8905f49b6b" committed_config { opid_index: 4 OBSOLETE_local: false peers { permanent_uuid: "7f4df773a6144cd49a662c0f708a828c" member_type: VOTER last_known_addr { host: "127.22.195.1" port: 44613 } health_report { overall_health: HEALTHY } } peers { permanent_uuid: "930ce1dd11a3470e943a1f8905f49b6b" member_type: VOTER last_known_addr { host: "127.22.195.3" port: 43389 } health_report { overall_health: HEALTHY } } peers { permanent_uuid: "248be5e93cb942c4b2fa0731aa7c5a43" member_type: VOTER last_known_addr { host: "127.22.195.4" port: 37651 } attrs { promote: false } health_report { overall_health: HEALTHY } } }
I20260710 11:12:20.897702 24988 tablet_replica.cc:333] T 61b1b759a6724449b9918dfde6bd14b2 P 930ce1dd11a3470e943a1f8905f49b6b: stopping tablet replica
I20260710 11:12:20.898964 24988 raft_consensus.cc:2243] T 61b1b759a6724449b9918dfde6bd14b2 P 930ce1dd11a3470e943a1f8905f49b6b [term 1 FOLLOWER]: Raft consensus shutting down.
I20260710 11:12:20.899814 24988 raft_consensus.cc:2272] T 61b1b759a6724449b9918dfde6bd14b2 P 930ce1dd11a3470e943a1f8905f49b6b [term 1 FOLLOWER]: Raft consensus is shut down!
I20260710 11:12:20.903373 24988 ts_tablet_manager.cc:1916] T 61b1b759a6724449b9918dfde6bd14b2 P 930ce1dd11a3470e943a1f8905f49b6b: Deleting tablet data with delete state TABLET_DATA_TOMBSTONED
I20260710 11:12:20.905604 24479 tablet_service.cc:1558] Processing DeleteTablet for tablet 8d6148a1e7774d68b391d4a747a76618 with delete_type TABLET_DATA_TOMBSTONED (TS 0a9a290ea66c47998e5891e3252e3f92 not found in new config with opid_index 4) from {username='slave'} at 127.0.0.1:56270
I20260710 11:12:20.906657 24978 tablet_replica.cc:333] T 8d6148a1e7774d68b391d4a747a76618 P 0a9a290ea66c47998e5891e3252e3f92: stopping tablet replica
I20260710 11:12:20.907874 24978 raft_consensus.cc:2243] T 8d6148a1e7774d68b391d4a747a76618 P 0a9a290ea66c47998e5891e3252e3f92 [term 1 FOLLOWER]: Raft consensus shutting down.
I20260710 11:12:20.908715 24978 raft_consensus.cc:2272] T 8d6148a1e7774d68b391d4a747a76618 P 0a9a290ea66c47998e5891e3252e3f92 [term 1 FOLLOWER]: Raft consensus is shut down!
I20260710 11:12:20.921707 24988 ts_tablet_manager.cc:1929] T 61b1b759a6724449b9918dfde6bd14b2 P 930ce1dd11a3470e943a1f8905f49b6b: tablet deleted with delete type TABLET_DATA_TOMBSTONED: last-logged OpId 1.3
I20260710 11:12:20.922394 24988 log.cc:1199] T 61b1b759a6724449b9918dfde6bd14b2 P 930ce1dd11a3470e943a1f8905f49b6b: Deleting WAL directory at /tmp/dist-test-taskcGhlnz/test-tmp/auto_leader_rebalancer-test.0.LeaderRebalancerTest.AddTserver.1783681907289334-23308-0/minicluster-data/ts-2-root/wals/61b1b759a6724449b9918dfde6bd14b2
I20260710 11:12:20.924235 24303 catalog_manager.cc:5028] TS 930ce1dd11a3470e943a1f8905f49b6b (127.22.195.3:43389): tablet 61b1b759a6724449b9918dfde6bd14b2 (table test-workload [id=5fb049b3d275455a8efb297632ee5200]) successfully deleted
I20260710 11:12:20.917434 24978 ts_tablet_manager.cc:1916] T 8d6148a1e7774d68b391d4a747a76618 P 0a9a290ea66c47998e5891e3252e3f92: Deleting tablet data with delete state TABLET_DATA_TOMBSTONED
I20260710 11:12:20.938843 24978 ts_tablet_manager.cc:1929] T 8d6148a1e7774d68b391d4a747a76618 P 0a9a290ea66c47998e5891e3252e3f92: tablet deleted with delete type TABLET_DATA_TOMBSTONED: last-logged OpId 1.3
I20260710 11:12:20.939386 24978 log.cc:1199] T 8d6148a1e7774d68b391d4a747a76618 P 0a9a290ea66c47998e5891e3252e3f92: Deleting WAL directory at /tmp/dist-test-taskcGhlnz/test-tmp/auto_leader_rebalancer-test.0.LeaderRebalancerTest.AddTserver.1783681907289334-23308-0/minicluster-data/ts-1-root/wals/8d6148a1e7774d68b391d4a747a76618
I20260710 11:12:20.940979 24305 catalog_manager.cc:5028] TS 0a9a290ea66c47998e5891e3252e3f92 (127.22.195.2:45651): tablet 8d6148a1e7774d68b391d4a747a76618 (table test-workload [id=5fb049b3d275455a8efb297632ee5200]) successfully deleted
I20260710 11:12:20.962720 24728 raft_consensus.cc:1064] T 37cac8eec6de43fcb43d55177e1af85d P 0a9a290ea66c47998e5891e3252e3f92: attempting to promote NON_VOTER 248be5e93cb942c4b2fa0731aa7c5a43 to VOTER
I20260710 11:12:20.964720 24728 consensus_queue.cc:237] T 37cac8eec6de43fcb43d55177e1af85d P 0a9a290ea66c47998e5891e3252e3f92 [LEADER]: Queue going to LEADER mode. State: All replicated index: 0, Majority replicated index: 2, Committed index: 2, Last appended: 1.2, Last appended by leader: 0, Current term: 1, Majority size: 3, State: 0, Mode: LEADER, active raft config: opid_index: 3 OBSOLETE_local: false peers { permanent_uuid: "7f4df773a6144cd49a662c0f708a828c" member_type: VOTER last_known_addr { host: "127.22.195.1" port: 44613 } } peers { permanent_uuid: "0a9a290ea66c47998e5891e3252e3f92" member_type: VOTER last_known_addr { host: "127.22.195.2" port: 45651 } } peers { permanent_uuid: "930ce1dd11a3470e943a1f8905f49b6b" member_type: VOTER last_known_addr { host: "127.22.195.3" port: 43389 } attrs { replace: true } } peers { permanent_uuid: "248be5e93cb942c4b2fa0731aa7c5a43" member_type: VOTER last_known_addr { host: "127.22.195.4" port: 37651 } attrs { promote: false } }
I20260710 11:12:20.971076 24568 raft_consensus.cc:1275] T 37cac8eec6de43fcb43d55177e1af85d P 930ce1dd11a3470e943a1f8905f49b6b [term 1 FOLLOWER]: Refusing update from remote peer 0a9a290ea66c47998e5891e3252e3f92: Log matching property violated. Preceding OpId in replica: term: 1 index: 2. Preceding OpId from leader: term: 1 index: 3. (index mismatch)
I20260710 11:12:20.971673 24832 raft_consensus.cc:1275] T 37cac8eec6de43fcb43d55177e1af85d P 248be5e93cb942c4b2fa0731aa7c5a43 [term 1 LEARNER]: Refusing update from remote peer 0a9a290ea66c47998e5891e3252e3f92: Log matching property violated. Preceding OpId in replica: term: 1 index: 2. Preceding OpId from leader: term: 1 index: 3. (index mismatch)
I20260710 11:12:20.971787 24420 raft_consensus.cc:1275] T 37cac8eec6de43fcb43d55177e1af85d P 7f4df773a6144cd49a662c0f708a828c [term 1 FOLLOWER]: Refusing update from remote peer 0a9a290ea66c47998e5891e3252e3f92: Log matching property violated. Preceding OpId in replica: term: 1 index: 2. Preceding OpId from leader: term: 1 index: 3. (index mismatch)
I20260710 11:12:20.972625 24728 consensus_queue.cc:1048] T 37cac8eec6de43fcb43d55177e1af85d P 0a9a290ea66c47998e5891e3252e3f92 [LEADER]: Connected to new peer: Peer: permanent_uuid: "930ce1dd11a3470e943a1f8905f49b6b" member_type: VOTER last_known_addr { host: "127.22.195.3" port: 43389 } attrs { replace: true }, Status: LMP_MISMATCH, Last received: 0.0, Next index: 3, Last known committed idx: 2, Time since last communication: 0.001s
I20260710 11:12:20.974255 24967 consensus_queue.cc:1048] T 37cac8eec6de43fcb43d55177e1af85d P 0a9a290ea66c47998e5891e3252e3f92 [LEADER]: Connected to new peer: Peer: permanent_uuid: "248be5e93cb942c4b2fa0731aa7c5a43" member_type: VOTER last_known_addr { host: "127.22.195.4" port: 37651 } attrs { promote: false }, Status: LMP_MISMATCH, Last received: 0.0, Next index: 3, Last known committed idx: 2, Time since last communication: 0.001s
I20260710 11:12:20.975493 24914 consensus_queue.cc:1048] T 37cac8eec6de43fcb43d55177e1af85d P 0a9a290ea66c47998e5891e3252e3f92 [LEADER]: Connected to new peer: Peer: permanent_uuid: "7f4df773a6144cd49a662c0f708a828c" member_type: VOTER last_known_addr { host: "127.22.195.1" port: 44613 }, Status: LMP_MISMATCH, Last received: 0.0, Next index: 3, Last known committed idx: 2, Time since last communication: 0.000s
I20260710 11:12:20.998080 24914 raft_consensus.cc:2955] T 37cac8eec6de43fcb43d55177e1af85d P 0a9a290ea66c47998e5891e3252e3f92 [term 1 LEADER]: Committing config change with OpId 1.3: config changed from index 2 to 3, 248be5e93cb942c4b2fa0731aa7c5a43 (127.22.195.4) changed from NON_VOTER to VOTER. New config: { opid_index: 3 OBSOLETE_local: false peers { permanent_uuid: "7f4df773a6144cd49a662c0f708a828c" member_type: VOTER last_known_addr { host: "127.22.195.1" port: 44613 } } peers { permanent_uuid: "0a9a290ea66c47998e5891e3252e3f92" member_type: VOTER last_known_addr { host: "127.22.195.2" port: 45651 } } peers { permanent_uuid: "930ce1dd11a3470e943a1f8905f49b6b" member_type: VOTER last_known_addr { host: "127.22.195.3" port: 43389 } attrs { replace: true } } peers { permanent_uuid: "248be5e93cb942c4b2fa0731aa7c5a43" member_type: VOTER last_known_addr { host: "127.22.195.4" port: 37651 } attrs { promote: false } } }
I20260710 11:12:21.001665 24420 raft_consensus.cc:2955] T 37cac8eec6de43fcb43d55177e1af85d P 7f4df773a6144cd49a662c0f708a828c [term 1 FOLLOWER]: Committing config change with OpId 1.3: config changed from index 2 to 3, 248be5e93cb942c4b2fa0731aa7c5a43 (127.22.195.4) changed from NON_VOTER to VOTER. New config: { opid_index: 3 OBSOLETE_local: false peers { permanent_uuid: "7f4df773a6144cd49a662c0f708a828c" member_type: VOTER last_known_addr { host: "127.22.195.1" port: 44613 } } peers { permanent_uuid: "0a9a290ea66c47998e5891e3252e3f92" member_type: VOTER last_known_addr { host: "127.22.195.2" port: 45651 } } peers { permanent_uuid: "930ce1dd11a3470e943a1f8905f49b6b" member_type: VOTER last_known_addr { host: "127.22.195.3" port: 43389 } attrs { replace: true } } peers { permanent_uuid: "248be5e93cb942c4b2fa0731aa7c5a43" member_type: VOTER last_known_addr { host: "127.22.195.4" port: 37651 } attrs { promote: false } } }
I20260710 11:12:21.004244 24832 raft_consensus.cc:2955] T 37cac8eec6de43fcb43d55177e1af85d P 248be5e93cb942c4b2fa0731aa7c5a43 [term 1 FOLLOWER]: Committing config change with OpId 1.3: config changed from index 2 to 3, 248be5e93cb942c4b2fa0731aa7c5a43 (127.22.195.4) changed from NON_VOTER to VOTER. New config: { opid_index: 3 OBSOLETE_local: false peers { permanent_uuid: "7f4df773a6144cd49a662c0f708a828c" member_type: VOTER last_known_addr { host: "127.22.195.1" port: 44613 } } peers { permanent_uuid: "0a9a290ea66c47998e5891e3252e3f92" member_type: VOTER last_known_addr { host: "127.22.195.2" port: 45651 } } peers { permanent_uuid: "930ce1dd11a3470e943a1f8905f49b6b" member_type: VOTER last_known_addr { host: "127.22.195.3" port: 43389 } attrs { replace: true } } peers { permanent_uuid: "248be5e93cb942c4b2fa0731aa7c5a43" member_type: VOTER last_known_addr { host: "127.22.195.4" port: 37651 } attrs { promote: false } } }
I20260710 11:12:21.017216 24317 catalog_manager.cc:5697] T 37cac8eec6de43fcb43d55177e1af85d P 7f4df773a6144cd49a662c0f708a828c reported cstate change: config changed from index 2 to 3, 248be5e93cb942c4b2fa0731aa7c5a43 (127.22.195.4) changed from NON_VOTER to VOTER. New cstate: current_term: 1 leader_uuid: "0a9a290ea66c47998e5891e3252e3f92" committed_config { opid_index: 3 OBSOLETE_local: false peers { permanent_uuid: "7f4df773a6144cd49a662c0f708a828c" member_type: VOTER last_known_addr { host: "127.22.195.1" port: 44613 } } peers { permanent_uuid: "0a9a290ea66c47998e5891e3252e3f92" member_type: VOTER last_known_addr { host: "127.22.195.2" port: 45651 } } peers { permanent_uuid: "930ce1dd11a3470e943a1f8905f49b6b" member_type: VOTER last_known_addr { host: "127.22.195.3" port: 43389 } attrs { replace: true } } peers { permanent_uuid: "248be5e93cb942c4b2fa0731aa7c5a43" member_type: VOTER last_known_addr { host: "127.22.195.4" port: 37651 } attrs { promote: false } } }
I20260710 11:12:21.031270 24568 raft_consensus.cc:2955] T 37cac8eec6de43fcb43d55177e1af85d P 930ce1dd11a3470e943a1f8905f49b6b [term 1 FOLLOWER]: Committing config change with OpId 1.3: config changed from index 2 to 3, 248be5e93cb942c4b2fa0731aa7c5a43 (127.22.195.4) changed from NON_VOTER to VOTER. New config: { opid_index: 3 OBSOLETE_local: false peers { permanent_uuid: "7f4df773a6144cd49a662c0f708a828c" member_type: VOTER last_known_addr { host: "127.22.195.1" port: 44613 } } peers { permanent_uuid: "0a9a290ea66c47998e5891e3252e3f92" member_type: VOTER last_known_addr { host: "127.22.195.2" port: 45651 } } peers { permanent_uuid: "930ce1dd11a3470e943a1f8905f49b6b" member_type: VOTER last_known_addr { host: "127.22.195.3" port: 43389 } attrs { replace: true } } peers { permanent_uuid: "248be5e93cb942c4b2fa0731aa7c5a43" member_type: VOTER last_known_addr { host: "127.22.195.4" port: 37651 } attrs { promote: false } } }
I20260710 11:12:21.044936 24493 consensus_queue.cc:237] T 37cac8eec6de43fcb43d55177e1af85d P 0a9a290ea66c47998e5891e3252e3f92 [LEADER]: Queue going to LEADER mode. State: All replicated index: 0, Majority replicated index: 3, Committed index: 3, Last appended: 1.3, Last appended by leader: 0, Current term: 1, Majority size: 2, State: 0, Mode: LEADER, active raft config: opid_index: 4 OBSOLETE_local: false peers { permanent_uuid: "7f4df773a6144cd49a662c0f708a828c" member_type: VOTER last_known_addr { host: "127.22.195.1" port: 44613 } } peers { permanent_uuid: "0a9a290ea66c47998e5891e3252e3f92" member_type: VOTER last_known_addr { host: "127.22.195.2" port: 45651 } } peers { permanent_uuid: "248be5e93cb942c4b2fa0731aa7c5a43" member_type: VOTER last_known_addr { host: "127.22.195.4" port: 37651 } attrs { promote: false } }
I20260710 11:12:21.053949 24421 raft_consensus.cc:1275] T 37cac8eec6de43fcb43d55177e1af85d P 7f4df773a6144cd49a662c0f708a828c [term 1 FOLLOWER]: Refusing update from remote peer 0a9a290ea66c47998e5891e3252e3f92: Log matching property violated. Preceding OpId in replica: term: 1 index: 3. Preceding OpId from leader: term: 1 index: 4. (index mismatch)
I20260710 11:12:21.055116 24832 raft_consensus.cc:1275] T 37cac8eec6de43fcb43d55177e1af85d P 248be5e93cb942c4b2fa0731aa7c5a43 [term 1 FOLLOWER]: Refusing update from remote peer 0a9a290ea66c47998e5891e3252e3f92: Log matching property violated. Preceding OpId in replica: term: 1 index: 3. Preceding OpId from leader: term: 1 index: 4. (index mismatch)
I20260710 11:12:21.055490 24728 consensus_queue.cc:1048] T 37cac8eec6de43fcb43d55177e1af85d P 0a9a290ea66c47998e5891e3252e3f92 [LEADER]: Connected to new peer: Peer: permanent_uuid: "7f4df773a6144cd49a662c0f708a828c" member_type: VOTER last_known_addr { host: "127.22.195.1" port: 44613 }, Status: LMP_MISMATCH, Last received: 0.0, Next index: 4, Last known committed idx: 3, Time since last communication: 0.000s
I20260710 11:12:21.056614 24914 consensus_queue.cc:1048] T 37cac8eec6de43fcb43d55177e1af85d P 0a9a290ea66c47998e5891e3252e3f92 [LEADER]: Connected to new peer: Peer: permanent_uuid: "248be5e93cb942c4b2fa0731aa7c5a43" member_type: VOTER last_known_addr { host: "127.22.195.4" port: 37651 } attrs { promote: false }, Status: LMP_MISMATCH, Last received: 0.0, Next index: 4, Last known committed idx: 3, Time since last communication: 0.001s
I20260710 11:12:21.064043 24728 raft_consensus.cc:2955] T 37cac8eec6de43fcb43d55177e1af85d P 0a9a290ea66c47998e5891e3252e3f92 [term 1 LEADER]: Committing config change with OpId 1.4: config changed from index 3 to 4, VOTER 930ce1dd11a3470e943a1f8905f49b6b (127.22.195.3) evicted. New config: { opid_index: 4 OBSOLETE_local: false peers { permanent_uuid: "7f4df773a6144cd49a662c0f708a828c" member_type: VOTER last_known_addr { host: "127.22.195.1" port: 44613 } } peers { permanent_uuid: "0a9a290ea66c47998e5891e3252e3f92" member_type: VOTER last_known_addr { host: "127.22.195.2" port: 45651 } } peers { permanent_uuid: "248be5e93cb942c4b2fa0731aa7c5a43" member_type: VOTER last_known_addr { host: "127.22.195.4" port: 37651 } attrs { promote: false } } }
I20260710 11:12:21.066474 24421 raft_consensus.cc:2955] T 37cac8eec6de43fcb43d55177e1af85d P 7f4df773a6144cd49a662c0f708a828c [term 1 FOLLOWER]: Committing config change with OpId 1.4: config changed from index 3 to 4, VOTER 930ce1dd11a3470e943a1f8905f49b6b (127.22.195.3) evicted. New config: { opid_index: 4 OBSOLETE_local: false peers { permanent_uuid: "7f4df773a6144cd49a662c0f708a828c" member_type: VOTER last_known_addr { host: "127.22.195.1" port: 44613 } } peers { permanent_uuid: "0a9a290ea66c47998e5891e3252e3f92" member_type: VOTER last_known_addr { host: "127.22.195.2" port: 45651 } } peers { permanent_uuid: "248be5e93cb942c4b2fa0731aa7c5a43" member_type: VOTER last_known_addr { host: "127.22.195.4" port: 37651 } attrs { promote: false } } }
I20260710 11:12:21.072870 24833 raft_consensus.cc:2955] T 37cac8eec6de43fcb43d55177e1af85d P 248be5e93cb942c4b2fa0731aa7c5a43 [term 1 FOLLOWER]: Committing config change with OpId 1.4: config changed from index 3 to 4, VOTER 930ce1dd11a3470e943a1f8905f49b6b (127.22.195.3) evicted. New config: { opid_index: 4 OBSOLETE_local: false peers { permanent_uuid: "7f4df773a6144cd49a662c0f708a828c" member_type: VOTER last_known_addr { host: "127.22.195.1" port: 44613 } } peers { permanent_uuid: "0a9a290ea66c47998e5891e3252e3f92" member_type: VOTER last_known_addr { host: "127.22.195.2" port: 45651 } } peers { permanent_uuid: "248be5e93cb942c4b2fa0731aa7c5a43" member_type: VOTER last_known_addr { host: "127.22.195.4" port: 37651 } attrs { promote: false } } }
I20260710 11:12:21.075304 24305 catalog_manager.cc:5210] ChangeConfig:REMOVE_PEER RPC for tablet 37cac8eec6de43fcb43d55177e1af85d with cas_config_opid_index 3: ChangeConfig:REMOVE_PEER succeeded (attempt 1)
I20260710 11:12:21.080369 24319 catalog_manager.cc:5697] T 37cac8eec6de43fcb43d55177e1af85d P 0a9a290ea66c47998e5891e3252e3f92 reported cstate change: config changed from index 3 to 4, VOTER 930ce1dd11a3470e943a1f8905f49b6b (127.22.195.3) evicted. New cstate: current_term: 1 leader_uuid: "0a9a290ea66c47998e5891e3252e3f92" committed_config { opid_index: 4 OBSOLETE_local: false peers { permanent_uuid: "7f4df773a6144cd49a662c0f708a828c" member_type: VOTER last_known_addr { host: "127.22.195.1" port: 44613 } health_report { overall_health: HEALTHY } } peers { permanent_uuid: "0a9a290ea66c47998e5891e3252e3f92" member_type: VOTER last_known_addr { host: "127.22.195.2" port: 45651 } health_report { overall_health: HEALTHY } } peers { permanent_uuid: "248be5e93cb942c4b2fa0731aa7c5a43" member_type: VOTER last_known_addr { host: "127.22.195.4" port: 37651 } attrs { promote: false } health_report { overall_health: HEALTHY } } }
I20260710 11:12:21.101629 24553 tablet_service.cc:1558] Processing DeleteTablet for tablet 37cac8eec6de43fcb43d55177e1af85d with delete_type TABLET_DATA_TOMBSTONED (TS 930ce1dd11a3470e943a1f8905f49b6b not found in new config with opid_index 4) from {username='slave'} at 127.0.0.1:48282
I20260710 11:12:21.102694 24988 tablet_replica.cc:333] T 37cac8eec6de43fcb43d55177e1af85d P 930ce1dd11a3470e943a1f8905f49b6b: stopping tablet replica
I20260710 11:12:21.105804 24988 raft_consensus.cc:2243] T 37cac8eec6de43fcb43d55177e1af85d P 930ce1dd11a3470e943a1f8905f49b6b [term 1 FOLLOWER]: Raft consensus shutting down.
I20260710 11:12:21.106616 24988 raft_consensus.cc:2272] T 37cac8eec6de43fcb43d55177e1af85d P 930ce1dd11a3470e943a1f8905f49b6b [term 1 FOLLOWER]: Raft consensus is shut down!
I20260710 11:12:21.109972 24988 ts_tablet_manager.cc:1916] T 37cac8eec6de43fcb43d55177e1af85d P 930ce1dd11a3470e943a1f8905f49b6b: Deleting tablet data with delete state TABLET_DATA_TOMBSTONED
I20260710 11:12:21.123220 24988 ts_tablet_manager.cc:1929] T 37cac8eec6de43fcb43d55177e1af85d P 930ce1dd11a3470e943a1f8905f49b6b: tablet deleted with delete type TABLET_DATA_TOMBSTONED: last-logged OpId 1.3
I20260710 11:12:21.123550 24988 log.cc:1199] T 37cac8eec6de43fcb43d55177e1af85d P 930ce1dd11a3470e943a1f8905f49b6b: Deleting WAL directory at /tmp/dist-test-taskcGhlnz/test-tmp/auto_leader_rebalancer-test.0.LeaderRebalancerTest.AddTserver.1783681907289334-23308-0/minicluster-data/ts-2-root/wals/37cac8eec6de43fcb43d55177e1af85d
I20260710 11:12:21.125144 24303 catalog_manager.cc:5028] TS 930ce1dd11a3470e943a1f8905f49b6b (127.22.195.3:43389): tablet 37cac8eec6de43fcb43d55177e1af85d (table test-workload [id=5fb049b3d275455a8efb297632ee5200]) successfully deleted
I20260710 11:12:22.144558 24496 consensus_queue.cc:237] T 77d54a1db2264901af76a899912cd1a1 P 0a9a290ea66c47998e5891e3252e3f92 [LEADER]: Queue going to LEADER mode. State: All replicated index: 0, Majority replicated index: 1, Committed index: 1, Last appended: 1.1, Last appended by leader: 0, Current term: 1, Majority size: 2, State: 0, Mode: LEADER, active raft config: opid_index: 2 OBSOLETE_local: false peers { permanent_uuid: "7f4df773a6144cd49a662c0f708a828c" member_type: VOTER last_known_addr { host: "127.22.195.1" port: 44613 } attrs { replace: true } } peers { permanent_uuid: "0a9a290ea66c47998e5891e3252e3f92" member_type: VOTER last_known_addr { host: "127.22.195.2" port: 45651 } } peers { permanent_uuid: "930ce1dd11a3470e943a1f8905f49b6b" member_type: VOTER last_known_addr { host: "127.22.195.3" port: 43389 } } peers { permanent_uuid: "248be5e93cb942c4b2fa0731aa7c5a43" member_type: NON_VOTER last_known_addr { host: "127.22.195.4" port: 37651 } attrs { promote: true } }
W20260710 11:12:22.151222 24461 consensus_peers.cc:597] T 77d54a1db2264901af76a899912cd1a1 P 0a9a290ea66c47998e5891e3252e3f92 -> Peer 248be5e93cb942c4b2fa0731aa7c5a43 (127.22.195.4:37651): Couldn't send request to peer 248be5e93cb942c4b2fa0731aa7c5a43. Error code: TABLET_NOT_FOUND (6). Status: Not found: Tablet not found: 77d54a1db2264901af76a899912cd1a1. This is attempt 1: this message will repeat every 5th retry.
I20260710 11:12:22.151593 24569 raft_consensus.cc:1275] T 77d54a1db2264901af76a899912cd1a1 P 930ce1dd11a3470e943a1f8905f49b6b [term 1 FOLLOWER]: Refusing update from remote peer 0a9a290ea66c47998e5891e3252e3f92: Log matching property violated. Preceding OpId in replica: term: 1 index: 1. Preceding OpId from leader: term: 1 index: 2. (index mismatch)
I20260710 11:12:22.151732 24421 raft_consensus.cc:1275] T 77d54a1db2264901af76a899912cd1a1 P 7f4df773a6144cd49a662c0f708a828c [term 1 FOLLOWER]: Refusing update from remote peer 0a9a290ea66c47998e5891e3252e3f92: Log matching property violated. Preceding OpId in replica: term: 1 index: 1. Preceding OpId from leader: term: 1 index: 2. (index mismatch)
I20260710 11:12:22.153227 24914 consensus_queue.cc:1048] T 77d54a1db2264901af76a899912cd1a1 P 0a9a290ea66c47998e5891e3252e3f92 [LEADER]: Connected to new peer: Peer: permanent_uuid: "930ce1dd11a3470e943a1f8905f49b6b" member_type: VOTER last_known_addr { host: "127.22.195.3" port: 43389 }, Status: LMP_MISMATCH, Last received: 0.0, Next index: 2, Last known committed idx: 1, Time since last communication: 0.000s
I20260710 11:12:22.154181 24995 consensus_queue.cc:1048] T 77d54a1db2264901af76a899912cd1a1 P 0a9a290ea66c47998e5891e3252e3f92 [LEADER]: Connected to new peer: Peer: permanent_uuid: "7f4df773a6144cd49a662c0f708a828c" member_type: VOTER last_known_addr { host: "127.22.195.1" port: 44613 } attrs { replace: true }, Status: LMP_MISMATCH, Last received: 0.0, Next index: 2, Last known committed idx: 1, Time since last communication: 0.000s
I20260710 11:12:22.163358 24993 raft_consensus.cc:2955] T 77d54a1db2264901af76a899912cd1a1 P 0a9a290ea66c47998e5891e3252e3f92 [term 1 LEADER]: Committing config change with OpId 1.2: config changed from index -1 to 2, NON_VOTER 248be5e93cb942c4b2fa0731aa7c5a43 (127.22.195.4) added. New config: { opid_index: 2 OBSOLETE_local: false peers { permanent_uuid: "7f4df773a6144cd49a662c0f708a828c" member_type: VOTER last_known_addr { host: "127.22.195.1" port: 44613 } attrs { replace: true } } peers { permanent_uuid: "0a9a290ea66c47998e5891e3252e3f92" member_type: VOTER last_known_addr { host: "127.22.195.2" port: 45651 } } peers { permanent_uuid: "930ce1dd11a3470e943a1f8905f49b6b" member_type: VOTER last_known_addr { host: "127.22.195.3" port: 43389 } } peers { permanent_uuid: "248be5e93cb942c4b2fa0731aa7c5a43" member_type: NON_VOTER last_known_addr { host: "127.22.195.4" port: 37651 } attrs { promote: true } } }
I20260710 11:12:22.165457 24421 raft_consensus.cc:2955] T 77d54a1db2264901af76a899912cd1a1 P 7f4df773a6144cd49a662c0f708a828c [term 1 FOLLOWER]: Committing config change with OpId 1.2: config changed from index -1 to 2, NON_VOTER 248be5e93cb942c4b2fa0731aa7c5a43 (127.22.195.4) added. New config: { opid_index: 2 OBSOLETE_local: false peers { permanent_uuid: "7f4df773a6144cd49a662c0f708a828c" member_type: VOTER last_known_addr { host: "127.22.195.1" port: 44613 } attrs { replace: true } } peers { permanent_uuid: "0a9a290ea66c47998e5891e3252e3f92" member_type: VOTER last_known_addr { host: "127.22.195.2" port: 45651 } } peers { permanent_uuid: "930ce1dd11a3470e943a1f8905f49b6b" member_type: VOTER last_known_addr { host: "127.22.195.3" port: 43389 } } peers { permanent_uuid: "248be5e93cb942c4b2fa0731aa7c5a43" member_type: NON_VOTER last_known_addr { host: "127.22.195.4" port: 37651 } attrs { promote: true } } }
I20260710 11:12:22.167073 24569 raft_consensus.cc:2955] T 77d54a1db2264901af76a899912cd1a1 P 930ce1dd11a3470e943a1f8905f49b6b [term 1 FOLLOWER]: Committing config change with OpId 1.2: config changed from index -1 to 2, NON_VOTER 248be5e93cb942c4b2fa0731aa7c5a43 (127.22.195.4) added. New config: { opid_index: 2 OBSOLETE_local: false peers { permanent_uuid: "7f4df773a6144cd49a662c0f708a828c" member_type: VOTER last_known_addr { host: "127.22.195.1" port: 44613 } attrs { replace: true } } peers { permanent_uuid: "0a9a290ea66c47998e5891e3252e3f92" member_type: VOTER last_known_addr { host: "127.22.195.2" port: 45651 } } peers { permanent_uuid: "930ce1dd11a3470e943a1f8905f49b6b" member_type: VOTER last_known_addr { host: "127.22.195.3" port: 43389 } } peers { permanent_uuid: "248be5e93cb942c4b2fa0731aa7c5a43" member_type: NON_VOTER last_known_addr { host: "127.22.195.4" port: 37651 } attrs { promote: true } } }
I20260710 11:12:22.178678 24315 catalog_manager.cc:5697] T 77d54a1db2264901af76a899912cd1a1 P 0a9a290ea66c47998e5891e3252e3f92 reported cstate change: config changed from index -1 to 2, NON_VOTER 248be5e93cb942c4b2fa0731aa7c5a43 (127.22.195.4) added. New cstate: current_term: 1 leader_uuid: "0a9a290ea66c47998e5891e3252e3f92" committed_config { opid_index: 2 OBSOLETE_local: false peers { permanent_uuid: "7f4df773a6144cd49a662c0f708a828c" member_type: VOTER last_known_addr { host: "127.22.195.1" port: 44613 } attrs { replace: true } health_report { overall_health: HEALTHY } } peers { permanent_uuid: "0a9a290ea66c47998e5891e3252e3f92" member_type: VOTER last_known_addr { host: "127.22.195.2" port: 45651 } health_report { overall_health: HEALTHY } } peers { permanent_uuid: "930ce1dd11a3470e943a1f8905f49b6b" member_type: VOTER last_known_addr { host: "127.22.195.3" port: 43389 } health_report { overall_health: HEALTHY } } peers { permanent_uuid: "248be5e93cb942c4b2fa0731aa7c5a43" member_type: NON_VOTER last_known_addr { host: "127.22.195.4" port: 37651 } attrs { promote: true } health_report { overall_health: UNKNOWN } } }
I20260710 11:12:22.178736 24568 consensus_queue.cc:237] T 238741986fa942e9b42efc6a04ad1edd P 930ce1dd11a3470e943a1f8905f49b6b [LEADER]: Queue going to LEADER mode. State: All replicated index: 0, Majority replicated index: 1, Committed index: 1, Last appended: 1.1, Last appended by leader: 0, Current term: 1, Majority size: 2, State: 0, Mode: LEADER, active raft config: opid_index: 2 OBSOLETE_local: false peers { permanent_uuid: "7f4df773a6144cd49a662c0f708a828c" member_type: VOTER last_known_addr { host: "127.22.195.1" port: 44613 } } peers { permanent_uuid: "0a9a290ea66c47998e5891e3252e3f92" member_type: VOTER last_known_addr { host: "127.22.195.2" port: 45651 } attrs { replace: true } } peers { permanent_uuid: "930ce1dd11a3470e943a1f8905f49b6b" member_type: VOTER last_known_addr { host: "127.22.195.3" port: 43389 } } peers { permanent_uuid: "248be5e93cb942c4b2fa0731aa7c5a43" member_type: NON_VOTER last_known_addr { host: "127.22.195.4" port: 37651 } attrs { promote: true } }
W20260710 11:12:22.189713 24535 consensus_peers.cc:597] T 238741986fa942e9b42efc6a04ad1edd P 930ce1dd11a3470e943a1f8905f49b6b -> Peer 248be5e93cb942c4b2fa0731aa7c5a43 (127.22.195.4:37651): Couldn't send request to peer 248be5e93cb942c4b2fa0731aa7c5a43. Error code: TABLET_NOT_FOUND (6). Status: Not found: Tablet not found: 238741986fa942e9b42efc6a04ad1edd. This is attempt 1: this message will repeat every 5th retry.
I20260710 11:12:22.191843 24496 raft_consensus.cc:1275] T 238741986fa942e9b42efc6a04ad1edd P 0a9a290ea66c47998e5891e3252e3f92 [term 1 FOLLOWER]: Refusing update from remote peer 930ce1dd11a3470e943a1f8905f49b6b: Log matching property violated. Preceding OpId in replica: term: 1 index: 1. Preceding OpId from leader: term: 1 index: 2. (index mismatch)
I20260710 11:12:22.192086 24421 raft_consensus.cc:1275] T 238741986fa942e9b42efc6a04ad1edd P 7f4df773a6144cd49a662c0f708a828c [term 1 FOLLOWER]: Refusing update from remote peer 930ce1dd11a3470e943a1f8905f49b6b: Log matching property violated. Preceding OpId in replica: term: 1 index: 1. Preceding OpId from leader: term: 1 index: 2. (index mismatch)
I20260710 11:12:22.194466 24965 consensus_queue.cc:1048] T 238741986fa942e9b42efc6a04ad1edd P 930ce1dd11a3470e943a1f8905f49b6b [LEADER]: Connected to new peer: Peer: permanent_uuid: "0a9a290ea66c47998e5891e3252e3f92" member_type: VOTER last_known_addr { host: "127.22.195.2" port: 45651 } attrs { replace: true }, Status: LMP_MISMATCH, Last received: 0.0, Next index: 2, Last known committed idx: 1, Time since last communication: 0.001s
I20260710 11:12:22.195766 25002 consensus_queue.cc:1048] T 238741986fa942e9b42efc6a04ad1edd P 930ce1dd11a3470e943a1f8905f49b6b [LEADER]: Connected to new peer: Peer: permanent_uuid: "7f4df773a6144cd49a662c0f708a828c" member_type: VOTER last_known_addr { host: "127.22.195.1" port: 44613 }, Status: LMP_MISMATCH, Last received: 0.0, Next index: 2, Last known committed idx: 1, Time since last communication: 0.001s
I20260710 11:12:22.207671 24965 raft_consensus.cc:2955] T 238741986fa942e9b42efc6a04ad1edd P 930ce1dd11a3470e943a1f8905f49b6b [term 1 LEADER]: Committing config change with OpId 1.2: config changed from index -1 to 2, NON_VOTER 248be5e93cb942c4b2fa0731aa7c5a43 (127.22.195.4) added. New config: { opid_index: 2 OBSOLETE_local: false peers { permanent_uuid: "7f4df773a6144cd49a662c0f708a828c" member_type: VOTER last_known_addr { host: "127.22.195.1" port: 44613 } } peers { permanent_uuid: "0a9a290ea66c47998e5891e3252e3f92" member_type: VOTER last_known_addr { host: "127.22.195.2" port: 45651 } attrs { replace: true } } peers { permanent_uuid: "930ce1dd11a3470e943a1f8905f49b6b" member_type: VOTER last_known_addr { host: "127.22.195.3" port: 43389 } } peers { permanent_uuid: "248be5e93cb942c4b2fa0731aa7c5a43" member_type: NON_VOTER last_known_addr { host: "127.22.195.4" port: 37651 } attrs { promote: true } } }
I20260710 11:12:22.208824 24421 raft_consensus.cc:2955] T 238741986fa942e9b42efc6a04ad1edd P 7f4df773a6144cd49a662c0f708a828c [term 1 FOLLOWER]: Committing config change with OpId 1.2: config changed from index -1 to 2, NON_VOTER 248be5e93cb942c4b2fa0731aa7c5a43 (127.22.195.4) added. New config: { opid_index: 2 OBSOLETE_local: false peers { permanent_uuid: "7f4df773a6144cd49a662c0f708a828c" member_type: VOTER last_known_addr { host: "127.22.195.1" port: 44613 } } peers { permanent_uuid: "0a9a290ea66c47998e5891e3252e3f92" member_type: VOTER last_known_addr { host: "127.22.195.2" port: 45651 } attrs { replace: true } } peers { permanent_uuid: "930ce1dd11a3470e943a1f8905f49b6b" member_type: VOTER last_known_addr { host: "127.22.195.3" port: 43389 } } peers { permanent_uuid: "248be5e93cb942c4b2fa0731aa7c5a43" member_type: NON_VOTER last_known_addr { host: "127.22.195.4" port: 37651 } attrs { promote: true } } }
I20260710 11:12:22.224536 24496 raft_consensus.cc:2955] T 238741986fa942e9b42efc6a04ad1edd P 0a9a290ea66c47998e5891e3252e3f92 [term 1 FOLLOWER]: Committing config change with OpId 1.2: config changed from index -1 to 2, NON_VOTER 248be5e93cb942c4b2fa0731aa7c5a43 (127.22.195.4) added. New config: { opid_index: 2 OBSOLETE_local: false peers { permanent_uuid: "7f4df773a6144cd49a662c0f708a828c" member_type: VOTER last_known_addr { host: "127.22.195.1" port: 44613 } } peers { permanent_uuid: "0a9a290ea66c47998e5891e3252e3f92" member_type: VOTER last_known_addr { host: "127.22.195.2" port: 45651 } attrs { replace: true } } peers { permanent_uuid: "930ce1dd11a3470e943a1f8905f49b6b" member_type: VOTER last_known_addr { host: "127.22.195.3" port: 43389 } } peers { permanent_uuid: "248be5e93cb942c4b2fa0731aa7c5a43" member_type: NON_VOTER last_known_addr { host: "127.22.195.4" port: 37651 } attrs { promote: true } } }
I20260710 11:12:22.226514 24317 catalog_manager.cc:5697] T 238741986fa942e9b42efc6a04ad1edd P 7f4df773a6144cd49a662c0f708a828c reported cstate change: config changed from index -1 to 2, NON_VOTER 248be5e93cb942c4b2fa0731aa7c5a43 (127.22.195.4) added. New cstate: current_term: 1 leader_uuid: "930ce1dd11a3470e943a1f8905f49b6b" committed_config { opid_index: 2 OBSOLETE_local: false peers { permanent_uuid: "7f4df773a6144cd49a662c0f708a828c" member_type: VOTER last_known_addr { host: "127.22.195.1" port: 44613 } } peers { permanent_uuid: "0a9a290ea66c47998e5891e3252e3f92" member_type: VOTER last_known_addr { host: "127.22.195.2" port: 45651 } attrs { replace: true } } peers { permanent_uuid: "930ce1dd11a3470e943a1f8905f49b6b" member_type: VOTER last_known_addr { host: "127.22.195.3" port: 43389 } } peers { permanent_uuid: "248be5e93cb942c4b2fa0731aa7c5a43" member_type: NON_VOTER last_known_addr { host: "127.22.195.4" port: 37651 } attrs { promote: true } } }
I20260710 11:12:22.229084 24421 consensus_queue.cc:237] T 7b9284e3aefd4b65917964f1686bfc32 P 7f4df773a6144cd49a662c0f708a828c [LEADER]: Queue going to LEADER mode. State: All replicated index: 0, Majority replicated index: 1, Committed index: 1, Last appended: 1.1, Last appended by leader: 0, Current term: 1, Majority size: 2, State: 0, Mode: LEADER, active raft config: opid_index: 2 OBSOLETE_local: false peers { permanent_uuid: "7f4df773a6144cd49a662c0f708a828c" member_type: VOTER last_known_addr { host: "127.22.195.1" port: 44613 } } peers { permanent_uuid: "0a9a290ea66c47998e5891e3252e3f92" member_type: VOTER last_known_addr { host: "127.22.195.2" port: 45651 } } peers { permanent_uuid: "930ce1dd11a3470e943a1f8905f49b6b" member_type: VOTER last_known_addr { host: "127.22.195.3" port: 43389 } attrs { replace: true } } peers { permanent_uuid: "248be5e93cb942c4b2fa0731aa7c5a43" member_type: NON_VOTER last_known_addr { host: "127.22.195.4" port: 37651 } attrs { promote: true } }
I20260710 11:12:22.237340 24568 raft_consensus.cc:1275] T 7b9284e3aefd4b65917964f1686bfc32 P 930ce1dd11a3470e943a1f8905f49b6b [term 1 FOLLOWER]: Refusing update from remote peer 7f4df773a6144cd49a662c0f708a828c: Log matching property violated. Preceding OpId in replica: term: 1 index: 1. Preceding OpId from leader: term: 1 index: 2. (index mismatch)
I20260710 11:12:22.239319 24933 consensus_queue.cc:1048] T 7b9284e3aefd4b65917964f1686bfc32 P 7f4df773a6144cd49a662c0f708a828c [LEADER]: Connected to new peer: Peer: permanent_uuid: "930ce1dd11a3470e943a1f8905f49b6b" member_type: VOTER last_known_addr { host: "127.22.195.3" port: 43389 } attrs { replace: true }, Status: LMP_MISMATCH, Last received: 0.0, Next index: 2, Last known committed idx: 1, Time since last communication: 0.000s
W20260710 11:12:22.241690 24386 consensus_peers.cc:597] T 7b9284e3aefd4b65917964f1686bfc32 P 7f4df773a6144cd49a662c0f708a828c -> Peer 248be5e93cb942c4b2fa0731aa7c5a43 (127.22.195.4:37651): Couldn't send request to peer 248be5e93cb942c4b2fa0731aa7c5a43. Error code: TABLET_NOT_FOUND (6). Status: Not found: Tablet not found: 7b9284e3aefd4b65917964f1686bfc32. This is attempt 1: this message will repeat every 5th retry.
I20260710 11:12:22.249378 24496 raft_consensus.cc:1275] T 7b9284e3aefd4b65917964f1686bfc32 P 0a9a290ea66c47998e5891e3252e3f92 [term 1 FOLLOWER]: Refusing update from remote peer 7f4df773a6144cd49a662c0f708a828c: Log matching property violated. Preceding OpId in replica: term: 1 index: 1. Preceding OpId from leader: term: 1 index: 2. (index mismatch)
I20260710 11:12:22.251586 25008 consensus_queue.cc:1048] T 7b9284e3aefd4b65917964f1686bfc32 P 7f4df773a6144cd49a662c0f708a828c [LEADER]: Connected to new peer: Peer: permanent_uuid: "0a9a290ea66c47998e5891e3252e3f92" member_type: VOTER last_known_addr { host: "127.22.195.2" port: 45651 }, Status: LMP_MISMATCH, Last received: 0.0, Next index: 2, Last known committed idx: 1, Time since last communication: 0.001s
I20260710 11:12:22.258411 24569 raft_consensus.cc:2955] T 7b9284e3aefd4b65917964f1686bfc32 P 930ce1dd11a3470e943a1f8905f49b6b [term 1 FOLLOWER]: Committing config change with OpId 1.2: config changed from index -1 to 2, NON_VOTER 248be5e93cb942c4b2fa0731aa7c5a43 (127.22.195.4) added. New config: { opid_index: 2 OBSOLETE_local: false peers { permanent_uuid: "7f4df773a6144cd49a662c0f708a828c" member_type: VOTER last_known_addr { host: "127.22.195.1" port: 44613 } } peers { permanent_uuid: "0a9a290ea66c47998e5891e3252e3f92" member_type: VOTER last_known_addr { host: "127.22.195.2" port: 45651 } } peers { permanent_uuid: "930ce1dd11a3470e943a1f8905f49b6b" member_type: VOTER last_known_addr { host: "127.22.195.3" port: 43389 } attrs { replace: true } } peers { permanent_uuid: "248be5e93cb942c4b2fa0731aa7c5a43" member_type: NON_VOTER last_known_addr { host: "127.22.195.4" port: 37651 } attrs { promote: true } } }
I20260710 11:12:22.255628 25008 raft_consensus.cc:2955] T 7b9284e3aefd4b65917964f1686bfc32 P 7f4df773a6144cd49a662c0f708a828c [term 1 LEADER]: Committing config change with OpId 1.2: config changed from index -1 to 2, NON_VOTER 248be5e93cb942c4b2fa0731aa7c5a43 (127.22.195.4) added. New config: { opid_index: 2 OBSOLETE_local: false peers { permanent_uuid: "7f4df773a6144cd49a662c0f708a828c" member_type: VOTER last_known_addr { host: "127.22.195.1" port: 44613 } } peers { permanent_uuid: "0a9a290ea66c47998e5891e3252e3f92" member_type: VOTER last_known_addr { host: "127.22.195.2" port: 45651 } } peers { permanent_uuid: "930ce1dd11a3470e943a1f8905f49b6b" member_type: VOTER last_known_addr { host: "127.22.195.3" port: 43389 } attrs { replace: true } } peers { permanent_uuid: "248be5e93cb942c4b2fa0731aa7c5a43" member_type: NON_VOTER last_known_addr { host: "127.22.195.4" port: 37651 } attrs { promote: true } } }
I20260710 11:12:22.272149 24496 raft_consensus.cc:2955] T 7b9284e3aefd4b65917964f1686bfc32 P 0a9a290ea66c47998e5891e3252e3f92 [term 1 FOLLOWER]: Committing config change with OpId 1.2: config changed from index -1 to 2, NON_VOTER 248be5e93cb942c4b2fa0731aa7c5a43 (127.22.195.4) added. New config: { opid_index: 2 OBSOLETE_local: false peers { permanent_uuid: "7f4df773a6144cd49a662c0f708a828c" member_type: VOTER last_known_addr { host: "127.22.195.1" port: 44613 } } peers { permanent_uuid: "0a9a290ea66c47998e5891e3252e3f92" member_type: VOTER last_known_addr { host: "127.22.195.2" port: 45651 } } peers { permanent_uuid: "930ce1dd11a3470e943a1f8905f49b6b" member_type: VOTER last_known_addr { host: "127.22.195.3" port: 43389 } attrs { replace: true } } peers { permanent_uuid: "248be5e93cb942c4b2fa0731aa7c5a43" member_type: NON_VOTER last_known_addr { host: "127.22.195.4" port: 37651 } attrs { promote: true } } }
I20260710 11:12:22.279595 24319 catalog_manager.cc:5697] T 7b9284e3aefd4b65917964f1686bfc32 P 930ce1dd11a3470e943a1f8905f49b6b reported cstate change: config changed from index -1 to 2, NON_VOTER 248be5e93cb942c4b2fa0731aa7c5a43 (127.22.195.4) added. New cstate: current_term: 1 leader_uuid: "7f4df773a6144cd49a662c0f708a828c" committed_config { opid_index: 2 OBSOLETE_local: false peers { permanent_uuid: "7f4df773a6144cd49a662c0f708a828c" member_type: VOTER last_known_addr { host: "127.22.195.1" port: 44613 } } peers { permanent_uuid: "0a9a290ea66c47998e5891e3252e3f92" member_type: VOTER last_known_addr { host: "127.22.195.2" port: 45651 } } peers { permanent_uuid: "930ce1dd11a3470e943a1f8905f49b6b" member_type: VOTER last_known_addr { host: "127.22.195.3" port: 43389 } attrs { replace: true } } peers { permanent_uuid: "248be5e93cb942c4b2fa0731aa7c5a43" member_type: NON_VOTER last_known_addr { host: "127.22.195.4" port: 37651 } attrs { promote: true } } }
I20260710 11:12:22.287926 24569 consensus_queue.cc:237] T a19d1fe885264df5af8c6879222b63c7 P 930ce1dd11a3470e943a1f8905f49b6b [LEADER]: Queue going to LEADER mode. State: All replicated index: 0, Majority replicated index: 1, Committed index: 1, Last appended: 1.1, Last appended by leader: 0, Current term: 1, Majority size: 2, State: 0, Mode: LEADER, active raft config: opid_index: 2 OBSOLETE_local: false peers { permanent_uuid: "7f4df773a6144cd49a662c0f708a828c" member_type: VOTER last_known_addr { host: "127.22.195.1" port: 44613 } attrs { replace: true } } peers { permanent_uuid: "0a9a290ea66c47998e5891e3252e3f92" member_type: VOTER last_known_addr { host: "127.22.195.2" port: 45651 } } peers { permanent_uuid: "930ce1dd11a3470e943a1f8905f49b6b" member_type: VOTER last_known_addr { host: "127.22.195.3" port: 43389 } } peers { permanent_uuid: "248be5e93cb942c4b2fa0731aa7c5a43" member_type: NON_VOTER last_known_addr { host: "127.22.195.4" port: 37651 } attrs { promote: true } }
W20260710 11:12:22.298424 24535 consensus_peers.cc:597] T a19d1fe885264df5af8c6879222b63c7 P 930ce1dd11a3470e943a1f8905f49b6b -> Peer 248be5e93cb942c4b2fa0731aa7c5a43 (127.22.195.4:37651): Couldn't send request to peer 248be5e93cb942c4b2fa0731aa7c5a43. Error code: TABLET_NOT_FOUND (6). Status: Not found: Tablet not found: a19d1fe885264df5af8c6879222b63c7. This is attempt 1: this message will repeat every 5th retry.
I20260710 11:12:22.298594 24493 raft_consensus.cc:1275] T a19d1fe885264df5af8c6879222b63c7 P 0a9a290ea66c47998e5891e3252e3f92 [term 1 FOLLOWER]: Refusing update from remote peer 930ce1dd11a3470e943a1f8905f49b6b: Log matching property violated. Preceding OpId in replica: term: 1 index: 1. Preceding OpId from leader: term: 1 index: 2. (index mismatch)
I20260710 11:12:22.298432 24421 raft_consensus.cc:1275] T a19d1fe885264df5af8c6879222b63c7 P 7f4df773a6144cd49a662c0f708a828c [term 1 FOLLOWER]: Refusing update from remote peer 930ce1dd11a3470e943a1f8905f49b6b: Log matching property violated. Preceding OpId in replica: term: 1 index: 1. Preceding OpId from leader: term: 1 index: 2. (index mismatch)
I20260710 11:12:22.300446 25006 consensus_queue.cc:1048] T a19d1fe885264df5af8c6879222b63c7 P 930ce1dd11a3470e943a1f8905f49b6b [LEADER]: Connected to new peer: Peer: permanent_uuid: "0a9a290ea66c47998e5891e3252e3f92" member_type: VOTER last_known_addr { host: "127.22.195.2" port: 45651 }, Status: LMP_MISMATCH, Last received: 0.0, Next index: 2, Last known committed idx: 1, Time since last communication: 0.001s
I20260710 11:12:22.304124 25006 consensus_queue.cc:1048] T a19d1fe885264df5af8c6879222b63c7 P 930ce1dd11a3470e943a1f8905f49b6b [LEADER]: Connected to new peer: Peer: permanent_uuid: "7f4df773a6144cd49a662c0f708a828c" member_type: VOTER last_known_addr { host: "127.22.195.1" port: 44613 } attrs { replace: true }, Status: LMP_MISMATCH, Last received: 0.0, Next index: 2, Last known committed idx: 1, Time since last communication: 0.001s
I20260710 11:12:22.312685 24965 raft_consensus.cc:2955] T a19d1fe885264df5af8c6879222b63c7 P 930ce1dd11a3470e943a1f8905f49b6b [term 1 LEADER]: Committing config change with OpId 1.2: config changed from index -1 to 2, NON_VOTER 248be5e93cb942c4b2fa0731aa7c5a43 (127.22.195.4) added. New config: { opid_index: 2 OBSOLETE_local: false peers { permanent_uuid: "7f4df773a6144cd49a662c0f708a828c" member_type: VOTER last_known_addr { host: "127.22.195.1" port: 44613 } attrs { replace: true } } peers { permanent_uuid: "0a9a290ea66c47998e5891e3252e3f92" member_type: VOTER last_known_addr { host: "127.22.195.2" port: 45651 } } peers { permanent_uuid: "930ce1dd11a3470e943a1f8905f49b6b" member_type: VOTER last_known_addr { host: "127.22.195.3" port: 43389 } } peers { permanent_uuid: "248be5e93cb942c4b2fa0731aa7c5a43" member_type: NON_VOTER last_known_addr { host: "127.22.195.4" port: 37651 } attrs { promote: true } } }
I20260710 11:12:22.314607 24493 raft_consensus.cc:2955] T a19d1fe885264df5af8c6879222b63c7 P 0a9a290ea66c47998e5891e3252e3f92 [term 1 FOLLOWER]: Committing config change with OpId 1.2: config changed from index -1 to 2, NON_VOTER 248be5e93cb942c4b2fa0731aa7c5a43 (127.22.195.4) added. New config: { opid_index: 2 OBSOLETE_local: false peers { permanent_uuid: "7f4df773a6144cd49a662c0f708a828c" member_type: VOTER last_known_addr { host: "127.22.195.1" port: 44613 } attrs { replace: true } } peers { permanent_uuid: "0a9a290ea66c47998e5891e3252e3f92" member_type: VOTER last_known_addr { host: "127.22.195.2" port: 45651 } } peers { permanent_uuid: "930ce1dd11a3470e943a1f8905f49b6b" member_type: VOTER last_known_addr { host: "127.22.195.3" port: 43389 } } peers { permanent_uuid: "248be5e93cb942c4b2fa0731aa7c5a43" member_type: NON_VOTER last_known_addr { host: "127.22.195.4" port: 37651 } attrs { promote: true } } }
I20260710 11:12:22.317211 24421 raft_consensus.cc:2955] T a19d1fe885264df5af8c6879222b63c7 P 7f4df773a6144cd49a662c0f708a828c [term 1 FOLLOWER]: Committing config change with OpId 1.2: config changed from index -1 to 2, NON_VOTER 248be5e93cb942c4b2fa0731aa7c5a43 (127.22.195.4) added. New config: { opid_index: 2 OBSOLETE_local: false peers { permanent_uuid: "7f4df773a6144cd49a662c0f708a828c" member_type: VOTER last_known_addr { host: "127.22.195.1" port: 44613 } attrs { replace: true } } peers { permanent_uuid: "0a9a290ea66c47998e5891e3252e3f92" member_type: VOTER last_known_addr { host: "127.22.195.2" port: 45651 } } peers { permanent_uuid: "930ce1dd11a3470e943a1f8905f49b6b" member_type: VOTER last_known_addr { host: "127.22.195.3" port: 43389 } } peers { permanent_uuid: "248be5e93cb942c4b2fa0731aa7c5a43" member_type: NON_VOTER last_known_addr { host: "127.22.195.4" port: 37651 } attrs { promote: true } } }
I20260710 11:12:22.329873 24317 catalog_manager.cc:5697] T a19d1fe885264df5af8c6879222b63c7 P 0a9a290ea66c47998e5891e3252e3f92 reported cstate change: config changed from index -1 to 2, NON_VOTER 248be5e93cb942c4b2fa0731aa7c5a43 (127.22.195.4) added. New cstate: current_term: 1 leader_uuid: "930ce1dd11a3470e943a1f8905f49b6b" committed_config { opid_index: 2 OBSOLETE_local: false peers { permanent_uuid: "7f4df773a6144cd49a662c0f708a828c" member_type: VOTER last_known_addr { host: "127.22.195.1" port: 44613 } attrs { replace: true } } peers { permanent_uuid: "0a9a290ea66c47998e5891e3252e3f92" member_type: VOTER last_known_addr { host: "127.22.195.2" port: 45651 } } peers { permanent_uuid: "930ce1dd11a3470e943a1f8905f49b6b" member_type: VOTER last_known_addr { host: "127.22.195.3" port: 43389 } } peers { permanent_uuid: "248be5e93cb942c4b2fa0731aa7c5a43" member_type: NON_VOTER last_known_addr { host: "127.22.195.4" port: 37651 } attrs { promote: true } } }
I20260710 11:12:22.697666 25015 ts_tablet_manager.cc:933] T 7b9284e3aefd4b65917964f1686bfc32 P 248be5e93cb942c4b2fa0731aa7c5a43: Initiating tablet copy from peer 7f4df773a6144cd49a662c0f708a828c (127.22.195.1:44613)
I20260710 11:12:22.699326 25015 tablet_copy_client.cc:323] T 7b9284e3aefd4b65917964f1686bfc32 P 248be5e93cb942c4b2fa0731aa7c5a43: tablet copy: Beginning tablet copy session from remote peer at address 127.22.195.1:44613
I20260710 11:12:22.700997 24431 tablet_copy_service.cc:140] P 7f4df773a6144cd49a662c0f708a828c: Received BeginTabletCopySession request for tablet 7b9284e3aefd4b65917964f1686bfc32 from peer 248be5e93cb942c4b2fa0731aa7c5a43 ({username='slave'} at 127.0.0.1:53346)
I20260710 11:12:22.701443 24431 tablet_copy_service.cc:161] P 7f4df773a6144cd49a662c0f708a828c: Beginning new tablet copy session on tablet 7b9284e3aefd4b65917964f1686bfc32 from peer 248be5e93cb942c4b2fa0731aa7c5a43 at {username='slave'} at 127.0.0.1:53346: session id = 248be5e93cb942c4b2fa0731aa7c5a43-7b9284e3aefd4b65917964f1686bfc32
I20260710 11:12:22.706418 24431 tablet_copy_source_session.cc:215] T 7b9284e3aefd4b65917964f1686bfc32 P 7f4df773a6144cd49a662c0f708a828c: Tablet Copy: opened 0 blocks and 1 log segments
I20260710 11:12:22.709472 25015 data_dirs.cc:400] Could only allocate 1 dirs of requested 3 for tablet 7b9284e3aefd4b65917964f1686bfc32. 1 dirs total, 0 dirs full, 0 dirs failed
I20260710 11:12:22.719707 25017 ts_tablet_manager.cc:933] T 238741986fa942e9b42efc6a04ad1edd P 248be5e93cb942c4b2fa0731aa7c5a43: Initiating tablet copy from peer 930ce1dd11a3470e943a1f8905f49b6b (127.22.195.3:43389)
I20260710 11:12:22.723743 25015 tablet_copy_client.cc:806] T 7b9284e3aefd4b65917964f1686bfc32 P 248be5e93cb942c4b2fa0731aa7c5a43: tablet copy: Starting download of 0 data blocks...
I20260710 11:12:22.724596 25015 tablet_copy_client.cc:670] T 7b9284e3aefd4b65917964f1686bfc32 P 248be5e93cb942c4b2fa0731aa7c5a43: tablet copy: Starting download of 1 WAL segments...
I20260710 11:12:22.730381 25017 tablet_copy_client.cc:323] T 238741986fa942e9b42efc6a04ad1edd P 248be5e93cb942c4b2fa0731aa7c5a43: tablet copy: Beginning tablet copy session from remote peer at address 127.22.195.3:43389
I20260710 11:12:22.730397 25015 tablet_copy_client.cc:538] T 7b9284e3aefd4b65917964f1686bfc32 P 248be5e93cb942c4b2fa0731aa7c5a43: tablet copy: Tablet Copy complete. Replacing tablet superblock.
