I20260710 11:12:13.195514  4493 raft_consensus.cc:2955] T 37ef04fc0f584d9da8ed0772a1e9ccd0 P 8cbe63913438405fa532daf21e8d4cfa [term 1 FOLLOWER]: Committing config change with OpId 1.3: config changed from index 2 to 3, 8cbe63913438405fa532daf21e8d4cfa (127.2.229.68) changed from NON_VOTER to VOTER. New config: { opid_index: 3 OBSOLETE_local: false peers { permanent_uuid: "c3d05abd29b848d484e1c301d242759c" member_type: VOTER last_known_addr { host: "127.2.229.65" port: 40599 } } peers { permanent_uuid: "355cd060e1cd4f77ba9158b12e772766" member_type: VOTER last_known_addr { host: "127.2.229.66" port: 40935 } attrs { replace: true } } peers { permanent_uuid: "156ac49c43c64f3c862b861fcf485210" member_type: VOTER last_known_addr { host: "127.2.229.67" port: 39955 } } peers { permanent_uuid: "8cbe63913438405fa532daf21e8d4cfa" member_type: VOTER last_known_addr { host: "127.2.229.68" port: 39743 } attrs { promote: false } } }
I20260710 11:12:13.201041  4228 raft_consensus.cc:2955] T 37ef04fc0f584d9da8ed0772a1e9ccd0 P 156ac49c43c64f3c862b861fcf485210 [term 1 FOLLOWER]: Committing config change with OpId 1.3: config changed from index 2 to 3, 8cbe63913438405fa532daf21e8d4cfa (127.2.229.68) changed from NON_VOTER to VOTER. New config: { opid_index: 3 OBSOLETE_local: false peers { permanent_uuid: "c3d05abd29b848d484e1c301d242759c" member_type: VOTER last_known_addr { host: "127.2.229.65" port: 40599 } } peers { permanent_uuid: "355cd060e1cd4f77ba9158b12e772766" member_type: VOTER last_known_addr { host: "127.2.229.66" port: 40935 } attrs { replace: true } } peers { permanent_uuid: "156ac49c43c64f3c862b861fcf485210" member_type: VOTER last_known_addr { host: "127.2.229.67" port: 39955 } } peers { permanent_uuid: "8cbe63913438405fa532daf21e8d4cfa" member_type: VOTER last_known_addr { host: "127.2.229.68" port: 39743 } attrs { promote: false } } }
I20260710 11:12:13.217408  4080 consensus_queue.cc:237] T 746f6d2632c94662b17611f9eef48af1 P c3d05abd29b848d484e1c301d242759c [LEADER]: Queue going to LEADER mode. State: All replicated index: 0, Majority replicated index: 3, Committed index: 3, Last appended: 1.3, Last appended by leader: 0, Current term: 1, Majority size: 2, State: 0, Mode: LEADER, active raft config: opid_index: 4 OBSOLETE_local: false peers { permanent_uuid: "c3d05abd29b848d484e1c301d242759c" member_type: VOTER last_known_addr { host: "127.2.229.65" port: 40599 } } peers { permanent_uuid: "355cd060e1cd4f77ba9158b12e772766" member_type: VOTER last_known_addr { host: "127.2.229.66" port: 40935 } } peers { permanent_uuid: "8cbe63913438405fa532daf21e8d4cfa" member_type: VOTER last_known_addr { host: "127.2.229.68" port: 39743 } attrs { promote: false } }
I20260710 11:12:13.230648  4493 raft_consensus.cc:1275] T 746f6d2632c94662b17611f9eef48af1 P 8cbe63913438405fa532daf21e8d4cfa [term 1 FOLLOWER]: Refusing update from remote peer c3d05abd29b848d484e1c301d242759c: Log matching property violated. Preceding OpId in replica: term: 1 index: 3. Preceding OpId from leader: term: 1 index: 4. (index mismatch)
I20260710 11:12:13.233309  4155 raft_consensus.cc:1275] T 746f6d2632c94662b17611f9eef48af1 P 355cd060e1cd4f77ba9158b12e772766 [term 1 FOLLOWER]: Refusing update from remote peer c3d05abd29b848d484e1c301d242759c: Log matching property violated. Preceding OpId in replica: term: 1 index: 3. Preceding OpId from leader: term: 1 index: 4. (index mismatch)
I20260710 11:12:13.235973  4379 consensus_queue.cc:1048] T 746f6d2632c94662b17611f9eef48af1 P c3d05abd29b848d484e1c301d242759c [LEADER]: Connected to new peer: Peer: permanent_uuid: "355cd060e1cd4f77ba9158b12e772766" member_type: VOTER last_known_addr { host: "127.2.229.66" port: 40935 }, Status: LMP_MISMATCH, Last received: 0.0, Next index: 4, Last known committed idx: 3, Time since last communication: 0.000s
I20260710 11:12:13.237593  4379 consensus_queue.cc:1048] T 746f6d2632c94662b17611f9eef48af1 P c3d05abd29b848d484e1c301d242759c [LEADER]: Connected to new peer: Peer: permanent_uuid: "8cbe63913438405fa532daf21e8d4cfa" member_type: VOTER last_known_addr { host: "127.2.229.68" port: 39743 } attrs { promote: false }, Status: LMP_MISMATCH, Last received: 0.0, Next index: 4, Last known committed idx: 3, Time since last communication: 0.000s
I20260710 11:12:13.241087  3977 catalog_manager.cc:5697] T d928ef22b87548c5ad4c17308cafda79 P 8cbe63913438405fa532daf21e8d4cfa reported cstate change: config changed from index 2 to 3, 8cbe63913438405fa532daf21e8d4cfa (127.2.229.68) changed from NON_VOTER to VOTER. New cstate: current_term: 1 leader_uuid: "156ac49c43c64f3c862b861fcf485210" committed_config { opid_index: 3 OBSOLETE_local: false peers { permanent_uuid: "c3d05abd29b848d484e1c301d242759c" member_type: VOTER last_known_addr { host: "127.2.229.65" port: 40599 } attrs { replace: true } } peers { permanent_uuid: "355cd060e1cd4f77ba9158b12e772766" member_type: VOTER last_known_addr { host: "127.2.229.66" port: 40935 } } peers { permanent_uuid: "156ac49c43c64f3c862b861fcf485210" member_type: VOTER last_known_addr { host: "127.2.229.67" port: 39955 } } peers { permanent_uuid: "8cbe63913438405fa532daf21e8d4cfa" member_type: VOTER last_known_addr { host: "127.2.229.68" port: 39743 } attrs { promote: false } } }
I20260710 11:12:13.242693  3977 catalog_manager.cc:5697] T 0bee00e21ca6495d9879f611ec3690cb P 8cbe63913438405fa532daf21e8d4cfa reported cstate change: config changed from index 2 to 3, 8cbe63913438405fa532daf21e8d4cfa (127.2.229.68) changed from NON_VOTER to VOTER. New cstate: current_term: 1 leader_uuid: "156ac49c43c64f3c862b861fcf485210" committed_config { opid_index: 3 OBSOLETE_local: false peers { permanent_uuid: "c3d05abd29b848d484e1c301d242759c" member_type: VOTER last_known_addr { host: "127.2.229.65" port: 40599 } } peers { permanent_uuid: "355cd060e1cd4f77ba9158b12e772766" member_type: VOTER last_known_addr { host: "127.2.229.66" port: 40935 } attrs { replace: true } } peers { permanent_uuid: "156ac49c43c64f3c862b861fcf485210" member_type: VOTER last_known_addr { host: "127.2.229.67" port: 39955 } } peers { permanent_uuid: "8cbe63913438405fa532daf21e8d4cfa" member_type: VOTER last_known_addr { host: "127.2.229.68" port: 39743 } attrs { promote: false } } }
I20260710 11:12:13.244175  3977 catalog_manager.cc:5697] T 37ef04fc0f584d9da8ed0772a1e9ccd0 P 8cbe63913438405fa532daf21e8d4cfa reported cstate change: config changed from index 2 to 3, 8cbe63913438405fa532daf21e8d4cfa (127.2.229.68) changed from NON_VOTER to VOTER. New cstate: current_term: 1 leader_uuid: "c3d05abd29b848d484e1c301d242759c" committed_config { opid_index: 3 OBSOLETE_local: false peers { permanent_uuid: "c3d05abd29b848d484e1c301d242759c" member_type: VOTER last_known_addr { host: "127.2.229.65" port: 40599 } } peers { permanent_uuid: "355cd060e1cd4f77ba9158b12e772766" member_type: VOTER last_known_addr { host: "127.2.229.66" port: 40935 } attrs { replace: true } } peers { permanent_uuid: "156ac49c43c64f3c862b861fcf485210" member_type: VOTER last_known_addr { host: "127.2.229.67" port: 39955 } } peers { permanent_uuid: "8cbe63913438405fa532daf21e8d4cfa" member_type: VOTER last_known_addr { host: "127.2.229.68" port: 39743 } attrs { promote: false } } }
I20260710 11:12:13.244490  4572 raft_consensus.cc:2955] T 746f6d2632c94662b17611f9eef48af1 P c3d05abd29b848d484e1c301d242759c [term 1 LEADER]: Committing config change with OpId 1.4: config changed from index 3 to 4, VOTER 156ac49c43c64f3c862b861fcf485210 (127.2.229.67) evicted. New config: { opid_index: 4 OBSOLETE_local: false peers { permanent_uuid: "c3d05abd29b848d484e1c301d242759c" member_type: VOTER last_known_addr { host: "127.2.229.65" port: 40599 } } peers { permanent_uuid: "355cd060e1cd4f77ba9158b12e772766" member_type: VOTER last_known_addr { host: "127.2.229.66" port: 40935 } } peers { permanent_uuid: "8cbe63913438405fa532daf21e8d4cfa" member_type: VOTER last_known_addr { host: "127.2.229.68" port: 39743 } attrs { promote: false } } }
I20260710 11:12:13.245343  4156 raft_consensus.cc:2955] T 37ef04fc0f584d9da8ed0772a1e9ccd0 P 355cd060e1cd4f77ba9158b12e772766 [term 1 FOLLOWER]: Committing config change with OpId 1.3: config changed from index 2 to 3, 8cbe63913438405fa532daf21e8d4cfa (127.2.229.68) changed from NON_VOTER to VOTER. New config: { opid_index: 3 OBSOLETE_local: false peers { permanent_uuid: "c3d05abd29b848d484e1c301d242759c" member_type: VOTER last_known_addr { host: "127.2.229.65" port: 40599 } } peers { permanent_uuid: "355cd060e1cd4f77ba9158b12e772766" member_type: VOTER last_known_addr { host: "127.2.229.66" port: 40935 } attrs { replace: true } } peers { permanent_uuid: "156ac49c43c64f3c862b861fcf485210" member_type: VOTER last_known_addr { host: "127.2.229.67" port: 39955 } } peers { permanent_uuid: "8cbe63913438405fa532daf21e8d4cfa" member_type: VOTER last_known_addr { host: "127.2.229.68" port: 39743 } attrs { promote: false } } }
I20260710 11:12:13.254477  4155 raft_consensus.cc:2955] T 746f6d2632c94662b17611f9eef48af1 P 355cd060e1cd4f77ba9158b12e772766 [term 1 FOLLOWER]: Committing config change with OpId 1.4: config changed from index 3 to 4, VOTER 156ac49c43c64f3c862b861fcf485210 (127.2.229.67) evicted. New config: { opid_index: 4 OBSOLETE_local: false peers { permanent_uuid: "c3d05abd29b848d484e1c301d242759c" member_type: VOTER last_known_addr { host: "127.2.229.65" port: 40599 } } peers { permanent_uuid: "355cd060e1cd4f77ba9158b12e772766" member_type: VOTER last_known_addr { host: "127.2.229.66" port: 40935 } } peers { permanent_uuid: "8cbe63913438405fa532daf21e8d4cfa" member_type: VOTER last_known_addr { host: "127.2.229.68" port: 39743 } attrs { promote: false } } }
I20260710 11:12:13.262424  3966 catalog_manager.cc:5210] ChangeConfig:REMOVE_PEER RPC for tablet 746f6d2632c94662b17611f9eef48af1 with cas_config_opid_index 3: ChangeConfig:REMOVE_PEER succeeded (attempt 1)
I20260710 11:12:13.262017  4493 raft_consensus.cc:2955] T 746f6d2632c94662b17611f9eef48af1 P 8cbe63913438405fa532daf21e8d4cfa [term 1 FOLLOWER]: Committing config change with OpId 1.4: config changed from index 3 to 4, VOTER 156ac49c43c64f3c862b861fcf485210 (127.2.229.67) evicted. New config: { opid_index: 4 OBSOLETE_local: false peers { permanent_uuid: "c3d05abd29b848d484e1c301d242759c" member_type: VOTER last_known_addr { host: "127.2.229.65" port: 40599 } } peers { permanent_uuid: "355cd060e1cd4f77ba9158b12e772766" member_type: VOTER last_known_addr { host: "127.2.229.66" port: 40935 } } peers { permanent_uuid: "8cbe63913438405fa532daf21e8d4cfa" member_type: VOTER last_known_addr { host: "127.2.229.68" port: 39743 } attrs { promote: false } } }
I20260710 11:12:13.289314  3980 catalog_manager.cc:5697] T 746f6d2632c94662b17611f9eef48af1 P 8cbe63913438405fa532daf21e8d4cfa reported cstate change: config changed from index 3 to 4, VOTER 156ac49c43c64f3c862b861fcf485210 (127.2.229.67) evicted. New cstate: current_term: 1 leader_uuid: "c3d05abd29b848d484e1c301d242759c" committed_config { opid_index: 4 OBSOLETE_local: false peers { permanent_uuid: "c3d05abd29b848d484e1c301d242759c" member_type: VOTER last_known_addr { host: "127.2.229.65" port: 40599 } } peers { permanent_uuid: "355cd060e1cd4f77ba9158b12e772766" member_type: VOTER last_known_addr { host: "127.2.229.66" port: 40935 } } peers { permanent_uuid: "8cbe63913438405fa532daf21e8d4cfa" member_type: VOTER last_known_addr { host: "127.2.229.68" port: 39743 } attrs { promote: false } } }
I20260710 11:12:13.293108  4229 consensus_queue.cc:237] T 0bee00e21ca6495d9879f611ec3690cb P 156ac49c43c64f3c862b861fcf485210 [LEADER]: Queue going to LEADER mode. State: All replicated index: 0, Majority replicated index: 3, Committed index: 3, Last appended: 1.3, Last appended by leader: 0, Current term: 1, Majority size: 2, State: 0, Mode: LEADER, active raft config: opid_index: 4 OBSOLETE_local: false peers { permanent_uuid: "c3d05abd29b848d484e1c301d242759c" member_type: VOTER last_known_addr { host: "127.2.229.65" port: 40599 } } peers { permanent_uuid: "156ac49c43c64f3c862b861fcf485210" member_type: VOTER last_known_addr { host: "127.2.229.67" port: 39955 } } peers { permanent_uuid: "8cbe63913438405fa532daf21e8d4cfa" member_type: VOTER last_known_addr { host: "127.2.229.68" port: 39743 } attrs { promote: false } }
I20260710 11:12:13.293108  4228 consensus_queue.cc:237] T d928ef22b87548c5ad4c17308cafda79 P 156ac49c43c64f3c862b861fcf485210 [LEADER]: Queue going to LEADER mode. State: All replicated index: 0, Majority replicated index: 3, Committed index: 3, Last appended: 1.3, Last appended by leader: 0, Current term: 1, Majority size: 2, State: 0, Mode: LEADER, active raft config: opid_index: 4 OBSOLETE_local: false peers { permanent_uuid: "355cd060e1cd4f77ba9158b12e772766" member_type: VOTER last_known_addr { host: "127.2.229.66" port: 40935 } } peers { permanent_uuid: "156ac49c43c64f3c862b861fcf485210" member_type: VOTER last_known_addr { host: "127.2.229.67" port: 39955 } } peers { permanent_uuid: "8cbe63913438405fa532daf21e8d4cfa" member_type: VOTER last_known_addr { host: "127.2.229.68" port: 39743 } attrs { promote: false } }
I20260710 11:12:13.300635  4080 consensus_queue.cc:237] T 37ef04fc0f584d9da8ed0772a1e9ccd0 P c3d05abd29b848d484e1c301d242759c [LEADER]: Queue going to LEADER mode. State: All replicated index: 0, Majority replicated index: 3, Committed index: 3, Last appended: 1.3, Last appended by leader: 0, Current term: 1, Majority size: 2, State: 0, Mode: LEADER, active raft config: opid_index: 4 OBSOLETE_local: false peers { permanent_uuid: "c3d05abd29b848d484e1c301d242759c" member_type: VOTER last_known_addr { host: "127.2.229.65" port: 40599 } } peers { permanent_uuid: "156ac49c43c64f3c862b861fcf485210" member_type: VOTER last_known_addr { host: "127.2.229.67" port: 39955 } } peers { permanent_uuid: "8cbe63913438405fa532daf21e8d4cfa" member_type: VOTER last_known_addr { host: "127.2.229.68" port: 39743 } attrs { promote: false } }
I20260710 11:12:13.308137  4493 raft_consensus.cc:1275] T d928ef22b87548c5ad4c17308cafda79 P 8cbe63913438405fa532daf21e8d4cfa [term 1 FOLLOWER]: Refusing update from remote peer 156ac49c43c64f3c862b861fcf485210: Log matching property violated. Preceding OpId in replica: term: 1 index: 3. Preceding OpId from leader: term: 1 index: 4. (index mismatch)
I20260710 11:12:13.308429  4492 raft_consensus.cc:1275] T 0bee00e21ca6495d9879f611ec3690cb P 8cbe63913438405fa532daf21e8d4cfa [term 1 FOLLOWER]: Refusing update from remote peer 156ac49c43c64f3c862b861fcf485210: Log matching property violated. Preceding OpId in replica: term: 1 index: 3. Preceding OpId from leader: term: 1 index: 4. (index mismatch)
I20260710 11:12:13.308917  4491 raft_consensus.cc:1275] T 37ef04fc0f584d9da8ed0772a1e9ccd0 P 8cbe63913438405fa532daf21e8d4cfa [term 1 FOLLOWER]: Refusing update from remote peer c3d05abd29b848d484e1c301d242759c: Log matching property violated. Preceding OpId in replica: term: 1 index: 3. Preceding OpId from leader: term: 1 index: 4. (index mismatch)
I20260710 11:12:13.310880  4231 raft_consensus.cc:1275] T 37ef04fc0f584d9da8ed0772a1e9ccd0 P 156ac49c43c64f3c862b861fcf485210 [term 1 FOLLOWER]: Refusing update from remote peer c3d05abd29b848d484e1c301d242759c: Log matching property violated. Preceding OpId in replica: term: 1 index: 3. Preceding OpId from leader: term: 1 index: 4. (index mismatch)
I20260710 11:12:13.311169  4566 consensus_queue.cc:1048] T d928ef22b87548c5ad4c17308cafda79 P 156ac49c43c64f3c862b861fcf485210 [LEADER]: Connected to new peer: Peer: permanent_uuid: "8cbe63913438405fa532daf21e8d4cfa" member_type: VOTER last_known_addr { host: "127.2.229.68" port: 39743 } attrs { promote: false }, Status: LMP_MISMATCH, Last received: 0.0, Next index: 4, Last known committed idx: 3, Time since last communication: 0.000s
I20260710 11:12:13.310647  4572 consensus_queue.cc:1048] T 37ef04fc0f584d9da8ed0772a1e9ccd0 P c3d05abd29b848d484e1c301d242759c [LEADER]: Connected to new peer: Peer: permanent_uuid: "8cbe63913438405fa532daf21e8d4cfa" member_type: VOTER last_known_addr { host: "127.2.229.68" port: 39743 } attrs { promote: false }, Status: LMP_MISMATCH, Last received: 0.0, Next index: 4, Last known committed idx: 3, Time since last communication: 0.000s
I20260710 11:12:13.313019  4566 consensus_queue.cc:1048] T 0bee00e21ca6495d9879f611ec3690cb P 156ac49c43c64f3c862b861fcf485210 [LEADER]: Connected to new peer: Peer: permanent_uuid: "8cbe63913438405fa532daf21e8d4cfa" member_type: VOTER last_known_addr { host: "127.2.229.68" port: 39743 } attrs { promote: false }, Status: LMP_MISMATCH, Last received: 0.0, Next index: 4, Last known committed idx: 3, Time since last communication: 0.000s
I20260710 11:12:13.313650  4572 consensus_queue.cc:1048] T 37ef04fc0f584d9da8ed0772a1e9ccd0 P c3d05abd29b848d484e1c301d242759c [LEADER]: Connected to new peer: Peer: permanent_uuid: "156ac49c43c64f3c862b861fcf485210" member_type: VOTER last_known_addr { host: "127.2.229.67" port: 39955 }, Status: LMP_MISMATCH, Last received: 0.0, Next index: 4, Last known committed idx: 3, Time since last communication: 0.000s
I20260710 11:12:13.316751  4080 raft_consensus.cc:1275] T 0bee00e21ca6495d9879f611ec3690cb P c3d05abd29b848d484e1c301d242759c [term 1 FOLLOWER]: Refusing update from remote peer 156ac49c43c64f3c862b861fcf485210: Log matching property violated. Preceding OpId in replica: term: 1 index: 3. Preceding OpId from leader: term: 1 index: 4. (index mismatch)
I20260710 11:12:13.318547  4571 consensus_queue.cc:1048] T 0bee00e21ca6495d9879f611ec3690cb P 156ac49c43c64f3c862b861fcf485210 [LEADER]: Connected to new peer: Peer: permanent_uuid: "c3d05abd29b848d484e1c301d242759c" member_type: VOTER last_known_addr { host: "127.2.229.65" port: 40599 }, Status: LMP_MISMATCH, Last received: 0.0, Next index: 4, Last known committed idx: 3, Time since last communication: 0.000s
I20260710 11:12:13.323295  4583 raft_consensus.cc:2955] T 37ef04fc0f584d9da8ed0772a1e9ccd0 P c3d05abd29b848d484e1c301d242759c [term 1 LEADER]: Committing config change with OpId 1.4: config changed from index 3 to 4, VOTER 355cd060e1cd4f77ba9158b12e772766 (127.2.229.66) evicted. New config: { opid_index: 4 OBSOLETE_local: false peers { permanent_uuid: "c3d05abd29b848d484e1c301d242759c" member_type: VOTER last_known_addr { host: "127.2.229.65" port: 40599 } } peers { permanent_uuid: "156ac49c43c64f3c862b861fcf485210" member_type: VOTER last_known_addr { host: "127.2.229.67" port: 39955 } } peers { permanent_uuid: "8cbe63913438405fa532daf21e8d4cfa" member_type: VOTER last_known_addr { host: "127.2.229.68" port: 39743 } attrs { promote: false } } }
I20260710 11:12:13.326894  4215 tablet_service.cc:1558] Processing DeleteTablet for tablet 746f6d2632c94662b17611f9eef48af1 with delete_type TABLET_DATA_TOMBSTONED (TS 156ac49c43c64f3c862b861fcf485210 not found in new config with opid_index 4) from {username='slave'} at 127.0.0.1:50246
I20260710 11:12:13.328243  4156 raft_consensus.cc:1275] T d928ef22b87548c5ad4c17308cafda79 P 355cd060e1cd4f77ba9158b12e772766 [term 1 FOLLOWER]: Refusing update from remote peer 156ac49c43c64f3c862b861fcf485210: Log matching property violated. Preceding OpId in replica: term: 1 index: 3. Preceding OpId from leader: term: 1 index: 4. (index mismatch)
I20260710 11:12:13.339915  4566 consensus_queue.cc:1048] T d928ef22b87548c5ad4c17308cafda79 P 156ac49c43c64f3c862b861fcf485210 [LEADER]: Connected to new peer: Peer: permanent_uuid: "355cd060e1cd4f77ba9158b12e772766" member_type: VOTER last_known_addr { host: "127.2.229.66" port: 40935 }, Status: LMP_MISMATCH, Last received: 0.0, Next index: 4, Last known committed idx: 3, Time since last communication: 0.000s
I20260710 11:12:13.339526  4581 raft_consensus.cc:2955] T 0bee00e21ca6495d9879f611ec3690cb P 156ac49c43c64f3c862b861fcf485210 [term 1 LEADER]: Committing config change with OpId 1.4: config changed from index 3 to 4, VOTER 355cd060e1cd4f77ba9158b12e772766 (127.2.229.66) evicted. New config: { opid_index: 4 OBSOLETE_local: false peers { permanent_uuid: "c3d05abd29b848d484e1c301d242759c" member_type: VOTER last_known_addr { host: "127.2.229.65" port: 40599 } } peers { permanent_uuid: "156ac49c43c64f3c862b861fcf485210" member_type: VOTER last_known_addr { host: "127.2.229.67" port: 39955 } } peers { permanent_uuid: "8cbe63913438405fa532daf21e8d4cfa" member_type: VOTER last_known_addr { host: "127.2.229.68" port: 39743 } attrs { promote: false } } }
I20260710 11:12:13.333591  4231 raft_consensus.cc:2955] T 37ef04fc0f584d9da8ed0772a1e9ccd0 P 156ac49c43c64f3c862b861fcf485210 [term 1 FOLLOWER]: Committing config change with OpId 1.4: config changed from index 3 to 4, VOTER 355cd060e1cd4f77ba9158b12e772766 (127.2.229.66) evicted. New config: { opid_index: 4 OBSOLETE_local: false peers { permanent_uuid: "c3d05abd29b848d484e1c301d242759c" member_type: VOTER last_known_addr { host: "127.2.229.65" port: 40599 } } peers { permanent_uuid: "156ac49c43c64f3c862b861fcf485210" member_type: VOTER last_known_addr { host: "127.2.229.67" port: 39955 } } peers { permanent_uuid: "8cbe63913438405fa532daf21e8d4cfa" member_type: VOTER last_known_addr { host: "127.2.229.68" port: 39743 } attrs { promote: false } } }
I20260710 11:12:13.348483  4579 raft_consensus.cc:2955] T d928ef22b87548c5ad4c17308cafda79 P 156ac49c43c64f3c862b861fcf485210 [term 1 LEADER]: Committing config change with OpId 1.4: config changed from index 3 to 4, VOTER c3d05abd29b848d484e1c301d242759c (127.2.229.65) evicted. New config: { opid_index: 4 OBSOLETE_local: false peers { permanent_uuid: "355cd060e1cd4f77ba9158b12e772766" member_type: VOTER last_known_addr { host: "127.2.229.66" port: 40935 } } peers { permanent_uuid: "156ac49c43c64f3c862b861fcf485210" member_type: VOTER last_known_addr { host: "127.2.229.67" port: 39955 } } peers { permanent_uuid: "8cbe63913438405fa532daf21e8d4cfa" member_type: VOTER last_known_addr { host: "127.2.229.68" port: 39743 } attrs { promote: false } } }
I20260710 11:12:13.348905  4080 raft_consensus.cc:2955] T 0bee00e21ca6495d9879f611ec3690cb P c3d05abd29b848d484e1c301d242759c [term 1 FOLLOWER]: Committing config change with OpId 1.4: config changed from index 3 to 4, VOTER 355cd060e1cd4f77ba9158b12e772766 (127.2.229.66) evicted. New config: { opid_index: 4 OBSOLETE_local: false peers { permanent_uuid: "c3d05abd29b848d484e1c301d242759c" member_type: VOTER last_known_addr { host: "127.2.229.65" port: 40599 } } peers { permanent_uuid: "156ac49c43c64f3c862b861fcf485210" member_type: VOTER last_known_addr { host: "127.2.229.67" port: 39955 } } peers { permanent_uuid: "8cbe63913438405fa532daf21e8d4cfa" member_type: VOTER last_known_addr { host: "127.2.229.68" port: 39743 } attrs { promote: false } } }
I20260710 11:12:13.350034  4492 raft_consensus.cc:2955] T d928ef22b87548c5ad4c17308cafda79 P 8cbe63913438405fa532daf21e8d4cfa [term 1 FOLLOWER]: Committing config change with OpId 1.4: config changed from index 3 to 4, VOTER c3d05abd29b848d484e1c301d242759c (127.2.229.65) evicted. New config: { opid_index: 4 OBSOLETE_local: false peers { permanent_uuid: "355cd060e1cd4f77ba9158b12e772766" member_type: VOTER last_known_addr { host: "127.2.229.66" port: 40935 } } peers { permanent_uuid: "156ac49c43c64f3c862b861fcf485210" member_type: VOTER last_known_addr { host: "127.2.229.67" port: 39955 } } peers { permanent_uuid: "8cbe63913438405fa532daf21e8d4cfa" member_type: VOTER last_known_addr { host: "127.2.229.68" port: 39743 } attrs { promote: false } } }
I20260710 11:12:13.359613  4156 raft_consensus.cc:2955] T d928ef22b87548c5ad4c17308cafda79 P 355cd060e1cd4f77ba9158b12e772766 [term 1 FOLLOWER]: Committing config change with OpId 1.4: config changed from index 3 to 4, VOTER c3d05abd29b848d484e1c301d242759c (127.2.229.65) evicted. New config: { opid_index: 4 OBSOLETE_local: false peers { permanent_uuid: "355cd060e1cd4f77ba9158b12e772766" member_type: VOTER last_known_addr { host: "127.2.229.66" port: 40935 } } peers { permanent_uuid: "156ac49c43c64f3c862b861fcf485210" member_type: VOTER last_known_addr { host: "127.2.229.67" port: 39955 } } peers { permanent_uuid: "8cbe63913438405fa532daf21e8d4cfa" member_type: VOTER last_known_addr { host: "127.2.229.68" port: 39743 } attrs { promote: false } } }
I20260710 11:12:13.374783  3977 catalog_manager.cc:5697] T d928ef22b87548c5ad4c17308cafda79 P 355cd060e1cd4f77ba9158b12e772766 reported cstate change: config changed from index 3 to 4, VOTER c3d05abd29b848d484e1c301d242759c (127.2.229.65) evicted. New cstate: current_term: 1 leader_uuid: "156ac49c43c64f3c862b861fcf485210" committed_config { opid_index: 4 OBSOLETE_local: false peers { permanent_uuid: "355cd060e1cd4f77ba9158b12e772766" member_type: VOTER last_known_addr { host: "127.2.229.66" port: 40935 } } peers { permanent_uuid: "156ac49c43c64f3c862b861fcf485210" member_type: VOTER last_known_addr { host: "127.2.229.67" port: 39955 } } peers { permanent_uuid: "8cbe63913438405fa532daf21e8d4cfa" member_type: VOTER last_known_addr { host: "127.2.229.68" port: 39743 } attrs { promote: false } } }
I20260710 11:12:13.374315  4491 raft_consensus.cc:2955] T 37ef04fc0f584d9da8ed0772a1e9ccd0 P 8cbe63913438405fa532daf21e8d4cfa [term 1 FOLLOWER]: Committing config change with OpId 1.4: config changed from index 3 to 4, VOTER 355cd060e1cd4f77ba9158b12e772766 (127.2.229.66) evicted. New config: { opid_index: 4 OBSOLETE_local: false peers { permanent_uuid: "c3d05abd29b848d484e1c301d242759c" member_type: VOTER last_known_addr { host: "127.2.229.65" port: 40599 } } peers { permanent_uuid: "156ac49c43c64f3c862b861fcf485210" member_type: VOTER last_known_addr { host: "127.2.229.67" port: 39955 } } peers { permanent_uuid: "8cbe63913438405fa532daf21e8d4cfa" member_type: VOTER last_known_addr { host: "127.2.229.68" port: 39743 } attrs { promote: false } } }
I20260710 11:12:13.378885  4493 raft_consensus.cc:2955] T 0bee00e21ca6495d9879f611ec3690cb P 8cbe63913438405fa532daf21e8d4cfa [term 1 FOLLOWER]: Committing config change with OpId 1.4: config changed from index 3 to 4, VOTER 355cd060e1cd4f77ba9158b12e772766 (127.2.229.66) evicted. New config: { opid_index: 4 OBSOLETE_local: false peers { permanent_uuid: "c3d05abd29b848d484e1c301d242759c" member_type: VOTER last_known_addr { host: "127.2.229.65" port: 40599 } } peers { permanent_uuid: "156ac49c43c64f3c862b861fcf485210" member_type: VOTER last_known_addr { host: "127.2.229.67" port: 39955 } } peers { permanent_uuid: "8cbe63913438405fa532daf21e8d4cfa" member_type: VOTER last_known_addr { host: "127.2.229.68" port: 39743 } attrs { promote: false } } }
I20260710 11:12:13.382094  3966 catalog_manager.cc:5210] ChangeConfig:REMOVE_PEER RPC for tablet 37ef04fc0f584d9da8ed0772a1e9ccd0 with cas_config_opid_index 3: ChangeConfig:REMOVE_PEER succeeded (attempt 1)
I20260710 11:12:13.388026  3980 catalog_manager.cc:5697] T 37ef04fc0f584d9da8ed0772a1e9ccd0 P c3d05abd29b848d484e1c301d242759c reported cstate change: config changed from index 3 to 4, VOTER 355cd060e1cd4f77ba9158b12e772766 (127.2.229.66) evicted. New cstate: current_term: 1 leader_uuid: "c3d05abd29b848d484e1c301d242759c" committed_config { opid_index: 4 OBSOLETE_local: false peers { permanent_uuid: "c3d05abd29b848d484e1c301d242759c" member_type: VOTER last_known_addr { host: "127.2.229.65" port: 40599 } health_report { overall_health: HEALTHY } } peers { permanent_uuid: "156ac49c43c64f3c862b861fcf485210" member_type: VOTER last_known_addr { host: "127.2.229.67" port: 39955 } health_report { overall_health: HEALTHY } } peers { permanent_uuid: "8cbe63913438405fa532daf21e8d4cfa" member_type: VOTER last_known_addr { host: "127.2.229.68" port: 39743 } attrs { promote: false } health_report { overall_health: HEALTHY } } }
I20260710 11:12:13.401186  4600 tablet_replica.cc:333] T 746f6d2632c94662b17611f9eef48af1 P 156ac49c43c64f3c862b861fcf485210: stopping tablet replica
I20260710 11:12:13.402480  3967 catalog_manager.cc:5210] ChangeConfig:REMOVE_PEER RPC for tablet 0bee00e21ca6495d9879f611ec3690cb with cas_config_opid_index 3: ChangeConfig:REMOVE_PEER succeeded (attempt 1)
I20260710 11:12:13.403184  4600 raft_consensus.cc:2243] T 746f6d2632c94662b17611f9eef48af1 P 156ac49c43c64f3c862b861fcf485210 [term 1 FOLLOWER]: Raft consensus shutting down.
I20260710 11:12:13.405097  3967 catalog_manager.cc:5210] ChangeConfig:REMOVE_PEER RPC for tablet d928ef22b87548c5ad4c17308cafda79 with cas_config_opid_index 3: ChangeConfig:REMOVE_PEER succeeded (attempt 1)
I20260710 11:12:13.411367  4145 tablet_service.cc:1558] Processing DeleteTablet for tablet 37ef04fc0f584d9da8ed0772a1e9ccd0 with delete_type TABLET_DATA_TOMBSTONED (TS 355cd060e1cd4f77ba9158b12e772766 not found in new config with opid_index 4) from {username='slave'} at 127.0.0.1:51850
I20260710 11:12:13.412645  4600 raft_consensus.cc:2272] T 746f6d2632c94662b17611f9eef48af1 P 156ac49c43c64f3c862b861fcf485210 [term 1 FOLLOWER]: Raft consensus is shut down!
I20260710 11:12:13.419104  3979 catalog_manager.cc:5697] T 0bee00e21ca6495d9879f611ec3690cb P 156ac49c43c64f3c862b861fcf485210 reported cstate change: config changed from index 3 to 4, VOTER 355cd060e1cd4f77ba9158b12e772766 (127.2.229.66) evicted. New cstate: current_term: 1 leader_uuid: "156ac49c43c64f3c862b861fcf485210" committed_config { opid_index: 4 OBSOLETE_local: false peers { permanent_uuid: "c3d05abd29b848d484e1c301d242759c" member_type: VOTER last_known_addr { host: "127.2.229.65" port: 40599 } health_report { overall_health: HEALTHY } } peers { permanent_uuid: "156ac49c43c64f3c862b861fcf485210" member_type: VOTER last_known_addr { host: "127.2.229.67" port: 39955 } health_report { overall_health: HEALTHY } } peers { permanent_uuid: "8cbe63913438405fa532daf21e8d4cfa" member_type: VOTER last_known_addr { host: "127.2.229.68" port: 39743 } attrs { promote: false } health_report { overall_health: HEALTHY } } }
I20260710 11:12:13.431643  4065 tablet_service.cc:1558] Processing DeleteTablet for tablet d928ef22b87548c5ad4c17308cafda79 with delete_type TABLET_DATA_TOMBSTONED (TS c3d05abd29b848d484e1c301d242759c not found in new config with opid_index 4) from {username='slave'} at 127.0.0.1:48844
I20260710 11:12:13.442441  4600 ts_tablet_manager.cc:1916] T 746f6d2632c94662b17611f9eef48af1 P 156ac49c43c64f3c862b861fcf485210: Deleting tablet data with delete state TABLET_DATA_TOMBSTONED
I20260710 11:12:13.450162  4601 tablet_replica.cc:333] T 37ef04fc0f584d9da8ed0772a1e9ccd0 P 355cd060e1cd4f77ba9158b12e772766: stopping tablet replica
I20260710 11:12:13.452052  4601 raft_consensus.cc:2243] T 37ef04fc0f584d9da8ed0772a1e9ccd0 P 355cd060e1cd4f77ba9158b12e772766 [term 1 FOLLOWER]: Raft consensus shutting down.
I20260710 11:12:13.452911  4602 tablet_replica.cc:333] T d928ef22b87548c5ad4c17308cafda79 P c3d05abd29b848d484e1c301d242759c: stopping tablet replica
I20260710 11:12:13.452971  4601 raft_consensus.cc:2272] T 37ef04fc0f584d9da8ed0772a1e9ccd0 P 355cd060e1cd4f77ba9158b12e772766 [term 1 FOLLOWER]: Raft consensus is shut down!
I20260710 11:12:13.450281  4145 tablet_service.cc:1558] Processing DeleteTablet for tablet 0bee00e21ca6495d9879f611ec3690cb with delete_type TABLET_DATA_TOMBSTONED (TS 355cd060e1cd4f77ba9158b12e772766 not found in new config with opid_index 4) from {username='slave'} at 127.0.0.1:51850
I20260710 11:12:13.453881  4602 raft_consensus.cc:2243] T d928ef22b87548c5ad4c17308cafda79 P c3d05abd29b848d484e1c301d242759c [term 1 FOLLOWER]: Raft consensus shutting down.
I20260710 11:12:13.458729  4602 raft_consensus.cc:2272] T d928ef22b87548c5ad4c17308cafda79 P c3d05abd29b848d484e1c301d242759c [term 1 FOLLOWER]: Raft consensus is shut down!
I20260710 11:12:13.459700  4601 ts_tablet_manager.cc:1916] T 37ef04fc0f584d9da8ed0772a1e9ccd0 P 355cd060e1cd4f77ba9158b12e772766: Deleting tablet data with delete state TABLET_DATA_TOMBSTONED
I20260710 11:12:13.465999  4602 ts_tablet_manager.cc:1916] T d928ef22b87548c5ad4c17308cafda79 P c3d05abd29b848d484e1c301d242759c: Deleting tablet data with delete state TABLET_DATA_TOMBSTONED
I20260710 11:12:13.467794  4600 ts_tablet_manager.cc:1929] T 746f6d2632c94662b17611f9eef48af1 P 156ac49c43c64f3c862b861fcf485210: tablet deleted with delete type TABLET_DATA_TOMBSTONED: last-logged OpId 1.3
I20260710 11:12:13.470777  4600 log.cc:1199] T 746f6d2632c94662b17611f9eef48af1 P 156ac49c43c64f3c862b861fcf485210: Deleting WAL directory at /tmp/dist-test-taskjSqDXZ/test-tmp/auto_leader_rebalancer-test.0.LeaderRebalancerTest.AddTserver.1783681902411486-2965-0/minicluster-data/ts-2-root/wals/746f6d2632c94662b17611f9eef48af1
I20260710 11:12:13.472992  3967 catalog_manager.cc:5028] TS 156ac49c43c64f3c862b861fcf485210 (127.2.229.67:39955): tablet 746f6d2632c94662b17611f9eef48af1 (table test-workload [id=30af3b2984904811b65c2ce3b38f4cd2]) successfully deleted
I20260710 11:12:13.478806  4601 ts_tablet_manager.cc:1929] T 37ef04fc0f584d9da8ed0772a1e9ccd0 P 355cd060e1cd4f77ba9158b12e772766: tablet deleted with delete type TABLET_DATA_TOMBSTONED: last-logged OpId 1.3
I20260710 11:12:13.479810  4601 log.cc:1199] T 37ef04fc0f584d9da8ed0772a1e9ccd0 P 355cd060e1cd4f77ba9158b12e772766: Deleting WAL directory at /tmp/dist-test-taskjSqDXZ/test-tmp/auto_leader_rebalancer-test.0.LeaderRebalancerTest.AddTserver.1783681902411486-2965-0/minicluster-data/ts-1-root/wals/37ef04fc0f584d9da8ed0772a1e9ccd0
I20260710 11:12:13.483440  4601 tablet_replica.cc:333] T 0bee00e21ca6495d9879f611ec3690cb P 355cd060e1cd4f77ba9158b12e772766: stopping tablet replica
I20260710 11:12:13.483383  3967 catalog_manager.cc:5028] TS 355cd060e1cd4f77ba9158b12e772766 (127.2.229.66:40935): tablet 37ef04fc0f584d9da8ed0772a1e9ccd0 (table test-workload [id=30af3b2984904811b65c2ce3b38f4cd2]) successfully deleted
I20260710 11:12:13.484520  4601 raft_consensus.cc:2243] T 0bee00e21ca6495d9879f611ec3690cb P 355cd060e1cd4f77ba9158b12e772766 [term 1 FOLLOWER]: Raft consensus shutting down.
I20260710 11:12:13.485235  4601 raft_consensus.cc:2272] T 0bee00e21ca6495d9879f611ec3690cb P 355cd060e1cd4f77ba9158b12e772766 [term 1 FOLLOWER]: Raft consensus is shut down!
I20260710 11:12:13.488472  4601 ts_tablet_manager.cc:1916] T 0bee00e21ca6495d9879f611ec3690cb P 355cd060e1cd4f77ba9158b12e772766: Deleting tablet data with delete state TABLET_DATA_TOMBSTONED
I20260710 11:12:13.488514  4602 ts_tablet_manager.cc:1929] T d928ef22b87548c5ad4c17308cafda79 P c3d05abd29b848d484e1c301d242759c: tablet deleted with delete type TABLET_DATA_TOMBSTONED: last-logged OpId 1.3
I20260710 11:12:13.489132  4602 log.cc:1199] T d928ef22b87548c5ad4c17308cafda79 P c3d05abd29b848d484e1c301d242759c: Deleting WAL directory at /tmp/dist-test-taskjSqDXZ/test-tmp/auto_leader_rebalancer-test.0.LeaderRebalancerTest.AddTserver.1783681902411486-2965-0/minicluster-data/ts-0-root/wals/d928ef22b87548c5ad4c17308cafda79
I20260710 11:12:13.491511  3966 catalog_manager.cc:5028] TS c3d05abd29b848d484e1c301d242759c (127.2.229.65:40599): tablet d928ef22b87548c5ad4c17308cafda79 (table test-workload [id=30af3b2984904811b65c2ce3b38f4cd2]) successfully deleted
I20260710 11:12:13.502123  4601 ts_tablet_manager.cc:1929] T 0bee00e21ca6495d9879f611ec3690cb P 355cd060e1cd4f77ba9158b12e772766: tablet deleted with delete type TABLET_DATA_TOMBSTONED: last-logged OpId 1.3
I20260710 11:12:13.502557  4601 log.cc:1199] T 0bee00e21ca6495d9879f611ec3690cb P 355cd060e1cd4f77ba9158b12e772766: Deleting WAL directory at /tmp/dist-test-taskjSqDXZ/test-tmp/auto_leader_rebalancer-test.0.LeaderRebalancerTest.AddTserver.1783681902411486-2965-0/minicluster-data/ts-1-root/wals/0bee00e21ca6495d9879f611ec3690cb
I20260710 11:12:13.503881  3967 catalog_manager.cc:5028] TS 355cd060e1cd4f77ba9158b12e772766 (127.2.229.66:40935): tablet 0bee00e21ca6495d9879f611ec3690cb (table test-workload [id=30af3b2984904811b65c2ce3b38f4cd2]) successfully deleted
I20260710 11:12:14.492360  4080 consensus_queue.cc:237] T 4d67fca12217449784dfa28873038d5d P c3d05abd29b848d484e1c301d242759c [LEADER]: Queue going to LEADER mode. State: All replicated index: 0, Majority replicated index: 1, Committed index: 1, Last appended: 1.1, Last appended by leader: 0, Current term: 1, Majority size: 2, State: 0, Mode: LEADER, active raft config: opid_index: 2 OBSOLETE_local: false peers { permanent_uuid: "c3d05abd29b848d484e1c301d242759c" member_type: VOTER last_known_addr { host: "127.2.229.65" port: 40599 } } peers { permanent_uuid: "355cd060e1cd4f77ba9158b12e772766" member_type: VOTER last_known_addr { host: "127.2.229.66" port: 40935 } } peers { permanent_uuid: "156ac49c43c64f3c862b861fcf485210" member_type: VOTER last_known_addr { host: "127.2.229.67" port: 39955 } attrs { replace: true } } peers { permanent_uuid: "8cbe63913438405fa532daf21e8d4cfa" member_type: NON_VOTER last_known_addr { host: "127.2.229.68" port: 39743 } attrs { promote: true } }
W20260710 11:12:14.499224  4048 consensus_peers.cc:597] T 4d67fca12217449784dfa28873038d5d P c3d05abd29b848d484e1c301d242759c -> Peer 8cbe63913438405fa532daf21e8d4cfa (127.2.229.68:39743): Couldn't send request to peer 8cbe63913438405fa532daf21e8d4cfa. Error code: TABLET_NOT_FOUND (6). Status: Not found: Tablet not found: 4d67fca12217449784dfa28873038d5d. This is attempt 1: this message will repeat every 5th retry.
I20260710 11:12:14.499485  4228 raft_consensus.cc:1275] T 4d67fca12217449784dfa28873038d5d P 156ac49c43c64f3c862b861fcf485210 [term 1 FOLLOWER]: Refusing update from remote peer c3d05abd29b848d484e1c301d242759c: Log matching property violated. Preceding OpId in replica: term: 1 index: 1. Preceding OpId from leader: term: 1 index: 2. (index mismatch)
I20260710 11:12:14.500984  4156 raft_consensus.cc:1275] T 4d67fca12217449784dfa28873038d5d P 355cd060e1cd4f77ba9158b12e772766 [term 1 FOLLOWER]: Refusing update from remote peer c3d05abd29b848d484e1c301d242759c: Log matching property violated. Preceding OpId in replica: term: 1 index: 1. Preceding OpId from leader: term: 1 index: 2. (index mismatch)
I20260710 11:12:14.500958  4379 consensus_queue.cc:1048] T 4d67fca12217449784dfa28873038d5d P c3d05abd29b848d484e1c301d242759c [LEADER]: Connected to new peer: Peer: permanent_uuid: "156ac49c43c64f3c862b861fcf485210" member_type: VOTER last_known_addr { host: "127.2.229.67" port: 39955 } attrs { replace: true }, Status: LMP_MISMATCH, Last received: 0.0, Next index: 2, Last known committed idx: 1, Time since last communication: 0.001s
I20260710 11:12:14.502337  4583 consensus_queue.cc:1048] T 4d67fca12217449784dfa28873038d5d P c3d05abd29b848d484e1c301d242759c [LEADER]: Connected to new peer: Peer: permanent_uuid: "355cd060e1cd4f77ba9158b12e772766" member_type: VOTER last_known_addr { host: "127.2.229.66" port: 40935 }, Status: LMP_MISMATCH, Last received: 0.0, Next index: 2, Last known committed idx: 1, Time since last communication: 0.000s
I20260710 11:12:14.510808  4379 raft_consensus.cc:2955] T 4d67fca12217449784dfa28873038d5d P c3d05abd29b848d484e1c301d242759c [term 1 LEADER]: Committing config change with OpId 1.2: config changed from index -1 to 2, NON_VOTER 8cbe63913438405fa532daf21e8d4cfa (127.2.229.68) added. New config: { opid_index: 2 OBSOLETE_local: false peers { permanent_uuid: "c3d05abd29b848d484e1c301d242759c" member_type: VOTER last_known_addr { host: "127.2.229.65" port: 40599 } } peers { permanent_uuid: "355cd060e1cd4f77ba9158b12e772766" member_type: VOTER last_known_addr { host: "127.2.229.66" port: 40935 } } peers { permanent_uuid: "156ac49c43c64f3c862b861fcf485210" member_type: VOTER last_known_addr { host: "127.2.229.67" port: 39955 } attrs { replace: true } } peers { permanent_uuid: "8cbe63913438405fa532daf21e8d4cfa" member_type: NON_VOTER last_known_addr { host: "127.2.229.68" port: 39743 } attrs { promote: true } } }
I20260710 11:12:14.512547  4228 raft_consensus.cc:2955] T 4d67fca12217449784dfa28873038d5d P 156ac49c43c64f3c862b861fcf485210 [term 1 FOLLOWER]: Committing config change with OpId 1.2: config changed from index -1 to 2, NON_VOTER 8cbe63913438405fa532daf21e8d4cfa (127.2.229.68) added. New config: { opid_index: 2 OBSOLETE_local: false peers { permanent_uuid: "c3d05abd29b848d484e1c301d242759c" member_type: VOTER last_known_addr { host: "127.2.229.65" port: 40599 } } peers { permanent_uuid: "355cd060e1cd4f77ba9158b12e772766" member_type: VOTER last_known_addr { host: "127.2.229.66" port: 40935 } } peers { permanent_uuid: "156ac49c43c64f3c862b861fcf485210" member_type: VOTER last_known_addr { host: "127.2.229.67" port: 39955 } attrs { replace: true } } peers { permanent_uuid: "8cbe63913438405fa532daf21e8d4cfa" member_type: NON_VOTER last_known_addr { host: "127.2.229.68" port: 39743 } attrs { promote: true } } }
I20260710 11:12:14.514292  4155 raft_consensus.cc:2955] T 4d67fca12217449784dfa28873038d5d P 355cd060e1cd4f77ba9158b12e772766 [term 1 FOLLOWER]: Committing config change with OpId 1.2: config changed from index -1 to 2, NON_VOTER 8cbe63913438405fa532daf21e8d4cfa (127.2.229.68) added. New config: { opid_index: 2 OBSOLETE_local: false peers { permanent_uuid: "c3d05abd29b848d484e1c301d242759c" member_type: VOTER last_known_addr { host: "127.2.229.65" port: 40599 } } peers { permanent_uuid: "355cd060e1cd4f77ba9158b12e772766" member_type: VOTER last_known_addr { host: "127.2.229.66" port: 40935 } } peers { permanent_uuid: "156ac49c43c64f3c862b861fcf485210" member_type: VOTER last_known_addr { host: "127.2.229.67" port: 39955 } attrs { replace: true } } peers { permanent_uuid: "8cbe63913438405fa532daf21e8d4cfa" member_type: NON_VOTER last_known_addr { host: "127.2.229.68" port: 39743 } attrs { promote: true } } }
I20260710 11:12:14.528650  4228 consensus_queue.cc:237] T 4bd8bf58faa24a249edda5e3a8c48808 P 156ac49c43c64f3c862b861fcf485210 [LEADER]: Queue going to LEADER mode. State: All replicated index: 0, Majority replicated index: 1, Committed index: 1, Last appended: 1.1, Last appended by leader: 0, Current term: 1, Majority size: 2, State: 0, Mode: LEADER, active raft config: opid_index: 2 OBSOLETE_local: false peers { permanent_uuid: "c3d05abd29b848d484e1c301d242759c" member_type: VOTER last_known_addr { host: "127.2.229.65" port: 40599 } attrs { replace: true } } peers { permanent_uuid: "355cd060e1cd4f77ba9158b12e772766" member_type: VOTER last_known_addr { host: "127.2.229.66" port: 40935 } } peers { permanent_uuid: "156ac49c43c64f3c862b861fcf485210" member_type: VOTER last_known_addr { host: "127.2.229.67" port: 39955 } } peers { permanent_uuid: "8cbe63913438405fa532daf21e8d4cfa" member_type: NON_VOTER last_known_addr { host: "127.2.229.68" port: 39743 } attrs { promote: true } }
I20260710 11:12:14.531852  3980 catalog_manager.cc:5697] T 4d67fca12217449784dfa28873038d5d P 156ac49c43c64f3c862b861fcf485210 reported cstate change: config changed from index -1 to 2, NON_VOTER 8cbe63913438405fa532daf21e8d4cfa (127.2.229.68) added. New cstate: current_term: 1 leader_uuid: "c3d05abd29b848d484e1c301d242759c" committed_config { opid_index: 2 OBSOLETE_local: false peers { permanent_uuid: "c3d05abd29b848d484e1c301d242759c" member_type: VOTER last_known_addr { host: "127.2.229.65" port: 40599 } } peers { permanent_uuid: "355cd060e1cd4f77ba9158b12e772766" member_type: VOTER last_known_addr { host: "127.2.229.66" port: 40935 } } peers { permanent_uuid: "156ac49c43c64f3c862b861fcf485210" member_type: VOTER last_known_addr { host: "127.2.229.67" port: 39955 } attrs { replace: true } } peers { permanent_uuid: "8cbe63913438405fa532daf21e8d4cfa" member_type: NON_VOTER last_known_addr { host: "127.2.229.68" port: 39743 } attrs { promote: true } } }
I20260710 11:12:14.550339  4080 raft_consensus.cc:1275] T 4bd8bf58faa24a249edda5e3a8c48808 P c3d05abd29b848d484e1c301d242759c [term 1 FOLLOWER]: Refusing update from remote peer 156ac49c43c64f3c862b861fcf485210: Log matching property violated. Preceding OpId in replica: term: 1 index: 1. Preceding OpId from leader: term: 1 index: 2. (index mismatch)
W20260710 11:12:14.550488  4197 consensus_peers.cc:597] T 4bd8bf58faa24a249edda5e3a8c48808 P 156ac49c43c64f3c862b861fcf485210 -> Peer 8cbe63913438405fa532daf21e8d4cfa (127.2.229.68:39743): Couldn't send request to peer 8cbe63913438405fa532daf21e8d4cfa. Error code: TABLET_NOT_FOUND (6). Status: Not found: Tablet not found: 4bd8bf58faa24a249edda5e3a8c48808. This is attempt 1: this message will repeat every 5th retry.
I20260710 11:12:14.550997  4155 raft_consensus.cc:1275] T 4bd8bf58faa24a249edda5e3a8c48808 P 355cd060e1cd4f77ba9158b12e772766 [term 1 FOLLOWER]: Refusing update from remote peer 156ac49c43c64f3c862b861fcf485210: Log matching property violated. Preceding OpId in replica: term: 1 index: 1. Preceding OpId from leader: term: 1 index: 2. (index mismatch)
I20260710 11:12:14.551724  4604 consensus_queue.cc:1048] T 4bd8bf58faa24a249edda5e3a8c48808 P 156ac49c43c64f3c862b861fcf485210 [LEADER]: Connected to new peer: Peer: permanent_uuid: "c3d05abd29b848d484e1c301d242759c" member_type: VOTER last_known_addr { host: "127.2.229.65" port: 40599 } attrs { replace: true }, Status: LMP_MISMATCH, Last received: 0.0, Next index: 2, Last known committed idx: 1, Time since last communication: 0.000s
I20260710 11:12:14.552557  4603 consensus_queue.cc:1048] T 4bd8bf58faa24a249edda5e3a8c48808 P 156ac49c43c64f3c862b861fcf485210 [LEADER]: Connected to new peer: Peer: permanent_uuid: "355cd060e1cd4f77ba9158b12e772766" member_type: VOTER last_known_addr { host: "127.2.229.66" port: 40935 }, Status: LMP_MISMATCH, Last received: 0.0, Next index: 2, Last known committed idx: 1, Time since last communication: 0.000s
I20260710 11:12:14.568246  4603 raft_consensus.cc:2955] T 4bd8bf58faa24a249edda5e3a8c48808 P 156ac49c43c64f3c862b861fcf485210 [term 1 LEADER]: Committing config change with OpId 1.2: config changed from index -1 to 2, NON_VOTER 8cbe63913438405fa532daf21e8d4cfa (127.2.229.68) added. New config: { opid_index: 2 OBSOLETE_local: false peers { permanent_uuid: "c3d05abd29b848d484e1c301d242759c" member_type: VOTER last_known_addr { host: "127.2.229.65" port: 40599 } attrs { replace: true } } peers { permanent_uuid: "355cd060e1cd4f77ba9158b12e772766" member_type: VOTER last_known_addr { host: "127.2.229.66" port: 40935 } } peers { permanent_uuid: "156ac49c43c64f3c862b861fcf485210" member_type: VOTER last_known_addr { host: "127.2.229.67" port: 39955 } } peers { permanent_uuid: "8cbe63913438405fa532daf21e8d4cfa" member_type: NON_VOTER last_known_addr { host: "127.2.229.68" port: 39743 } attrs { promote: true } } }
I20260710 11:12:14.573446  4155 raft_consensus.cc:2955] T 4bd8bf58faa24a249edda5e3a8c48808 P 355cd060e1cd4f77ba9158b12e772766 [term 1 FOLLOWER]: Committing config change with OpId 1.2: config changed from index -1 to 2, NON_VOTER 8cbe63913438405fa532daf21e8d4cfa (127.2.229.68) added. New config: { opid_index: 2 OBSOLETE_local: false peers { permanent_uuid: "c3d05abd29b848d484e1c301d242759c" member_type: VOTER last_known_addr { host: "127.2.229.65" port: 40599 } attrs { replace: true } } peers { permanent_uuid: "355cd060e1cd4f77ba9158b12e772766" member_type: VOTER last_known_addr { host: "127.2.229.66" port: 40935 } } peers { permanent_uuid: "156ac49c43c64f3c862b861fcf485210" member_type: VOTER last_known_addr { host: "127.2.229.67" port: 39955 } } peers { permanent_uuid: "8cbe63913438405fa532daf21e8d4cfa" member_type: NON_VOTER last_known_addr { host: "127.2.229.68" port: 39743 } attrs { promote: true } } }
I20260710 11:12:14.587387  4228 consensus_queue.cc:237] T 2baa1e00f5914d1d8c598d225a193c11 P 156ac49c43c64f3c862b861fcf485210 [LEADER]: Queue going to LEADER mode. State: All replicated index: 0, Majority replicated index: 1, Committed index: 1, Last appended: 1.1, Last appended by leader: 0, Current term: 1, Majority size: 2, State: 0, Mode: LEADER, active raft config: opid_index: 2 OBSOLETE_local: false peers { permanent_uuid: "c3d05abd29b848d484e1c301d242759c" member_type: VOTER last_known_addr { host: "127.2.229.65" port: 40599 } } peers { permanent_uuid: "355cd060e1cd4f77ba9158b12e772766" member_type: VOTER last_known_addr { host: "127.2.229.66" port: 40935 } attrs { replace: true } } peers { permanent_uuid: "156ac49c43c64f3c862b861fcf485210" member_type: VOTER last_known_addr { host: "127.2.229.67" port: 39955 } } peers { permanent_uuid: "8cbe63913438405fa532daf21e8d4cfa" member_type: NON_VOTER last_known_addr { host: "127.2.229.68" port: 39743 } attrs { promote: true } }
I20260710 11:12:14.590593  4080 raft_consensus.cc:2955] T 4bd8bf58faa24a249edda5e3a8c48808 P c3d05abd29b848d484e1c301d242759c [term 1 FOLLOWER]: Committing config change with OpId 1.2: config changed from index -1 to 2, NON_VOTER 8cbe63913438405fa532daf21e8d4cfa (127.2.229.68) added. New config: { opid_index: 2 OBSOLETE_local: false peers { permanent_uuid: "c3d05abd29b848d484e1c301d242759c" member_type: VOTER last_known_addr { host: "127.2.229.65" port: 40599 } attrs { replace: true } } peers { permanent_uuid: "355cd060e1cd4f77ba9158b12e772766" member_type: VOTER last_known_addr { host: "127.2.229.66" port: 40935 } } peers { permanent_uuid: "156ac49c43c64f3c862b861fcf485210" member_type: VOTER last_known_addr { host: "127.2.229.67" port: 39955 } } peers { permanent_uuid: "8cbe63913438405fa532daf21e8d4cfa" member_type: NON_VOTER last_known_addr { host: "127.2.229.68" port: 39743 } attrs { promote: true } } }
