uuid: "16b537c931e247b9a4c587bc1fdac0d8"
format_stamp: "Formatted at 2026-07-10 11:11:56 on dist-test-slave-kx9w"
I20260710 11:11:56.582994  2316 fs_report.cc:389] FS layout report
--------------------
wal directory: /tmp/dist-test-taskGRWXjj/test-tmp/auto_leader_rebalancer-test.0.LeaderRebalancerTest.FunctionalTestForNotDivided.1783681901888498-2316-0/minicluster-data/ts-1-root
metadata directory: /tmp/dist-test-taskGRWXjj/test-tmp/auto_leader_rebalancer-test.0.LeaderRebalancerTest.FunctionalTestForNotDivided.1783681901888498-2316-0/minicluster-data/ts-1-root
1 data directories: /tmp/dist-test-taskGRWXjj/test-tmp/auto_leader_rebalancer-test.0.LeaderRebalancerTest.FunctionalTestForNotDivided.1783681901888498-2316-0/minicluster-data/ts-1-root/data
Total live blocks: 0
Total live bytes: 0
Total live bytes (after alignment): 0
Total number of LBM containers: 0 (0 full)
Did not check for missing blocks
Did not check for orphaned blocks
Total full LBM containers with extra space: 0 (0 repaired)
Total full LBM container extra space in bytes: 0 (0 repaired)
Total incomplete LBM containers: 0 (0 repaired)
Total LBM partial records: 0 (0 repaired)
Total corrupted LBM metadata records in RocksDB: 0 (0 repaired)
I20260710 11:11:56.621268  2316 rpc_server.cc:225] running with OpenSSL 1.1.1  11 Sep 2018
I20260710 11:11:56.622421  2316 kserver.cc:163] Server-wide thread pool size limit: 3276
I20260710 11:11:56.623804  2316 txn_system_client.cc:432] TxnSystemClient initialization is disabled...
I20260710 11:11:56.625885  2316 ts_tablet_manager.cc:585] Loaded tablet metadata (0 total tablets, 0 live tablets)
I20260710 11:11:56.626094  2316 ts_tablet_manager.cc:531] Time spent load tablet metadata: real 0.000s	user 0.000s	sys 0.000s
I20260710 11:11:56.626343  2316 ts_tablet_manager.cc:616] Registered 0 tablets
I20260710 11:11:56.626509  2316 ts_tablet_manager.cc:595] Time spent register tablets: real 0.000s	user 0.000s	sys 0.000s
I20260710 11:11:56.667032  2316 rpc_server.cc:307] RPC server started. Bound to: 127.2.67.2:32927
I20260710 11:11:56.667158  3046 acceptor_pool.cc:272] collecting diagnostics on the listening RPC socket 127.2.67.2:32927 every 8 connection(s)
I20260710 11:11:56.671607  2316 file_cache.cc:504] Constructed file cache file cache with capacity 419430
W20260710 11:11:56.678745  3050 instance_detector.cc:116] could not retrieve AWS instance metadata: Network error: curl error: HTTP response code said error: The requested URL returned error: 404
W20260710 11:11:56.680337  3051 instance_detector.cc:116] could not retrieve Azure instance metadata: Network error: curl error: HTTP response code said error: The requested URL returned error: 404
W20260710 11:11:56.683561  3053 instance_detector.cc:116] could not retrieve OpenStack instance metadata: Network error: curl error: HTTP response code said error: The requested URL returned error: 404
I20260710 11:11:56.684127  3047 heartbeater.cc:344] Connected to a master server at 127.2.67.62:37221
I20260710 11:11:56.684139  2316 server_base.cc:1061] running on GCE node
I20260710 11:11:56.684680  3047 heartbeater.cc:461] Registering TS with master...
I20260710 11:11:56.685323  2316 hybrid_clock.cc:584] initializing the hybrid clock with 'system_unsync' time source
W20260710 11:11:56.685582  2316 system_unsync_time.cc:38] NTP support is disabled. Clock error bounds will not be accurate. This configuration is not suitable for distributed clusters.
I20260710 11:11:56.685504  3047 heartbeater.cc:507] Master 127.2.67.62:37221 requested a full tablet report, sending...
I20260710 11:11:56.685909  2316 hybrid_clock.cc:648] HybridClock initialized: now 1783681916685873 us; error 0 us; skew 500 ppm
I20260710 11:11:56.686537  2316 server_base.cc:861] Flag tcmalloc_max_total_thread_cache_bytes is not working since tcmalloc is not enabled.
I20260710 11:11:56.688019  2845 ts_manager.cc:194] Registered new tserver with Master: 16b537c931e247b9a4c587bc1fdac0d8 (127.2.67.2:32927)
I20260710 11:11:56.689504  2845 master_service.cc:502] Signed X509 certificate for tserver {username='slave'} at 127.0.0.1:52902
I20260710 11:11:56.689761  2316 webserver.cc:533] Webserver started at http://127.2.67.3:39011/ using document root <none> and password file <none>
I20260710 11:11:56.690397  2316 fs_manager.cc:362] Metadata directory not provided
I20260710 11:11:56.690689  2316 fs_manager.cc:368] Using write-ahead log directory (fs_wal_dir) as metadata directory
I20260710 11:11:56.690984  2316 server_base.cc:909] This appears to be a new deployment of Kudu; creating new FS layout
I20260710 11:11:56.692054  2316 fs_manager.cc:1068] Generated new instance metadata in path /tmp/dist-test-taskGRWXjj/test-tmp/auto_leader_rebalancer-test.0.LeaderRebalancerTest.FunctionalTestForNotDivided.1783681901888498-2316-0/minicluster-data/ts-2-root/instance:
uuid: "0361a952e1b6451fa87a50b97fbb8ac4"
format_stamp: "Formatted at 2026-07-10 11:11:56 on dist-test-slave-kx9w"
I20260710 11:11:56.696645  2316 fs_manager.cc:696] Time spent creating directory manager: real 0.004s	user 0.001s	sys 0.004s
I20260710 11:11:56.699863  3058 log_block_manager.cc:4127] Time spent loading block containers with low live blocks: real 0.000s	user 0.000s	sys 0.000s
I20260710 11:11:56.700599  2316 fs_manager.cc:730] Time spent opening block manager: real 0.002s	user 0.002s	sys 0.000s
I20260710 11:11:56.700911  2316 fs_manager.cc:647] Opened local filesystem: /tmp/dist-test-taskGRWXjj/test-tmp/auto_leader_rebalancer-test.0.LeaderRebalancerTest.FunctionalTestForNotDivided.1783681901888498-2316-0/minicluster-data/ts-2-root
uuid: "0361a952e1b6451fa87a50b97fbb8ac4"
format_stamp: "Formatted at 2026-07-10 11:11:56 on dist-test-slave-kx9w"
I20260710 11:11:56.701231  2316 fs_report.cc:389] FS layout report
--------------------
wal directory: /tmp/dist-test-taskGRWXjj/test-tmp/auto_leader_rebalancer-test.0.LeaderRebalancerTest.FunctionalTestForNotDivided.1783681901888498-2316-0/minicluster-data/ts-2-root
metadata directory: /tmp/dist-test-taskGRWXjj/test-tmp/auto_leader_rebalancer-test.0.LeaderRebalancerTest.FunctionalTestForNotDivided.1783681901888498-2316-0/minicluster-data/ts-2-root
1 data directories: /tmp/dist-test-taskGRWXjj/test-tmp/auto_leader_rebalancer-test.0.LeaderRebalancerTest.FunctionalTestForNotDivided.1783681901888498-2316-0/minicluster-data/ts-2-root/data
Total live blocks: 0
Total live bytes: 0
Total live bytes (after alignment): 0
Total number of LBM containers: 0 (0 full)
Did not check for missing blocks
Did not check for orphaned blocks
Total full LBM containers with extra space: 0 (0 repaired)
Total full LBM container extra space in bytes: 0 (0 repaired)
Total incomplete LBM containers: 0 (0 repaired)
Total LBM partial records: 0 (0 repaired)
Total corrupted LBM metadata records in RocksDB: 0 (0 repaired)
I20260710 11:11:56.712044  2316 rpc_server.cc:225] running with OpenSSL 1.1.1  11 Sep 2018
I20260710 11:11:56.713238  2316 kserver.cc:163] Server-wide thread pool size limit: 3276
I20260710 11:11:56.714730  2316 txn_system_client.cc:432] TxnSystemClient initialization is disabled...
I20260710 11:11:56.716817  2316 ts_tablet_manager.cc:585] Loaded tablet metadata (0 total tablets, 0 live tablets)
I20260710 11:11:56.717042  2316 ts_tablet_manager.cc:531] Time spent load tablet metadata: real 0.000s	user 0.000s	sys 0.000s
I20260710 11:11:56.717291  2316 ts_tablet_manager.cc:616] Registered 0 tablets
I20260710 11:11:56.717459  2316 ts_tablet_manager.cc:595] Time spent register tablets: real 0.000s	user 0.000s	sys 0.000s
I20260710 11:11:56.760249  2316 rpc_server.cc:307] RPC server started. Bound to: 127.2.67.3:35237
I20260710 11:11:56.760401  3120 acceptor_pool.cc:272] collecting diagnostics on the listening RPC socket 127.2.67.3:35237 every 8 connection(s)
I20260710 11:11:56.774269  3121 heartbeater.cc:344] Connected to a master server at 127.2.67.62:37221
I20260710 11:11:56.774719  3121 heartbeater.cc:461] Registering TS with master...
I20260710 11:11:56.775460  3121 heartbeater.cc:507] Master 127.2.67.62:37221 requested a full tablet report, sending...
I20260710 11:11:56.777575  2845 ts_manager.cc:194] Registered new tserver with Master: 0361a952e1b6451fa87a50b97fbb8ac4 (127.2.67.3:35237)
I20260710 11:11:56.777957  2316 internal_mini_cluster.cc:371] 3 TS(s) registered with all masters after 0.014570435s
I20260710 11:11:56.779114  2845 master_service.cc:502] Signed X509 certificate for tserver {username='slave'} at 127.0.0.1:52916
I20260710 11:11:56.803056  2845 catalog_manager.cc:2283] Servicing CreateTable request from {username='slave'} at 127.0.0.1:52932:
name: "test-workload"
schema {
  columns {
    name: "key"
    type: INT32
    is_key: true
    is_nullable: false
    encoding: AUTO_ENCODING
    compression: DEFAULT_COMPRESSION
    cfile_block_size: 0
    immutable: false
  }
  columns {
    name: "int_val"
    type: INT32
    is_key: false
    is_nullable: false
    encoding: AUTO_ENCODING
    compression: DEFAULT_COMPRESSION
    cfile_block_size: 0
    immutable: false
  }
  columns {
    name: "string_val"
    type: STRING
    is_key: false
    is_nullable: true
    encoding: AUTO_ENCODING
    compression: DEFAULT_COMPRESSION
    cfile_block_size: 0
    immutable: false
  }
}
num_replicas: 3
split_rows_range_bounds {
  rows: "\004\001\000\314\314\314\014\004\001\000\230\231\231\031\004\001\000dff&\004\001\0000333\004\001\000\374\377\377?\004\001\000\310\314\314L\004\001\000\224\231\231Y\004\001\000`fff\004\001\000,33s""\004\001\000\314\314\314\014\004\001\000\230\231\231\031\004\001\000dff&\004\001\0000333\004\001\000\374\377\377?\004\001\000\310\314\314L\004\001\000\224\231\231Y\004\001\000`fff\004\001\000,33s"
  indirect_data: """"
}
partition_schema {
  range_schema {
    columns {
      name: "key"
    }
  }
}
W20260710 11:11:56.806206  2845 catalog_manager.cc:7077] The number of live tablet servers is not enough to re-replicate a tablet replica of the newly created table test-workload in case of a server failure: 4 tablet servers would be needed, 3 are available. Consider bringing up more tablet servers.
I20260710 11:11:56.889935  3009 tablet_service.cc:1511] Processing CreateTablet for tablet 2aed943b07f948238c7becae29a12378 (DEFAULT_TABLE table=test-workload [id=8d78da504060490498576d2e7fafac0a]), partition=RANGE (key) PARTITION 644245092 <= VALUES < 858993456
I20260710 11:11:56.890049  3085 tablet_service.cc:1511] Processing CreateTablet for tablet 5e0db05b55d84adbaacc17f1c09ff9cd (DEFAULT_TABLE table=test-workload [id=8d78da504060490498576d2e7fafac0a]), partition=RANGE (key) PARTITION 214748364 <= VALUES < 429496728
I20260710 11:11:56.890705  3011 tablet_service.cc:1511] Processing CreateTablet for tablet 5e0db05b55d84adbaacc17f1c09ff9cd (DEFAULT_TABLE table=test-workload [id=8d78da504060490498576d2e7fafac0a]), partition=RANGE (key) PARTITION 214748364 <= VALUES < 429496728
I20260710 11:11:56.891386  3009 data_dirs.cc:400] Could only allocate 1 dirs of requested 3 for tablet 2aed943b07f948238c7becae29a12378. 1 dirs total, 0 dirs full, 0 dirs failed
I20260710 11:11:56.892576  3084 tablet_service.cc:1511] Processing CreateTablet for tablet bdf9d42ffa24446fb0493aed658e270b (DEFAULT_TABLE table=test-workload [id=8d78da504060490498576d2e7fafac0a]), partition=RANGE (key) PARTITION 429496728 <= VALUES < 644245092
I20260710 11:11:56.892889  3012 tablet_service.cc:1511] Processing CreateTablet for tablet 01061c40bcc9437c8620d2b0e63101d2 (DEFAULT_TABLE table=test-workload [id=8d78da504060490498576d2e7fafac0a]), partition=RANGE (key) PARTITION VALUES < 214748364
I20260710 11:11:56.893512  3008 tablet_service.cc:1511] Processing CreateTablet for tablet cfd4d9d98fc542a5b24cdc6bf1313cb0 (DEFAULT_TABLE table=test-workload [id=8d78da504060490498576d2e7fafac0a]), partition=RANGE (key) PARTITION 858993456 <= VALUES < 1073741820
I20260710 11:11:56.894049  3012 data_dirs.cc:400] Could only allocate 1 dirs of requested 3 for tablet 01061c40bcc9437c8620d2b0e63101d2. 1 dirs total, 0 dirs full, 0 dirs failed
I20260710 11:11:56.894778  3008 data_dirs.cc:400] Could only allocate 1 dirs of requested 3 for tablet cfd4d9d98fc542a5b24cdc6bf1313cb0. 1 dirs total, 0 dirs full, 0 dirs failed
I20260710 11:11:56.894806  3083 tablet_service.cc:1511] Processing CreateTablet for tablet 2aed943b07f948238c7becae29a12378 (DEFAULT_TABLE table=test-workload [id=8d78da504060490498576d2e7fafac0a]), partition=RANGE (key) PARTITION 644245092 <= VALUES < 858993456
I20260710 11:11:56.895730  3011 data_dirs.cc:400] Could only allocate 1 dirs of requested 3 for tablet 5e0db05b55d84adbaacc17f1c09ff9cd. 1 dirs total, 0 dirs full, 0 dirs failed
I20260710 11:11:56.891399  3085 data_dirs.cc:400] Could only allocate 1 dirs of requested 3 for tablet 5e0db05b55d84adbaacc17f1c09ff9cd. 1 dirs total, 0 dirs full, 0 dirs failed
I20260710 11:11:56.898062  3010 tablet_service.cc:1511] Processing CreateTablet for tablet bdf9d42ffa24446fb0493aed658e270b (DEFAULT_TABLE table=test-workload [id=8d78da504060490498576d2e7fafac0a]), partition=RANGE (key) PARTITION 429496728 <= VALUES < 644245092
I20260710 11:11:56.899276  3010 data_dirs.cc:400] Could only allocate 1 dirs of requested 3 for tablet bdf9d42ffa24446fb0493aed658e270b. 1 dirs total, 0 dirs full, 0 dirs failed
I20260710 11:11:56.902035  3082 tablet_service.cc:1511] Processing CreateTablet for tablet cfd4d9d98fc542a5b24cdc6bf1313cb0 (DEFAULT_TABLE table=test-workload [id=8d78da504060490498576d2e7fafac0a]), partition=RANGE (key) PARTITION 858993456 <= VALUES < 1073741820
I20260710 11:11:56.903275  3082 data_dirs.cc:400] Could only allocate 1 dirs of requested 3 for tablet cfd4d9d98fc542a5b24cdc6bf1313cb0. 1 dirs total, 0 dirs full, 0 dirs failed
I20260710 11:11:56.903853  3007 tablet_service.cc:1511] Processing CreateTablet for tablet 96e71ceed05849cd99e02300aaccb1be (DEFAULT_TABLE table=test-workload [id=8d78da504060490498576d2e7fafac0a]), partition=RANGE (key) PARTITION 1073741820 <= VALUES < 1288490184
I20260710 11:11:56.905601  3007 data_dirs.cc:400] Could only allocate 1 dirs of requested 3 for tablet 96e71ceed05849cd99e02300aaccb1be. 1 dirs total, 0 dirs full, 0 dirs failed
I20260710 11:11:56.906112  3006 tablet_service.cc:1511] Processing CreateTablet for tablet 91df4cea2d7649b59609d44217c37a26 (DEFAULT_TABLE table=test-workload [id=8d78da504060490498576d2e7fafac0a]), partition=RANGE (key) PARTITION 1288490184 <= VALUES < 1503238548
I20260710 11:11:56.907325  3006 data_dirs.cc:400] Could only allocate 1 dirs of requested 3 for tablet 91df4cea2d7649b59609d44217c37a26. 1 dirs total, 0 dirs full, 0 dirs failed
I20260710 11:11:56.888360  3086 tablet_service.cc:1511] Processing CreateTablet for tablet 01061c40bcc9437c8620d2b0e63101d2 (DEFAULT_TABLE table=test-workload [id=8d78da504060490498576d2e7fafac0a]), partition=RANGE (key) PARTITION VALUES < 214748364
I20260710 11:11:56.910607  3086 data_dirs.cc:400] Could only allocate 1 dirs of requested 3 for tablet 01061c40bcc9437c8620d2b0e63101d2. 1 dirs total, 0 dirs full, 0 dirs failed
I20260710 11:11:56.910391  3005 tablet_service.cc:1511] Processing CreateTablet for tablet be1fc8dc9f1343f3b86fe36fc74fa3d5 (DEFAULT_TABLE table=test-workload [id=8d78da504060490498576d2e7fafac0a]), partition=RANGE (key) PARTITION 1503238548 <= VALUES < 1717986912
I20260710 11:11:56.911803  3005 data_dirs.cc:400] Could only allocate 1 dirs of requested 3 for tablet be1fc8dc9f1343f3b86fe36fc74fa3d5. 1 dirs total, 0 dirs full, 0 dirs failed
I20260710 11:11:56.913251  3081 tablet_service.cc:1511] Processing CreateTablet for tablet 96e71ceed05849cd99e02300aaccb1be (DEFAULT_TABLE table=test-workload [id=8d78da504060490498576d2e7fafac0a]), partition=RANGE (key) PARTITION 1073741820 <= VALUES < 1288490184
I20260710 11:11:56.914064  3080 tablet_service.cc:1511] Processing CreateTablet for tablet 91df4cea2d7649b59609d44217c37a26 (DEFAULT_TABLE table=test-workload [id=8d78da504060490498576d2e7fafac0a]), partition=RANGE (key) PARTITION 1288490184 <= VALUES < 1503238548
I20260710 11:11:56.914695  3081 data_dirs.cc:400] Could only allocate 1 dirs of requested 3 for tablet 96e71ceed05849cd99e02300aaccb1be. 1 dirs total, 0 dirs full, 0 dirs failed
I20260710 11:11:56.915481  3080 data_dirs.cc:400] Could only allocate 1 dirs of requested 3 for tablet 91df4cea2d7649b59609d44217c37a26. 1 dirs total, 0 dirs full, 0 dirs failed
I20260710 11:11:56.915148  3004 tablet_service.cc:1511] Processing CreateTablet for tablet 2937ab11035c43b5b5f27d0e1117cdb5 (DEFAULT_TABLE table=test-workload [id=8d78da504060490498576d2e7fafac0a]), partition=RANGE (key) PARTITION 1717986912 <= VALUES < 1932735276
I20260710 11:11:56.916507  3004 data_dirs.cc:400] Could only allocate 1 dirs of requested 3 for tablet 2937ab11035c43b5b5f27d0e1117cdb5. 1 dirs total, 0 dirs full, 0 dirs failed
I20260710 11:11:56.916769  3084 data_dirs.cc:400] Could only allocate 1 dirs of requested 3 for tablet bdf9d42ffa24446fb0493aed658e270b. 1 dirs total, 0 dirs full, 0 dirs failed
I20260710 11:11:56.917985  3083 data_dirs.cc:400] Could only allocate 1 dirs of requested 3 for tablet 2aed943b07f948238c7becae29a12378. 1 dirs total, 0 dirs full, 0 dirs failed
I20260710 11:11:56.927553  3079 tablet_service.cc:1511] Processing CreateTablet for tablet be1fc8dc9f1343f3b86fe36fc74fa3d5 (DEFAULT_TABLE table=test-workload [id=8d78da504060490498576d2e7fafac0a]), partition=RANGE (key) PARTITION 1503238548 <= VALUES < 1717986912
I20260710 11:11:56.928967  3079 data_dirs.cc:400] Could only allocate 1 dirs of requested 3 for tablet be1fc8dc9f1343f3b86fe36fc74fa3d5. 1 dirs total, 0 dirs full, 0 dirs failed
I20260710 11:11:56.930830  3078 tablet_service.cc:1511] Processing CreateTablet for tablet 2937ab11035c43b5b5f27d0e1117cdb5 (DEFAULT_TABLE table=test-workload [id=8d78da504060490498576d2e7fafac0a]), partition=RANGE (key) PARTITION 1717986912 <= VALUES < 1932735276
I20260710 11:11:56.934535  3078 data_dirs.cc:400] Could only allocate 1 dirs of requested 3 for tablet 2937ab11035c43b5b5f27d0e1117cdb5. 1 dirs total, 0 dirs full, 0 dirs failed
I20260710 11:11:56.934458  3003 tablet_service.cc:1511] Processing CreateTablet for tablet f84c3c1461604f339ddd291319d232d9 (DEFAULT_TABLE table=test-workload [id=8d78da504060490498576d2e7fafac0a]), partition=RANGE (key) PARTITION 1932735276 <= VALUES
I20260710 11:11:56.935925  3003 data_dirs.cc:400] Could only allocate 1 dirs of requested 3 for tablet f84c3c1461604f339ddd291319d232d9. 1 dirs total, 0 dirs full, 0 dirs failed
I20260710 11:11:56.938346  3077 tablet_service.cc:1511] Processing CreateTablet for tablet f84c3c1461604f339ddd291319d232d9 (DEFAULT_TABLE table=test-workload [id=8d78da504060490498576d2e7fafac0a]), partition=RANGE (key) PARTITION 1932735276 <= VALUES
I20260710 11:11:56.939795  3077 data_dirs.cc:400] Could only allocate 1 dirs of requested 3 for tablet f84c3c1461604f339ddd291319d232d9. 1 dirs total, 0 dirs full, 0 dirs failed
I20260710 11:11:56.971892  2937 tablet_service.cc:1511] Processing CreateTablet for tablet 01061c40bcc9437c8620d2b0e63101d2 (DEFAULT_TABLE table=test-workload [id=8d78da504060490498576d2e7fafac0a]), partition=RANGE (key) PARTITION VALUES < 214748364
I20260710 11:11:56.974396  2936 tablet_service.cc:1511] Processing CreateTablet for tablet 5e0db05b55d84adbaacc17f1c09ff9cd (DEFAULT_TABLE table=test-workload [id=8d78da504060490498576d2e7fafac0a]), partition=RANGE (key) PARTITION 214748364 <= VALUES < 429496728
I20260710 11:11:56.976181  2936 data_dirs.cc:400] Could only allocate 1 dirs of requested 3 for tablet 5e0db05b55d84adbaacc17f1c09ff9cd. 1 dirs total, 0 dirs full, 0 dirs failed
I20260710 11:11:56.979784  2933 tablet_service.cc:1511] Processing CreateTablet for tablet cfd4d9d98fc542a5b24cdc6bf1313cb0 (DEFAULT_TABLE table=test-workload [id=8d78da504060490498576d2e7fafac0a]), partition=RANGE (key) PARTITION 858993456 <= VALUES < 1073741820
I20260710 11:11:56.988375  2932 tablet_service.cc:1511] Processing CreateTablet for tablet 96e71ceed05849cd99e02300aaccb1be (DEFAULT_TABLE table=test-workload [id=8d78da504060490498576d2e7fafac0a]), partition=RANGE (key) PARTITION 1073741820 <= VALUES < 1288490184
I20260710 11:11:56.989079  2934 tablet_service.cc:1511] Processing CreateTablet for tablet 2aed943b07f948238c7becae29a12378 (DEFAULT_TABLE table=test-workload [id=8d78da504060490498576d2e7fafac0a]), partition=RANGE (key) PARTITION 644245092 <= VALUES < 858993456
I20260710 11:11:56.994894  2935 tablet_service.cc:1511] Processing CreateTablet for tablet bdf9d42ffa24446fb0493aed658e270b (DEFAULT_TABLE table=test-workload [id=8d78da504060490498576d2e7fafac0a]), partition=RANGE (key) PARTITION 429496728 <= VALUES < 644245092
I20260710 11:11:56.999583  2930 tablet_service.cc:1511] Processing CreateTablet for tablet be1fc8dc9f1343f3b86fe36fc74fa3d5 (DEFAULT_TABLE table=test-workload [id=8d78da504060490498576d2e7fafac0a]), partition=RANGE (key) PARTITION 1503238548 <= VALUES < 1717986912
I20260710 11:11:57.000821  2931 tablet_service.cc:1511] Processing CreateTablet for tablet 91df4cea2d7649b59609d44217c37a26 (DEFAULT_TABLE table=test-workload [id=8d78da504060490498576d2e7fafac0a]), partition=RANGE (key) PARTITION 1288490184 <= VALUES < 1503238548
I20260710 11:11:57.004284  2929 tablet_service.cc:1511] Processing CreateTablet for tablet 2937ab11035c43b5b5f27d0e1117cdb5 (DEFAULT_TABLE table=test-workload [id=8d78da504060490498576d2e7fafac0a]), partition=RANGE (key) PARTITION 1717986912 <= VALUES < 1932735276
I20260710 11:11:57.007771  2928 tablet_service.cc:1511] Processing CreateTablet for tablet f84c3c1461604f339ddd291319d232d9 (DEFAULT_TABLE table=test-workload [id=8d78da504060490498576d2e7fafac0a]), partition=RANGE (key) PARTITION 1932735276 <= VALUES
I20260710 11:11:57.013273  2937 data_dirs.cc:400] Could only allocate 1 dirs of requested 3 for tablet 01061c40bcc9437c8620d2b0e63101d2. 1 dirs total, 0 dirs full, 0 dirs failed
I20260710 11:11:57.013873  2930 data_dirs.cc:400] Could only allocate 1 dirs of requested 3 for tablet be1fc8dc9f1343f3b86fe36fc74fa3d5. 1 dirs total, 0 dirs full, 0 dirs failed
I20260710 11:11:57.014536  2933 data_dirs.cc:400] Could only allocate 1 dirs of requested 3 for tablet cfd4d9d98fc542a5b24cdc6bf1313cb0. 1 dirs total, 0 dirs full, 0 dirs failed
I20260710 11:11:57.017289  2934 data_dirs.cc:400] Could only allocate 1 dirs of requested 3 for tablet 2aed943b07f948238c7becae29a12378. 1 dirs total, 0 dirs full, 0 dirs failed
I20260710 11:11:57.017889  2935 data_dirs.cc:400] Could only allocate 1 dirs of requested 3 for tablet bdf9d42ffa24446fb0493aed658e270b. 1 dirs total, 0 dirs full, 0 dirs failed
I20260710 11:11:57.018522  2932 data_dirs.cc:400] Could only allocate 1 dirs of requested 3 for tablet 96e71ceed05849cd99e02300aaccb1be. 1 dirs total, 0 dirs full, 0 dirs failed
I20260710 11:11:57.025349  2929 data_dirs.cc:400] Could only allocate 1 dirs of requested 3 for tablet 2937ab11035c43b5b5f27d0e1117cdb5. 1 dirs total, 0 dirs full, 0 dirs failed
I20260710 11:11:57.029372  2928 data_dirs.cc:400] Could only allocate 1 dirs of requested 3 for tablet f84c3c1461604f339ddd291319d232d9. 1 dirs total, 0 dirs full, 0 dirs failed
I20260710 11:11:57.037216  2931 data_dirs.cc:400] Could only allocate 1 dirs of requested 3 for tablet 91df4cea2d7649b59609d44217c37a26. 1 dirs total, 0 dirs full, 0 dirs failed
I20260710 11:11:57.074975  3137 tablet_bootstrap.cc:492] T cfd4d9d98fc542a5b24cdc6bf1313cb0 P 16b537c931e247b9a4c587bc1fdac0d8: Bootstrap starting.
I20260710 11:11:57.094206  3136 tablet_bootstrap.cc:492] T 96e71ceed05849cd99e02300aaccb1be P 0361a952e1b6451fa87a50b97fbb8ac4: Bootstrap starting.
I20260710 11:11:57.093092  3138 tablet_bootstrap.cc:492] T 5e0db05b55d84adbaacc17f1c09ff9cd P 3bf4184bdd0a4ebd96f0233032a95fa9: Bootstrap starting.
I20260710 11:11:57.107955  3136 tablet_bootstrap.cc:654] T 96e71ceed05849cd99e02300aaccb1be P 0361a952e1b6451fa87a50b97fbb8ac4: Neither blocks nor log segments found. Creating new log.
I20260710 11:11:57.119588  3137 tablet_bootstrap.cc:654] T cfd4d9d98fc542a5b24cdc6bf1313cb0 P 16b537c931e247b9a4c587bc1fdac0d8: Neither blocks nor log segments found. Creating new log.
I20260710 11:11:57.128695  3138 tablet_bootstrap.cc:654] T 5e0db05b55d84adbaacc17f1c09ff9cd P 3bf4184bdd0a4ebd96f0233032a95fa9: Neither blocks nor log segments found. Creating new log.
I20260710 11:11:57.137323  3136 tablet_bootstrap.cc:492] T 96e71ceed05849cd99e02300aaccb1be P 0361a952e1b6451fa87a50b97fbb8ac4: No bootstrap required, opened a new log
I20260710 11:11:57.137944  3136 ts_tablet_manager.cc:1403] T 96e71ceed05849cd99e02300aaccb1be P 0361a952e1b6451fa87a50b97fbb8ac4: Time spent bootstrapping tablet: real 0.047s	user 0.016s	sys 0.008s
I20260710 11:11:57.139726  3137 tablet_bootstrap.cc:492] T cfd4d9d98fc542a5b24cdc6bf1313cb0 P 16b537c931e247b9a4c587bc1fdac0d8: No bootstrap required, opened a new log
I20260710 11:11:57.139745  3138 tablet_bootstrap.cc:492] T 5e0db05b55d84adbaacc17f1c09ff9cd P 3bf4184bdd0a4ebd96f0233032a95fa9: No bootstrap required, opened a new log
I20260710 11:11:57.140247  3137 ts_tablet_manager.cc:1403] T cfd4d9d98fc542a5b24cdc6bf1313cb0 P 16b537c931e247b9a4c587bc1fdac0d8: Time spent bootstrapping tablet: real 0.066s	user 0.016s	sys 0.009s
I20260710 11:11:57.140340  3138 ts_tablet_manager.cc:1403] T 5e0db05b55d84adbaacc17f1c09ff9cd P 3bf4184bdd0a4ebd96f0233032a95fa9: Time spent bootstrapping tablet: real 0.053s	user 0.013s	sys 0.005s
I20260710 11:11:57.142184  3136 raft_consensus.cc:359] T 96e71ceed05849cd99e02300aaccb1be P 0361a952e1b6451fa87a50b97fbb8ac4 [term 0 FOLLOWER]: Replica starting. Triggering 0 pending ops. Active config: opid_index: -1 OBSOLETE_local: false peers { permanent_uuid: "3bf4184bdd0a4ebd96f0233032a95fa9" member_type: VOTER last_known_addr { host: "127.2.67.1" port: 41353 } } peers { permanent_uuid: "16b537c931e247b9a4c587bc1fdac0d8" member_type: VOTER last_known_addr { host: "127.2.67.2" port: 32927 } } peers { permanent_uuid: "0361a952e1b6451fa87a50b97fbb8ac4" member_type: VOTER last_known_addr { host: "127.2.67.3" port: 35237 } }
I20260710 11:11:57.143123  3136 raft_consensus.cc:385] T 96e71ceed05849cd99e02300aaccb1be P 0361a952e1b6451fa87a50b97fbb8ac4 [term 0 FOLLOWER]: Consensus starting up: Expiring failure detector timer to make a prompt election more likely
I20260710 11:11:57.143334  3138 raft_consensus.cc:359] T 5e0db05b55d84adbaacc17f1c09ff9cd P 3bf4184bdd0a4ebd96f0233032a95fa9 [term 0 FOLLOWER]: Replica starting. Triggering 0 pending ops. Active config: opid_index: -1 OBSOLETE_local: false peers { permanent_uuid: "3bf4184bdd0a4ebd96f0233032a95fa9" member_type: VOTER last_known_addr { host: "127.2.67.1" port: 41353 } } peers { permanent_uuid: "16b537c931e247b9a4c587bc1fdac0d8" member_type: VOTER last_known_addr { host: "127.2.67.2" port: 32927 } } peers { permanent_uuid: "0361a952e1b6451fa87a50b97fbb8ac4" member_type: VOTER last_known_addr { host: "127.2.67.3" port: 35237 } }
I20260710 11:11:57.143577  3136 raft_consensus.cc:740] T 96e71ceed05849cd99e02300aaccb1be P 0361a952e1b6451fa87a50b97fbb8ac4 [term 0 FOLLOWER]: Becoming Follower/Learner. State: Replica: 0361a952e1b6451fa87a50b97fbb8ac4, State: Initialized, Role: FOLLOWER
I20260710 11:11:57.144186  3138 raft_consensus.cc:385] T 5e0db05b55d84adbaacc17f1c09ff9cd P 3bf4184bdd0a4ebd96f0233032a95fa9 [term 0 FOLLOWER]: Consensus starting up: Expiring failure detector timer to make a prompt election more likely
I20260710 11:11:57.143683  3137 raft_consensus.cc:359] T cfd4d9d98fc542a5b24cdc6bf1313cb0 P 16b537c931e247b9a4c587bc1fdac0d8 [term 0 FOLLOWER]: Replica starting. Triggering 0 pending ops. Active config: opid_index: -1 OBSOLETE_local: false peers { permanent_uuid: "3bf4184bdd0a4ebd96f0233032a95fa9" member_type: VOTER last_known_addr { host: "127.2.67.1" port: 41353 } } peers { permanent_uuid: "16b537c931e247b9a4c587bc1fdac0d8" member_type: VOTER last_known_addr { host: "127.2.67.2" port: 32927 } } peers { permanent_uuid: "0361a952e1b6451fa87a50b97fbb8ac4" member_type: VOTER last_known_addr { host: "127.2.67.3" port: 35237 } }
I20260710 11:11:57.144547  3138 raft_consensus.cc:740] T 5e0db05b55d84adbaacc17f1c09ff9cd P 3bf4184bdd0a4ebd96f0233032a95fa9 [term 0 FOLLOWER]: Becoming Follower/Learner. State: Replica: 3bf4184bdd0a4ebd96f0233032a95fa9, State: Initialized, Role: FOLLOWER
I20260710 11:11:57.144896  3137 raft_consensus.cc:385] T cfd4d9d98fc542a5b24cdc6bf1313cb0 P 16b537c931e247b9a4c587bc1fdac0d8 [term 0 FOLLOWER]: Consensus starting up: Expiring failure detector timer to make a prompt election more likely
I20260710 11:11:57.145328  3137 raft_consensus.cc:740] T cfd4d9d98fc542a5b24cdc6bf1313cb0 P 16b537c931e247b9a4c587bc1fdac0d8 [term 0 FOLLOWER]: Becoming Follower/Learner. State: Replica: 16b537c931e247b9a4c587bc1fdac0d8, State: Initialized, Role: FOLLOWER
I20260710 11:11:57.145067  3136 consensus_queue.cc:260] T 96e71ceed05849cd99e02300aaccb1be P 0361a952e1b6451fa87a50b97fbb8ac4 [NON_LEADER]: Queue going to NON_LEADER mode. State: All replicated index: 0, Majority replicated index: 0, Committed index: 0, Last appended: 0.0, Last appended by leader: 0, Current term: 0, Majority size: -1, State: 0, Mode: NON_LEADER, active raft config: opid_index: -1 OBSOLETE_local: false peers { permanent_uuid: "3bf4184bdd0a4ebd96f0233032a95fa9" member_type: VOTER last_known_addr { host: "127.2.67.1" port: 41353 } } peers { permanent_uuid: "16b537c931e247b9a4c587bc1fdac0d8" member_type: VOTER last_known_addr { host: "127.2.67.2" port: 32927 } } peers { permanent_uuid: "0361a952e1b6451fa87a50b97fbb8ac4" member_type: VOTER last_known_addr { host: "127.2.67.3" port: 35237 } }
I20260710 11:11:57.145372  3138 consensus_queue.cc:260] T 5e0db05b55d84adbaacc17f1c09ff9cd P 3bf4184bdd0a4ebd96f0233032a95fa9 [NON_LEADER]: Queue going to NON_LEADER mode. State: All replicated index: 0, Majority replicated index: 0, Committed index: 0, Last appended: 0.0, Last appended by leader: 0, Current term: 0, Majority size: -1, State: 0, Mode: NON_LEADER, active raft config: opid_index: -1 OBSOLETE_local: false peers { permanent_uuid: "3bf4184bdd0a4ebd96f0233032a95fa9" member_type: VOTER last_known_addr { host: "127.2.67.1" port: 41353 } } peers { permanent_uuid: "16b537c931e247b9a4c587bc1fdac0d8" member_type: VOTER last_known_addr { host: "127.2.67.2" port: 32927 } } peers { permanent_uuid: "0361a952e1b6451fa87a50b97fbb8ac4" member_type: VOTER last_known_addr { host: "127.2.67.3" port: 35237 } }
I20260710 11:11:57.146255  3137 consensus_queue.cc:260] T cfd4d9d98fc542a5b24cdc6bf1313cb0 P 16b537c931e247b9a4c587bc1fdac0d8 [NON_LEADER]: Queue going to NON_LEADER mode. State: All replicated index: 0, Majority replicated index: 0, Committed index: 0, Last appended: 0.0, Last appended by leader: 0, Current term: 0, Majority size: -1, State: 0, Mode: NON_LEADER, active raft config: opid_index: -1 OBSOLETE_local: false peers { permanent_uuid: "3bf4184bdd0a4ebd96f0233032a95fa9" member_type: VOTER last_known_addr { host: "127.2.67.1" port: 41353 } } peers { permanent_uuid: "16b537c931e247b9a4c587bc1fdac0d8" member_type: VOTER last_known_addr { host: "127.2.67.2" port: 32927 } } peers { permanent_uuid: "0361a952e1b6451fa87a50b97fbb8ac4" member_type: VOTER last_known_addr { host: "127.2.67.3" port: 35237 } }
I20260710 11:11:57.148438  2972 heartbeater.cc:499] Master 127.2.67.62:37221 was elected leader, sending a full tablet report...
I20260710 11:11:57.149504  3138 ts_tablet_manager.cc:1434] T 5e0db05b55d84adbaacc17f1c09ff9cd P 3bf4184bdd0a4ebd96f0233032a95fa9: Time spent starting tablet: real 0.009s	user 0.009s	sys 0.000s
I20260710 11:11:57.150947  3138 tablet_bootstrap.cc:492] T bdf9d42ffa24446fb0493aed658e270b P 3bf4184bdd0a4ebd96f0233032a95fa9: Bootstrap starting.
I20260710 11:11:57.154428  3121 heartbeater.cc:499] Master 127.2.67.62:37221 was elected leader, sending a full tablet report...
I20260710 11:11:57.155048  3136 ts_tablet_manager.cc:1434] T 96e71ceed05849cd99e02300aaccb1be P 0361a952e1b6451fa87a50b97fbb8ac4: Time spent starting tablet: real 0.017s	user 0.012s	sys 0.003s
I20260710 11:11:57.156082  3136 tablet_bootstrap.cc:492] T be1fc8dc9f1343f3b86fe36fc74fa3d5 P 0361a952e1b6451fa87a50b97fbb8ac4: Bootstrap starting.
I20260710 11:11:57.161042  3047 heartbeater.cc:499] Master 127.2.67.62:37221 was elected leader, sending a full tablet report...
I20260710 11:11:57.163630  3136 tablet_bootstrap.cc:654] T be1fc8dc9f1343f3b86fe36fc74fa3d5 P 0361a952e1b6451fa87a50b97fbb8ac4: Neither blocks nor log segments found. Creating new log.
I20260710 11:11:57.165132  3137 ts_tablet_manager.cc:1434] T cfd4d9d98fc542a5b24cdc6bf1313cb0 P 16b537c931e247b9a4c587bc1fdac0d8: Time spent starting tablet: real 0.025s	user 0.008s	sys 0.012s
I20260710 11:11:57.166124  3137 tablet_bootstrap.cc:492] T 5e0db05b55d84adbaacc17f1c09ff9cd P 16b537c931e247b9a4c587bc1fdac0d8: Bootstrap starting.
I20260710 11:11:57.169581  3136 tablet_bootstrap.cc:492] T be1fc8dc9f1343f3b86fe36fc74fa3d5 P 0361a952e1b6451fa87a50b97fbb8ac4: No bootstrap required, opened a new log
I20260710 11:11:57.170113  3136 ts_tablet_manager.cc:1403] T be1fc8dc9f1343f3b86fe36fc74fa3d5 P 0361a952e1b6451fa87a50b97fbb8ac4: Time spent bootstrapping tablet: real 0.014s	user 0.005s	sys 0.008s
I20260710 11:11:57.173115  3137 tablet_bootstrap.cc:654] T 5e0db05b55d84adbaacc17f1c09ff9cd P 16b537c931e247b9a4c587bc1fdac0d8: Neither blocks nor log segments found. Creating new log.
I20260710 11:11:57.173625  3138 tablet_bootstrap.cc:654] T bdf9d42ffa24446fb0493aed658e270b P 3bf4184bdd0a4ebd96f0233032a95fa9: Neither blocks nor log segments found. Creating new log.
I20260710 11:11:57.173388  3136 raft_consensus.cc:359] T be1fc8dc9f1343f3b86fe36fc74fa3d5 P 0361a952e1b6451fa87a50b97fbb8ac4 [term 0 FOLLOWER]: Replica starting. Triggering 0 pending ops. Active config: opid_index: -1 OBSOLETE_local: false peers { permanent_uuid: "3bf4184bdd0a4ebd96f0233032a95fa9" member_type: VOTER last_known_addr { host: "127.2.67.1" port: 41353 } } peers { permanent_uuid: "16b537c931e247b9a4c587bc1fdac0d8" member_type: VOTER last_known_addr { host: "127.2.67.2" port: 32927 } } peers { permanent_uuid: "0361a952e1b6451fa87a50b97fbb8ac4" member_type: VOTER last_known_addr { host: "127.2.67.3" port: 35237 } }
I20260710 11:11:57.174352  3136 raft_consensus.cc:385] T be1fc8dc9f1343f3b86fe36fc74fa3d5 P 0361a952e1b6451fa87a50b97fbb8ac4 [term 0 FOLLOWER]: Consensus starting up: Expiring failure detector timer to make a prompt election more likely
I20260710 11:11:57.174742  3136 raft_consensus.cc:740] T be1fc8dc9f1343f3b86fe36fc74fa3d5 P 0361a952e1b6451fa87a50b97fbb8ac4 [term 0 FOLLOWER]: Becoming Follower/Learner. State: Replica: 0361a952e1b6451fa87a50b97fbb8ac4, State: Initialized, Role: FOLLOWER
I20260710 11:11:57.175825  3136 consensus_queue.cc:260] T be1fc8dc9f1343f3b86fe36fc74fa3d5 P 0361a952e1b6451fa87a50b97fbb8ac4 [NON_LEADER]: Queue going to NON_LEADER mode. State: All replicated index: 0, Majority replicated index: 0, Committed index: 0, Last appended: 0.0, Last appended by leader: 0, Current term: 0, Majority size: -1, State: 0, Mode: NON_LEADER, active raft config: opid_index: -1 OBSOLETE_local: false peers { permanent_uuid: "3bf4184bdd0a4ebd96f0233032a95fa9" member_type: VOTER last_known_addr { host: "127.2.67.1" port: 41353 } } peers { permanent_uuid: "16b537c931e247b9a4c587bc1fdac0d8" member_type: VOTER last_known_addr { host: "127.2.67.2" port: 32927 } } peers { permanent_uuid: "0361a952e1b6451fa87a50b97fbb8ac4" member_type: VOTER last_known_addr { host: "127.2.67.3" port: 35237 } }
I20260710 11:11:57.178040  3142 raft_consensus.cc:493] T 96e71ceed05849cd99e02300aaccb1be P 0361a952e1b6451fa87a50b97fbb8ac4 [term 0 FOLLOWER]: Starting pre-election (no leader contacted us within the election timeout)
I20260710 11:11:57.178606  3142 raft_consensus.cc:515] T 96e71ceed05849cd99e02300aaccb1be P 0361a952e1b6451fa87a50b97fbb8ac4 [term 0 FOLLOWER]: Starting pre-election with config: opid_index: -1 OBSOLETE_local: false peers { permanent_uuid: "3bf4184bdd0a4ebd96f0233032a95fa9" member_type: VOTER last_known_addr { host: "127.2.67.1" port: 41353 } } peers { permanent_uuid: "16b537c931e247b9a4c587bc1fdac0d8" member_type: VOTER last_known_addr { host: "127.2.67.2" port: 32927 } } peers { permanent_uuid: "0361a952e1b6451fa87a50b97fbb8ac4" member_type: VOTER last_known_addr { host: "127.2.67.3" port: 35237 } }
I20260710 11:11:57.184746  3142 leader_election.cc:290] T 96e71ceed05849cd99e02300aaccb1be P 0361a952e1b6451fa87a50b97fbb8ac4 [CANDIDATE]: Term 1 pre-election: Requested pre-vote from peers 3bf4184bdd0a4ebd96f0233032a95fa9 (127.2.67.1:41353), 16b537c931e247b9a4c587bc1fdac0d8 (127.2.67.2:32927)
I20260710 11:11:57.191087  3136 ts_tablet_manager.cc:1434] T be1fc8dc9f1343f3b86fe36fc74fa3d5 P 0361a952e1b6451fa87a50b97fbb8ac4: Time spent starting tablet: real 0.021s	user 0.008s	sys 0.000s
I20260710 11:11:57.192328  3136 tablet_bootstrap.cc:492] T bdf9d42ffa24446fb0493aed658e270b P 0361a952e1b6451fa87a50b97fbb8ac4: Bootstrap starting.
I20260710 11:11:57.203557  2947 tablet_service.cc:1917] Received RequestConsensusVote() RPC: tablet_id: "96e71ceed05849cd99e02300aaccb1be" candidate_uuid: "0361a952e1b6451fa87a50b97fbb8ac4" candidate_term: 1 candidate_status { last_received { term: 0 index: 0 } } ignore_live_leader: false dest_uuid: "3bf4184bdd0a4ebd96f0233032a95fa9" is_pre_election: true
I20260710 11:11:57.205605  3136 tablet_bootstrap.cc:654] T bdf9d42ffa24446fb0493aed658e270b P 0361a952e1b6451fa87a50b97fbb8ac4: Neither blocks nor log segments found. Creating new log.
W20260710 11:11:57.206177  3059 leader_election.cc:343] T 96e71ceed05849cd99e02300aaccb1be P 0361a952e1b6451fa87a50b97fbb8ac4 [CANDIDATE]: Term 1 pre-election: Tablet error from VoteRequest() call to peer 3bf4184bdd0a4ebd96f0233032a95fa9 (127.2.67.1:41353): Illegal state: must be running to vote when last-logged opid is not known
I20260710 11:11:57.210964  3137 tablet_bootstrap.cc:492] T 5e0db05b55d84adbaacc17f1c09ff9cd P 16b537c931e247b9a4c587bc1fdac0d8: No bootstrap required, opened a new log
I20260710 11:11:57.211488  3137 ts_tablet_manager.cc:1403] T 5e0db05b55d84adbaacc17f1c09ff9cd P 16b537c931e247b9a4c587bc1fdac0d8: Time spent bootstrapping tablet: real 0.046s	user 0.032s	sys 0.009s
I20260710 11:11:57.211751  3138 tablet_bootstrap.cc:492] T bdf9d42ffa24446fb0493aed658e270b P 3bf4184bdd0a4ebd96f0233032a95fa9: No bootstrap required, opened a new log
I20260710 11:11:57.212231  3138 ts_tablet_manager.cc:1403] T bdf9d42ffa24446fb0493aed658e270b P 3bf4184bdd0a4ebd96f0233032a95fa9: Time spent bootstrapping tablet: real 0.062s	user 0.015s	sys 0.003s
I20260710 11:11:57.214612  3137 raft_consensus.cc:359] T 5e0db05b55d84adbaacc17f1c09ff9cd P 16b537c931e247b9a4c587bc1fdac0d8 [term 0 FOLLOWER]: Replica starting. Triggering 0 pending ops. Active config: opid_index: -1 OBSOLETE_local: false peers { permanent_uuid: "3bf4184bdd0a4ebd96f0233032a95fa9" member_type: VOTER last_known_addr { host: "127.2.67.1" port: 41353 } } peers { permanent_uuid: "16b537c931e247b9a4c587bc1fdac0d8" member_type: VOTER last_known_addr { host: "127.2.67.2" port: 32927 } } peers { permanent_uuid: "0361a952e1b6451fa87a50b97fbb8ac4" member_type: VOTER last_known_addr { host: "127.2.67.3" port: 35237 } }
I20260710 11:11:57.215421  3137 raft_consensus.cc:385] T 5e0db05b55d84adbaacc17f1c09ff9cd P 16b537c931e247b9a4c587bc1fdac0d8 [term 0 FOLLOWER]: Consensus starting up: Expiring failure detector timer to make a prompt election more likely
I20260710 11:11:57.215142  3138 raft_consensus.cc:359] T bdf9d42ffa24446fb0493aed658e270b P 3bf4184bdd0a4ebd96f0233032a95fa9 [term 0 FOLLOWER]: Replica starting. Triggering 0 pending ops. Active config: opid_index: -1 OBSOLETE_local: false peers { permanent_uuid: "3bf4184bdd0a4ebd96f0233032a95fa9" member_type: VOTER last_known_addr { host: "127.2.67.1" port: 41353 } } peers { permanent_uuid: "16b537c931e247b9a4c587bc1fdac0d8" member_type: VOTER last_known_addr { host: "127.2.67.2" port: 32927 } } peers { permanent_uuid: "0361a952e1b6451fa87a50b97fbb8ac4" member_type: VOTER last_known_addr { host: "127.2.67.3" port: 35237 } }
I20260710 11:11:57.215746  3137 raft_consensus.cc:740] T 5e0db05b55d84adbaacc17f1c09ff9cd P 16b537c931e247b9a4c587bc1fdac0d8 [term 0 FOLLOWER]: Becoming Follower/Learner. State: Replica: 16b537c931e247b9a4c587bc1fdac0d8, State: Initialized, Role: FOLLOWER
I20260710 11:11:57.215903  3138 raft_consensus.cc:385] T bdf9d42ffa24446fb0493aed658e270b P 3bf4184bdd0a4ebd96f0233032a95fa9 [term 0 FOLLOWER]: Consensus starting up: Expiring failure detector timer to make a prompt election more likely
I20260710 11:11:57.216617  3137 consensus_queue.cc:260] T 5e0db05b55d84adbaacc17f1c09ff9cd P 16b537c931e247b9a4c587bc1fdac0d8 [NON_LEADER]: Queue going to NON_LEADER mode. State: All replicated index: 0, Majority replicated index: 0, Committed index: 0, Last appended: 0.0, Last appended by leader: 0, Current term: 0, Majority size: -1, State: 0, Mode: NON_LEADER, active raft config: opid_index: -1 OBSOLETE_local: false peers { permanent_uuid: "3bf4184bdd0a4ebd96f0233032a95fa9" member_type: VOTER last_known_addr { host: "127.2.67.1" port: 41353 } } peers { permanent_uuid: "16b537c931e247b9a4c587bc1fdac0d8" member_type: VOTER last_known_addr { host: "127.2.67.2" port: 32927 } } peers { permanent_uuid: "0361a952e1b6451fa87a50b97fbb8ac4" member_type: VOTER last_known_addr { host: "127.2.67.3" port: 35237 } }
I20260710 11:11:57.219080  3137 ts_tablet_manager.cc:1434] T 5e0db05b55d84adbaacc17f1c09ff9cd P 16b537c931e247b9a4c587bc1fdac0d8: Time spent starting tablet: real 0.007s	user 0.008s	sys 0.000s
I20260710 11:11:57.219569  3136 tablet_bootstrap.cc:492] T bdf9d42ffa24446fb0493aed658e270b P 0361a952e1b6451fa87a50b97fbb8ac4: No bootstrap required, opened a new log
I20260710 11:11:57.220036  3137 tablet_bootstrap.cc:492] T 01061c40bcc9437c8620d2b0e63101d2 P 16b537c931e247b9a4c587bc1fdac0d8: Bootstrap starting.
I20260710 11:11:57.220073  3136 ts_tablet_manager.cc:1403] T bdf9d42ffa24446fb0493aed658e270b P 0361a952e1b6451fa87a50b97fbb8ac4: Time spent bootstrapping tablet: real 0.028s	user 0.014s	sys 0.005s
I20260710 11:11:57.223544  3136 raft_consensus.cc:359] T bdf9d42ffa24446fb0493aed658e270b P 0361a952e1b6451fa87a50b97fbb8ac4 [term 0 FOLLOWER]: Replica starting. Triggering 0 pending ops. Active config: opid_index: -1 OBSOLETE_local: false peers { permanent_uuid: "3bf4184bdd0a4ebd96f0233032a95fa9" member_type: VOTER last_known_addr { host: "127.2.67.1" port: 41353 } } peers { permanent_uuid: "16b537c931e247b9a4c587bc1fdac0d8" member_type: VOTER last_known_addr { host: "127.2.67.2" port: 32927 } } peers { permanent_uuid: "0361a952e1b6451fa87a50b97fbb8ac4" member_type: VOTER last_known_addr { host: "127.2.67.3" port: 35237 } }
I20260710 11:11:57.224411  3136 raft_consensus.cc:385] T bdf9d42ffa24446fb0493aed658e270b P 0361a952e1b6451fa87a50b97fbb8ac4 [term 0 FOLLOWER]: Consensus starting up: Expiring failure detector timer to make a prompt election more likely
I20260710 11:11:57.224753  3136 raft_consensus.cc:740] T bdf9d42ffa24446fb0493aed658e270b P 0361a952e1b6451fa87a50b97fbb8ac4 [term 0 FOLLOWER]: Becoming Follower/Learner. State: Replica: 0361a952e1b6451fa87a50b97fbb8ac4, State: Initialized, Role: FOLLOWER
I20260710 11:11:57.225754  3136 consensus_queue.cc:260] T bdf9d42ffa24446fb0493aed658e270b P 0361a952e1b6451fa87a50b97fbb8ac4 [NON_LEADER]: Queue going to NON_LEADER mode. State: All replicated index: 0, Majority replicated index: 0, Committed index: 0, Last appended: 0.0, Last appended by leader: 0, Current term: 0, Majority size: -1, State: 0, Mode: NON_LEADER, active raft config: opid_index: -1 OBSOLETE_local: false peers { permanent_uuid: "3bf4184bdd0a4ebd96f0233032a95fa9" member_type: VOTER last_known_addr { host: "127.2.67.1" port: 41353 } } peers { permanent_uuid: "16b537c931e247b9a4c587bc1fdac0d8" member_type: VOTER last_known_addr { host: "127.2.67.2" port: 32927 } } peers { permanent_uuid: "0361a952e1b6451fa87a50b97fbb8ac4" member_type: VOTER last_known_addr { host: "127.2.67.3" port: 35237 } }
I20260710 11:11:57.227430  3137 tablet_bootstrap.cc:654] T 01061c40bcc9437c8620d2b0e63101d2 P 16b537c931e247b9a4c587bc1fdac0d8: Neither blocks nor log segments found. Creating new log.
I20260710 11:11:57.216241  3138 raft_consensus.cc:740] T bdf9d42ffa24446fb0493aed658e270b P 3bf4184bdd0a4ebd96f0233032a95fa9 [term 0 FOLLOWER]: Becoming Follower/Learner. State: Replica: 3bf4184bdd0a4ebd96f0233032a95fa9, State: Initialized, Role: FOLLOWER
I20260710 11:11:57.232528  3136 ts_tablet_manager.cc:1434] T bdf9d42ffa24446fb0493aed658e270b P 0361a952e1b6451fa87a50b97fbb8ac4: Time spent starting tablet: real 0.012s	user 0.006s	sys 0.000s
I20260710 11:11:57.233613  3136 tablet_bootstrap.cc:492] T 5e0db05b55d84adbaacc17f1c09ff9cd P 0361a952e1b6451fa87a50b97fbb8ac4: Bootstrap starting.
I20260710 11:11:57.233592  3022 tablet_service.cc:1917] Received RequestConsensusVote() RPC: tablet_id: "96e71ceed05849cd99e02300aaccb1be" candidate_uuid: "0361a952e1b6451fa87a50b97fbb8ac4" candidate_term: 1 candidate_status { last_received { term: 0 index: 0 } } ignore_live_leader: false dest_uuid: "16b537c931e247b9a4c587bc1fdac0d8" is_pre_election: true
I20260710 11:11:57.233299  3138 consensus_queue.cc:260] T bdf9d42ffa24446fb0493aed658e270b P 3bf4184bdd0a4ebd96f0233032a95fa9 [NON_LEADER]: Queue going to NON_LEADER mode. State: All replicated index: 0, Majority replicated index: 0, Committed index: 0, Last appended: 0.0, Last appended by leader: 0, Current term: 0, Majority size: -1, State: 0, Mode: NON_LEADER, active raft config: opid_index: -1 OBSOLETE_local: false peers { permanent_uuid: "3bf4184bdd0a4ebd96f0233032a95fa9" member_type: VOTER last_known_addr { host: "127.2.67.1" port: 41353 } } peers { permanent_uuid: "16b537c931e247b9a4c587bc1fdac0d8" member_type: VOTER last_known_addr { host: "127.2.67.2" port: 32927 } } peers { permanent_uuid: "0361a952e1b6451fa87a50b97fbb8ac4" member_type: VOTER last_known_addr { host: "127.2.67.3" port: 35237 } }
I20260710 11:11:57.236699  3138 ts_tablet_manager.cc:1434] T bdf9d42ffa24446fb0493aed658e270b P 3bf4184bdd0a4ebd96f0233032a95fa9: Time spent starting tablet: real 0.024s	user 0.008s	sys 0.000s
I20260710 11:11:57.240340  3138 tablet_bootstrap.cc:492] T 01061c40bcc9437c8620d2b0e63101d2 P 3bf4184bdd0a4ebd96f0233032a95fa9: Bootstrap starting.
W20260710 11:11:57.241775  3061 leader_election.cc:343] T 96e71ceed05849cd99e02300aaccb1be P 0361a952e1b6451fa87a50b97fbb8ac4 [CANDIDATE]: Term 1 pre-election: Tablet error from VoteRequest() call to peer 16b537c931e247b9a4c587bc1fdac0d8 (127.2.67.2:32927): Illegal state: must be running to vote when last-logged opid is not known
I20260710 11:11:57.242286  3061 leader_election.cc:304] T 96e71ceed05849cd99e02300aaccb1be P 0361a952e1b6451fa87a50b97fbb8ac4 [CANDIDATE]: Term 1 pre-election: Election decided. Result: candidate lost. Election summary: received 3 responses out of 3 voters: 1 yes votes; 2 no votes. yes voters: 0361a952e1b6451fa87a50b97fbb8ac4; no voters: 16b537c931e247b9a4c587bc1fdac0d8, 3bf4184bdd0a4ebd96f0233032a95fa9
I20260710 11:11:57.242726  3136 tablet_bootstrap.cc:654] T 5e0db05b55d84adbaacc17f1c09ff9cd P 0361a952e1b6451fa87a50b97fbb8ac4: Neither blocks nor log segments found. Creating new log.
I20260710 11:11:57.243225  3142 raft_consensus.cc:2749] T 96e71ceed05849cd99e02300aaccb1be P 0361a952e1b6451fa87a50b97fbb8ac4 [term 0 FOLLOWER]: Leader pre-election lost for term 1. Reason: could not achieve majority
I20260710 11:11:57.249328  3138 tablet_bootstrap.cc:654] T 01061c40bcc9437c8620d2b0e63101d2 P 3bf4184bdd0a4ebd96f0233032a95fa9: Neither blocks nor log segments found. Creating new log.
I20260710 11:11:57.262971  3143 raft_consensus.cc:493] T bdf9d42ffa24446fb0493aed658e270b P 3bf4184bdd0a4ebd96f0233032a95fa9 [term 0 FOLLOWER]: Starting pre-election (no leader contacted us within the election timeout)
I20260710 11:11:57.263542  3143 raft_consensus.cc:515] T bdf9d42ffa24446fb0493aed658e270b P 3bf4184bdd0a4ebd96f0233032a95fa9 [term 0 FOLLOWER]: Starting pre-election with config: opid_index: -1 OBSOLETE_local: false peers { permanent_uuid: "3bf4184bdd0a4ebd96f0233032a95fa9" member_type: VOTER last_known_addr { host: "127.2.67.1" port: 41353 } } peers { permanent_uuid: "16b537c931e247b9a4c587bc1fdac0d8" member_type: VOTER last_known_addr { host: "127.2.67.2" port: 32927 } } peers { permanent_uuid: "0361a952e1b6451fa87a50b97fbb8ac4" member_type: VOTER last_known_addr { host: "127.2.67.3" port: 35237 } }
I20260710 11:11:57.265300  3138 tablet_bootstrap.cc:492] T 01061c40bcc9437c8620d2b0e63101d2 P 3bf4184bdd0a4ebd96f0233032a95fa9: No bootstrap required, opened a new log
I20260710 11:11:57.265630  3137 tablet_bootstrap.cc:492] T 01061c40bcc9437c8620d2b0e63101d2 P 16b537c931e247b9a4c587bc1fdac0d8: No bootstrap required, opened a new log
I20260710 11:11:57.265807  3138 ts_tablet_manager.cc:1403] T 01061c40bcc9437c8620d2b0e63101d2 P 3bf4184bdd0a4ebd96f0233032a95fa9: Time spent bootstrapping tablet: real 0.026s	user 0.008s	sys 0.013s
I20260710 11:11:57.266251  3137 ts_tablet_manager.cc:1403] T 01061c40bcc9437c8620d2b0e63101d2 P 16b537c931e247b9a4c587bc1fdac0d8: Time spent bootstrapping tablet: real 0.046s	user 0.021s	sys 0.024s
I20260710 11:11:57.268510  3143 leader_election.cc:290] T bdf9d42ffa24446fb0493aed658e270b P 3bf4184bdd0a4ebd96f0233032a95fa9 [CANDIDATE]: Term 1 pre-election: Requested pre-vote from peers 16b537c931e247b9a4c587bc1fdac0d8 (127.2.67.2:32927), 0361a952e1b6451fa87a50b97fbb8ac4 (127.2.67.3:35237)
