I20260710 11:12:09.418798 11357 raft_consensus.cc:515] T 53aec884370c4de9ae038993d99938f0 P 4833ba7f8a824e6e9898a31a8bbfc836 [term 1 FOLLOWER]: Starting leader election with config: opid_index: -1 OBSOLETE_local: false peers { permanent_uuid: "4833ba7f8a824e6e9898a31a8bbfc836" member_type: VOTER last_known_addr { host: "127.9.174.65" port: 38727 } } peers { permanent_uuid: "32454e0cf89b490d854f5841493e93ec" member_type: VOTER last_known_addr { host: "127.9.174.66" port: 35557 } } peers { permanent_uuid: "2b951a00d3dd4cdb98e0e7fdb0678ea2" member_type: VOTER last_known_addr { host: "127.9.174.67" port: 33749 } }
I20260710 11:12:09.425333 11357 leader_election.cc:290] T 53aec884370c4de9ae038993d99938f0 P 4833ba7f8a824e6e9898a31a8bbfc836 [CANDIDATE]: Term 1 election: Requested vote from peers 32454e0cf89b490d854f5841493e93ec (127.9.174.66:35557), 2b951a00d3dd4cdb98e0e7fdb0678ea2 (127.9.174.67:33749)
I20260710 11:12:09.425953 11057 tablet_service.cc:1917] Received RequestConsensusVote() RPC: tablet_id: "0301078adaa5407e93bb60b040cc0fdc" candidate_uuid: "2b951a00d3dd4cdb98e0e7fdb0678ea2" candidate_term: 1 candidate_status { last_received { term: 0 index: 0 } } ignore_live_leader: false dest_uuid: "4833ba7f8a824e6e9898a31a8bbfc836" is_pre_election: true
I20260710 11:12:09.435048 11131 tablet_service.cc:1917] Received RequestConsensusVote() RPC: tablet_id: "0301078adaa5407e93bb60b040cc0fdc" candidate_uuid: "2b951a00d3dd4cdb98e0e7fdb0678ea2" candidate_term: 1 candidate_status { last_received { term: 0 index: 0 } } ignore_live_leader: false dest_uuid: "32454e0cf89b490d854f5841493e93ec" is_pre_election: true
I20260710 11:12:09.435755 11131 raft_consensus.cc:2468] T 0301078adaa5407e93bb60b040cc0fdc P 32454e0cf89b490d854f5841493e93ec [term 0 FOLLOWER]: Leader pre-election vote request: Granting yes vote for candidate 2b951a00d3dd4cdb98e0e7fdb0678ea2 in term 0.
I20260710 11:12:09.431303 11133 tablet_service.cc:1917] Received RequestConsensusVote() RPC: tablet_id: "53aec884370c4de9ae038993d99938f0" candidate_uuid: "4833ba7f8a824e6e9898a31a8bbfc836" candidate_term: 1 candidate_status { last_received { term: 0 index: 0 } } ignore_live_leader: false dest_uuid: "32454e0cf89b490d854f5841493e93ec"
I20260710 11:12:09.436405 10952 catalog_manager.cc:5697] T 20b2dcc2f15c4d7985feabe7299eadc9 P 32454e0cf89b490d854f5841493e93ec reported cstate change: term changed from 0 to 1, leader changed from <none> to 32454e0cf89b490d854f5841493e93ec (127.9.174.66). New cstate: current_term: 1 leader_uuid: "32454e0cf89b490d854f5841493e93ec" committed_config { opid_index: -1 OBSOLETE_local: false peers { permanent_uuid: "4833ba7f8a824e6e9898a31a8bbfc836" member_type: VOTER last_known_addr { host: "127.9.174.65" port: 38727 } health_report { overall_health: UNKNOWN } } peers { permanent_uuid: "32454e0cf89b490d854f5841493e93ec" member_type: VOTER last_known_addr { host: "127.9.174.66" port: 35557 } health_report { overall_health: HEALTHY } } peers { permanent_uuid: "2b951a00d3dd4cdb98e0e7fdb0678ea2" member_type: VOTER last_known_addr { host: "127.9.174.67" port: 33749 } health_report { overall_health: UNKNOWN } } }
I20260710 11:12:09.438244 11171 leader_election.cc:304] T 0301078adaa5407e93bb60b040cc0fdc P 2b951a00d3dd4cdb98e0e7fdb0678ea2 [CANDIDATE]: Term 1 pre-election: Election decided. Result: candidate won. Election summary: received 2 responses out of 3 voters: 2 yes votes; 0 no votes. yes voters: 2b951a00d3dd4cdb98e0e7fdb0678ea2, 32454e0cf89b490d854f5841493e93ec; no voters: 
W20260710 11:12:09.440261 11022 leader_election.cc:343] T 53aec884370c4de9ae038993d99938f0 P 4833ba7f8a824e6e9898a31a8bbfc836 [CANDIDATE]: Term 1 election: Tablet error from VoteRequest() call to peer 32454e0cf89b490d854f5841493e93ec (127.9.174.66:35557): Illegal state: must be running to vote when last-logged opid is not known
I20260710 11:12:09.440945 11297 raft_consensus.cc:2804] T 0301078adaa5407e93bb60b040cc0fdc P 2b951a00d3dd4cdb98e0e7fdb0678ea2 [term 0 FOLLOWER]: Leader pre-election won for term 1
I20260710 11:12:09.441339 11297 raft_consensus.cc:493] T 0301078adaa5407e93bb60b040cc0fdc P 2b951a00d3dd4cdb98e0e7fdb0678ea2 [term 0 FOLLOWER]: Starting leader election (no leader contacted us within the election timeout)
I20260710 11:12:09.441707 11297 raft_consensus.cc:3060] T 0301078adaa5407e93bb60b040cc0fdc P 2b951a00d3dd4cdb98e0e7fdb0678ea2 [term 0 FOLLOWER]: Advancing to term 1
W20260710 11:12:09.453675 11171 leader_election.cc:343] T 0301078adaa5407e93bb60b040cc0fdc P 2b951a00d3dd4cdb98e0e7fdb0678ea2 [CANDIDATE]: Term 1 pre-election: Tablet error from VoteRequest() call to peer 4833ba7f8a824e6e9898a31a8bbfc836 (127.9.174.65:38727): Illegal state: must be running to vote when last-logged opid is not known
I20260710 11:12:09.457676 11206 tablet_service.cc:1917] Received RequestConsensusVote() RPC: tablet_id: "53aec884370c4de9ae038993d99938f0" candidate_uuid: "4833ba7f8a824e6e9898a31a8bbfc836" candidate_term: 1 candidate_status { last_received { term: 0 index: 0 } } ignore_live_leader: false dest_uuid: "2b951a00d3dd4cdb98e0e7fdb0678ea2"
I20260710 11:12:09.466344 11206 raft_consensus.cc:3060] T 53aec884370c4de9ae038993d99938f0 P 2b951a00d3dd4cdb98e0e7fdb0678ea2 [term 0 FOLLOWER]: Advancing to term 1
I20260710 11:12:09.494423 11297 raft_consensus.cc:515] T 0301078adaa5407e93bb60b040cc0fdc P 2b951a00d3dd4cdb98e0e7fdb0678ea2 [term 1 FOLLOWER]: Starting leader election with config: opid_index: -1 OBSOLETE_local: false peers { permanent_uuid: "4833ba7f8a824e6e9898a31a8bbfc836" member_type: VOTER last_known_addr { host: "127.9.174.65" port: 38727 } } peers { permanent_uuid: "32454e0cf89b490d854f5841493e93ec" member_type: VOTER last_known_addr { host: "127.9.174.66" port: 35557 } } peers { permanent_uuid: "2b951a00d3dd4cdb98e0e7fdb0678ea2" member_type: VOTER last_known_addr { host: "127.9.174.67" port: 33749 } }
I20260710 11:12:09.496052 11248 tablet_bootstrap.cc:492] T 53aec884370c4de9ae038993d99938f0 P 32454e0cf89b490d854f5841493e93ec: No bootstrap required, opened a new log
I20260710 11:12:09.497066 11248 ts_tablet_manager.cc:1403] T 53aec884370c4de9ae038993d99938f0 P 32454e0cf89b490d854f5841493e93ec: Time spent bootstrapping tablet: real 0.261s	user 0.027s	sys 0.016s
I20260710 11:12:09.504806 11248 raft_consensus.cc:359] T 53aec884370c4de9ae038993d99938f0 P 32454e0cf89b490d854f5841493e93ec [term 0 FOLLOWER]: Replica starting. Triggering 0 pending ops. Active config: opid_index: -1 OBSOLETE_local: false peers { permanent_uuid: "4833ba7f8a824e6e9898a31a8bbfc836" member_type: VOTER last_known_addr { host: "127.9.174.65" port: 38727 } } peers { permanent_uuid: "32454e0cf89b490d854f5841493e93ec" member_type: VOTER last_known_addr { host: "127.9.174.66" port: 35557 } } peers { permanent_uuid: "2b951a00d3dd4cdb98e0e7fdb0678ea2" member_type: VOTER last_known_addr { host: "127.9.174.67" port: 33749 } }
I20260710 11:12:09.505492 11248 raft_consensus.cc:385] T 53aec884370c4de9ae038993d99938f0 P 32454e0cf89b490d854f5841493e93ec [term 0 FOLLOWER]: Consensus starting up: Expiring failure detector timer to make a prompt election more likely
I20260710 11:12:09.505769 11248 raft_consensus.cc:740] T 53aec884370c4de9ae038993d99938f0 P 32454e0cf89b490d854f5841493e93ec [term 0 FOLLOWER]: Becoming Follower/Learner. State: Replica: 32454e0cf89b490d854f5841493e93ec, State: Initialized, Role: FOLLOWER
I20260710 11:12:09.506417 11248 consensus_queue.cc:260] T 53aec884370c4de9ae038993d99938f0 P 32454e0cf89b490d854f5841493e93ec [NON_LEADER]: Queue going to NON_LEADER mode. State: All replicated index: 0, Majority replicated index: 0, Committed index: 0, Last appended: 0.0, Last appended by leader: 0, Current term: 0, Majority size: -1, State: 0, Mode: NON_LEADER, active raft config: opid_index: -1 OBSOLETE_local: false peers { permanent_uuid: "4833ba7f8a824e6e9898a31a8bbfc836" member_type: VOTER last_known_addr { host: "127.9.174.65" port: 38727 } } peers { permanent_uuid: "32454e0cf89b490d854f5841493e93ec" member_type: VOTER last_known_addr { host: "127.9.174.66" port: 35557 } } peers { permanent_uuid: "2b951a00d3dd4cdb98e0e7fdb0678ea2" member_type: VOTER last_known_addr { host: "127.9.174.67" port: 33749 } }
I20260710 11:12:09.508431 11248 ts_tablet_manager.cc:1434] T 53aec884370c4de9ae038993d99938f0 P 32454e0cf89b490d854f5841493e93ec: Time spent starting tablet: real 0.011s	user 0.005s	sys 0.000s
I20260710 11:12:09.509289 11248 tablet_bootstrap.cc:492] T 5e2fe4822f594d65add8d2f554c08466 P 32454e0cf89b490d854f5841493e93ec: Bootstrap starting.
I20260710 11:12:09.510746 11250 tablet_bootstrap.cc:492] T 26d284db8d1349aab3ad585271d7b38f P 4833ba7f8a824e6e9898a31a8bbfc836: No bootstrap required, opened a new log
I20260710 11:12:09.512725 11250 ts_tablet_manager.cc:1403] T 26d284db8d1349aab3ad585271d7b38f P 4833ba7f8a824e6e9898a31a8bbfc836: Time spent bootstrapping tablet: real 0.259s	user 0.026s	sys 0.047s
I20260710 11:12:09.515206 10953 catalog_manager.cc:5697] T 71565a6a88f2435e8b3774845bd2cdb9 P 4833ba7f8a824e6e9898a31a8bbfc836 reported cstate change: term changed from 0 to 1, leader changed from <none> to 4833ba7f8a824e6e9898a31a8bbfc836 (127.9.174.65). New cstate: current_term: 1 leader_uuid: "4833ba7f8a824e6e9898a31a8bbfc836" committed_config { opid_index: -1 OBSOLETE_local: false peers { permanent_uuid: "4833ba7f8a824e6e9898a31a8bbfc836" member_type: VOTER last_known_addr { host: "127.9.174.65" port: 38727 } health_report { overall_health: HEALTHY } } peers { permanent_uuid: "32454e0cf89b490d854f5841493e93ec" member_type: VOTER last_known_addr { host: "127.9.174.66" port: 35557 } health_report { overall_health: UNKNOWN } } peers { permanent_uuid: "2b951a00d3dd4cdb98e0e7fdb0678ea2" member_type: VOTER last_known_addr { host: "127.9.174.67" port: 33749 } health_report { overall_health: UNKNOWN } } }
I20260710 11:12:09.513120 11055 tablet_service.cc:1917] Received RequestConsensusVote() RPC: tablet_id: "0301078adaa5407e93bb60b040cc0fdc" candidate_uuid: "2b951a00d3dd4cdb98e0e7fdb0678ea2" candidate_term: 1 candidate_status { last_received { term: 0 index: 0 } } ignore_live_leader: false dest_uuid: "4833ba7f8a824e6e9898a31a8bbfc836"
I20260710 11:12:09.516767 11250 raft_consensus.cc:359] T 26d284db8d1349aab3ad585271d7b38f P 4833ba7f8a824e6e9898a31a8bbfc836 [term 0 FOLLOWER]: Replica starting. Triggering 0 pending ops. Active config: opid_index: -1 OBSOLETE_local: false peers { permanent_uuid: "4833ba7f8a824e6e9898a31a8bbfc836" member_type: VOTER last_known_addr { host: "127.9.174.65" port: 38727 } } peers { permanent_uuid: "32454e0cf89b490d854f5841493e93ec" member_type: VOTER last_known_addr { host: "127.9.174.66" port: 35557 } } peers { permanent_uuid: "2b951a00d3dd4cdb98e0e7fdb0678ea2" member_type: VOTER last_known_addr { host: "127.9.174.67" port: 33749 } }
I20260710 11:12:09.517423 11250 raft_consensus.cc:385] T 26d284db8d1349aab3ad585271d7b38f P 4833ba7f8a824e6e9898a31a8bbfc836 [term 0 FOLLOWER]: Consensus starting up: Expiring failure detector timer to make a prompt election more likely
I20260710 11:12:09.517709 11250 raft_consensus.cc:740] T 26d284db8d1349aab3ad585271d7b38f P 4833ba7f8a824e6e9898a31a8bbfc836 [term 0 FOLLOWER]: Becoming Follower/Learner. State: Replica: 4833ba7f8a824e6e9898a31a8bbfc836, State: Initialized, Role: FOLLOWER
I20260710 11:12:09.518134 11247 tablet_bootstrap.cc:492] T 20b2dcc2f15c4d7985feabe7299eadc9 P 2b951a00d3dd4cdb98e0e7fdb0678ea2: No bootstrap required, opened a new log
I20260710 11:12:09.518571 11247 ts_tablet_manager.cc:1403] T 20b2dcc2f15c4d7985feabe7299eadc9 P 2b951a00d3dd4cdb98e0e7fdb0678ea2: Time spent bootstrapping tablet: real 0.210s	user 0.020s	sys 0.017s
I20260710 11:12:09.518400 11250 consensus_queue.cc:260] T 26d284db8d1349aab3ad585271d7b38f P 4833ba7f8a824e6e9898a31a8bbfc836 [NON_LEADER]: Queue going to NON_LEADER mode. State: All replicated index: 0, Majority replicated index: 0, Committed index: 0, Last appended: 0.0, Last appended by leader: 0, Current term: 0, Majority size: -1, State: 0, Mode: NON_LEADER, active raft config: opid_index: -1 OBSOLETE_local: false peers { permanent_uuid: "4833ba7f8a824e6e9898a31a8bbfc836" member_type: VOTER last_known_addr { host: "127.9.174.65" port: 38727 } } peers { permanent_uuid: "32454e0cf89b490d854f5841493e93ec" member_type: VOTER last_known_addr { host: "127.9.174.66" port: 35557 } } peers { permanent_uuid: "2b951a00d3dd4cdb98e0e7fdb0678ea2" member_type: VOTER last_known_addr { host: "127.9.174.67" port: 33749 } }
W20260710 11:12:09.519160 11171 leader_election.cc:343] T 0301078adaa5407e93bb60b040cc0fdc P 2b951a00d3dd4cdb98e0e7fdb0678ea2 [CANDIDATE]: Term 1 election: Tablet error from VoteRequest() call to peer 4833ba7f8a824e6e9898a31a8bbfc836 (127.9.174.65:38727): Illegal state: must be running to vote when last-logged opid is not known
I20260710 11:12:09.520387 11250 ts_tablet_manager.cc:1434] T 26d284db8d1349aab3ad585271d7b38f P 4833ba7f8a824e6e9898a31a8bbfc836: Time spent starting tablet: real 0.006s	user 0.004s	sys 0.000s
I20260710 11:12:09.521260 11250 tablet_bootstrap.cc:492] T bb9c2ba9d0e5461b94d1ba9ccda79871 P 4833ba7f8a824e6e9898a31a8bbfc836: Bootstrap starting.
I20260710 11:12:09.513170 11133 tablet_service.cc:1917] Received RequestConsensusVote() RPC: tablet_id: "0301078adaa5407e93bb60b040cc0fdc" candidate_uuid: "2b951a00d3dd4cdb98e0e7fdb0678ea2" candidate_term: 1 candidate_status { last_received { term: 0 index: 0 } } ignore_live_leader: false dest_uuid: "32454e0cf89b490d854f5841493e93ec"
I20260710 11:12:09.521432 11247 raft_consensus.cc:359] T 20b2dcc2f15c4d7985feabe7299eadc9 P 2b951a00d3dd4cdb98e0e7fdb0678ea2 [term 0 FOLLOWER]: Replica starting. Triggering 0 pending ops. Active config: opid_index: -1 OBSOLETE_local: false peers { permanent_uuid: "4833ba7f8a824e6e9898a31a8bbfc836" member_type: VOTER last_known_addr { host: "127.9.174.65" port: 38727 } } peers { permanent_uuid: "32454e0cf89b490d854f5841493e93ec" member_type: VOTER last_known_addr { host: "127.9.174.66" port: 35557 } } peers { permanent_uuid: "2b951a00d3dd4cdb98e0e7fdb0678ea2" member_type: VOTER last_known_addr { host: "127.9.174.67" port: 33749 } }
I20260710 11:12:09.521908 11133 raft_consensus.cc:3060] T 0301078adaa5407e93bb60b040cc0fdc P 32454e0cf89b490d854f5841493e93ec [term 0 FOLLOWER]: Advancing to term 1
I20260710 11:12:09.522054 11247 raft_consensus.cc:385] T 20b2dcc2f15c4d7985feabe7299eadc9 P 2b951a00d3dd4cdb98e0e7fdb0678ea2 [term 0 FOLLOWER]: Consensus starting up: Expiring failure detector timer to make a prompt election more likely
I20260710 11:12:09.522428 11247 raft_consensus.cc:740] T 20b2dcc2f15c4d7985feabe7299eadc9 P 2b951a00d3dd4cdb98e0e7fdb0678ea2 [term 0 FOLLOWER]: Becoming Follower/Learner. State: Replica: 2b951a00d3dd4cdb98e0e7fdb0678ea2, State: Initialized, Role: FOLLOWER
I20260710 11:12:09.525441 11247 consensus_queue.cc:260] T 20b2dcc2f15c4d7985feabe7299eadc9 P 2b951a00d3dd4cdb98e0e7fdb0678ea2 [NON_LEADER]: Queue going to NON_LEADER mode. State: All replicated index: 0, Majority replicated index: 0, Committed index: 0, Last appended: 0.0, Last appended by leader: 0, Current term: 0, Majority size: -1, State: 0, Mode: NON_LEADER, active raft config: opid_index: -1 OBSOLETE_local: false peers { permanent_uuid: "4833ba7f8a824e6e9898a31a8bbfc836" member_type: VOTER last_known_addr { host: "127.9.174.65" port: 38727 } } peers { permanent_uuid: "32454e0cf89b490d854f5841493e93ec" member_type: VOTER last_known_addr { host: "127.9.174.66" port: 35557 } } peers { permanent_uuid: "2b951a00d3dd4cdb98e0e7fdb0678ea2" member_type: VOTER last_known_addr { host: "127.9.174.67" port: 33749 } }
I20260710 11:12:09.527766 11250 tablet_bootstrap.cc:654] T bb9c2ba9d0e5461b94d1ba9ccda79871 P 4833ba7f8a824e6e9898a31a8bbfc836: Neither blocks nor log segments found. Creating new log.
I20260710 11:12:09.511534 11297 leader_election.cc:290] T 0301078adaa5407e93bb60b040cc0fdc P 2b951a00d3dd4cdb98e0e7fdb0678ea2 [CANDIDATE]: Term 1 election: Requested vote from peers 4833ba7f8a824e6e9898a31a8bbfc836 (127.9.174.65:38727), 32454e0cf89b490d854f5841493e93ec (127.9.174.66:35557)
I20260710 11:12:09.512073 11206 raft_consensus.cc:2468] T 53aec884370c4de9ae038993d99938f0 P 2b951a00d3dd4cdb98e0e7fdb0678ea2 [term 1 FOLLOWER]: Leader election vote request: Granting yes vote for candidate 4833ba7f8a824e6e9898a31a8bbfc836 in term 1.
I20260710 11:12:09.527552 11133 raft_consensus.cc:2468] T 0301078adaa5407e93bb60b040cc0fdc P 32454e0cf89b490d854f5841493e93ec [term 1 FOLLOWER]: Leader election vote request: Granting yes vote for candidate 2b951a00d3dd4cdb98e0e7fdb0678ea2 in term 1.
I20260710 11:12:09.529387 11171 leader_election.cc:304] T 0301078adaa5407e93bb60b040cc0fdc P 2b951a00d3dd4cdb98e0e7fdb0678ea2 [CANDIDATE]: Term 1 election: Election decided. Result: candidate won. Election summary: received 3 responses out of 3 voters: 2 yes votes; 1 no votes. yes voters: 2b951a00d3dd4cdb98e0e7fdb0678ea2, 32454e0cf89b490d854f5841493e93ec; no voters: 4833ba7f8a824e6e9898a31a8bbfc836
I20260710 11:12:09.530231 11297 raft_consensus.cc:2804] T 0301078adaa5407e93bb60b040cc0fdc P 2b951a00d3dd4cdb98e0e7fdb0678ea2 [term 1 FOLLOWER]: Leader election won for term 1
I20260710 11:12:09.530743 11297 raft_consensus.cc:697] T 0301078adaa5407e93bb60b040cc0fdc P 2b951a00d3dd4cdb98e0e7fdb0678ea2 [term 1 LEADER]: Becoming Leader. State: Replica: 2b951a00d3dd4cdb98e0e7fdb0678ea2, State: Running, Role: LEADER
I20260710 11:12:09.530783 11021 leader_election.cc:304] T 53aec884370c4de9ae038993d99938f0 P 4833ba7f8a824e6e9898a31a8bbfc836 [CANDIDATE]: Term 1 election: Election decided. Result: candidate won. Election summary: received 3 responses out of 3 voters: 2 yes votes; 1 no votes. yes voters: 2b951a00d3dd4cdb98e0e7fdb0678ea2, 4833ba7f8a824e6e9898a31a8bbfc836; no voters: 32454e0cf89b490d854f5841493e93ec
I20260710 11:12:09.531737 11297 consensus_queue.cc:237] T 0301078adaa5407e93bb60b040cc0fdc P 2b951a00d3dd4cdb98e0e7fdb0678ea2 [LEADER]: Queue going to LEADER mode. State: All replicated index: 0, Majority replicated index: 0, Committed index: 0, Last appended: 0.0, Last appended by leader: 0, Current term: 1, Majority size: 2, State: 0, Mode: LEADER, active raft config: opid_index: -1 OBSOLETE_local: false peers { permanent_uuid: "4833ba7f8a824e6e9898a31a8bbfc836" member_type: VOTER last_known_addr { host: "127.9.174.65" port: 38727 } } peers { permanent_uuid: "32454e0cf89b490d854f5841493e93ec" member_type: VOTER last_known_addr { host: "127.9.174.66" port: 35557 } } peers { permanent_uuid: "2b951a00d3dd4cdb98e0e7fdb0678ea2" member_type: VOTER last_known_addr { host: "127.9.174.67" port: 33749 } }
I20260710 11:12:09.532318 11265 raft_consensus.cc:2804] T 53aec884370c4de9ae038993d99938f0 P 4833ba7f8a824e6e9898a31a8bbfc836 [term 1 FOLLOWER]: Leader election won for term 1
I20260710 11:12:09.533167 11265 raft_consensus.cc:697] T 53aec884370c4de9ae038993d99938f0 P 4833ba7f8a824e6e9898a31a8bbfc836 [term 1 LEADER]: Becoming Leader. State: Replica: 4833ba7f8a824e6e9898a31a8bbfc836, State: Running, Role: LEADER
I20260710 11:12:09.534144 11265 consensus_queue.cc:237] T 53aec884370c4de9ae038993d99938f0 P 4833ba7f8a824e6e9898a31a8bbfc836 [LEADER]: Queue going to LEADER mode. State: All replicated index: 0, Majority replicated index: 0, Committed index: 0, Last appended: 0.0, Last appended by leader: 0, Current term: 1, Majority size: 2, State: 0, Mode: LEADER, active raft config: opid_index: -1 OBSOLETE_local: false peers { permanent_uuid: "4833ba7f8a824e6e9898a31a8bbfc836" member_type: VOTER last_known_addr { host: "127.9.174.65" port: 38727 } } peers { permanent_uuid: "32454e0cf89b490d854f5841493e93ec" member_type: VOTER last_known_addr { host: "127.9.174.66" port: 35557 } } peers { permanent_uuid: "2b951a00d3dd4cdb98e0e7fdb0678ea2" member_type: VOTER last_known_addr { host: "127.9.174.67" port: 33749 } }
I20260710 11:12:09.536047 11247 ts_tablet_manager.cc:1434] T 20b2dcc2f15c4d7985feabe7299eadc9 P 2b951a00d3dd4cdb98e0e7fdb0678ea2: Time spent starting tablet: real 0.017s	user 0.005s	sys 0.001s
I20260710 11:12:09.536366 11248 tablet_bootstrap.cc:654] T 5e2fe4822f594d65add8d2f554c08466 P 32454e0cf89b490d854f5841493e93ec: Neither blocks nor log segments found. Creating new log.
I20260710 11:12:09.541671 11247 tablet_bootstrap.cc:492] T 5821966c2292404784d62b60cda61ccb P 2b951a00d3dd4cdb98e0e7fdb0678ea2: Bootstrap starting.
I20260710 11:12:09.556718 10953 catalog_manager.cc:5697] T 0301078adaa5407e93bb60b040cc0fdc P 2b951a00d3dd4cdb98e0e7fdb0678ea2 reported cstate change: term changed from 0 to 1, leader changed from <none> to 2b951a00d3dd4cdb98e0e7fdb0678ea2 (127.9.174.67). New cstate: current_term: 1 leader_uuid: "2b951a00d3dd4cdb98e0e7fdb0678ea2" committed_config { opid_index: -1 OBSOLETE_local: false peers { permanent_uuid: "4833ba7f8a824e6e9898a31a8bbfc836" member_type: VOTER last_known_addr { host: "127.9.174.65" port: 38727 } health_report { overall_health: UNKNOWN } } peers { permanent_uuid: "32454e0cf89b490d854f5841493e93ec" member_type: VOTER last_known_addr { host: "127.9.174.66" port: 35557 } health_report { overall_health: UNKNOWN } } peers { permanent_uuid: "2b951a00d3dd4cdb98e0e7fdb0678ea2" member_type: VOTER last_known_addr { host: "127.9.174.67" port: 33749 } health_report { overall_health: HEALTHY } } }
I20260710 11:12:09.561426 11248 tablet_bootstrap.cc:492] T 5e2fe4822f594d65add8d2f554c08466 P 32454e0cf89b490d854f5841493e93ec: No bootstrap required, opened a new log
I20260710 11:12:09.562188 11248 ts_tablet_manager.cc:1403] T 5e2fe4822f594d65add8d2f554c08466 P 32454e0cf89b490d854f5841493e93ec: Time spent bootstrapping tablet: real 0.053s	user 0.011s	sys 0.001s
I20260710 11:12:09.567615 10952 catalog_manager.cc:5697] T 53aec884370c4de9ae038993d99938f0 P 4833ba7f8a824e6e9898a31a8bbfc836 reported cstate change: term changed from 0 to 1, leader changed from <none> to 4833ba7f8a824e6e9898a31a8bbfc836 (127.9.174.65). New cstate: current_term: 1 leader_uuid: "4833ba7f8a824e6e9898a31a8bbfc836" committed_config { opid_index: -1 OBSOLETE_local: false peers { permanent_uuid: "4833ba7f8a824e6e9898a31a8bbfc836" member_type: VOTER last_known_addr { host: "127.9.174.65" port: 38727 } health_report { overall_health: HEALTHY } } peers { permanent_uuid: "32454e0cf89b490d854f5841493e93ec" member_type: VOTER last_known_addr { host: "127.9.174.66" port: 35557 } health_report { overall_health: UNKNOWN } } peers { permanent_uuid: "2b951a00d3dd4cdb98e0e7fdb0678ea2" member_type: VOTER last_known_addr { host: "127.9.174.67" port: 33749 } health_report { overall_health: UNKNOWN } } }
I20260710 11:12:09.576346 11247 tablet_bootstrap.cc:654] T 5821966c2292404784d62b60cda61ccb P 2b951a00d3dd4cdb98e0e7fdb0678ea2: Neither blocks nor log segments found. Creating new log.
I20260710 11:12:09.575932 11248 raft_consensus.cc:359] T 5e2fe4822f594d65add8d2f554c08466 P 32454e0cf89b490d854f5841493e93ec [term 0 FOLLOWER]: Replica starting. Triggering 0 pending ops. Active config: opid_index: -1 OBSOLETE_local: false peers { permanent_uuid: "4833ba7f8a824e6e9898a31a8bbfc836" member_type: VOTER last_known_addr { host: "127.9.174.65" port: 38727 } } peers { permanent_uuid: "32454e0cf89b490d854f5841493e93ec" member_type: VOTER last_known_addr { host: "127.9.174.66" port: 35557 } } peers { permanent_uuid: "2b951a00d3dd4cdb98e0e7fdb0678ea2" member_type: VOTER last_known_addr { host: "127.9.174.67" port: 33749 } }
I20260710 11:12:09.578624 11248 raft_consensus.cc:385] T 5e2fe4822f594d65add8d2f554c08466 P 32454e0cf89b490d854f5841493e93ec [term 0 FOLLOWER]: Consensus starting up: Expiring failure detector timer to make a prompt election more likely
I20260710 11:12:09.579006 11250 tablet_bootstrap.cc:492] T bb9c2ba9d0e5461b94d1ba9ccda79871 P 4833ba7f8a824e6e9898a31a8bbfc836: No bootstrap required, opened a new log
I20260710 11:12:09.578971 11248 raft_consensus.cc:740] T 5e2fe4822f594d65add8d2f554c08466 P 32454e0cf89b490d854f5841493e93ec [term 0 FOLLOWER]: Becoming Follower/Learner. State: Replica: 32454e0cf89b490d854f5841493e93ec, State: Initialized, Role: FOLLOWER
I20260710 11:12:09.579550 11055 raft_consensus.cc:3060] T 26d284db8d1349aab3ad585271d7b38f P 4833ba7f8a824e6e9898a31a8bbfc836 [term 0 FOLLOWER]: Advancing to term 1
I20260710 11:12:09.580816 11248 consensus_queue.cc:260] T 5e2fe4822f594d65add8d2f554c08466 P 32454e0cf89b490d854f5841493e93ec [NON_LEADER]: Queue going to NON_LEADER mode. State: All replicated index: 0, Majority replicated index: 0, Committed index: 0, Last appended: 0.0, Last appended by leader: 0, Current term: 0, Majority size: -1, State: 0, Mode: NON_LEADER, active raft config: opid_index: -1 OBSOLETE_local: false peers { permanent_uuid: "4833ba7f8a824e6e9898a31a8bbfc836" member_type: VOTER last_known_addr { host: "127.9.174.65" port: 38727 } } peers { permanent_uuid: "32454e0cf89b490d854f5841493e93ec" member_type: VOTER last_known_addr { host: "127.9.174.66" port: 35557 } } peers { permanent_uuid: "2b951a00d3dd4cdb98e0e7fdb0678ea2" member_type: VOTER last_known_addr { host: "127.9.174.67" port: 33749 } }
I20260710 11:12:09.586742 11248 ts_tablet_manager.cc:1434] T 5e2fe4822f594d65add8d2f554c08466 P 32454e0cf89b490d854f5841493e93ec: Time spent starting tablet: real 0.020s	user 0.008s	sys 0.000s
I20260710 11:12:09.587790 11248 tablet_bootstrap.cc:492] T 317564a0f3be4b7d9a68f177dbf7c539 P 32454e0cf89b490d854f5841493e93ec: Bootstrap starting.
I20260710 11:12:09.579566 11250 ts_tablet_manager.cc:1403] T bb9c2ba9d0e5461b94d1ba9ccda79871 P 4833ba7f8a824e6e9898a31a8bbfc836: Time spent bootstrapping tablet: real 0.058s	user 0.034s	sys 0.024s
I20260710 11:12:09.592217 11250 raft_consensus.cc:359] T bb9c2ba9d0e5461b94d1ba9ccda79871 P 4833ba7f8a824e6e9898a31a8bbfc836 [term 0 FOLLOWER]: Replica starting. Triggering 0 pending ops. Active config: opid_index: -1 OBSOLETE_local: false peers { permanent_uuid: "4833ba7f8a824e6e9898a31a8bbfc836" member_type: VOTER last_known_addr { host: "127.9.174.65" port: 38727 } } peers { permanent_uuid: "32454e0cf89b490d854f5841493e93ec" member_type: VOTER last_known_addr { host: "127.9.174.66" port: 35557 } } peers { permanent_uuid: "2b951a00d3dd4cdb98e0e7fdb0678ea2" member_type: VOTER last_known_addr { host: "127.9.174.67" port: 33749 } }
I20260710 11:12:09.592953 11250 raft_consensus.cc:385] T bb9c2ba9d0e5461b94d1ba9ccda79871 P 4833ba7f8a824e6e9898a31a8bbfc836 [term 0 FOLLOWER]: Consensus starting up: Expiring failure detector timer to make a prompt election more likely
I20260710 11:12:09.593232 11250 raft_consensus.cc:740] T bb9c2ba9d0e5461b94d1ba9ccda79871 P 4833ba7f8a824e6e9898a31a8bbfc836 [term 0 FOLLOWER]: Becoming Follower/Learner. State: Replica: 4833ba7f8a824e6e9898a31a8bbfc836, State: Initialized, Role: FOLLOWER
I20260710 11:12:09.595293 11250 consensus_queue.cc:260] T bb9c2ba9d0e5461b94d1ba9ccda79871 P 4833ba7f8a824e6e9898a31a8bbfc836 [NON_LEADER]: Queue going to NON_LEADER mode. State: All replicated index: 0, Majority replicated index: 0, Committed index: 0, Last appended: 0.0, Last appended by leader: 0, Current term: 0, Majority size: -1, State: 0, Mode: NON_LEADER, active raft config: opid_index: -1 OBSOLETE_local: false peers { permanent_uuid: "4833ba7f8a824e6e9898a31a8bbfc836" member_type: VOTER last_known_addr { host: "127.9.174.65" port: 38727 } } peers { permanent_uuid: "32454e0cf89b490d854f5841493e93ec" member_type: VOTER last_known_addr { host: "127.9.174.66" port: 35557 } } peers { permanent_uuid: "2b951a00d3dd4cdb98e0e7fdb0678ea2" member_type: VOTER last_known_addr { host: "127.9.174.67" port: 33749 } }
I20260710 11:12:09.598965 11250 ts_tablet_manager.cc:1434] T bb9c2ba9d0e5461b94d1ba9ccda79871 P 4833ba7f8a824e6e9898a31a8bbfc836: Time spent starting tablet: real 0.010s	user 0.006s	sys 0.000s
I20260710 11:12:09.599985 11250 tablet_bootstrap.cc:492] T 5e2fe4822f594d65add8d2f554c08466 P 4833ba7f8a824e6e9898a31a8bbfc836: Bootstrap starting.
I20260710 11:12:09.602352 11248 tablet_bootstrap.cc:654] T 317564a0f3be4b7d9a68f177dbf7c539 P 32454e0cf89b490d854f5841493e93ec: Neither blocks nor log segments found. Creating new log.
I20260710 11:12:09.609195 11250 tablet_bootstrap.cc:654] T 5e2fe4822f594d65add8d2f554c08466 P 4833ba7f8a824e6e9898a31a8bbfc836: Neither blocks nor log segments found. Creating new log.
I20260710 11:12:09.611423 11247 tablet_bootstrap.cc:492] T 5821966c2292404784d62b60cda61ccb P 2b951a00d3dd4cdb98e0e7fdb0678ea2: No bootstrap required, opened a new log
I20260710 11:12:09.612046 11247 ts_tablet_manager.cc:1403] T 5821966c2292404784d62b60cda61ccb P 2b951a00d3dd4cdb98e0e7fdb0678ea2: Time spent bootstrapping tablet: real 0.071s	user 0.018s	sys 0.020s
I20260710 11:12:09.612663 11248 tablet_bootstrap.cc:492] T 317564a0f3be4b7d9a68f177dbf7c539 P 32454e0cf89b490d854f5841493e93ec: No bootstrap required, opened a new log
I20260710 11:12:09.613214 11248 ts_tablet_manager.cc:1403] T 317564a0f3be4b7d9a68f177dbf7c539 P 32454e0cf89b490d854f5841493e93ec: Time spent bootstrapping tablet: real 0.026s	user 0.003s	sys 0.008s
I20260710 11:12:09.615998 11248 raft_consensus.cc:359] T 317564a0f3be4b7d9a68f177dbf7c539 P 32454e0cf89b490d854f5841493e93ec [term 0 FOLLOWER]: Replica starting. Triggering 0 pending ops. Active config: opid_index: -1 OBSOLETE_local: false peers { permanent_uuid: "4833ba7f8a824e6e9898a31a8bbfc836" member_type: VOTER last_known_addr { host: "127.9.174.65" port: 38727 } } peers { permanent_uuid: "32454e0cf89b490d854f5841493e93ec" member_type: VOTER last_known_addr { host: "127.9.174.66" port: 35557 } } peers { permanent_uuid: "2b951a00d3dd4cdb98e0e7fdb0678ea2" member_type: VOTER last_known_addr { host: "127.9.174.67" port: 33749 } }
I20260710 11:12:09.616740 11248 raft_consensus.cc:385] T 317564a0f3be4b7d9a68f177dbf7c539 P 32454e0cf89b490d854f5841493e93ec [term 0 FOLLOWER]: Consensus starting up: Expiring failure detector timer to make a prompt election more likely
I20260710 11:12:09.616922 11247 raft_consensus.cc:359] T 5821966c2292404784d62b60cda61ccb P 2b951a00d3dd4cdb98e0e7fdb0678ea2 [term 0 FOLLOWER]: Replica starting. Triggering 0 pending ops. Active config: opid_index: -1 OBSOLETE_local: false peers { permanent_uuid: "4833ba7f8a824e6e9898a31a8bbfc836" member_type: VOTER last_known_addr { host: "127.9.174.65" port: 38727 } } peers { permanent_uuid: "32454e0cf89b490d854f5841493e93ec" member_type: VOTER last_known_addr { host: "127.9.174.66" port: 35557 } } peers { permanent_uuid: "2b951a00d3dd4cdb98e0e7fdb0678ea2" member_type: VOTER last_known_addr { host: "127.9.174.67" port: 33749 } }
I20260710 11:12:09.617044 11248 raft_consensus.cc:740] T 317564a0f3be4b7d9a68f177dbf7c539 P 32454e0cf89b490d854f5841493e93ec [term 0 FOLLOWER]: Becoming Follower/Learner. State: Replica: 32454e0cf89b490d854f5841493e93ec, State: Initialized, Role: FOLLOWER
I20260710 11:12:09.618785 11247 raft_consensus.cc:385] T 5821966c2292404784d62b60cda61ccb P 2b951a00d3dd4cdb98e0e7fdb0678ea2 [term 0 FOLLOWER]: Consensus starting up: Expiring failure detector timer to make a prompt election more likely
I20260710 11:12:09.619253 11247 raft_consensus.cc:740] T 5821966c2292404784d62b60cda61ccb P 2b951a00d3dd4cdb98e0e7fdb0678ea2 [term 0 FOLLOWER]: Becoming Follower/Learner. State: Replica: 2b951a00d3dd4cdb98e0e7fdb0678ea2, State: Initialized, Role: FOLLOWER
I20260710 11:12:09.620203 11247 consensus_queue.cc:260] T 5821966c2292404784d62b60cda61ccb P 2b951a00d3dd4cdb98e0e7fdb0678ea2 [NON_LEADER]: Queue going to NON_LEADER mode. State: All replicated index: 0, Majority replicated index: 0, Committed index: 0, Last appended: 0.0, Last appended by leader: 0, Current term: 0, Majority size: -1, State: 0, Mode: NON_LEADER, active raft config: opid_index: -1 OBSOLETE_local: false peers { permanent_uuid: "4833ba7f8a824e6e9898a31a8bbfc836" member_type: VOTER last_known_addr { host: "127.9.174.65" port: 38727 } } peers { permanent_uuid: "32454e0cf89b490d854f5841493e93ec" member_type: VOTER last_known_addr { host: "127.9.174.66" port: 35557 } } peers { permanent_uuid: "2b951a00d3dd4cdb98e0e7fdb0678ea2" member_type: VOTER last_known_addr { host: "127.9.174.67" port: 33749 } }
I20260710 11:12:09.622597 11248 consensus_queue.cc:260] T 317564a0f3be4b7d9a68f177dbf7c539 P 32454e0cf89b490d854f5841493e93ec [NON_LEADER]: Queue going to NON_LEADER mode. State: All replicated index: 0, Majority replicated index: 0, Committed index: 0, Last appended: 0.0, Last appended by leader: 0, Current term: 0, Majority size: -1, State: 0, Mode: NON_LEADER, active raft config: opid_index: -1 OBSOLETE_local: false peers { permanent_uuid: "4833ba7f8a824e6e9898a31a8bbfc836" member_type: VOTER last_known_addr { host: "127.9.174.65" port: 38727 } } peers { permanent_uuid: "32454e0cf89b490d854f5841493e93ec" member_type: VOTER last_known_addr { host: "127.9.174.66" port: 35557 } } peers { permanent_uuid: "2b951a00d3dd4cdb98e0e7fdb0678ea2" member_type: VOTER last_known_addr { host: "127.9.174.67" port: 33749 } }
I20260710 11:12:09.631382 11247 ts_tablet_manager.cc:1434] T 5821966c2292404784d62b60cda61ccb P 2b951a00d3dd4cdb98e0e7fdb0678ea2: Time spent starting tablet: real 0.019s	user 0.007s	sys 0.001s
I20260710 11:12:09.632714 11247 tablet_bootstrap.cc:492] T f507e9ffa98e4504b5bd31b73a9b9d5f P 2b951a00d3dd4cdb98e0e7fdb0678ea2: Bootstrap starting.
I20260710 11:12:09.635778 11248 ts_tablet_manager.cc:1434] T 317564a0f3be4b7d9a68f177dbf7c539 P 32454e0cf89b490d854f5841493e93ec: Time spent starting tablet: real 0.022s	user 0.007s	sys 0.000s
I20260710 11:12:09.641227 11247 tablet_bootstrap.cc:654] T f507e9ffa98e4504b5bd31b73a9b9d5f P 2b951a00d3dd4cdb98e0e7fdb0678ea2: Neither blocks nor log segments found. Creating new log.
I20260710 11:12:09.643425 11248 tablet_bootstrap.cc:492] T f507e9ffa98e4504b5bd31b73a9b9d5f P 32454e0cf89b490d854f5841493e93ec: Bootstrap starting.
I20260710 11:12:09.654588 11250 tablet_bootstrap.cc:492] T 5e2fe4822f594d65add8d2f554c08466 P 4833ba7f8a824e6e9898a31a8bbfc836: No bootstrap required, opened a new log
I20260710 11:12:09.655148 11250 ts_tablet_manager.cc:1403] T 5e2fe4822f594d65add8d2f554c08466 P 4833ba7f8a824e6e9898a31a8bbfc836: Time spent bootstrapping tablet: real 0.055s	user 0.033s	sys 0.017s
I20260710 11:12:09.655161 11248 tablet_bootstrap.cc:654] T f507e9ffa98e4504b5bd31b73a9b9d5f P 32454e0cf89b490d854f5841493e93ec: Neither blocks nor log segments found. Creating new log.
I20260710 11:12:09.658179 11250 raft_consensus.cc:359] T 5e2fe4822f594d65add8d2f554c08466 P 4833ba7f8a824e6e9898a31a8bbfc836 [term 0 FOLLOWER]: Replica starting. Triggering 0 pending ops. Active config: opid_index: -1 OBSOLETE_local: false peers { permanent_uuid: "4833ba7f8a824e6e9898a31a8bbfc836" member_type: VOTER last_known_addr { host: "127.9.174.65" port: 38727 } } peers { permanent_uuid: "32454e0cf89b490d854f5841493e93ec" member_type: VOTER last_known_addr { host: "127.9.174.66" port: 35557 } } peers { permanent_uuid: "2b951a00d3dd4cdb98e0e7fdb0678ea2" member_type: VOTER last_known_addr { host: "127.9.174.67" port: 33749 } }
I20260710 11:12:09.658921 11250 raft_consensus.cc:385] T 5e2fe4822f594d65add8d2f554c08466 P 4833ba7f8a824e6e9898a31a8bbfc836 [term 0 FOLLOWER]: Consensus starting up: Expiring failure detector timer to make a prompt election more likely
I20260710 11:12:09.659235 11250 raft_consensus.cc:740] T 5e2fe4822f594d65add8d2f554c08466 P 4833ba7f8a824e6e9898a31a8bbfc836 [term 0 FOLLOWER]: Becoming Follower/Learner. State: Replica: 4833ba7f8a824e6e9898a31a8bbfc836, State: Initialized, Role: FOLLOWER
I20260710 11:12:09.659920 11250 consensus_queue.cc:260] T 5e2fe4822f594d65add8d2f554c08466 P 4833ba7f8a824e6e9898a31a8bbfc836 [NON_LEADER]: Queue going to NON_LEADER mode. State: All replicated index: 0, Majority replicated index: 0, Committed index: 0, Last appended: 0.0, Last appended by leader: 0, Current term: 0, Majority size: -1, State: 0, Mode: NON_LEADER, active raft config: opid_index: -1 OBSOLETE_local: false peers { permanent_uuid: "4833ba7f8a824e6e9898a31a8bbfc836" member_type: VOTER last_known_addr { host: "127.9.174.65" port: 38727 } } peers { permanent_uuid: "32454e0cf89b490d854f5841493e93ec" member_type: VOTER last_known_addr { host: "127.9.174.66" port: 35557 } } peers { permanent_uuid: "2b951a00d3dd4cdb98e0e7fdb0678ea2" member_type: VOTER last_known_addr { host: "127.9.174.67" port: 33749 } }
I20260710 11:12:09.662595 11247 tablet_bootstrap.cc:492] T f507e9ffa98e4504b5bd31b73a9b9d5f P 2b951a00d3dd4cdb98e0e7fdb0678ea2: No bootstrap required, opened a new log
I20260710 11:12:09.663205 11247 ts_tablet_manager.cc:1403] T f507e9ffa98e4504b5bd31b73a9b9d5f P 2b951a00d3dd4cdb98e0e7fdb0678ea2: Time spent bootstrapping tablet: real 0.031s	user 0.016s	sys 0.003s
I20260710 11:12:09.665860 11250 ts_tablet_manager.cc:1434] T 5e2fe4822f594d65add8d2f554c08466 P 4833ba7f8a824e6e9898a31a8bbfc836: Time spent starting tablet: real 0.010s	user 0.004s	sys 0.003s
I20260710 11:12:09.666438 11247 raft_consensus.cc:359] T f507e9ffa98e4504b5bd31b73a9b9d5f P 2b951a00d3dd4cdb98e0e7fdb0678ea2 [term 0 FOLLOWER]: Replica starting. Triggering 0 pending ops. Active config: opid_index: -1 OBSOLETE_local: false peers { permanent_uuid: "4833ba7f8a824e6e9898a31a8bbfc836" member_type: VOTER last_known_addr { host: "127.9.174.65" port: 38727 } } peers { permanent_uuid: "32454e0cf89b490d854f5841493e93ec" member_type: VOTER last_known_addr { host: "127.9.174.66" port: 35557 } } peers { permanent_uuid: "2b951a00d3dd4cdb98e0e7fdb0678ea2" member_type: VOTER last_known_addr { host: "127.9.174.67" port: 33749 } }
I20260710 11:12:09.667027 11250 tablet_bootstrap.cc:492] T 5821966c2292404784d62b60cda61ccb P 4833ba7f8a824e6e9898a31a8bbfc836: Bootstrap starting.
I20260710 11:12:09.667400 11247 raft_consensus.cc:385] T f507e9ffa98e4504b5bd31b73a9b9d5f P 2b951a00d3dd4cdb98e0e7fdb0678ea2 [term 0 FOLLOWER]: Consensus starting up: Expiring failure detector timer to make a prompt election more likely
I20260710 11:12:09.667798 11247 raft_consensus.cc:740] T f507e9ffa98e4504b5bd31b73a9b9d5f P 2b951a00d3dd4cdb98e0e7fdb0678ea2 [term 0 FOLLOWER]: Becoming Follower/Learner. State: Replica: 2b951a00d3dd4cdb98e0e7fdb0678ea2, State: Initialized, Role: FOLLOWER
I20260710 11:12:09.674044 11247 consensus_queue.cc:260] T f507e9ffa98e4504b5bd31b73a9b9d5f P 2b951a00d3dd4cdb98e0e7fdb0678ea2 [NON_LEADER]: Queue going to NON_LEADER mode. State: All replicated index: 0, Majority replicated index: 0, Committed index: 0, Last appended: 0.0, Last appended by leader: 0, Current term: 0, Majority size: -1, State: 0, Mode: NON_LEADER, active raft config: opid_index: -1 OBSOLETE_local: false peers { permanent_uuid: "4833ba7f8a824e6e9898a31a8bbfc836" member_type: VOTER last_known_addr { host: "127.9.174.65" port: 38727 } } peers { permanent_uuid: "32454e0cf89b490d854f5841493e93ec" member_type: VOTER last_known_addr { host: "127.9.174.66" port: 35557 } } peers { permanent_uuid: "2b951a00d3dd4cdb98e0e7fdb0678ea2" member_type: VOTER last_known_addr { host: "127.9.174.67" port: 33749 } }
I20260710 11:12:09.676678 11247 ts_tablet_manager.cc:1434] T f507e9ffa98e4504b5bd31b73a9b9d5f P 2b951a00d3dd4cdb98e0e7fdb0678ea2: Time spent starting tablet: real 0.013s	user 0.009s	sys 0.003s
I20260710 11:12:09.677670 11247 tablet_bootstrap.cc:492] T 978945acb5584104916a0aec8ec94026 P 2b951a00d3dd4cdb98e0e7fdb0678ea2: Bootstrap starting.
I20260710 11:12:09.698378 11247 tablet_bootstrap.cc:654] T 978945acb5584104916a0aec8ec94026 P 2b951a00d3dd4cdb98e0e7fdb0678ea2: Neither blocks nor log segments found. Creating new log.
I20260710 11:12:09.698379 11250 tablet_bootstrap.cc:654] T 5821966c2292404784d62b60cda61ccb P 4833ba7f8a824e6e9898a31a8bbfc836: Neither blocks nor log segments found. Creating new log.
I20260710 11:12:09.699466 11248 tablet_bootstrap.cc:492] T f507e9ffa98e4504b5bd31b73a9b9d5f P 32454e0cf89b490d854f5841493e93ec: No bootstrap required, opened a new log
I20260710 11:12:09.699999 11248 ts_tablet_manager.cc:1403] T f507e9ffa98e4504b5bd31b73a9b9d5f P 32454e0cf89b490d854f5841493e93ec: Time spent bootstrapping tablet: real 0.057s	user 0.008s	sys 0.008s
I20260710 11:12:09.703119 11248 raft_consensus.cc:359] T f507e9ffa98e4504b5bd31b73a9b9d5f P 32454e0cf89b490d854f5841493e93ec [term 0 FOLLOWER]: Replica starting. Triggering 0 pending ops. Active config: opid_index: -1 OBSOLETE_local: false peers { permanent_uuid: "4833ba7f8a824e6e9898a31a8bbfc836" member_type: VOTER last_known_addr { host: "127.9.174.65" port: 38727 } } peers { permanent_uuid: "32454e0cf89b490d854f5841493e93ec" member_type: VOTER last_known_addr { host: "127.9.174.66" port: 35557 } } peers { permanent_uuid: "2b951a00d3dd4cdb98e0e7fdb0678ea2" member_type: VOTER last_known_addr { host: "127.9.174.67" port: 33749 } }
I20260710 11:12:09.703842 11248 raft_consensus.cc:385] T f507e9ffa98e4504b5bd31b73a9b9d5f P 32454e0cf89b490d854f5841493e93ec [term 0 FOLLOWER]: Consensus starting up: Expiring failure detector timer to make a prompt election more likely
I20260710 11:12:09.704131 11248 raft_consensus.cc:740] T f507e9ffa98e4504b5bd31b73a9b9d5f P 32454e0cf89b490d854f5841493e93ec [term 0 FOLLOWER]: Becoming Follower/Learner. State: Replica: 32454e0cf89b490d854f5841493e93ec, State: Initialized, Role: FOLLOWER
I20260710 11:12:09.704916 11248 consensus_queue.cc:260] T f507e9ffa98e4504b5bd31b73a9b9d5f P 32454e0cf89b490d854f5841493e93ec [NON_LEADER]: Queue going to NON_LEADER mode. State: All replicated index: 0, Majority replicated index: 0, Committed index: 0, Last appended: 0.0, Last appended by leader: 0, Current term: 0, Majority size: -1, State: 0, Mode: NON_LEADER, active raft config: opid_index: -1 OBSOLETE_local: false peers { permanent_uuid: "4833ba7f8a824e6e9898a31a8bbfc836" member_type: VOTER last_known_addr { host: "127.9.174.65" port: 38727 } } peers { permanent_uuid: "32454e0cf89b490d854f5841493e93ec" member_type: VOTER last_known_addr { host: "127.9.174.66" port: 35557 } } peers { permanent_uuid: "2b951a00d3dd4cdb98e0e7fdb0678ea2" member_type: VOTER last_known_addr { host: "127.9.174.67" port: 33749 } }
I20260710 11:12:09.705371 11247 tablet_bootstrap.cc:492] T 978945acb5584104916a0aec8ec94026 P 2b951a00d3dd4cdb98e0e7fdb0678ea2: No bootstrap required, opened a new log
I20260710 11:12:09.706043 11247 ts_tablet_manager.cc:1403] T 978945acb5584104916a0aec8ec94026 P 2b951a00d3dd4cdb98e0e7fdb0678ea2: Time spent bootstrapping tablet: real 0.029s	user 0.010s	sys 0.000s
I20260710 11:12:09.706588 11248 ts_tablet_manager.cc:1434] T f507e9ffa98e4504b5bd31b73a9b9d5f P 32454e0cf89b490d854f5841493e93ec: Time spent starting tablet: real 0.006s	user 0.007s	sys 0.001s
I20260710 11:12:09.705371 11250 tablet_bootstrap.cc:492] T 5821966c2292404784d62b60cda61ccb P 4833ba7f8a824e6e9898a31a8bbfc836: No bootstrap required, opened a new log
I20260710 11:12:09.707180 11250 ts_tablet_manager.cc:1403] T 5821966c2292404784d62b60cda61ccb P 4833ba7f8a824e6e9898a31a8bbfc836: Time spent bootstrapping tablet: real 0.040s	user 0.015s	sys 0.001s
I20260710 11:12:09.708180 11248 tablet_bootstrap.cc:492] T bb9c2ba9d0e5461b94d1ba9ccda79871 P 32454e0cf89b490d854f5841493e93ec: Bootstrap starting.
I20260710 11:12:09.708753 11247 raft_consensus.cc:359] T 978945acb5584104916a0aec8ec94026 P 2b951a00d3dd4cdb98e0e7fdb0678ea2 [term 0 FOLLOWER]: Replica starting. Triggering 0 pending ops. Active config: opid_index: -1 OBSOLETE_local: false peers { permanent_uuid: "4833ba7f8a824e6e9898a31a8bbfc836" member_type: VOTER last_known_addr { host: "127.9.174.65" port: 38727 } } peers { permanent_uuid: "32454e0cf89b490d854f5841493e93ec" member_type: VOTER last_known_addr { host: "127.9.174.66" port: 35557 } } peers { permanent_uuid: "2b951a00d3dd4cdb98e0e7fdb0678ea2" member_type: VOTER last_known_addr { host: "127.9.174.67" port: 33749 } }
I20260710 11:12:09.709441 11247 raft_consensus.cc:385] T 978945acb5584104916a0aec8ec94026 P 2b951a00d3dd4cdb98e0e7fdb0678ea2 [term 0 FOLLOWER]: Consensus starting up: Expiring failure detector timer to make a prompt election more likely
I20260710 11:12:09.709722 11247 raft_consensus.cc:740] T 978945acb5584104916a0aec8ec94026 P 2b951a00d3dd4cdb98e0e7fdb0678ea2 [term 0 FOLLOWER]: Becoming Follower/Learner. State: Replica: 2b951a00d3dd4cdb98e0e7fdb0678ea2, State: Initialized, Role: FOLLOWER
I20260710 11:12:09.709688 11250 raft_consensus.cc:359] T 5821966c2292404784d62b60cda61ccb P 4833ba7f8a824e6e9898a31a8bbfc836 [term 0 FOLLOWER]: Replica starting. Triggering 0 pending ops. Active config: opid_index: -1 OBSOLETE_local: false peers { permanent_uuid: "4833ba7f8a824e6e9898a31a8bbfc836" member_type: VOTER last_known_addr { host: "127.9.174.65" port: 38727 } } peers { permanent_uuid: "32454e0cf89b490d854f5841493e93ec" member_type: VOTER last_known_addr { host: "127.9.174.66" port: 35557 } } peers { permanent_uuid: "2b951a00d3dd4cdb98e0e7fdb0678ea2" member_type: VOTER last_known_addr { host: "127.9.174.67" port: 33749 } }
I20260710 11:12:09.710529 11250 raft_consensus.cc:385] T 5821966c2292404784d62b60cda61ccb P 4833ba7f8a824e6e9898a31a8bbfc836 [term 0 FOLLOWER]: Consensus starting up: Expiring failure detector timer to make a prompt election more likely
I20260710 11:12:09.710822 11250 raft_consensus.cc:740] T 5821966c2292404784d62b60cda61ccb P 4833ba7f8a824e6e9898a31a8bbfc836 [term 0 FOLLOWER]: Becoming Follower/Learner. State: Replica: 4833ba7f8a824e6e9898a31a8bbfc836, State: Initialized, Role: FOLLOWER
I20260710 11:12:09.711148 11247 consensus_queue.cc:260] T 978945acb5584104916a0aec8ec94026 P 2b951a00d3dd4cdb98e0e7fdb0678ea2 [NON_LEADER]: Queue going to NON_LEADER mode. State: All replicated index: 0, Majority replicated index: 0, Committed index: 0, Last appended: 0.0, Last appended by leader: 0, Current term: 0, Majority size: -1, State: 0, Mode: NON_LEADER, active raft config: opid_index: -1 OBSOLETE_local: false peers { permanent_uuid: "4833ba7f8a824e6e9898a31a8bbfc836" member_type: VOTER last_known_addr { host: "127.9.174.65" port: 38727 } } peers { permanent_uuid: "32454e0cf89b490d854f5841493e93ec" member_type: VOTER last_known_addr { host: "127.9.174.66" port: 35557 } } peers { permanent_uuid: "2b951a00d3dd4cdb98e0e7fdb0678ea2" member_type: VOTER last_known_addr { host: "127.9.174.67" port: 33749 } }
I20260710 11:12:09.711431 11250 consensus_queue.cc:260] T 5821966c2292404784d62b60cda61ccb P 4833ba7f8a824e6e9898a31a8bbfc836 [NON_LEADER]: Queue going to NON_LEADER mode. State: All replicated index: 0, Majority replicated index: 0, Committed index: 0, Last appended: 0.0, Last appended by leader: 0, Current term: 0, Majority size: -1, State: 0, Mode: NON_LEADER, active raft config: opid_index: -1 OBSOLETE_local: false peers { permanent_uuid: "4833ba7f8a824e6e9898a31a8bbfc836" member_type: VOTER last_known_addr { host: "127.9.174.65" port: 38727 } } peers { permanent_uuid: "32454e0cf89b490d854f5841493e93ec" member_type: VOTER last_known_addr { host: "127.9.174.66" port: 35557 } } peers { permanent_uuid: "2b951a00d3dd4cdb98e0e7fdb0678ea2" member_type: VOTER last_known_addr { host: "127.9.174.67" port: 33749 } }
I20260710 11:12:09.714226 11247 ts_tablet_manager.cc:1434] T 978945acb5584104916a0aec8ec94026 P 2b951a00d3dd4cdb98e0e7fdb0678ea2: Time spent starting tablet: real 0.008s	user 0.006s	sys 0.001s
I20260710 11:12:09.715294 11247 tablet_bootstrap.cc:492] T 317564a0f3be4b7d9a68f177dbf7c539 P 2b951a00d3dd4cdb98e0e7fdb0678ea2: Bootstrap starting.
I20260710 11:12:09.715799 11248 tablet_bootstrap.cc:654] T bb9c2ba9d0e5461b94d1ba9ccda79871 P 32454e0cf89b490d854f5841493e93ec: Neither blocks nor log segments found. Creating new log.
I20260710 11:12:09.716012 11250 ts_tablet_manager.cc:1434] T 5821966c2292404784d62b60cda61ccb P 4833ba7f8a824e6e9898a31a8bbfc836: Time spent starting tablet: real 0.009s	user 0.005s	sys 0.000s
I20260710 11:12:09.716915 11250 tablet_bootstrap.cc:492] T 0301078adaa5407e93bb60b040cc0fdc P 4833ba7f8a824e6e9898a31a8bbfc836: Bootstrap starting.
I20260710 11:12:09.723304 11250 tablet_bootstrap.cc:654] T 0301078adaa5407e93bb60b040cc0fdc P 4833ba7f8a824e6e9898a31a8bbfc836: Neither blocks nor log segments found. Creating new log.
I20260710 11:12:09.723793 11247 tablet_bootstrap.cc:654] T 317564a0f3be4b7d9a68f177dbf7c539 P 2b951a00d3dd4cdb98e0e7fdb0678ea2: Neither blocks nor log segments found. Creating new log.
I20260710 11:12:09.732131 11248 tablet_bootstrap.cc:492] T bb9c2ba9d0e5461b94d1ba9ccda79871 P 32454e0cf89b490d854f5841493e93ec: No bootstrap required, opened a new log
I20260710 11:12:09.732774 11248 ts_tablet_manager.cc:1403] T bb9c2ba9d0e5461b94d1ba9ccda79871 P 32454e0cf89b490d854f5841493e93ec: Time spent bootstrapping tablet: real 0.025s	user 0.018s	sys 0.005s
I20260710 11:12:09.734398 11247 tablet_bootstrap.cc:492] T 317564a0f3be4b7d9a68f177dbf7c539 P 2b951a00d3dd4cdb98e0e7fdb0678ea2: No bootstrap required, opened a new log
I20260710 11:12:09.734946 11247 ts_tablet_manager.cc:1403] T 317564a0f3be4b7d9a68f177dbf7c539 P 2b951a00d3dd4cdb98e0e7fdb0678ea2: Time spent bootstrapping tablet: real 0.020s	user 0.008s	sys 0.008s
I20260710 11:12:09.735939 11248 raft_consensus.cc:359] T bb9c2ba9d0e5461b94d1ba9ccda79871 P 32454e0cf89b490d854f5841493e93ec [term 0 FOLLOWER]: Replica starting. Triggering 0 pending ops. Active config: opid_index: -1 OBSOLETE_local: false peers { permanent_uuid: "4833ba7f8a824e6e9898a31a8bbfc836" member_type: VOTER last_known_addr { host: "127.9.174.65" port: 38727 } } peers { permanent_uuid: "32454e0cf89b490d854f5841493e93ec" member_type: VOTER last_known_addr { host: "127.9.174.66" port: 35557 } } peers { permanent_uuid: "2b951a00d3dd4cdb98e0e7fdb0678ea2" member_type: VOTER last_known_addr { host: "127.9.174.67" port: 33749 } }
I20260710 11:12:09.736764 11248 raft_consensus.cc:385] T bb9c2ba9d0e5461b94d1ba9ccda79871 P 32454e0cf89b490d854f5841493e93ec [term 0 FOLLOWER]: Consensus starting up: Expiring failure detector timer to make a prompt election more likely
I20260710 11:12:09.737131 11248 raft_consensus.cc:740] T bb9c2ba9d0e5461b94d1ba9ccda79871 P 32454e0cf89b490d854f5841493e93ec [term 0 FOLLOWER]: Becoming Follower/Learner. State: Replica: 32454e0cf89b490d854f5841493e93ec, State: Initialized, Role: FOLLOWER
