I20260710 11:11:52.780548 25969 raft_consensus.cc:515] T d49dab5ce0ce400bbe8ea7b3a015de13 P 468e1da70992431fa898f59a8bebe6a7 [term 1 FOLLOWER]: Starting leader election with config: opid_index: -1 OBSOLETE_local: false peers { permanent_uuid: "468e1da70992431fa898f59a8bebe6a7" member_type: VOTER last_known_addr { host: "127.24.142.129" port: 34961 } } peers { permanent_uuid: "7f9bb946ee5142599ac72e1b0f3c6cc0" member_type: VOTER last_known_addr { host: "127.24.142.130" port: 38595 } } peers { permanent_uuid: "e619c21d4df24daf980145141beb5b32" member_type: VOTER last_known_addr { host: "127.24.142.131" port: 33755 } }
I20260710 11:11:52.781363 25966 raft_consensus.cc:359] T b852ebf7c612405baad2f662bd559dab P 7f9bb946ee5142599ac72e1b0f3c6cc0 [term 0 FOLLOWER]: Replica starting. Triggering 0 pending ops. Active config: opid_index: -1 OBSOLETE_local: false peers { permanent_uuid: "468e1da70992431fa898f59a8bebe6a7" member_type: VOTER last_known_addr { host: "127.24.142.129" port: 34961 } } peers { permanent_uuid: "7f9bb946ee5142599ac72e1b0f3c6cc0" member_type: VOTER last_known_addr { host: "127.24.142.130" port: 38595 } } peers { permanent_uuid: "e619c21d4df24daf980145141beb5b32" member_type: VOTER last_known_addr { host: "127.24.142.131" port: 33755 } }
I20260710 11:11:52.782003 25966 raft_consensus.cc:385] T b852ebf7c612405baad2f662bd559dab P 7f9bb946ee5142599ac72e1b0f3c6cc0 [term 0 FOLLOWER]: Consensus starting up: Expiring failure detector timer to make a prompt election more likely
I20260710 11:11:52.782272 25966 raft_consensus.cc:740] T b852ebf7c612405baad2f662bd559dab P 7f9bb946ee5142599ac72e1b0f3c6cc0 [term 0 FOLLOWER]: Becoming Follower/Learner. State: Replica: 7f9bb946ee5142599ac72e1b0f3c6cc0, State: Initialized, Role: FOLLOWER
I20260710 11:11:52.782908 25966 consensus_queue.cc:260] T b852ebf7c612405baad2f662bd559dab P 7f9bb946ee5142599ac72e1b0f3c6cc0 [NON_LEADER]: Queue going to NON_LEADER mode. State: All replicated index: 0, Majority replicated index: 0, Committed index: 0, Last appended: 0.0, Last appended by leader: 0, Current term: 0, Majority size: -1, State: 0, Mode: NON_LEADER, active raft config: opid_index: -1 OBSOLETE_local: false peers { permanent_uuid: "468e1da70992431fa898f59a8bebe6a7" member_type: VOTER last_known_addr { host: "127.24.142.129" port: 34961 } } peers { permanent_uuid: "7f9bb946ee5142599ac72e1b0f3c6cc0" member_type: VOTER last_known_addr { host: "127.24.142.130" port: 38595 } } peers { permanent_uuid: "e619c21d4df24daf980145141beb5b32" member_type: VOTER last_known_addr { host: "127.24.142.131" port: 33755 } }
I20260710 11:11:52.783155 25773 tablet_service.cc:1917] Received RequestConsensusVote() RPC: tablet_id: "32750b6ec92547e88c5cef29a883744d" candidate_uuid: "e619c21d4df24daf980145141beb5b32" candidate_term: 1 candidate_status { last_received { term: 0 index: 0 } } ignore_live_leader: false dest_uuid: "468e1da70992431fa898f59a8bebe6a7" is_pre_election: true
I20260710 11:11:52.783406 25847 tablet_service.cc:1917] Received RequestConsensusVote() RPC: tablet_id: "32750b6ec92547e88c5cef29a883744d" candidate_uuid: "e619c21d4df24daf980145141beb5b32" candidate_term: 1 candidate_status { last_received { term: 0 index: 0 } } ignore_live_leader: false dest_uuid: "7f9bb946ee5142599ac72e1b0f3c6cc0" is_pre_election: true
I20260710 11:11:52.784248 25847 raft_consensus.cc:2393] T 32750b6ec92547e88c5cef29a883744d P 7f9bb946ee5142599ac72e1b0f3c6cc0 [term 1 FOLLOWER]: Leader pre-election vote request: Denying vote to candidate e619c21d4df24daf980145141beb5b32 in current term 1: Already voted for candidate 468e1da70992431fa898f59a8bebe6a7 in this term.
I20260710 11:11:52.783157 25849 tablet_service.cc:1917] Received RequestConsensusVote() RPC: tablet_id: "d49dab5ce0ce400bbe8ea7b3a015de13" candidate_uuid: "468e1da70992431fa898f59a8bebe6a7" candidate_term: 1 candidate_status { last_received { term: 0 index: 0 } } ignore_live_leader: false dest_uuid: "7f9bb946ee5142599ac72e1b0f3c6cc0"
I20260710 11:11:52.784113 25672 catalog_manager.cc:5697] T a17acf57243d4077a4a7b5c25dd83779 P 468e1da70992431fa898f59a8bebe6a7 reported cstate change: term changed from 0 to 1, leader changed from <none> to 468e1da70992431fa898f59a8bebe6a7 (127.24.142.129). New cstate: current_term: 1 leader_uuid: "468e1da70992431fa898f59a8bebe6a7" committed_config { opid_index: -1 OBSOLETE_local: false peers { permanent_uuid: "468e1da70992431fa898f59a8bebe6a7" member_type: VOTER last_known_addr { host: "127.24.142.129" port: 34961 } health_report { overall_health: HEALTHY } } peers { permanent_uuid: "7f9bb946ee5142599ac72e1b0f3c6cc0" member_type: VOTER last_known_addr { host: "127.24.142.130" port: 38595 } health_report { overall_health: UNKNOWN } } peers { permanent_uuid: "e619c21d4df24daf980145141beb5b32" member_type: VOTER last_known_addr { host: "127.24.142.131" port: 33755 } health_report { overall_health: UNKNOWN } } }
I20260710 11:11:52.785104 25849 raft_consensus.cc:3060] T d49dab5ce0ce400bbe8ea7b3a015de13 P 7f9bb946ee5142599ac72e1b0f3c6cc0 [term 0 FOLLOWER]: Advancing to term 1
I20260710 11:11:52.789274 25966 ts_tablet_manager.cc:1434] T b852ebf7c612405baad2f662bd559dab P 7f9bb946ee5142599ac72e1b0f3c6cc0: Time spent starting tablet: real 0.010s	user 0.007s	sys 0.000s
I20260710 11:11:52.781832 25968 leader_election.cc:290] T 32750b6ec92547e88c5cef29a883744d P e619c21d4df24daf980145141beb5b32 [CANDIDATE]: Term 1 pre-election: Requested pre-vote from peers 468e1da70992431fa898f59a8bebe6a7 (127.24.142.129:34961), 7f9bb946ee5142599ac72e1b0f3c6cc0 (127.24.142.130:38595)
I20260710 11:11:52.792647 25849 raft_consensus.cc:2468] T d49dab5ce0ce400bbe8ea7b3a015de13 P 7f9bb946ee5142599ac72e1b0f3c6cc0 [term 1 FOLLOWER]: Leader election vote request: Granting yes vote for candidate 468e1da70992431fa898f59a8bebe6a7 in term 1.
I20260710 11:11:52.794018 25740 leader_election.cc:304] T d49dab5ce0ce400bbe8ea7b3a015de13 P 468e1da70992431fa898f59a8bebe6a7 [CANDIDATE]: Term 1 election: Election decided. Result: candidate won. Election summary: received 2 responses out of 3 voters: 2 yes votes; 0 no votes. yes voters: 468e1da70992431fa898f59a8bebe6a7, 7f9bb946ee5142599ac72e1b0f3c6cc0; no voters: 
I20260710 11:11:52.793982 25983 raft_consensus.cc:515] T 0c5d13d7f00e4470aa1c91acbd6a27d0 P e619c21d4df24daf980145141beb5b32 [term 1 FOLLOWER]: Starting leader election with config: opid_index: -1 OBSOLETE_local: false peers { permanent_uuid: "468e1da70992431fa898f59a8bebe6a7" member_type: VOTER last_known_addr { host: "127.24.142.129" port: 34961 } } peers { permanent_uuid: "7f9bb946ee5142599ac72e1b0f3c6cc0" member_type: VOTER last_known_addr { host: "127.24.142.130" port: 38595 } } peers { permanent_uuid: "e619c21d4df24daf980145141beb5b32" member_type: VOTER last_known_addr { host: "127.24.142.131" port: 33755 } }
I20260710 11:11:52.795444 25972 raft_consensus.cc:493] T b852ebf7c612405baad2f662bd559dab P 7f9bb946ee5142599ac72e1b0f3c6cc0 [term 0 FOLLOWER]: Starting pre-election (no leader contacted us within the election timeout)
I20260710 11:11:52.795864 25972 raft_consensus.cc:515] T b852ebf7c612405baad2f662bd559dab P 7f9bb946ee5142599ac72e1b0f3c6cc0 [term 0 FOLLOWER]: Starting pre-election with config: opid_index: -1 OBSOLETE_local: false peers { permanent_uuid: "468e1da70992431fa898f59a8bebe6a7" member_type: VOTER last_known_addr { host: "127.24.142.129" port: 34961 } } peers { permanent_uuid: "7f9bb946ee5142599ac72e1b0f3c6cc0" member_type: VOTER last_known_addr { host: "127.24.142.130" port: 38595 } } peers { permanent_uuid: "e619c21d4df24daf980145141beb5b32" member_type: VOTER last_known_addr { host: "127.24.142.131" port: 33755 } }
I20260710 11:11:52.797885 25972 leader_election.cc:290] T b852ebf7c612405baad2f662bd559dab P 7f9bb946ee5142599ac72e1b0f3c6cc0 [CANDIDATE]: Term 1 pre-election: Requested pre-vote from peers 468e1da70992431fa898f59a8bebe6a7 (127.24.142.129:34961), e619c21d4df24daf980145141beb5b32 (127.24.142.131:33755)
I20260710 11:11:52.778239 25964 ts_tablet_manager.cc:1434] T 32750b6ec92547e88c5cef29a883744d P e619c21d4df24daf980145141beb5b32: Time spent starting tablet: real 0.017s	user 0.004s	sys 0.000s
I20260710 11:11:52.799052 25773 tablet_service.cc:1917] Received RequestConsensusVote() RPC: tablet_id: "b852ebf7c612405baad2f662bd559dab" candidate_uuid: "7f9bb946ee5142599ac72e1b0f3c6cc0" candidate_term: 1 candidate_status { last_received { term: 0 index: 0 } } ignore_live_leader: false dest_uuid: "468e1da70992431fa898f59a8bebe6a7" is_pre_election: true
I20260710 11:11:52.799880 25983 leader_election.cc:290] T 0c5d13d7f00e4470aa1c91acbd6a27d0 P e619c21d4df24daf980145141beb5b32 [CANDIDATE]: Term 1 election: Requested vote from peers 468e1da70992431fa898f59a8bebe6a7 (127.24.142.129:34961), 7f9bb946ee5142599ac72e1b0f3c6cc0 (127.24.142.130:38595)
I20260710 11:11:52.790195 25966 tablet_bootstrap.cc:492] T bff3c1a7db37483db49c3a8c29f2cfb7 P 7f9bb946ee5142599ac72e1b0f3c6cc0: Bootstrap starting.
I20260710 11:11:52.790561 25889 leader_election.cc:304] T 32750b6ec92547e88c5cef29a883744d P e619c21d4df24daf980145141beb5b32 [CANDIDATE]: Term 1 pre-election: Election decided. Result: candidate lost. Election summary: received 3 responses out of 3 voters: 1 yes votes; 2 no votes. yes voters: e619c21d4df24daf980145141beb5b32; no voters: 468e1da70992431fa898f59a8bebe6a7, 7f9bb946ee5142599ac72e1b0f3c6cc0
I20260710 11:11:52.800514 25922 tablet_service.cc:1917] Received RequestConsensusVote() RPC: tablet_id: "b852ebf7c612405baad2f662bd559dab" candidate_uuid: "7f9bb946ee5142599ac72e1b0f3c6cc0" candidate_term: 1 candidate_status { last_received { term: 0 index: 0 } } ignore_live_leader: false dest_uuid: "e619c21d4df24daf980145141beb5b32" is_pre_election: true
I20260710 11:11:52.801352 25922 raft_consensus.cc:2393] T b852ebf7c612405baad2f662bd559dab P e619c21d4df24daf980145141beb5b32 [term 1 FOLLOWER]: Leader pre-election vote request: Denying vote to candidate 7f9bb946ee5142599ac72e1b0f3c6cc0 in current term 1: Already voted for candidate 468e1da70992431fa898f59a8bebe6a7 in this term.
I20260710 11:11:52.801959 25983 raft_consensus.cc:3060] T 32750b6ec92547e88c5cef29a883744d P e619c21d4df24daf980145141beb5b32 [term 0 FOLLOWER]: Advancing to term 1
I20260710 11:11:52.802181 25847 tablet_service.cc:1917] Received RequestConsensusVote() RPC: tablet_id: "0c5d13d7f00e4470aa1c91acbd6a27d0" candidate_uuid: "e619c21d4df24daf980145141beb5b32" candidate_term: 1 candidate_status { last_received { term: 0 index: 0 } } ignore_live_leader: false dest_uuid: "7f9bb946ee5142599ac72e1b0f3c6cc0"
I20260710 11:11:52.802736 25847 raft_consensus.cc:3060] T 0c5d13d7f00e4470aa1c91acbd6a27d0 P 7f9bb946ee5142599ac72e1b0f3c6cc0 [term 0 FOLLOWER]: Advancing to term 1
I20260710 11:11:52.804697 25773 tablet_service.cc:1917] Received RequestConsensusVote() RPC: tablet_id: "0c5d13d7f00e4470aa1c91acbd6a27d0" candidate_uuid: "e619c21d4df24daf980145141beb5b32" candidate_term: 1 candidate_status { last_received { term: 0 index: 0 } } ignore_live_leader: false dest_uuid: "468e1da70992431fa898f59a8bebe6a7"
I20260710 11:11:52.805330 25773 raft_consensus.cc:3060] T 0c5d13d7f00e4470aa1c91acbd6a27d0 P 468e1da70992431fa898f59a8bebe6a7 [term 0 FOLLOWER]: Advancing to term 1
I20260710 11:11:52.811039 25966 tablet_bootstrap.cc:654] T bff3c1a7db37483db49c3a8c29f2cfb7 P 7f9bb946ee5142599ac72e1b0f3c6cc0: Neither blocks nor log segments found. Creating new log.
I20260710 11:11:52.811126 25815 leader_election.cc:304] T b852ebf7c612405baad2f662bd559dab P 7f9bb946ee5142599ac72e1b0f3c6cc0 [CANDIDATE]: Term 1 pre-election: Election decided. Result: candidate lost. Election summary: received 3 responses out of 3 voters: 1 yes votes; 2 no votes. yes voters: 7f9bb946ee5142599ac72e1b0f3c6cc0; no voters: 468e1da70992431fa898f59a8bebe6a7, e619c21d4df24daf980145141beb5b32
I20260710 11:11:52.815596 25972 raft_consensus.cc:3060] T b852ebf7c612405baad2f662bd559dab P 7f9bb946ee5142599ac72e1b0f3c6cc0 [term 0 FOLLOWER]: Advancing to term 1
I20260710 11:11:52.816438 25969 leader_election.cc:290] T d49dab5ce0ce400bbe8ea7b3a015de13 P 468e1da70992431fa898f59a8bebe6a7 [CANDIDATE]: Term 1 election: Requested vote from peers 7f9bb946ee5142599ac72e1b0f3c6cc0 (127.24.142.130:38595), e619c21d4df24daf980145141beb5b32 (127.24.142.131:33755)
I20260710 11:11:52.819097 25968 raft_consensus.cc:493] T 3ed27dc33abf449a8a9ee15134ad0f15 P e619c21d4df24daf980145141beb5b32 [term 0 FOLLOWER]: Starting pre-election (no leader contacted us within the election timeout)
I20260710 11:11:52.819484 25968 raft_consensus.cc:515] T 3ed27dc33abf449a8a9ee15134ad0f15 P e619c21d4df24daf980145141beb5b32 [term 0 FOLLOWER]: Starting pre-election with config: opid_index: -1 OBSOLETE_local: false peers { permanent_uuid: "468e1da70992431fa898f59a8bebe6a7" member_type: VOTER last_known_addr { host: "127.24.142.129" port: 34961 } } peers { permanent_uuid: "7f9bb946ee5142599ac72e1b0f3c6cc0" member_type: VOTER last_known_addr { host: "127.24.142.130" port: 38595 } } peers { permanent_uuid: "e619c21d4df24daf980145141beb5b32" member_type: VOTER last_known_addr { host: "127.24.142.131" port: 33755 } }
I20260710 11:11:52.821127 25968 leader_election.cc:290] T 3ed27dc33abf449a8a9ee15134ad0f15 P e619c21d4df24daf980145141beb5b32 [CANDIDATE]: Term 1 pre-election: Requested pre-vote from peers 468e1da70992431fa898f59a8bebe6a7 (127.24.142.129:34961), 7f9bb946ee5142599ac72e1b0f3c6cc0 (127.24.142.130:38595)
I20260710 11:11:52.811797 25984 raft_consensus.cc:2804] T d49dab5ce0ce400bbe8ea7b3a015de13 P 468e1da70992431fa898f59a8bebe6a7 [term 1 FOLLOWER]: Leader election won for term 1
I20260710 11:11:52.812183 25670 catalog_manager.cc:5697] T b852ebf7c612405baad2f662bd559dab P 468e1da70992431fa898f59a8bebe6a7 reported cstate change: term changed from 0 to 1, leader changed from <none> to 468e1da70992431fa898f59a8bebe6a7 (127.24.142.129). New cstate: current_term: 1 leader_uuid: "468e1da70992431fa898f59a8bebe6a7" committed_config { opid_index: -1 OBSOLETE_local: false peers { permanent_uuid: "468e1da70992431fa898f59a8bebe6a7" member_type: VOTER last_known_addr { host: "127.24.142.129" port: 34961 } health_report { overall_health: HEALTHY } } peers { permanent_uuid: "7f9bb946ee5142599ac72e1b0f3c6cc0" member_type: VOTER last_known_addr { host: "127.24.142.130" port: 38595 } health_report { overall_health: UNKNOWN } } peers { permanent_uuid: "e619c21d4df24daf980145141beb5b32" member_type: VOTER last_known_addr { host: "127.24.142.131" port: 33755 } health_report { overall_health: UNKNOWN } } }
I20260710 11:11:52.814075 25847 raft_consensus.cc:2468] T 0c5d13d7f00e4470aa1c91acbd6a27d0 P 7f9bb946ee5142599ac72e1b0f3c6cc0 [term 1 FOLLOWER]: Leader election vote request: Granting yes vote for candidate e619c21d4df24daf980145141beb5b32 in term 1.
I20260710 11:11:52.814742 25983 raft_consensus.cc:2749] T 32750b6ec92547e88c5cef29a883744d P e619c21d4df24daf980145141beb5b32 [term 1 FOLLOWER]: Leader pre-election lost for term 1. Reason: could not achieve majority
I20260710 11:11:52.821805 25966 tablet_bootstrap.cc:492] T bff3c1a7db37483db49c3a8c29f2cfb7 P 7f9bb946ee5142599ac72e1b0f3c6cc0: No bootstrap required, opened a new log
I20260710 11:11:52.823356 25848 tablet_service.cc:1917] Received RequestConsensusVote() RPC: tablet_id: "3ed27dc33abf449a8a9ee15134ad0f15" candidate_uuid: "e619c21d4df24daf980145141beb5b32" candidate_term: 1 candidate_status { last_received { term: 0 index: 0 } } ignore_live_leader: false dest_uuid: "7f9bb946ee5142599ac72e1b0f3c6cc0" is_pre_election: true
I20260710 11:11:52.821971 25922 tablet_service.cc:1917] Received RequestConsensusVote() RPC: tablet_id: "d49dab5ce0ce400bbe8ea7b3a015de13" candidate_uuid: "468e1da70992431fa898f59a8bebe6a7" candidate_term: 1 candidate_status { last_received { term: 0 index: 0 } } ignore_live_leader: false dest_uuid: "e619c21d4df24daf980145141beb5b32"
I20260710 11:11:52.842816 25848 raft_consensus.cc:2468] T 3ed27dc33abf449a8a9ee15134ad0f15 P 7f9bb946ee5142599ac72e1b0f3c6cc0 [term 0 FOLLOWER]: Leader pre-election vote request: Granting yes vote for candidate e619c21d4df24daf980145141beb5b32 in term 0.
I20260710 11:11:52.842906 25922 raft_consensus.cc:3060] T d49dab5ce0ce400bbe8ea7b3a015de13 P e619c21d4df24daf980145141beb5b32 [term 0 FOLLOWER]: Advancing to term 1
I20260710 11:11:52.843855 25984 raft_consensus.cc:697] T d49dab5ce0ce400bbe8ea7b3a015de13 P 468e1da70992431fa898f59a8bebe6a7 [term 1 LEADER]: Becoming Leader. State: Replica: 468e1da70992431fa898f59a8bebe6a7, State: Running, Role: LEADER
I20260710 11:11:52.844805 25984 consensus_queue.cc:237] T d49dab5ce0ce400bbe8ea7b3a015de13 P 468e1da70992431fa898f59a8bebe6a7 [LEADER]: Queue going to LEADER mode. State: All replicated index: 0, Majority replicated index: 0, Committed index: 0, Last appended: 0.0, Last appended by leader: 0, Current term: 1, Majority size: 2, State: 0, Mode: LEADER, active raft config: opid_index: -1 OBSOLETE_local: false peers { permanent_uuid: "468e1da70992431fa898f59a8bebe6a7" member_type: VOTER last_known_addr { host: "127.24.142.129" port: 34961 } } peers { permanent_uuid: "7f9bb946ee5142599ac72e1b0f3c6cc0" member_type: VOTER last_known_addr { host: "127.24.142.130" port: 38595 } } peers { permanent_uuid: "e619c21d4df24daf980145141beb5b32" member_type: VOTER last_known_addr { host: "127.24.142.131" port: 33755 } }
I20260710 11:11:52.842468 25966 ts_tablet_manager.cc:1403] T bff3c1a7db37483db49c3a8c29f2cfb7 P 7f9bb946ee5142599ac72e1b0f3c6cc0: Time spent bootstrapping tablet: real 0.052s	user 0.005s	sys 0.005s
I20260710 11:11:52.846845 25889 leader_election.cc:304] T 3ed27dc33abf449a8a9ee15134ad0f15 P e619c21d4df24daf980145141beb5b32 [CANDIDATE]: Term 1 pre-election: Election decided. Result: candidate won. Election summary: received 2 responses out of 3 voters: 2 yes votes; 0 no votes. yes voters: 7f9bb946ee5142599ac72e1b0f3c6cc0, e619c21d4df24daf980145141beb5b32; no voters: 
I20260710 11:11:52.848162 25889 leader_election.cc:304] T 0c5d13d7f00e4470aa1c91acbd6a27d0 P e619c21d4df24daf980145141beb5b32 [CANDIDATE]: Term 1 election: Election decided. Result: candidate won. Election summary: received 2 responses out of 3 voters: 2 yes votes; 0 no votes. yes voters: 7f9bb946ee5142599ac72e1b0f3c6cc0, e619c21d4df24daf980145141beb5b32; no voters: 
I20260710 11:11:52.848953 25968 raft_consensus.cc:2804] T 0c5d13d7f00e4470aa1c91acbd6a27d0 P e619c21d4df24daf980145141beb5b32 [term 1 FOLLOWER]: Leader election won for term 1
I20260710 11:11:52.849416 25968 raft_consensus.cc:697] T 0c5d13d7f00e4470aa1c91acbd6a27d0 P e619c21d4df24daf980145141beb5b32 [term 1 LEADER]: Becoming Leader. State: Replica: e619c21d4df24daf980145141beb5b32, State: Running, Role: LEADER
I20260710 11:11:52.850162 25968 consensus_queue.cc:237] T 0c5d13d7f00e4470aa1c91acbd6a27d0 P e619c21d4df24daf980145141beb5b32 [LEADER]: Queue going to LEADER mode. State: All replicated index: 0, Majority replicated index: 0, Committed index: 0, Last appended: 0.0, Last appended by leader: 0, Current term: 1, Majority size: 2, State: 0, Mode: LEADER, active raft config: opid_index: -1 OBSOLETE_local: false peers { permanent_uuid: "468e1da70992431fa898f59a8bebe6a7" member_type: VOTER last_known_addr { host: "127.24.142.129" port: 34961 } } peers { permanent_uuid: "7f9bb946ee5142599ac72e1b0f3c6cc0" member_type: VOTER last_known_addr { host: "127.24.142.130" port: 38595 } } peers { permanent_uuid: "e619c21d4df24daf980145141beb5b32" member_type: VOTER last_known_addr { host: "127.24.142.131" port: 33755 } }
I20260710 11:11:52.853680 25922 raft_consensus.cc:2468] T d49dab5ce0ce400bbe8ea7b3a015de13 P e619c21d4df24daf980145141beb5b32 [term 1 FOLLOWER]: Leader election vote request: Granting yes vote for candidate 468e1da70992431fa898f59a8bebe6a7 in term 1.
I20260710 11:11:52.822116 25774 tablet_service.cc:1917] Received RequestConsensusVote() RPC: tablet_id: "3ed27dc33abf449a8a9ee15134ad0f15" candidate_uuid: "e619c21d4df24daf980145141beb5b32" candidate_term: 1 candidate_status { last_received { term: 0 index: 0 } } ignore_live_leader: false dest_uuid: "468e1da70992431fa898f59a8bebe6a7" is_pre_election: true
I20260710 11:11:52.855666 25983 raft_consensus.cc:2804] T 3ed27dc33abf449a8a9ee15134ad0f15 P e619c21d4df24daf980145141beb5b32 [term 0 FOLLOWER]: Leader pre-election won for term 1
I20260710 11:11:52.856046 25983 raft_consensus.cc:493] T 3ed27dc33abf449a8a9ee15134ad0f15 P e619c21d4df24daf980145141beb5b32 [term 0 FOLLOWER]: Starting leader election (no leader contacted us within the election timeout)
W20260710 11:11:52.856130 25889 leader_election.cc:343] T 3ed27dc33abf449a8a9ee15134ad0f15 P e619c21d4df24daf980145141beb5b32 [CANDIDATE]: Term 1 pre-election: Tablet error from VoteRequest() call to peer 468e1da70992431fa898f59a8bebe6a7 (127.24.142.129:34961): Illegal state: must be running to vote when last-logged opid is not known
I20260710 11:11:52.856436 25983 raft_consensus.cc:3060] T 3ed27dc33abf449a8a9ee15134ad0f15 P e619c21d4df24daf980145141beb5b32 [term 0 FOLLOWER]: Advancing to term 1
I20260710 11:11:52.848665 25966 raft_consensus.cc:359] T bff3c1a7db37483db49c3a8c29f2cfb7 P 7f9bb946ee5142599ac72e1b0f3c6cc0 [term 0 FOLLOWER]: Replica starting. Triggering 0 pending ops. Active config: opid_index: -1 OBSOLETE_local: false peers { permanent_uuid: "468e1da70992431fa898f59a8bebe6a7" member_type: VOTER last_known_addr { host: "127.24.142.129" port: 34961 } } peers { permanent_uuid: "7f9bb946ee5142599ac72e1b0f3c6cc0" member_type: VOTER last_known_addr { host: "127.24.142.130" port: 38595 } } peers { permanent_uuid: "e619c21d4df24daf980145141beb5b32" member_type: VOTER last_known_addr { host: "127.24.142.131" port: 33755 } }
I20260710 11:11:52.862393 25966 raft_consensus.cc:385] T bff3c1a7db37483db49c3a8c29f2cfb7 P 7f9bb946ee5142599ac72e1b0f3c6cc0 [term 0 FOLLOWER]: Consensus starting up: Expiring failure detector timer to make a prompt election more likely
I20260710 11:11:52.862648 25966 raft_consensus.cc:740] T bff3c1a7db37483db49c3a8c29f2cfb7 P 7f9bb946ee5142599ac72e1b0f3c6cc0 [term 0 FOLLOWER]: Becoming Follower/Learner. State: Replica: 7f9bb946ee5142599ac72e1b0f3c6cc0, State: Initialized, Role: FOLLOWER
I20260710 11:11:52.863343 25966 consensus_queue.cc:260] T bff3c1a7db37483db49c3a8c29f2cfb7 P 7f9bb946ee5142599ac72e1b0f3c6cc0 [NON_LEADER]: Queue going to NON_LEADER mode. State: All replicated index: 0, Majority replicated index: 0, Committed index: 0, Last appended: 0.0, Last appended by leader: 0, Current term: 0, Majority size: -1, State: 0, Mode: NON_LEADER, active raft config: opid_index: -1 OBSOLETE_local: false peers { permanent_uuid: "468e1da70992431fa898f59a8bebe6a7" member_type: VOTER last_known_addr { host: "127.24.142.129" port: 34961 } } peers { permanent_uuid: "7f9bb946ee5142599ac72e1b0f3c6cc0" member_type: VOTER last_known_addr { host: "127.24.142.130" port: 38595 } } peers { permanent_uuid: "e619c21d4df24daf980145141beb5b32" member_type: VOTER last_known_addr { host: "127.24.142.131" port: 33755 } }
I20260710 11:11:52.842024 25972 raft_consensus.cc:2749] T b852ebf7c612405baad2f662bd559dab P 7f9bb946ee5142599ac72e1b0f3c6cc0 [term 1 FOLLOWER]: Leader pre-election lost for term 1. Reason: could not achieve majority
I20260710 11:11:52.864584 25669 catalog_manager.cc:5697] T 0c5d13d7f00e4470aa1c91acbd6a27d0 P e619c21d4df24daf980145141beb5b32 reported cstate change: term changed from 0 to 1, leader changed from <none> to e619c21d4df24daf980145141beb5b32 (127.24.142.131). New cstate: current_term: 1 leader_uuid: "e619c21d4df24daf980145141beb5b32" committed_config { opid_index: -1 OBSOLETE_local: false peers { permanent_uuid: "468e1da70992431fa898f59a8bebe6a7" member_type: VOTER last_known_addr { host: "127.24.142.129" port: 34961 } health_report { overall_health: UNKNOWN } } peers { permanent_uuid: "7f9bb946ee5142599ac72e1b0f3c6cc0" member_type: VOTER last_known_addr { host: "127.24.142.130" port: 38595 } health_report { overall_health: UNKNOWN } } peers { permanent_uuid: "e619c21d4df24daf980145141beb5b32" member_type: VOTER last_known_addr { host: "127.24.142.131" port: 33755 } health_report { overall_health: HEALTHY } } }
I20260710 11:11:52.866398 25983 raft_consensus.cc:515] T 3ed27dc33abf449a8a9ee15134ad0f15 P e619c21d4df24daf980145141beb5b32 [term 1 FOLLOWER]: Starting leader election with config: opid_index: -1 OBSOLETE_local: false peers { permanent_uuid: "468e1da70992431fa898f59a8bebe6a7" member_type: VOTER last_known_addr { host: "127.24.142.129" port: 34961 } } peers { permanent_uuid: "7f9bb946ee5142599ac72e1b0f3c6cc0" member_type: VOTER last_known_addr { host: "127.24.142.130" port: 38595 } } peers { permanent_uuid: "e619c21d4df24daf980145141beb5b32" member_type: VOTER last_known_addr { host: "127.24.142.131" port: 33755 } }
I20260710 11:11:52.867048 25773 raft_consensus.cc:2468] T 0c5d13d7f00e4470aa1c91acbd6a27d0 P 468e1da70992431fa898f59a8bebe6a7 [term 1 FOLLOWER]: Leader election vote request: Granting yes vote for candidate e619c21d4df24daf980145141beb5b32 in term 1.
I20260710 11:11:52.868816 25963 tablet_bootstrap.cc:492] T 293ba0131d224a6cbd78a92899c34209 P 468e1da70992431fa898f59a8bebe6a7: No bootstrap required, opened a new log
I20260710 11:11:52.869241 25963 ts_tablet_manager.cc:1403] T 293ba0131d224a6cbd78a92899c34209 P 468e1da70992431fa898f59a8bebe6a7: Time spent bootstrapping tablet: real 0.121s	user 0.039s	sys 0.050s
I20260710 11:11:52.871848 25963 raft_consensus.cc:359] T 293ba0131d224a6cbd78a92899c34209 P 468e1da70992431fa898f59a8bebe6a7 [term 0 FOLLOWER]: Replica starting. Triggering 0 pending ops. Active config: opid_index: -1 OBSOLETE_local: false peers { permanent_uuid: "468e1da70992431fa898f59a8bebe6a7" member_type: VOTER last_known_addr { host: "127.24.142.129" port: 34961 } } peers { permanent_uuid: "7f9bb946ee5142599ac72e1b0f3c6cc0" member_type: VOTER last_known_addr { host: "127.24.142.130" port: 38595 } } peers { permanent_uuid: "e619c21d4df24daf980145141beb5b32" member_type: VOTER last_known_addr { host: "127.24.142.131" port: 33755 } }
I20260710 11:11:52.872519 25963 raft_consensus.cc:385] T 293ba0131d224a6cbd78a92899c34209 P 468e1da70992431fa898f59a8bebe6a7 [term 0 FOLLOWER]: Consensus starting up: Expiring failure detector timer to make a prompt election more likely
I20260710 11:11:52.872789 25963 raft_consensus.cc:740] T 293ba0131d224a6cbd78a92899c34209 P 468e1da70992431fa898f59a8bebe6a7 [term 0 FOLLOWER]: Becoming Follower/Learner. State: Replica: 468e1da70992431fa898f59a8bebe6a7, State: Initialized, Role: FOLLOWER
I20260710 11:11:52.873420 25963 consensus_queue.cc:260] T 293ba0131d224a6cbd78a92899c34209 P 468e1da70992431fa898f59a8bebe6a7 [NON_LEADER]: Queue going to NON_LEADER mode. State: All replicated index: 0, Majority replicated index: 0, Committed index: 0, Last appended: 0.0, Last appended by leader: 0, Current term: 0, Majority size: -1, State: 0, Mode: NON_LEADER, active raft config: opid_index: -1 OBSOLETE_local: false peers { permanent_uuid: "468e1da70992431fa898f59a8bebe6a7" member_type: VOTER last_known_addr { host: "127.24.142.129" port: 34961 } } peers { permanent_uuid: "7f9bb946ee5142599ac72e1b0f3c6cc0" member_type: VOTER last_known_addr { host: "127.24.142.130" port: 38595 } } peers { permanent_uuid: "e619c21d4df24daf980145141beb5b32" member_type: VOTER last_known_addr { host: "127.24.142.131" port: 33755 } }
I20260710 11:11:52.875531 25963 ts_tablet_manager.cc:1434] T 293ba0131d224a6cbd78a92899c34209 P 468e1da70992431fa898f59a8bebe6a7: Time spent starting tablet: real 0.006s	user 0.004s	sys 0.000s
I20260710 11:11:52.876085 25983 leader_election.cc:290] T 3ed27dc33abf449a8a9ee15134ad0f15 P e619c21d4df24daf980145141beb5b32 [CANDIDATE]: Term 1 election: Requested vote from peers 468e1da70992431fa898f59a8bebe6a7 (127.24.142.129:34961), 7f9bb946ee5142599ac72e1b0f3c6cc0 (127.24.142.130:38595)
I20260710 11:11:52.875485 25966 ts_tablet_manager.cc:1434] T bff3c1a7db37483db49c3a8c29f2cfb7 P 7f9bb946ee5142599ac72e1b0f3c6cc0: Time spent starting tablet: real 0.029s	user 0.005s	sys 0.000s
I20260710 11:11:52.876562 25963 tablet_bootstrap.cc:492] T 3ed27dc33abf449a8a9ee15134ad0f15 P 468e1da70992431fa898f59a8bebe6a7: Bootstrap starting.
I20260710 11:11:52.874781 25672 catalog_manager.cc:5697] T d49dab5ce0ce400bbe8ea7b3a015de13 P 468e1da70992431fa898f59a8bebe6a7 reported cstate change: term changed from 0 to 1, leader changed from <none> to 468e1da70992431fa898f59a8bebe6a7 (127.24.142.129). New cstate: current_term: 1 leader_uuid: "468e1da70992431fa898f59a8bebe6a7" committed_config { opid_index: -1 OBSOLETE_local: false peers { permanent_uuid: "468e1da70992431fa898f59a8bebe6a7" member_type: VOTER last_known_addr { host: "127.24.142.129" port: 34961 } health_report { overall_health: HEALTHY } } peers { permanent_uuid: "7f9bb946ee5142599ac72e1b0f3c6cc0" member_type: VOTER last_known_addr { host: "127.24.142.130" port: 38595 } health_report { overall_health: UNKNOWN } } peers { permanent_uuid: "e619c21d4df24daf980145141beb5b32" member_type: VOTER last_known_addr { host: "127.24.142.131" port: 33755 } health_report { overall_health: UNKNOWN } } }
I20260710 11:11:52.877337 25966 tablet_bootstrap.cc:492] T a17acf57243d4077a4a7b5c25dd83779 P 7f9bb946ee5142599ac72e1b0f3c6cc0: Bootstrap starting.
I20260710 11:11:52.879411 25849 tablet_service.cc:1917] Received RequestConsensusVote() RPC: tablet_id: "3ed27dc33abf449a8a9ee15134ad0f15" candidate_uuid: "e619c21d4df24daf980145141beb5b32" candidate_term: 1 candidate_status { last_received { term: 0 index: 0 } } ignore_live_leader: false dest_uuid: "7f9bb946ee5142599ac72e1b0f3c6cc0"
I20260710 11:11:52.879992 25773 tablet_service.cc:1917] Received RequestConsensusVote() RPC: tablet_id: "3ed27dc33abf449a8a9ee15134ad0f15" candidate_uuid: "e619c21d4df24daf980145141beb5b32" candidate_term: 1 candidate_status { last_received { term: 0 index: 0 } } ignore_live_leader: false dest_uuid: "468e1da70992431fa898f59a8bebe6a7"
I20260710 11:11:52.880007 25849 raft_consensus.cc:3060] T 3ed27dc33abf449a8a9ee15134ad0f15 P 7f9bb946ee5142599ac72e1b0f3c6cc0 [term 0 FOLLOWER]: Advancing to term 1
W20260710 11:11:52.881346 25889 leader_election.cc:343] T 3ed27dc33abf449a8a9ee15134ad0f15 P e619c21d4df24daf980145141beb5b32 [CANDIDATE]: Term 1 election: Tablet error from VoteRequest() call to peer 468e1da70992431fa898f59a8bebe6a7 (127.24.142.129:34961): Illegal state: must be running to vote when last-logged opid is not known
I20260710 11:11:52.882480 25966 tablet_bootstrap.cc:654] T a17acf57243d4077a4a7b5c25dd83779 P 7f9bb946ee5142599ac72e1b0f3c6cc0: Neither blocks nor log segments found. Creating new log.
I20260710 11:11:52.883008 25963 tablet_bootstrap.cc:654] T 3ed27dc33abf449a8a9ee15134ad0f15 P 468e1da70992431fa898f59a8bebe6a7: Neither blocks nor log segments found. Creating new log.
I20260710 11:11:52.887391 25849 raft_consensus.cc:2468] T 3ed27dc33abf449a8a9ee15134ad0f15 P 7f9bb946ee5142599ac72e1b0f3c6cc0 [term 1 FOLLOWER]: Leader election vote request: Granting yes vote for candidate e619c21d4df24daf980145141beb5b32 in term 1.
I20260710 11:11:52.888711 25889 leader_election.cc:304] T 3ed27dc33abf449a8a9ee15134ad0f15 P e619c21d4df24daf980145141beb5b32 [CANDIDATE]: Term 1 election: Election decided. Result: candidate won. Election summary: received 3 responses out of 3 voters: 2 yes votes; 1 no votes. yes voters: 7f9bb946ee5142599ac72e1b0f3c6cc0, e619c21d4df24daf980145141beb5b32; no voters: 468e1da70992431fa898f59a8bebe6a7
I20260710 11:11:52.889892 25983 raft_consensus.cc:2804] T 3ed27dc33abf449a8a9ee15134ad0f15 P e619c21d4df24daf980145141beb5b32 [term 1 FOLLOWER]: Leader election won for term 1
I20260710 11:11:52.890383 25983 raft_consensus.cc:697] T 3ed27dc33abf449a8a9ee15134ad0f15 P e619c21d4df24daf980145141beb5b32 [term 1 LEADER]: Becoming Leader. State: Replica: e619c21d4df24daf980145141beb5b32, State: Running, Role: LEADER
I20260710 11:11:52.891220 25983 consensus_queue.cc:237] T 3ed27dc33abf449a8a9ee15134ad0f15 P e619c21d4df24daf980145141beb5b32 [LEADER]: Queue going to LEADER mode. State: All replicated index: 0, Majority replicated index: 0, Committed index: 0, Last appended: 0.0, Last appended by leader: 0, Current term: 1, Majority size: 2, State: 0, Mode: LEADER, active raft config: opid_index: -1 OBSOLETE_local: false peers { permanent_uuid: "468e1da70992431fa898f59a8bebe6a7" member_type: VOTER last_known_addr { host: "127.24.142.129" port: 34961 } } peers { permanent_uuid: "7f9bb946ee5142599ac72e1b0f3c6cc0" member_type: VOTER last_known_addr { host: "127.24.142.130" port: 38595 } } peers { permanent_uuid: "e619c21d4df24daf980145141beb5b32" member_type: VOTER last_known_addr { host: "127.24.142.131" port: 33755 } }
W20260710 11:11:52.905454 25889 consensus_peers.cc:597] T 658daf3f981a4172ac35e62ff442d612 P e619c21d4df24daf980145141beb5b32 -> Peer 468e1da70992431fa898f59a8bebe6a7 (127.24.142.129:34961): Couldn't send request to peer 468e1da70992431fa898f59a8bebe6a7. Error code: TABLET_NOT_RUNNING (12). Status: Illegal state: Tablet not RUNNING: INITIALIZED. This is attempt 1: this message will repeat every 5th retry.
I20260710 11:11:52.908514 25963 tablet_bootstrap.cc:492] T 3ed27dc33abf449a8a9ee15134ad0f15 P 468e1da70992431fa898f59a8bebe6a7: No bootstrap required, opened a new log
I20260710 11:11:52.908864 25966 tablet_bootstrap.cc:492] T a17acf57243d4077a4a7b5c25dd83779 P 7f9bb946ee5142599ac72e1b0f3c6cc0: No bootstrap required, opened a new log
I20260710 11:11:52.908963 25963 ts_tablet_manager.cc:1403] T 3ed27dc33abf449a8a9ee15134ad0f15 P 468e1da70992431fa898f59a8bebe6a7: Time spent bootstrapping tablet: real 0.033s	user 0.015s	sys 0.016s
I20260710 11:11:52.909301 25966 ts_tablet_manager.cc:1403] T a17acf57243d4077a4a7b5c25dd83779 P 7f9bb946ee5142599ac72e1b0f3c6cc0: Time spent bootstrapping tablet: real 0.032s	user 0.005s	sys 0.016s
I20260710 11:11:52.910074 25669 catalog_manager.cc:5697] T 3ed27dc33abf449a8a9ee15134ad0f15 P e619c21d4df24daf980145141beb5b32 reported cstate change: term changed from 0 to 1, leader changed from <none> to e619c21d4df24daf980145141beb5b32 (127.24.142.131). New cstate: current_term: 1 leader_uuid: "e619c21d4df24daf980145141beb5b32" committed_config { opid_index: -1 OBSOLETE_local: false peers { permanent_uuid: "468e1da70992431fa898f59a8bebe6a7" member_type: VOTER last_known_addr { host: "127.24.142.129" port: 34961 } health_report { overall_health: UNKNOWN } } peers { permanent_uuid: "7f9bb946ee5142599ac72e1b0f3c6cc0" member_type: VOTER last_known_addr { host: "127.24.142.130" port: 38595 } health_report { overall_health: UNKNOWN } } peers { permanent_uuid: "e619c21d4df24daf980145141beb5b32" member_type: VOTER last_known_addr { host: "127.24.142.131" port: 33755 } health_report { overall_health: HEALTHY } } }
I20260710 11:11:52.911556 25966 raft_consensus.cc:359] T a17acf57243d4077a4a7b5c25dd83779 P 7f9bb946ee5142599ac72e1b0f3c6cc0 [term 0 FOLLOWER]: Replica starting. Triggering 0 pending ops. Active config: opid_index: -1 OBSOLETE_local: false peers { permanent_uuid: "468e1da70992431fa898f59a8bebe6a7" member_type: VOTER last_known_addr { host: "127.24.142.129" port: 34961 } } peers { permanent_uuid: "7f9bb946ee5142599ac72e1b0f3c6cc0" member_type: VOTER last_known_addr { host: "127.24.142.130" port: 38595 } } peers { permanent_uuid: "e619c21d4df24daf980145141beb5b32" member_type: VOTER last_known_addr { host: "127.24.142.131" port: 33755 } }
I20260710 11:11:52.911502 25963 raft_consensus.cc:359] T 3ed27dc33abf449a8a9ee15134ad0f15 P 468e1da70992431fa898f59a8bebe6a7 [term 0 FOLLOWER]: Replica starting. Triggering 0 pending ops. Active config: opid_index: -1 OBSOLETE_local: false peers { permanent_uuid: "468e1da70992431fa898f59a8bebe6a7" member_type: VOTER last_known_addr { host: "127.24.142.129" port: 34961 } } peers { permanent_uuid: "7f9bb946ee5142599ac72e1b0f3c6cc0" member_type: VOTER last_known_addr { host: "127.24.142.130" port: 38595 } } peers { permanent_uuid: "e619c21d4df24daf980145141beb5b32" member_type: VOTER last_known_addr { host: "127.24.142.131" port: 33755 } }
I20260710 11:11:52.912273 25966 raft_consensus.cc:385] T a17acf57243d4077a4a7b5c25dd83779 P 7f9bb946ee5142599ac72e1b0f3c6cc0 [term 0 FOLLOWER]: Consensus starting up: Expiring failure detector timer to make a prompt election more likely
I20260710 11:11:52.912386 25963 raft_consensus.cc:385] T 3ed27dc33abf449a8a9ee15134ad0f15 P 468e1da70992431fa898f59a8bebe6a7 [term 0 FOLLOWER]: Consensus starting up: Expiring failure detector timer to make a prompt election more likely
I20260710 11:11:52.912575 25966 raft_consensus.cc:740] T a17acf57243d4077a4a7b5c25dd83779 P 7f9bb946ee5142599ac72e1b0f3c6cc0 [term 0 FOLLOWER]: Becoming Follower/Learner. State: Replica: 7f9bb946ee5142599ac72e1b0f3c6cc0, State: Initialized, Role: FOLLOWER
I20260710 11:11:52.912657 25963 raft_consensus.cc:740] T 3ed27dc33abf449a8a9ee15134ad0f15 P 468e1da70992431fa898f59a8bebe6a7 [term 0 FOLLOWER]: Becoming Follower/Learner. State: Replica: 468e1da70992431fa898f59a8bebe6a7, State: Initialized, Role: FOLLOWER
I20260710 11:11:52.913264 25966 consensus_queue.cc:260] T a17acf57243d4077a4a7b5c25dd83779 P 7f9bb946ee5142599ac72e1b0f3c6cc0 [NON_LEADER]: Queue going to NON_LEADER mode. State: All replicated index: 0, Majority replicated index: 0, Committed index: 0, Last appended: 0.0, Last appended by leader: 0, Current term: 0, Majority size: -1, State: 0, Mode: NON_LEADER, active raft config: opid_index: -1 OBSOLETE_local: false peers { permanent_uuid: "468e1da70992431fa898f59a8bebe6a7" member_type: VOTER last_known_addr { host: "127.24.142.129" port: 34961 } } peers { permanent_uuid: "7f9bb946ee5142599ac72e1b0f3c6cc0" member_type: VOTER last_known_addr { host: "127.24.142.130" port: 38595 } } peers { permanent_uuid: "e619c21d4df24daf980145141beb5b32" member_type: VOTER last_known_addr { host: "127.24.142.131" port: 33755 } }
I20260710 11:11:52.913401 25963 consensus_queue.cc:260] T 3ed27dc33abf449a8a9ee15134ad0f15 P 468e1da70992431fa898f59a8bebe6a7 [NON_LEADER]: Queue going to NON_LEADER mode. State: All replicated index: 0, Majority replicated index: 0, Committed index: 0, Last appended: 0.0, Last appended by leader: 0, Current term: 0, Majority size: -1, State: 0, Mode: NON_LEADER, active raft config: opid_index: -1 OBSOLETE_local: false peers { permanent_uuid: "468e1da70992431fa898f59a8bebe6a7" member_type: VOTER last_known_addr { host: "127.24.142.129" port: 34961 } } peers { permanent_uuid: "7f9bb946ee5142599ac72e1b0f3c6cc0" member_type: VOTER last_known_addr { host: "127.24.142.130" port: 38595 } } peers { permanent_uuid: "e619c21d4df24daf980145141beb5b32" member_type: VOTER last_known_addr { host: "127.24.142.131" port: 33755 } }
I20260710 11:11:52.915213 25966 ts_tablet_manager.cc:1434] T a17acf57243d4077a4a7b5c25dd83779 P 7f9bb946ee5142599ac72e1b0f3c6cc0: Time spent starting tablet: real 0.006s	user 0.006s	sys 0.000s
I20260710 11:11:52.917084 25963 ts_tablet_manager.cc:1434] T 3ed27dc33abf449a8a9ee15134ad0f15 P 468e1da70992431fa898f59a8bebe6a7: Time spent starting tablet: real 0.008s	user 0.006s	sys 0.000s
W20260710 11:11:52.919910 25815 consensus_peers.cc:597] T 8d32e35228f44d4394f47c6aa53a951d P 7f9bb946ee5142599ac72e1b0f3c6cc0 -> Peer 468e1da70992431fa898f59a8bebe6a7 (127.24.142.129:34961): Couldn't send request to peer 468e1da70992431fa898f59a8bebe6a7. Error code: TABLET_NOT_RUNNING (12). Status: Illegal state: Tablet not RUNNING: INITIALIZED. This is attempt 1: this message will repeat every 5th retry.
I20260710 11:11:52.921010 25963 tablet_bootstrap.cc:492] T 658daf3f981a4172ac35e62ff442d612 P 468e1da70992431fa898f59a8bebe6a7: Bootstrap starting.
I20260710 11:11:52.925592 25963 tablet_bootstrap.cc:654] T 658daf3f981a4172ac35e62ff442d612 P 468e1da70992431fa898f59a8bebe6a7: Neither blocks nor log segments found. Creating new log.
I20260710 11:11:52.926496 25983 consensus_queue.cc:1048] T 658daf3f981a4172ac35e62ff442d612 P e619c21d4df24daf980145141beb5b32 [LEADER]: Connected to new peer: Peer: permanent_uuid: "7f9bb946ee5142599ac72e1b0f3c6cc0" member_type: VOTER last_known_addr { host: "127.24.142.130" port: 38595 }, Status: LMP_MISMATCH, Last received: 0.0, Next index: 1, Last known committed idx: 0, Time since last communication: 0.000s
I20260710 11:11:52.930227 25963 tablet_bootstrap.cc:492] T 658daf3f981a4172ac35e62ff442d612 P 468e1da70992431fa898f59a8bebe6a7: No bootstrap required, opened a new log
I20260710 11:11:52.930562 25963 ts_tablet_manager.cc:1403] T 658daf3f981a4172ac35e62ff442d612 P 468e1da70992431fa898f59a8bebe6a7: Time spent bootstrapping tablet: real 0.010s	user 0.007s	sys 0.000s
I20260710 11:11:52.933233 25963 raft_consensus.cc:359] T 658daf3f981a4172ac35e62ff442d612 P 468e1da70992431fa898f59a8bebe6a7 [term 0 FOLLOWER]: Replica starting. Triggering 0 pending ops. Active config: opid_index: -1 OBSOLETE_local: false peers { permanent_uuid: "468e1da70992431fa898f59a8bebe6a7" member_type: VOTER last_known_addr { host: "127.24.142.129" port: 34961 } } peers { permanent_uuid: "7f9bb946ee5142599ac72e1b0f3c6cc0" member_type: VOTER last_known_addr { host: "127.24.142.130" port: 38595 } } peers { permanent_uuid: "e619c21d4df24daf980145141beb5b32" member_type: VOTER last_known_addr { host: "127.24.142.131" port: 33755 } }
I20260710 11:11:52.933864 25963 raft_consensus.cc:385] T 658daf3f981a4172ac35e62ff442d612 P 468e1da70992431fa898f59a8bebe6a7 [term 0 FOLLOWER]: Consensus starting up: Expiring failure detector timer to make a prompt election more likely
I20260710 11:11:52.934149 25963 raft_consensus.cc:740] T 658daf3f981a4172ac35e62ff442d612 P 468e1da70992431fa898f59a8bebe6a7 [term 0 FOLLOWER]: Becoming Follower/Learner. State: Replica: 468e1da70992431fa898f59a8bebe6a7, State: Initialized, Role: FOLLOWER
I20260710 11:11:52.934954 25963 consensus_queue.cc:260] T 658daf3f981a4172ac35e62ff442d612 P 468e1da70992431fa898f59a8bebe6a7 [NON_LEADER]: Queue going to NON_LEADER mode. State: All replicated index: 0, Majority replicated index: 0, Committed index: 0, Last appended: 0.0, Last appended by leader: 0, Current term: 0, Majority size: -1, State: 0, Mode: NON_LEADER, active raft config: opid_index: -1 OBSOLETE_local: false peers { permanent_uuid: "468e1da70992431fa898f59a8bebe6a7" member_type: VOTER last_known_addr { host: "127.24.142.129" port: 34961 } } peers { permanent_uuid: "7f9bb946ee5142599ac72e1b0f3c6cc0" member_type: VOTER last_known_addr { host: "127.24.142.130" port: 38595 } } peers { permanent_uuid: "e619c21d4df24daf980145141beb5b32" member_type: VOTER last_known_addr { host: "127.24.142.131" port: 33755 } }
I20260710 11:11:52.936991 25963 ts_tablet_manager.cc:1434] T 658daf3f981a4172ac35e62ff442d612 P 468e1da70992431fa898f59a8bebe6a7: Time spent starting tablet: real 0.006s	user 0.007s	sys 0.000s
I20260710 11:11:52.937886 25963 tablet_bootstrap.cc:492] T 8d32e35228f44d4394f47c6aa53a951d P 468e1da70992431fa898f59a8bebe6a7: Bootstrap starting.
I20260710 11:11:52.940833 25984 raft_consensus.cc:493] T 293ba0131d224a6cbd78a92899c34209 P 468e1da70992431fa898f59a8bebe6a7 [term 0 FOLLOWER]: Starting pre-election (no leader contacted us within the election timeout)
I20260710 11:11:52.941308 25984 raft_consensus.cc:515] T 293ba0131d224a6cbd78a92899c34209 P 468e1da70992431fa898f59a8bebe6a7 [term 0 FOLLOWER]: Starting pre-election with config: opid_index: -1 OBSOLETE_local: false peers { permanent_uuid: "468e1da70992431fa898f59a8bebe6a7" member_type: VOTER last_known_addr { host: "127.24.142.129" port: 34961 } } peers { permanent_uuid: "7f9bb946ee5142599ac72e1b0f3c6cc0" member_type: VOTER last_known_addr { host: "127.24.142.130" port: 38595 } } peers { permanent_uuid: "e619c21d4df24daf980145141beb5b32" member_type: VOTER last_known_addr { host: "127.24.142.131" port: 33755 } }
I20260710 11:11:52.943265 25984 leader_election.cc:290] T 293ba0131d224a6cbd78a92899c34209 P 468e1da70992431fa898f59a8bebe6a7 [CANDIDATE]: Term 1 pre-election: Requested pre-vote from peers 7f9bb946ee5142599ac72e1b0f3c6cc0 (127.24.142.130:38595), e619c21d4df24daf980145141beb5b32 (127.24.142.131:33755)
I20260710 11:11:52.943614 25963 tablet_bootstrap.cc:654] T 8d32e35228f44d4394f47c6aa53a951d P 468e1da70992431fa898f59a8bebe6a7: Neither blocks nor log segments found. Creating new log.
I20260710 11:11:52.944779 25922 tablet_service.cc:1917] Received RequestConsensusVote() RPC: tablet_id: "293ba0131d224a6cbd78a92899c34209" candidate_uuid: "468e1da70992431fa898f59a8bebe6a7" candidate_term: 1 candidate_status { last_received { term: 0 index: 0 } } ignore_live_leader: false dest_uuid: "e619c21d4df24daf980145141beb5b32" is_pre_election: true
I20260710 11:11:52.948575 25963 tablet_bootstrap.cc:492] T 8d32e35228f44d4394f47c6aa53a951d P 468e1da70992431fa898f59a8bebe6a7: No bootstrap required, opened a new log
I20260710 11:11:52.949007 25963 ts_tablet_manager.cc:1403] T 8d32e35228f44d4394f47c6aa53a951d P 468e1da70992431fa898f59a8bebe6a7: Time spent bootstrapping tablet: real 0.011s	user 0.010s	sys 0.000s
I20260710 11:11:52.951115 25963 raft_consensus.cc:359] T 8d32e35228f44d4394f47c6aa53a951d P 468e1da70992431fa898f59a8bebe6a7 [term 0 FOLLOWER]: Replica starting. Triggering 0 pending ops. Active config: opid_index: -1 OBSOLETE_local: false peers { permanent_uuid: "468e1da70992431fa898f59a8bebe6a7" member_type: VOTER last_known_addr { host: "127.24.142.129" port: 34961 } } peers { permanent_uuid: "7f9bb946ee5142599ac72e1b0f3c6cc0" member_type: VOTER last_known_addr { host: "127.24.142.130" port: 38595 } } peers { permanent_uuid: "e619c21d4df24daf980145141beb5b32" member_type: VOTER last_known_addr { host: "127.24.142.131" port: 33755 } }
I20260710 11:11:52.951324 25849 tablet_service.cc:1917] Received RequestConsensusVote() RPC: tablet_id: "293ba0131d224a6cbd78a92899c34209" candidate_uuid: "468e1da70992431fa898f59a8bebe6a7" candidate_term: 1 candidate_status { last_received { term: 0 index: 0 } } ignore_live_leader: false dest_uuid: "7f9bb946ee5142599ac72e1b0f3c6cc0" is_pre_election: true
I20260710 11:11:52.951673 25963 raft_consensus.cc:385] T 8d32e35228f44d4394f47c6aa53a951d P 468e1da70992431fa898f59a8bebe6a7 [term 0 FOLLOWER]: Consensus starting up: Expiring failure detector timer to make a prompt election more likely
I20260710 11:11:52.951944 25963 raft_consensus.cc:740] T 8d32e35228f44d4394f47c6aa53a951d P 468e1da70992431fa898f59a8bebe6a7 [term 0 FOLLOWER]: Becoming Follower/Learner. State: Replica: 468e1da70992431fa898f59a8bebe6a7, State: Initialized, Role: FOLLOWER
I20260710 11:11:52.952077 25849 raft_consensus.cc:2393] T 293ba0131d224a6cbd78a92899c34209 P 7f9bb946ee5142599ac72e1b0f3c6cc0 [term 1 FOLLOWER]: Leader pre-election vote request: Denying vote to candidate 468e1da70992431fa898f59a8bebe6a7 in current term 1: Already voted for candidate e619c21d4df24daf980145141beb5b32 in this term.
I20260710 11:11:52.952636 25963 consensus_queue.cc:260] T 8d32e35228f44d4394f47c6aa53a951d P 468e1da70992431fa898f59a8bebe6a7 [NON_LEADER]: Queue going to NON_LEADER mode. State: All replicated index: 0, Majority replicated index: 0, Committed index: 0, Last appended: 0.0, Last appended by leader: 0, Current term: 0, Majority size: -1, State: 0, Mode: NON_LEADER, active raft config: opid_index: -1 OBSOLETE_local: false peers { permanent_uuid: "468e1da70992431fa898f59a8bebe6a7" member_type: VOTER last_known_addr { host: "127.24.142.129" port: 34961 } } peers { permanent_uuid: "7f9bb946ee5142599ac72e1b0f3c6cc0" member_type: VOTER last_known_addr { host: "127.24.142.130" port: 38595 } } peers { permanent_uuid: "e619c21d4df24daf980145141beb5b32" member_type: VOTER last_known_addr { host: "127.24.142.131" port: 33755 } }
I20260710 11:11:52.953099 25740 leader_election.cc:304] T 293ba0131d224a6cbd78a92899c34209 P 468e1da70992431fa898f59a8bebe6a7 [CANDIDATE]: Term 1 pre-election: Election decided. Result: candidate lost. Election summary: received 3 responses out of 3 voters: 1 yes votes; 2 no votes. yes voters: 468e1da70992431fa898f59a8bebe6a7; no voters: 7f9bb946ee5142599ac72e1b0f3c6cc0, e619c21d4df24daf980145141beb5b32
I20260710 11:11:52.954032 25963 ts_tablet_manager.cc:1434] T 8d32e35228f44d4394f47c6aa53a951d P 468e1da70992431fa898f59a8bebe6a7: Time spent starting tablet: real 0.005s	user 0.004s	sys 0.000s
I20260710 11:11:52.954027 25969 raft_consensus.cc:3060] T 293ba0131d224a6cbd78a92899c34209 P 468e1da70992431fa898f59a8bebe6a7 [term 0 FOLLOWER]: Advancing to term 1
I20260710 11:11:52.960393 25969 raft_consensus.cc:2749] T 293ba0131d224a6cbd78a92899c34209 P 468e1da70992431fa898f59a8bebe6a7 [term 1 FOLLOWER]: Leader pre-election lost for term 1. Reason: could not achieve majority
I20260710 11:11:52.963544 25972 raft_consensus.cc:493] T bff3c1a7db37483db49c3a8c29f2cfb7 P 7f9bb946ee5142599ac72e1b0f3c6cc0 [term 0 FOLLOWER]: Starting pre-election (no leader contacted us within the election timeout)
I20260710 11:11:52.963914 25972 raft_consensus.cc:515] T bff3c1a7db37483db49c3a8c29f2cfb7 P 7f9bb946ee5142599ac72e1b0f3c6cc0 [term 0 FOLLOWER]: Starting pre-election with config: opid_index: -1 OBSOLETE_local: false peers { permanent_uuid: "468e1da70992431fa898f59a8bebe6a7" member_type: VOTER last_known_addr { host: "127.24.142.129" port: 34961 } } peers { permanent_uuid: "7f9bb946ee5142599ac72e1b0f3c6cc0" member_type: VOTER last_known_addr { host: "127.24.142.130" port: 38595 } } peers { permanent_uuid: "e619c21d4df24daf980145141beb5b32" member_type: VOTER last_known_addr { host: "127.24.142.131" port: 33755 } }
I20260710 11:11:52.965384 25972 leader_election.cc:290] T bff3c1a7db37483db49c3a8c29f2cfb7 P 7f9bb946ee5142599ac72e1b0f3c6cc0 [CANDIDATE]: Term 1 pre-election: Requested pre-vote from peers 468e1da70992431fa898f59a8bebe6a7 (127.24.142.129:34961), e619c21d4df24daf980145141beb5b32 (127.24.142.131:33755)
