I20260710 11:12:12.070175 26685 raft_consensus.cc:2955] T c9513f3d306e47d4a58e5ea2199222d9 P a16b44ce6c3d4513b8a54218472585e4 [term 1 FOLLOWER]: Committing config change with OpId 1.3: config changed from index 2 to 3, a16b44ce6c3d4513b8a54218472585e4 (127.24.142.132) changed from NON_VOTER to VOTER. New config: { opid_index: 3 OBSOLETE_local: false peers { permanent_uuid: "7f48174b4a71463cb50e9974ef96a67d" member_type: VOTER last_known_addr { host: "127.24.142.129" port: 43721 } } peers { permanent_uuid: "0834c08baf0d47f69bd8fd4613140445" member_type: VOTER last_known_addr { host: "127.24.142.130" port: 39191 } attrs { replace: true } } peers { permanent_uuid: "57505f711ea149f6ae8392fb523e69f6" member_type: VOTER last_known_addr { host: "127.24.142.131" port: 45567 } } peers { permanent_uuid: "a16b44ce6c3d4513b8a54218472585e4" member_type: VOTER last_known_addr { host: "127.24.142.132" port: 33257 } attrs { promote: false } } }
I20260710 11:12:12.070995 26426 raft_consensus.cc:2955] T c9513f3d306e47d4a58e5ea2199222d9 P 57505f711ea149f6ae8392fb523e69f6 [term 1 FOLLOWER]: Committing config change with OpId 1.3: config changed from index 2 to 3, a16b44ce6c3d4513b8a54218472585e4 (127.24.142.132) changed from NON_VOTER to VOTER. New config: { opid_index: 3 OBSOLETE_local: false peers { permanent_uuid: "7f48174b4a71463cb50e9974ef96a67d" member_type: VOTER last_known_addr { host: "127.24.142.129" port: 43721 } } peers { permanent_uuid: "0834c08baf0d47f69bd8fd4613140445" member_type: VOTER last_known_addr { host: "127.24.142.130" port: 39191 } attrs { replace: true } } peers { permanent_uuid: "57505f711ea149f6ae8392fb523e69f6" member_type: VOTER last_known_addr { host: "127.24.142.131" port: 45567 } } peers { permanent_uuid: "a16b44ce6c3d4513b8a54218472585e4" member_type: VOTER last_known_addr { host: "127.24.142.132" port: 33257 } attrs { promote: false } } }
I20260710 11:12:12.074123 26851 consensus_queue.cc:1048] T 90049e682bfc4ea7b5e0a21c7ef3e680 P 7f48174b4a71463cb50e9974ef96a67d [LEADER]: Connected to new peer: Peer: permanent_uuid: "a16b44ce6c3d4513b8a54218472585e4" member_type: VOTER last_known_addr { host: "127.24.142.132" port: 33257 } attrs { promote: false }, Status: LMP_MISMATCH, Last received: 0.0, Next index: 4, Last known committed idx: 3, Time since last communication: 0.000s
I20260710 11:12:12.077900 26352 raft_consensus.cc:2955] T c9513f3d306e47d4a58e5ea2199222d9 P 0834c08baf0d47f69bd8fd4613140445 [term 1 FOLLOWER]: Committing config change with OpId 1.3: config changed from index 2 to 3, a16b44ce6c3d4513b8a54218472585e4 (127.24.142.132) changed from NON_VOTER to VOTER. New config: { opid_index: 3 OBSOLETE_local: false peers { permanent_uuid: "7f48174b4a71463cb50e9974ef96a67d" member_type: VOTER last_known_addr { host: "127.24.142.129" port: 43721 } } peers { permanent_uuid: "0834c08baf0d47f69bd8fd4613140445" member_type: VOTER last_known_addr { host: "127.24.142.130" port: 39191 } attrs { replace: true } } peers { permanent_uuid: "57505f711ea149f6ae8392fb523e69f6" member_type: VOTER last_known_addr { host: "127.24.142.131" port: 45567 } } peers { permanent_uuid: "a16b44ce6c3d4513b8a54218472585e4" member_type: VOTER last_known_addr { host: "127.24.142.132" port: 33257 } attrs { promote: false } } }
I20260710 11:12:12.081545 26850 raft_consensus.cc:2955] T 90049e682bfc4ea7b5e0a21c7ef3e680 P 7f48174b4a71463cb50e9974ef96a67d [term 1 LEADER]: Committing config change with OpId 1.4: config changed from index 3 to 4, VOTER 0834c08baf0d47f69bd8fd4613140445 (127.24.142.130) evicted. New config: { opid_index: 4 OBSOLETE_local: false peers { permanent_uuid: "7f48174b4a71463cb50e9974ef96a67d" member_type: VOTER last_known_addr { host: "127.24.142.129" port: 43721 } } peers { permanent_uuid: "57505f711ea149f6ae8392fb523e69f6" member_type: VOTER last_known_addr { host: "127.24.142.131" port: 45567 } } peers { permanent_uuid: "a16b44ce6c3d4513b8a54218472585e4" member_type: VOTER last_known_addr { host: "127.24.142.132" port: 33257 } attrs { promote: false } } }
I20260710 11:12:12.081800 26174 catalog_manager.cc:5697] T c9513f3d306e47d4a58e5ea2199222d9 P 7f48174b4a71463cb50e9974ef96a67d reported cstate change: config changed from index 2 to 3, a16b44ce6c3d4513b8a54218472585e4 (127.24.142.132) changed from NON_VOTER to VOTER. New cstate: current_term: 1 leader_uuid: "7f48174b4a71463cb50e9974ef96a67d" committed_config { opid_index: 3 OBSOLETE_local: false peers { permanent_uuid: "7f48174b4a71463cb50e9974ef96a67d" member_type: VOTER last_known_addr { host: "127.24.142.129" port: 43721 } health_report { overall_health: HEALTHY } } peers { permanent_uuid: "0834c08baf0d47f69bd8fd4613140445" member_type: VOTER last_known_addr { host: "127.24.142.130" port: 39191 } attrs { replace: true } health_report { overall_health: HEALTHY } } peers { permanent_uuid: "57505f711ea149f6ae8392fb523e69f6" member_type: VOTER last_known_addr { host: "127.24.142.131" port: 45567 } health_report { overall_health: HEALTHY } } peers { permanent_uuid: "a16b44ce6c3d4513b8a54218472585e4" member_type: VOTER last_known_addr { host: "127.24.142.132" port: 33257 } attrs { promote: false } health_report { overall_health: HEALTHY } } }
I20260710 11:12:12.082648 26687 raft_consensus.cc:2955] T 90049e682bfc4ea7b5e0a21c7ef3e680 P a16b44ce6c3d4513b8a54218472585e4 [term 1 FOLLOWER]: Committing config change with OpId 1.4: config changed from index 3 to 4, VOTER 0834c08baf0d47f69bd8fd4613140445 (127.24.142.130) evicted. New config: { opid_index: 4 OBSOLETE_local: false peers { permanent_uuid: "7f48174b4a71463cb50e9974ef96a67d" member_type: VOTER last_known_addr { host: "127.24.142.129" port: 43721 } } peers { permanent_uuid: "57505f711ea149f6ae8392fb523e69f6" member_type: VOTER last_known_addr { host: "127.24.142.131" port: 45567 } } peers { permanent_uuid: "a16b44ce6c3d4513b8a54218472585e4" member_type: VOTER last_known_addr { host: "127.24.142.132" port: 33257 } attrs { promote: false } } }
I20260710 11:12:12.094148 26278 consensus_queue.cc:237] T c9513f3d306e47d4a58e5ea2199222d9 P 7f48174b4a71463cb50e9974ef96a67d [LEADER]: Queue going to LEADER mode. State: All replicated index: 0, Majority replicated index: 3, Committed index: 3, Last appended: 1.3, Last appended by leader: 0, Current term: 1, Majority size: 2, State: 0, Mode: LEADER, active raft config: opid_index: 4 OBSOLETE_local: false peers { permanent_uuid: "7f48174b4a71463cb50e9974ef96a67d" member_type: VOTER last_known_addr { host: "127.24.142.129" port: 43721 } } peers { permanent_uuid: "57505f711ea149f6ae8392fb523e69f6" member_type: VOTER last_known_addr { host: "127.24.142.131" port: 45567 } } peers { permanent_uuid: "a16b44ce6c3d4513b8a54218472585e4" member_type: VOTER last_known_addr { host: "127.24.142.132" port: 33257 } attrs { promote: false } }
I20260710 11:12:12.096671 26161 catalog_manager.cc:5210] ChangeConfig:REMOVE_PEER RPC for tablet 90049e682bfc4ea7b5e0a21c7ef3e680 with cas_config_opid_index 3: ChangeConfig:REMOVE_PEER succeeded (attempt 1)
I20260710 11:12:12.100625 26687 raft_consensus.cc:1275] T c9513f3d306e47d4a58e5ea2199222d9 P a16b44ce6c3d4513b8a54218472585e4 [term 1 FOLLOWER]: Refusing update from remote peer 7f48174b4a71463cb50e9974ef96a67d: Log matching property violated. Preceding OpId in replica: term: 1 index: 3. Preceding OpId from leader: term: 1 index: 4. (index mismatch)
I20260710 11:12:12.102154 26850 consensus_queue.cc:1048] T c9513f3d306e47d4a58e5ea2199222d9 P 7f48174b4a71463cb50e9974ef96a67d [LEADER]: Connected to new peer: Peer: permanent_uuid: "a16b44ce6c3d4513b8a54218472585e4" member_type: VOTER last_known_addr { host: "127.24.142.132" port: 33257 } attrs { promote: false }, Status: LMP_MISMATCH, Last received: 0.0, Next index: 4, Last known committed idx: 3, Time since last communication: 0.000s
I20260710 11:12:12.104977 26728 consensus_queue.cc:1048] T 90049e682bfc4ea7b5e0a21c7ef3e680 P 7f48174b4a71463cb50e9974ef96a67d [LEADER]: Connected to new peer: Peer: permanent_uuid: "57505f711ea149f6ae8392fb523e69f6" member_type: VOTER last_known_addr { host: "127.24.142.131" port: 45567 }, Status: LMP_MISMATCH, Last received: 0.0, Next index: 4, Last known committed idx: 3, Time since last communication: 0.000s
I20260710 11:12:12.103458 26176 catalog_manager.cc:5697] T 90049e682bfc4ea7b5e0a21c7ef3e680 P a16b44ce6c3d4513b8a54218472585e4 reported cstate change: config changed from index 3 to 4, VOTER 0834c08baf0d47f69bd8fd4613140445 (127.24.142.130) evicted. New cstate: current_term: 1 leader_uuid: "7f48174b4a71463cb50e9974ef96a67d" committed_config { opid_index: 4 OBSOLETE_local: false peers { permanent_uuid: "7f48174b4a71463cb50e9974ef96a67d" member_type: VOTER last_known_addr { host: "127.24.142.129" port: 43721 } } peers { permanent_uuid: "57505f711ea149f6ae8392fb523e69f6" member_type: VOTER last_known_addr { host: "127.24.142.131" port: 45567 } } peers { permanent_uuid: "a16b44ce6c3d4513b8a54218472585e4" member_type: VOTER last_known_addr { host: "127.24.142.132" port: 33257 } attrs { promote: false } } }
I20260710 11:12:12.109886 26424 raft_consensus.cc:2955] T 90049e682bfc4ea7b5e0a21c7ef3e680 P 57505f711ea149f6ae8392fb523e69f6 [term 1 FOLLOWER]: Committing config change with OpId 1.4: config changed from index 3 to 4, VOTER 0834c08baf0d47f69bd8fd4613140445 (127.24.142.130) evicted. New config: { opid_index: 4 OBSOLETE_local: false peers { permanent_uuid: "7f48174b4a71463cb50e9974ef96a67d" member_type: VOTER last_known_addr { host: "127.24.142.129" port: 43721 } } peers { permanent_uuid: "57505f711ea149f6ae8392fb523e69f6" member_type: VOTER last_known_addr { host: "127.24.142.131" port: 45567 } } peers { permanent_uuid: "a16b44ce6c3d4513b8a54218472585e4" member_type: VOTER last_known_addr { host: "127.24.142.132" port: 33257 } attrs { promote: false } } }
I20260710 11:12:12.110410 26851 raft_consensus.cc:2955] T c9513f3d306e47d4a58e5ea2199222d9 P 7f48174b4a71463cb50e9974ef96a67d [term 1 LEADER]: Committing config change with OpId 1.4: config changed from index 3 to 4, VOTER 0834c08baf0d47f69bd8fd4613140445 (127.24.142.130) evicted. New config: { opid_index: 4 OBSOLETE_local: false peers { permanent_uuid: "7f48174b4a71463cb50e9974ef96a67d" member_type: VOTER last_known_addr { host: "127.24.142.129" port: 43721 } } peers { permanent_uuid: "57505f711ea149f6ae8392fb523e69f6" member_type: VOTER last_known_addr { host: "127.24.142.131" port: 45567 } } peers { permanent_uuid: "a16b44ce6c3d4513b8a54218472585e4" member_type: VOTER last_known_addr { host: "127.24.142.132" port: 33257 } attrs { promote: false } } }
I20260710 11:12:12.115542 26341 tablet_service.cc:1558] Processing DeleteTablet for tablet 90049e682bfc4ea7b5e0a21c7ef3e680 with delete_type TABLET_DATA_TOMBSTONED (TS 0834c08baf0d47f69bd8fd4613140445 not found in new config with opid_index 4) from {username='slave'} at 127.0.0.1:36172
I20260710 11:12:12.119222 26422 raft_consensus.cc:1275] T c9513f3d306e47d4a58e5ea2199222d9 P 57505f711ea149f6ae8392fb523e69f6 [term 1 FOLLOWER]: Refusing update from remote peer 7f48174b4a71463cb50e9974ef96a67d: Log matching property violated. Preceding OpId in replica: term: 1 index: 3. Preceding OpId from leader: term: 1 index: 4. (index mismatch)
I20260710 11:12:12.119323 26687 raft_consensus.cc:2955] T c9513f3d306e47d4a58e5ea2199222d9 P a16b44ce6c3d4513b8a54218472585e4 [term 1 FOLLOWER]: Committing config change with OpId 1.4: config changed from index 3 to 4, VOTER 0834c08baf0d47f69bd8fd4613140445 (127.24.142.130) evicted. New config: { opid_index: 4 OBSOLETE_local: false peers { permanent_uuid: "7f48174b4a71463cb50e9974ef96a67d" member_type: VOTER last_known_addr { host: "127.24.142.129" port: 43721 } } peers { permanent_uuid: "57505f711ea149f6ae8392fb523e69f6" member_type: VOTER last_known_addr { host: "127.24.142.131" port: 45567 } } peers { permanent_uuid: "a16b44ce6c3d4513b8a54218472585e4" member_type: VOTER last_known_addr { host: "127.24.142.132" port: 33257 } attrs { promote: false } } }
I20260710 11:12:12.126911 26852 consensus_queue.cc:1048] T c9513f3d306e47d4a58e5ea2199222d9 P 7f48174b4a71463cb50e9974ef96a67d [LEADER]: Connected to new peer: Peer: permanent_uuid: "57505f711ea149f6ae8392fb523e69f6" member_type: VOTER last_known_addr { host: "127.24.142.131" port: 45567 }, Status: LMP_MISMATCH, Last received: 0.0, Next index: 4, Last known committed idx: 3, Time since last communication: 0.000s
I20260710 11:12:12.129227 26161 catalog_manager.cc:5210] ChangeConfig:REMOVE_PEER RPC for tablet c9513f3d306e47d4a58e5ea2199222d9 with cas_config_opid_index 3: ChangeConfig:REMOVE_PEER succeeded (attempt 1)
I20260710 11:12:12.132705 26422 raft_consensus.cc:2955] T c9513f3d306e47d4a58e5ea2199222d9 P 57505f711ea149f6ae8392fb523e69f6 [term 1 FOLLOWER]: Committing config change with OpId 1.4: config changed from index 3 to 4, VOTER 0834c08baf0d47f69bd8fd4613140445 (127.24.142.130) evicted. New config: { opid_index: 4 OBSOLETE_local: false peers { permanent_uuid: "7f48174b4a71463cb50e9974ef96a67d" member_type: VOTER last_known_addr { host: "127.24.142.129" port: 43721 } } peers { permanent_uuid: "57505f711ea149f6ae8392fb523e69f6" member_type: VOTER last_known_addr { host: "127.24.142.131" port: 45567 } } peers { permanent_uuid: "a16b44ce6c3d4513b8a54218472585e4" member_type: VOTER last_known_addr { host: "127.24.142.132" port: 33257 } attrs { promote: false } } }
I20260710 11:12:12.139727 26174 catalog_manager.cc:5697] T c9513f3d306e47d4a58e5ea2199222d9 P 7f48174b4a71463cb50e9974ef96a67d reported cstate change: config changed from index 3 to 4, VOTER 0834c08baf0d47f69bd8fd4613140445 (127.24.142.130) evicted. New cstate: current_term: 1 leader_uuid: "7f48174b4a71463cb50e9974ef96a67d" committed_config { opid_index: 4 OBSOLETE_local: false peers { permanent_uuid: "7f48174b4a71463cb50e9974ef96a67d" member_type: VOTER last_known_addr { host: "127.24.142.129" port: 43721 } health_report { overall_health: HEALTHY } } peers { permanent_uuid: "57505f711ea149f6ae8392fb523e69f6" member_type: VOTER last_known_addr { host: "127.24.142.131" port: 45567 } health_report { overall_health: UNKNOWN } } peers { permanent_uuid: "a16b44ce6c3d4513b8a54218472585e4" member_type: VOTER last_known_addr { host: "127.24.142.132" port: 33257 } attrs { promote: false } health_report { overall_health: HEALTHY } } }
I20260710 11:12:12.142195 26860 tablet_replica.cc:333] T 90049e682bfc4ea7b5e0a21c7ef3e680 P 0834c08baf0d47f69bd8fd4613140445: stopping tablet replica
I20260710 11:12:12.143148 26860 raft_consensus.cc:2243] T 90049e682bfc4ea7b5e0a21c7ef3e680 P 0834c08baf0d47f69bd8fd4613140445 [term 1 FOLLOWER]: Raft consensus shutting down.
I20260710 11:12:12.143859 26860 raft_consensus.cc:2272] T 90049e682bfc4ea7b5e0a21c7ef3e680 P 0834c08baf0d47f69bd8fd4613140445 [term 1 FOLLOWER]: Raft consensus is shut down!
I20260710 11:12:12.147416 26860 ts_tablet_manager.cc:1916] T 90049e682bfc4ea7b5e0a21c7ef3e680 P 0834c08baf0d47f69bd8fd4613140445: Deleting tablet data with delete state TABLET_DATA_TOMBSTONED
I20260710 11:12:12.156080 26341 tablet_service.cc:1558] Processing DeleteTablet for tablet c9513f3d306e47d4a58e5ea2199222d9 with delete_type TABLET_DATA_TOMBSTONED (TS 0834c08baf0d47f69bd8fd4613140445 not found in new config with opid_index 4) from {username='slave'} at 127.0.0.1:36172
I20260710 11:12:12.164669 26860 ts_tablet_manager.cc:1929] T 90049e682bfc4ea7b5e0a21c7ef3e680 P 0834c08baf0d47f69bd8fd4613140445: tablet deleted with delete type TABLET_DATA_TOMBSTONED: last-logged OpId 1.3
I20260710 11:12:12.164983 26860 log.cc:1199] T 90049e682bfc4ea7b5e0a21c7ef3e680 P 0834c08baf0d47f69bd8fd4613140445: Deleting WAL directory at /tmp/dist-test-taskYWV0N1/test-tmp/auto_leader_rebalancer-test.0.LeaderRebalancerTest.AddTserver.1783681898707675-25146-0/minicluster-data/ts-1-root/wals/90049e682bfc4ea7b5e0a21c7ef3e680
I20260710 11:12:12.166291 26860 tablet_replica.cc:333] T c9513f3d306e47d4a58e5ea2199222d9 P 0834c08baf0d47f69bd8fd4613140445: stopping tablet replica
I20260710 11:12:12.166225 26163 catalog_manager.cc:5028] TS 0834c08baf0d47f69bd8fd4613140445 (127.24.142.130:39191): tablet 90049e682bfc4ea7b5e0a21c7ef3e680 (table test-workload [id=1e4a5f44b9224274b19c2cbe38d42be4]) successfully deleted
I20260710 11:12:12.167007 26860 raft_consensus.cc:2243] T c9513f3d306e47d4a58e5ea2199222d9 P 0834c08baf0d47f69bd8fd4613140445 [term 1 FOLLOWER]: Raft consensus shutting down.
I20260710 11:12:12.167537 26860 raft_consensus.cc:2272] T c9513f3d306e47d4a58e5ea2199222d9 P 0834c08baf0d47f69bd8fd4613140445 [term 1 FOLLOWER]: Raft consensus is shut down!
I20260710 11:12:12.170153 26860 ts_tablet_manager.cc:1916] T c9513f3d306e47d4a58e5ea2199222d9 P 0834c08baf0d47f69bd8fd4613140445: Deleting tablet data with delete state TABLET_DATA_TOMBSTONED
I20260710 11:12:12.180083 26860 ts_tablet_manager.cc:1929] T c9513f3d306e47d4a58e5ea2199222d9 P 0834c08baf0d47f69bd8fd4613140445: tablet deleted with delete type TABLET_DATA_TOMBSTONED: last-logged OpId 1.3
I20260710 11:12:12.180364 26860 log.cc:1199] T c9513f3d306e47d4a58e5ea2199222d9 P 0834c08baf0d47f69bd8fd4613140445: Deleting WAL directory at /tmp/dist-test-taskYWV0N1/test-tmp/auto_leader_rebalancer-test.0.LeaderRebalancerTest.AddTserver.1783681898707675-25146-0/minicluster-data/ts-1-root/wals/c9513f3d306e47d4a58e5ea2199222d9
I20260710 11:12:12.181473 26163 catalog_manager.cc:5028] TS 0834c08baf0d47f69bd8fd4613140445 (127.24.142.130:39191): tablet c9513f3d306e47d4a58e5ea2199222d9 (table test-workload [id=1e4a5f44b9224274b19c2cbe38d42be4]) successfully deleted
I20260710 11:12:13.182785 26352 consensus_queue.cc:237] T 34fc2269703d4f6fa01080ee87e47c43 P 0834c08baf0d47f69bd8fd4613140445 [LEADER]: Queue going to LEADER mode. State: All replicated index: 0, Majority replicated index: 1, Committed index: 1, Last appended: 1.1, Last appended by leader: 0, Current term: 1, Majority size: 2, State: 0, Mode: LEADER, active raft config: opid_index: 2 OBSOLETE_local: false peers { permanent_uuid: "7f48174b4a71463cb50e9974ef96a67d" member_type: VOTER last_known_addr { host: "127.24.142.129" port: 43721 } } peers { permanent_uuid: "0834c08baf0d47f69bd8fd4613140445" member_type: VOTER last_known_addr { host: "127.24.142.130" port: 39191 } } peers { permanent_uuid: "57505f711ea149f6ae8392fb523e69f6" member_type: VOTER last_known_addr { host: "127.24.142.131" port: 45567 } attrs { replace: true } } peers { permanent_uuid: "a16b44ce6c3d4513b8a54218472585e4" member_type: NON_VOTER last_known_addr { host: "127.24.142.132" port: 33257 } attrs { promote: true } }
I20260710 11:12:13.187790 26422 raft_consensus.cc:1275] T 34fc2269703d4f6fa01080ee87e47c43 P 57505f711ea149f6ae8392fb523e69f6 [term 1 FOLLOWER]: Refusing update from remote peer 0834c08baf0d47f69bd8fd4613140445: Log matching property violated. Preceding OpId in replica: term: 1 index: 1. Preceding OpId from leader: term: 1 index: 2. (index mismatch)
W20260710 11:12:13.188014 26318 consensus_peers.cc:597] T 34fc2269703d4f6fa01080ee87e47c43 P 0834c08baf0d47f69bd8fd4613140445 -> Peer a16b44ce6c3d4513b8a54218472585e4 (127.24.142.132:33257): Couldn't send request to peer a16b44ce6c3d4513b8a54218472585e4. Error code: TABLET_NOT_FOUND (6). Status: Not found: Tablet not found: 34fc2269703d4f6fa01080ee87e47c43. This is attempt 1: this message will repeat every 5th retry.
I20260710 11:12:13.188292 26278 raft_consensus.cc:1275] T 34fc2269703d4f6fa01080ee87e47c43 P 7f48174b4a71463cb50e9974ef96a67d [term 1 FOLLOWER]: Refusing update from remote peer 0834c08baf0d47f69bd8fd4613140445: Log matching property violated. Preceding OpId in replica: term: 1 index: 1. Preceding OpId from leader: term: 1 index: 2. (index mismatch)
I20260710 11:12:13.189072 26861 consensus_queue.cc:1048] T 34fc2269703d4f6fa01080ee87e47c43 P 0834c08baf0d47f69bd8fd4613140445 [LEADER]: Connected to new peer: Peer: permanent_uuid: "57505f711ea149f6ae8392fb523e69f6" member_type: VOTER last_known_addr { host: "127.24.142.131" port: 45567 } attrs { replace: true }, Status: LMP_MISMATCH, Last received: 0.0, Next index: 2, Last known committed idx: 1, Time since last communication: 0.001s
I20260710 11:12:13.190063 26843 consensus_queue.cc:1048] T 34fc2269703d4f6fa01080ee87e47c43 P 0834c08baf0d47f69bd8fd4613140445 [LEADER]: Connected to new peer: Peer: permanent_uuid: "7f48174b4a71463cb50e9974ef96a67d" member_type: VOTER last_known_addr { host: "127.24.142.129" port: 43721 }, Status: LMP_MISMATCH, Last received: 0.0, Next index: 2, Last known committed idx: 1, Time since last communication: 0.000s
I20260710 11:12:13.196660 26810 raft_consensus.cc:2955] T 34fc2269703d4f6fa01080ee87e47c43 P 0834c08baf0d47f69bd8fd4613140445 [term 1 LEADER]: Committing config change with OpId 1.2: config changed from index -1 to 2, NON_VOTER a16b44ce6c3d4513b8a54218472585e4 (127.24.142.132) added. New config: { opid_index: 2 OBSOLETE_local: false peers { permanent_uuid: "7f48174b4a71463cb50e9974ef96a67d" member_type: VOTER last_known_addr { host: "127.24.142.129" port: 43721 } } peers { permanent_uuid: "0834c08baf0d47f69bd8fd4613140445" member_type: VOTER last_known_addr { host: "127.24.142.130" port: 39191 } } peers { permanent_uuid: "57505f711ea149f6ae8392fb523e69f6" member_type: VOTER last_known_addr { host: "127.24.142.131" port: 45567 } attrs { replace: true } } peers { permanent_uuid: "a16b44ce6c3d4513b8a54218472585e4" member_type: NON_VOTER last_known_addr { host: "127.24.142.132" port: 33257 } attrs { promote: true } } }
I20260710 11:12:13.198446 26278 raft_consensus.cc:2955] T 34fc2269703d4f6fa01080ee87e47c43 P 7f48174b4a71463cb50e9974ef96a67d [term 1 FOLLOWER]: Committing config change with OpId 1.2: config changed from index -1 to 2, NON_VOTER a16b44ce6c3d4513b8a54218472585e4 (127.24.142.132) added. New config: { opid_index: 2 OBSOLETE_local: false peers { permanent_uuid: "7f48174b4a71463cb50e9974ef96a67d" member_type: VOTER last_known_addr { host: "127.24.142.129" port: 43721 } } peers { permanent_uuid: "0834c08baf0d47f69bd8fd4613140445" member_type: VOTER last_known_addr { host: "127.24.142.130" port: 39191 } } peers { permanent_uuid: "57505f711ea149f6ae8392fb523e69f6" member_type: VOTER last_known_addr { host: "127.24.142.131" port: 45567 } attrs { replace: true } } peers { permanent_uuid: "a16b44ce6c3d4513b8a54218472585e4" member_type: NON_VOTER last_known_addr { host: "127.24.142.132" port: 33257 } attrs { promote: true } } }
I20260710 11:12:13.204113 26422 raft_consensus.cc:2955] T 34fc2269703d4f6fa01080ee87e47c43 P 57505f711ea149f6ae8392fb523e69f6 [term 1 FOLLOWER]: Committing config change with OpId 1.2: config changed from index -1 to 2, NON_VOTER a16b44ce6c3d4513b8a54218472585e4 (127.24.142.132) added. New config: { opid_index: 2 OBSOLETE_local: false peers { permanent_uuid: "7f48174b4a71463cb50e9974ef96a67d" member_type: VOTER last_known_addr { host: "127.24.142.129" port: 43721 } } peers { permanent_uuid: "0834c08baf0d47f69bd8fd4613140445" member_type: VOTER last_known_addr { host: "127.24.142.130" port: 39191 } } peers { permanent_uuid: "57505f711ea149f6ae8392fb523e69f6" member_type: VOTER last_known_addr { host: "127.24.142.131" port: 45567 } attrs { replace: true } } peers { permanent_uuid: "a16b44ce6c3d4513b8a54218472585e4" member_type: NON_VOTER last_known_addr { host: "127.24.142.132" port: 33257 } attrs { promote: true } } }
I20260710 11:12:13.210834 26352 consensus_queue.cc:237] T abe3885c2bec4890a22e7b11182d5f9a P 0834c08baf0d47f69bd8fd4613140445 [LEADER]: Queue going to LEADER mode. State: All replicated index: 0, Majority replicated index: 1, Committed index: 1, Last appended: 1.1, Last appended by leader: 0, Current term: 1, Majority size: 2, State: 0, Mode: LEADER, active raft config: opid_index: 2 OBSOLETE_local: false peers { permanent_uuid: "7f48174b4a71463cb50e9974ef96a67d" member_type: VOTER last_known_addr { host: "127.24.142.129" port: 43721 } attrs { replace: true } } peers { permanent_uuid: "0834c08baf0d47f69bd8fd4613140445" member_type: VOTER last_known_addr { host: "127.24.142.130" port: 39191 } } peers { permanent_uuid: "57505f711ea149f6ae8392fb523e69f6" member_type: VOTER last_known_addr { host: "127.24.142.131" port: 45567 } } peers { permanent_uuid: "a16b44ce6c3d4513b8a54218472585e4" member_type: NON_VOTER last_known_addr { host: "127.24.142.132" port: 33257 } attrs { promote: true } }
I20260710 11:12:13.210932 26174 catalog_manager.cc:5697] T 34fc2269703d4f6fa01080ee87e47c43 P 0834c08baf0d47f69bd8fd4613140445 reported cstate change: config changed from index -1 to 2, NON_VOTER a16b44ce6c3d4513b8a54218472585e4 (127.24.142.132) added. New cstate: current_term: 1 leader_uuid: "0834c08baf0d47f69bd8fd4613140445" committed_config { opid_index: 2 OBSOLETE_local: false peers { permanent_uuid: "7f48174b4a71463cb50e9974ef96a67d" member_type: VOTER last_known_addr { host: "127.24.142.129" port: 43721 } health_report { overall_health: HEALTHY } } peers { permanent_uuid: "0834c08baf0d47f69bd8fd4613140445" member_type: VOTER last_known_addr { host: "127.24.142.130" port: 39191 } health_report { overall_health: HEALTHY } } peers { permanent_uuid: "57505f711ea149f6ae8392fb523e69f6" member_type: VOTER last_known_addr { host: "127.24.142.131" port: 45567 } attrs { replace: true } health_report { overall_health: HEALTHY } } peers { permanent_uuid: "a16b44ce6c3d4513b8a54218472585e4" member_type: NON_VOTER last_known_addr { host: "127.24.142.132" port: 33257 } attrs { promote: true } health_report { overall_health: UNKNOWN } } }
W20260710 11:12:13.227121 26318 consensus_peers.cc:597] T abe3885c2bec4890a22e7b11182d5f9a P 0834c08baf0d47f69bd8fd4613140445 -> Peer a16b44ce6c3d4513b8a54218472585e4 (127.24.142.132:33257): Couldn't send request to peer a16b44ce6c3d4513b8a54218472585e4. Error code: TABLET_NOT_FOUND (6). Status: Not found: Tablet not found: abe3885c2bec4890a22e7b11182d5f9a. This is attempt 1: this message will repeat every 5th retry.
I20260710 11:12:13.227908 26424 raft_consensus.cc:1275] T abe3885c2bec4890a22e7b11182d5f9a P 57505f711ea149f6ae8392fb523e69f6 [term 1 FOLLOWER]: Refusing update from remote peer 0834c08baf0d47f69bd8fd4613140445: Log matching property violated. Preceding OpId in replica: term: 1 index: 1. Preceding OpId from leader: term: 1 index: 2. (index mismatch)
I20260710 11:12:13.228566 26278 raft_consensus.cc:1275] T abe3885c2bec4890a22e7b11182d5f9a P 7f48174b4a71463cb50e9974ef96a67d [term 1 FOLLOWER]: Refusing update from remote peer 0834c08baf0d47f69bd8fd4613140445: Log matching property violated. Preceding OpId in replica: term: 1 index: 1. Preceding OpId from leader: term: 1 index: 2. (index mismatch)
I20260710 11:12:13.229837 26843 consensus_queue.cc:1048] T abe3885c2bec4890a22e7b11182d5f9a P 0834c08baf0d47f69bd8fd4613140445 [LEADER]: Connected to new peer: Peer: permanent_uuid: "7f48174b4a71463cb50e9974ef96a67d" member_type: VOTER last_known_addr { host: "127.24.142.129" port: 43721 } attrs { replace: true }, Status: LMP_MISMATCH, Last received: 0.0, Next index: 2, Last known committed idx: 1, Time since last communication: 0.000s
I20260710 11:12:13.231170 26810 consensus_queue.cc:1048] T abe3885c2bec4890a22e7b11182d5f9a P 0834c08baf0d47f69bd8fd4613140445 [LEADER]: Connected to new peer: Peer: permanent_uuid: "57505f711ea149f6ae8392fb523e69f6" member_type: VOTER last_known_addr { host: "127.24.142.131" port: 45567 }, Status: LMP_MISMATCH, Last received: 0.0, Next index: 2, Last known committed idx: 1, Time since last communication: 0.002s
I20260710 11:12:13.245785 26278 raft_consensus.cc:2955] T abe3885c2bec4890a22e7b11182d5f9a P 7f48174b4a71463cb50e9974ef96a67d [term 1 FOLLOWER]: Committing config change with OpId 1.2: config changed from index -1 to 2, NON_VOTER a16b44ce6c3d4513b8a54218472585e4 (127.24.142.132) added. New config: { opid_index: 2 OBSOLETE_local: false peers { permanent_uuid: "7f48174b4a71463cb50e9974ef96a67d" member_type: VOTER last_known_addr { host: "127.24.142.129" port: 43721 } attrs { replace: true } } peers { permanent_uuid: "0834c08baf0d47f69bd8fd4613140445" member_type: VOTER last_known_addr { host: "127.24.142.130" port: 39191 } } peers { permanent_uuid: "57505f711ea149f6ae8392fb523e69f6" member_type: VOTER last_known_addr { host: "127.24.142.131" port: 45567 } } peers { permanent_uuid: "a16b44ce6c3d4513b8a54218472585e4" member_type: NON_VOTER last_known_addr { host: "127.24.142.132" port: 33257 } attrs { promote: true } } }
I20260710 11:12:13.246510 26424 raft_consensus.cc:2955] T abe3885c2bec4890a22e7b11182d5f9a P 57505f711ea149f6ae8392fb523e69f6 [term 1 FOLLOWER]: Committing config change with OpId 1.2: config changed from index -1 to 2, NON_VOTER a16b44ce6c3d4513b8a54218472585e4 (127.24.142.132) added. New config: { opid_index: 2 OBSOLETE_local: false peers { permanent_uuid: "7f48174b4a71463cb50e9974ef96a67d" member_type: VOTER last_known_addr { host: "127.24.142.129" port: 43721 } attrs { replace: true } } peers { permanent_uuid: "0834c08baf0d47f69bd8fd4613140445" member_type: VOTER last_known_addr { host: "127.24.142.130" port: 39191 } } peers { permanent_uuid: "57505f711ea149f6ae8392fb523e69f6" member_type: VOTER last_known_addr { host: "127.24.142.131" port: 45567 } } peers { permanent_uuid: "a16b44ce6c3d4513b8a54218472585e4" member_type: NON_VOTER last_known_addr { host: "127.24.142.132" port: 33257 } attrs { promote: true } } }
I20260710 11:12:13.247367 26843 raft_consensus.cc:2955] T abe3885c2bec4890a22e7b11182d5f9a P 0834c08baf0d47f69bd8fd4613140445 [term 1 LEADER]: Committing config change with OpId 1.2: config changed from index -1 to 2, NON_VOTER a16b44ce6c3d4513b8a54218472585e4 (127.24.142.132) added. New config: { opid_index: 2 OBSOLETE_local: false peers { permanent_uuid: "7f48174b4a71463cb50e9974ef96a67d" member_type: VOTER last_known_addr { host: "127.24.142.129" port: 43721 } attrs { replace: true } } peers { permanent_uuid: "0834c08baf0d47f69bd8fd4613140445" member_type: VOTER last_known_addr { host: "127.24.142.130" port: 39191 } } peers { permanent_uuid: "57505f711ea149f6ae8392fb523e69f6" member_type: VOTER last_known_addr { host: "127.24.142.131" port: 45567 } } peers { permanent_uuid: "a16b44ce6c3d4513b8a54218472585e4" member_type: NON_VOTER last_known_addr { host: "127.24.142.132" port: 33257 } attrs { promote: true } } }
I20260710 11:12:13.260804 26176 catalog_manager.cc:5697] T abe3885c2bec4890a22e7b11182d5f9a P 57505f711ea149f6ae8392fb523e69f6 reported cstate change: config changed from index -1 to 2, NON_VOTER a16b44ce6c3d4513b8a54218472585e4 (127.24.142.132) added. New cstate: current_term: 1 leader_uuid: "0834c08baf0d47f69bd8fd4613140445" committed_config { opid_index: 2 OBSOLETE_local: false peers { permanent_uuid: "7f48174b4a71463cb50e9974ef96a67d" member_type: VOTER last_known_addr { host: "127.24.142.129" port: 43721 } attrs { replace: true } } peers { permanent_uuid: "0834c08baf0d47f69bd8fd4613140445" member_type: VOTER last_known_addr { host: "127.24.142.130" port: 39191 } } peers { permanent_uuid: "57505f711ea149f6ae8392fb523e69f6" member_type: VOTER last_known_addr { host: "127.24.142.131" port: 45567 } } peers { permanent_uuid: "a16b44ce6c3d4513b8a54218472585e4" member_type: NON_VOTER last_known_addr { host: "127.24.142.132" port: 33257 } attrs { promote: true } } }
I20260710 11:12:13.265345 26278 consensus_queue.cc:237] T 4eee8690fddc42ac85adef9228fde3bf P 7f48174b4a71463cb50e9974ef96a67d [LEADER]: Queue going to LEADER mode. State: All replicated index: 0, Majority replicated index: 1, Committed index: 1, Last appended: 1.1, Last appended by leader: 0, Current term: 1, Majority size: 2, State: 0, Mode: LEADER, active raft config: opid_index: 2 OBSOLETE_local: false peers { permanent_uuid: "7f48174b4a71463cb50e9974ef96a67d" member_type: VOTER last_known_addr { host: "127.24.142.129" port: 43721 } } peers { permanent_uuid: "0834c08baf0d47f69bd8fd4613140445" member_type: VOTER last_known_addr { host: "127.24.142.130" port: 39191 } attrs { replace: true } } peers { permanent_uuid: "57505f711ea149f6ae8392fb523e69f6" member_type: VOTER last_known_addr { host: "127.24.142.131" port: 45567 } } peers { permanent_uuid: "a16b44ce6c3d4513b8a54218472585e4" member_type: NON_VOTER last_known_addr { host: "127.24.142.132" port: 33257 } attrs { promote: true } }
W20260710 11:12:13.273097 26243 consensus_peers.cc:597] T 4eee8690fddc42ac85adef9228fde3bf P 7f48174b4a71463cb50e9974ef96a67d -> Peer a16b44ce6c3d4513b8a54218472585e4 (127.24.142.132:33257): Couldn't send request to peer a16b44ce6c3d4513b8a54218472585e4. Error code: TABLET_NOT_FOUND (6). Status: Not found: Tablet not found: 4eee8690fddc42ac85adef9228fde3bf. This is attempt 1: this message will repeat every 5th retry.
I20260710 11:12:13.275455 26424 raft_consensus.cc:1275] T 4eee8690fddc42ac85adef9228fde3bf P 57505f711ea149f6ae8392fb523e69f6 [term 1 FOLLOWER]: Refusing update from remote peer 7f48174b4a71463cb50e9974ef96a67d: Log matching property violated. Preceding OpId in replica: term: 1 index: 1. Preceding OpId from leader: term: 1 index: 2. (index mismatch)
I20260710 11:12:13.276098 26352 raft_consensus.cc:1275] T 4eee8690fddc42ac85adef9228fde3bf P 0834c08baf0d47f69bd8fd4613140445 [term 1 FOLLOWER]: Refusing update from remote peer 7f48174b4a71463cb50e9974ef96a67d: Log matching property violated. Preceding OpId in replica: term: 1 index: 1. Preceding OpId from leader: term: 1 index: 2. (index mismatch)
I20260710 11:12:13.276688 26849 consensus_queue.cc:1048] T 4eee8690fddc42ac85adef9228fde3bf P 7f48174b4a71463cb50e9974ef96a67d [LEADER]: Connected to new peer: Peer: permanent_uuid: "57505f711ea149f6ae8392fb523e69f6" member_type: VOTER last_known_addr { host: "127.24.142.131" port: 45567 }, Status: LMP_MISMATCH, Last received: 0.0, Next index: 2, Last known committed idx: 1, Time since last communication: 0.000s
I20260710 11:12:13.277470 26852 consensus_queue.cc:1048] T 4eee8690fddc42ac85adef9228fde3bf P 7f48174b4a71463cb50e9974ef96a67d [LEADER]: Connected to new peer: Peer: permanent_uuid: "0834c08baf0d47f69bd8fd4613140445" member_type: VOTER last_known_addr { host: "127.24.142.130" port: 39191 } attrs { replace: true }, Status: LMP_MISMATCH, Last received: 0.0, Next index: 2, Last known committed idx: 1, Time since last communication: 0.000s
I20260710 11:12:13.285022 26849 raft_consensus.cc:2955] T 4eee8690fddc42ac85adef9228fde3bf P 7f48174b4a71463cb50e9974ef96a67d [term 1 LEADER]: Committing config change with OpId 1.2: config changed from index -1 to 2, NON_VOTER a16b44ce6c3d4513b8a54218472585e4 (127.24.142.132) added. New config: { opid_index: 2 OBSOLETE_local: false peers { permanent_uuid: "7f48174b4a71463cb50e9974ef96a67d" member_type: VOTER last_known_addr { host: "127.24.142.129" port: 43721 } } peers { permanent_uuid: "0834c08baf0d47f69bd8fd4613140445" member_type: VOTER last_known_addr { host: "127.24.142.130" port: 39191 } attrs { replace: true } } peers { permanent_uuid: "57505f711ea149f6ae8392fb523e69f6" member_type: VOTER last_known_addr { host: "127.24.142.131" port: 45567 } } peers { permanent_uuid: "a16b44ce6c3d4513b8a54218472585e4" member_type: NON_VOTER last_known_addr { host: "127.24.142.132" port: 33257 } attrs { promote: true } } }
I20260710 11:12:13.286576 26422 raft_consensus.cc:2955] T 4eee8690fddc42ac85adef9228fde3bf P 57505f711ea149f6ae8392fb523e69f6 [term 1 FOLLOWER]: Committing config change with OpId 1.2: config changed from index -1 to 2, NON_VOTER a16b44ce6c3d4513b8a54218472585e4 (127.24.142.132) added. New config: { opid_index: 2 OBSOLETE_local: false peers { permanent_uuid: "7f48174b4a71463cb50e9974ef96a67d" member_type: VOTER last_known_addr { host: "127.24.142.129" port: 43721 } } peers { permanent_uuid: "0834c08baf0d47f69bd8fd4613140445" member_type: VOTER last_known_addr { host: "127.24.142.130" port: 39191 } attrs { replace: true } } peers { permanent_uuid: "57505f711ea149f6ae8392fb523e69f6" member_type: VOTER last_known_addr { host: "127.24.142.131" port: 45567 } } peers { permanent_uuid: "a16b44ce6c3d4513b8a54218472585e4" member_type: NON_VOTER last_known_addr { host: "127.24.142.132" port: 33257 } attrs { promote: true } } }
I20260710 11:12:13.305253 26352 consensus_queue.cc:237] T fcfcb74bd76b4253aa0b6fc01362d0cc P 0834c08baf0d47f69bd8fd4613140445 [LEADER]: Queue going to LEADER mode. State: All replicated index: 0, Majority replicated index: 1, Committed index: 1, Last appended: 1.1, Last appended by leader: 0, Current term: 1, Majority size: 2, State: 0, Mode: LEADER, active raft config: opid_index: 2 OBSOLETE_local: false peers { permanent_uuid: "0834c08baf0d47f69bd8fd4613140445" member_type: VOTER last_known_addr { host: "127.24.142.130" port: 39191 } } peers { permanent_uuid: "57505f711ea149f6ae8392fb523e69f6" member_type: VOTER last_known_addr { host: "127.24.142.131" port: 45567 } attrs { replace: true } } peers { permanent_uuid: "7f48174b4a71463cb50e9974ef96a67d" member_type: VOTER last_known_addr { host: "127.24.142.129" port: 43721 } } peers { permanent_uuid: "a16b44ce6c3d4513b8a54218472585e4" member_type: NON_VOTER last_known_addr { host: "127.24.142.132" port: 33257 } attrs { promote: true } }
I20260710 11:12:13.305881 26174 catalog_manager.cc:5697] T 4eee8690fddc42ac85adef9228fde3bf P 7f48174b4a71463cb50e9974ef96a67d reported cstate change: config changed from index -1 to 2, NON_VOTER a16b44ce6c3d4513b8a54218472585e4 (127.24.142.132) added. New cstate: current_term: 1 leader_uuid: "7f48174b4a71463cb50e9974ef96a67d" committed_config { opid_index: 2 OBSOLETE_local: false peers { permanent_uuid: "7f48174b4a71463cb50e9974ef96a67d" member_type: VOTER last_known_addr { host: "127.24.142.129" port: 43721 } health_report { overall_health: HEALTHY } } peers { permanent_uuid: "0834c08baf0d47f69bd8fd4613140445" member_type: VOTER last_known_addr { host: "127.24.142.130" port: 39191 } attrs { replace: true } health_report { overall_health: UNKNOWN } } peers { permanent_uuid: "57505f711ea149f6ae8392fb523e69f6" member_type: VOTER last_known_addr { host: "127.24.142.131" port: 45567 } health_report { overall_health: HEALTHY } } peers { permanent_uuid: "a16b44ce6c3d4513b8a54218472585e4" member_type: NON_VOTER last_known_addr { host: "127.24.142.132" port: 33257 } attrs { promote: true } health_report { overall_health: UNKNOWN } } }
I20260710 11:12:13.318905 26351 raft_consensus.cc:2955] T 4eee8690fddc42ac85adef9228fde3bf P 0834c08baf0d47f69bd8fd4613140445 [term 1 FOLLOWER]: Committing config change with OpId 1.2: config changed from index -1 to 2, NON_VOTER a16b44ce6c3d4513b8a54218472585e4 (127.24.142.132) added. New config: { opid_index: 2 OBSOLETE_local: false peers { permanent_uuid: "7f48174b4a71463cb50e9974ef96a67d" member_type: VOTER last_known_addr { host: "127.24.142.129" port: 43721 } } peers { permanent_uuid: "0834c08baf0d47f69bd8fd4613140445" member_type: VOTER last_known_addr { host: "127.24.142.130" port: 39191 } attrs { replace: true } } peers { permanent_uuid: "57505f711ea149f6ae8392fb523e69f6" member_type: VOTER last_known_addr { host: "127.24.142.131" port: 45567 } } peers { permanent_uuid: "a16b44ce6c3d4513b8a54218472585e4" member_type: NON_VOTER last_known_addr { host: "127.24.142.132" port: 33257 } attrs { promote: true } } }
W20260710 11:12:13.320427 26318 consensus_peers.cc:597] T fcfcb74bd76b4253aa0b6fc01362d0cc P 0834c08baf0d47f69bd8fd4613140445 -> Peer a16b44ce6c3d4513b8a54218472585e4 (127.24.142.132:33257): Couldn't send request to peer a16b44ce6c3d4513b8a54218472585e4. Error code: TABLET_NOT_FOUND (6). Status: Not found: Tablet not found: fcfcb74bd76b4253aa0b6fc01362d0cc. This is attempt 1: this message will repeat every 5th retry.
I20260710 11:12:13.321805 26424 raft_consensus.cc:1275] T fcfcb74bd76b4253aa0b6fc01362d0cc P 57505f711ea149f6ae8392fb523e69f6 [term 1 FOLLOWER]: Refusing update from remote peer 0834c08baf0d47f69bd8fd4613140445: Log matching property violated. Preceding OpId in replica: term: 1 index: 1. Preceding OpId from leader: term: 1 index: 2. (index mismatch)
I20260710 11:12:13.323216 26843 consensus_queue.cc:1048] T fcfcb74bd76b4253aa0b6fc01362d0cc P 0834c08baf0d47f69bd8fd4613140445 [LEADER]: Connected to new peer: Peer: permanent_uuid: "57505f711ea149f6ae8392fb523e69f6" member_type: VOTER last_known_addr { host: "127.24.142.131" port: 45567 } attrs { replace: true }, Status: LMP_MISMATCH, Last received: 0.0, Next index: 2, Last known committed idx: 1, Time since last communication: 0.000s
I20260710 11:12:13.324095 26278 raft_consensus.cc:1275] T fcfcb74bd76b4253aa0b6fc01362d0cc P 7f48174b4a71463cb50e9974ef96a67d [term 1 FOLLOWER]: Refusing update from remote peer 0834c08baf0d47f69bd8fd4613140445: Log matching property violated. Preceding OpId in replica: term: 1 index: 1. Preceding OpId from leader: term: 1 index: 2. (index mismatch)
I20260710 11:12:13.325519 26810 consensus_queue.cc:1048] T fcfcb74bd76b4253aa0b6fc01362d0cc P 0834c08baf0d47f69bd8fd4613140445 [LEADER]: Connected to new peer: Peer: permanent_uuid: "7f48174b4a71463cb50e9974ef96a67d" member_type: VOTER last_known_addr { host: "127.24.142.129" port: 43721 }, Status: LMP_MISMATCH, Last received: 0.0, Next index: 2, Last known committed idx: 1, Time since last communication: 0.000s
I20260710 11:12:13.343205 26861 raft_consensus.cc:2955] T fcfcb74bd76b4253aa0b6fc01362d0cc P 0834c08baf0d47f69bd8fd4613140445 [term 1 LEADER]: Committing config change with OpId 1.2: config changed from index -1 to 2, NON_VOTER a16b44ce6c3d4513b8a54218472585e4 (127.24.142.132) added. New config: { opid_index: 2 OBSOLETE_local: false peers { permanent_uuid: "0834c08baf0d47f69bd8fd4613140445" member_type: VOTER last_known_addr { host: "127.24.142.130" port: 39191 } } peers { permanent_uuid: "57505f711ea149f6ae8392fb523e69f6" member_type: VOTER last_known_addr { host: "127.24.142.131" port: 45567 } attrs { replace: true } } peers { permanent_uuid: "7f48174b4a71463cb50e9974ef96a67d" member_type: VOTER last_known_addr { host: "127.24.142.129" port: 43721 } } peers { permanent_uuid: "a16b44ce6c3d4513b8a54218472585e4" member_type: NON_VOTER last_known_addr { host: "127.24.142.132" port: 33257 } attrs { promote: true } } }
I20260710 11:12:13.344911 26422 raft_consensus.cc:2955] T fcfcb74bd76b4253aa0b6fc01362d0cc P 57505f711ea149f6ae8392fb523e69f6 [term 1 FOLLOWER]: Committing config change with OpId 1.2: config changed from index -1 to 2, NON_VOTER a16b44ce6c3d4513b8a54218472585e4 (127.24.142.132) added. New config: { opid_index: 2 OBSOLETE_local: false peers { permanent_uuid: "0834c08baf0d47f69bd8fd4613140445" member_type: VOTER last_known_addr { host: "127.24.142.130" port: 39191 } } peers { permanent_uuid: "57505f711ea149f6ae8392fb523e69f6" member_type: VOTER last_known_addr { host: "127.24.142.131" port: 45567 } attrs { replace: true } } peers { permanent_uuid: "7f48174b4a71463cb50e9974ef96a67d" member_type: VOTER last_known_addr { host: "127.24.142.129" port: 43721 } } peers { permanent_uuid: "a16b44ce6c3d4513b8a54218472585e4" member_type: NON_VOTER last_known_addr { host: "127.24.142.132" port: 33257 } attrs { promote: true } } }
I20260710 11:12:13.346777 26278 raft_consensus.cc:2955] T fcfcb74bd76b4253aa0b6fc01362d0cc P 7f48174b4a71463cb50e9974ef96a67d [term 1 FOLLOWER]: Committing config change with OpId 1.2: config changed from index -1 to 2, NON_VOTER a16b44ce6c3d4513b8a54218472585e4 (127.24.142.132) added. New config: { opid_index: 2 OBSOLETE_local: false peers { permanent_uuid: "0834c08baf0d47f69bd8fd4613140445" member_type: VOTER last_known_addr { host: "127.24.142.130" port: 39191 } } peers { permanent_uuid: "57505f711ea149f6ae8392fb523e69f6" member_type: VOTER last_known_addr { host: "127.24.142.131" port: 45567 } attrs { replace: true } } peers { permanent_uuid: "7f48174b4a71463cb50e9974ef96a67d" member_type: VOTER last_known_addr { host: "127.24.142.129" port: 43721 } } peers { permanent_uuid: "a16b44ce6c3d4513b8a54218472585e4" member_type: NON_VOTER last_known_addr { host: "127.24.142.132" port: 33257 } attrs { promote: true } } }
I20260710 11:12:13.356792 26174 catalog_manager.cc:5697] T fcfcb74bd76b4253aa0b6fc01362d0cc P 7f48174b4a71463cb50e9974ef96a67d reported cstate change: config changed from index -1 to 2, NON_VOTER a16b44ce6c3d4513b8a54218472585e4 (127.24.142.132) added. New cstate: current_term: 1 leader_uuid: "0834c08baf0d47f69bd8fd4613140445" committed_config { opid_index: 2 OBSOLETE_local: false peers { permanent_uuid: "0834c08baf0d47f69bd8fd4613140445" member_type: VOTER last_known_addr { host: "127.24.142.130" port: 39191 } } peers { permanent_uuid: "57505f711ea149f6ae8392fb523e69f6" member_type: VOTER last_known_addr { host: "127.24.142.131" port: 45567 } attrs { replace: true } } peers { permanent_uuid: "7f48174b4a71463cb50e9974ef96a67d" member_type: VOTER last_known_addr { host: "127.24.142.129" port: 43721 } } peers { permanent_uuid: "a16b44ce6c3d4513b8a54218472585e4" member_type: NON_VOTER last_known_addr { host: "127.24.142.132" port: 33257 } attrs { promote: true } } }
I20260710 11:12:13.633492 26881 ts_tablet_manager.cc:933] T abe3885c2bec4890a22e7b11182d5f9a P a16b44ce6c3d4513b8a54218472585e4: Initiating tablet copy from peer 0834c08baf0d47f69bd8fd4613140445 (127.24.142.130:39191)
I20260710 11:12:13.635510 26881 tablet_copy_client.cc:323] T abe3885c2bec4890a22e7b11182d5f9a P a16b44ce6c3d4513b8a54218472585e4: tablet copy: Beginning tablet copy session from remote peer at address 127.24.142.130:39191
I20260710 11:12:13.637131 26362 tablet_copy_service.cc:140] P 0834c08baf0d47f69bd8fd4613140445: Received BeginTabletCopySession request for tablet abe3885c2bec4890a22e7b11182d5f9a from peer a16b44ce6c3d4513b8a54218472585e4 ({username='slave'} at 127.0.0.1:45630)
I20260710 11:12:13.637521 26362 tablet_copy_service.cc:161] P 0834c08baf0d47f69bd8fd4613140445: Beginning new tablet copy session on tablet abe3885c2bec4890a22e7b11182d5f9a from peer a16b44ce6c3d4513b8a54218472585e4 at {username='slave'} at 127.0.0.1:45630: session id = a16b44ce6c3d4513b8a54218472585e4-abe3885c2bec4890a22e7b11182d5f9a
I20260710 11:12:13.642520 26362 tablet_copy_source_session.cc:215] T abe3885c2bec4890a22e7b11182d5f9a P 0834c08baf0d47f69bd8fd4613140445: Tablet Copy: opened 0 blocks and 1 log segments
I20260710 11:12:13.645375 26881 data_dirs.cc:400] Could only allocate 1 dirs of requested 3 for tablet abe3885c2bec4890a22e7b11182d5f9a. 1 dirs total, 0 dirs full, 0 dirs failed
I20260710 11:12:13.655608 26881 tablet_copy_client.cc:806] T abe3885c2bec4890a22e7b11182d5f9a P a16b44ce6c3d4513b8a54218472585e4: tablet copy: Starting download of 0 data blocks...
I20260710 11:12:13.656152 26881 tablet_copy_client.cc:670] T abe3885c2bec4890a22e7b11182d5f9a P a16b44ce6c3d4513b8a54218472585e4: tablet copy: Starting download of 1 WAL segments...
I20260710 11:12:13.659627 26881 tablet_copy_client.cc:538] T abe3885c2bec4890a22e7b11182d5f9a P a16b44ce6c3d4513b8a54218472585e4: tablet copy: Tablet Copy complete. Replacing tablet superblock.
I20260710 11:12:13.665192 26881 tablet_bootstrap.cc:492] T abe3885c2bec4890a22e7b11182d5f9a P a16b44ce6c3d4513b8a54218472585e4: Bootstrap starting.
I20260710 11:12:13.679647 26881 tablet_bootstrap.cc:492] T abe3885c2bec4890a22e7b11182d5f9a P a16b44ce6c3d4513b8a54218472585e4: Bootstrap replayed 1/1 log segments. Stats: ops{read=2 overwritten=0 applied=2 ignored=0} inserts{seen=0 ignored=0} mutations{seen=0 ignored=0} orphaned_commits=0. Pending: 0 replicates
I20260710 11:12:13.680312 26881 tablet_bootstrap.cc:492] T abe3885c2bec4890a22e7b11182d5f9a P a16b44ce6c3d4513b8a54218472585e4: Bootstrap complete.
I20260710 11:12:13.680789 26881 ts_tablet_manager.cc:1403] T abe3885c2bec4890a22e7b11182d5f9a P a16b44ce6c3d4513b8a54218472585e4: Time spent bootstrapping tablet: real 0.016s	user 0.006s	sys 0.009s
I20260710 11:12:13.682895 26881 raft_consensus.cc:359] T abe3885c2bec4890a22e7b11182d5f9a P a16b44ce6c3d4513b8a54218472585e4 [term 1 LEARNER]: Replica starting. Triggering 0 pending ops. Active config: opid_index: 2 OBSOLETE_local: false peers { permanent_uuid: "7f48174b4a71463cb50e9974ef96a67d" member_type: VOTER last_known_addr { host: "127.24.142.129" port: 43721 } attrs { replace: true } } peers { permanent_uuid: "0834c08baf0d47f69bd8fd4613140445" member_type: VOTER last_known_addr { host: "127.24.142.130" port: 39191 } } peers { permanent_uuid: "57505f711ea149f6ae8392fb523e69f6" member_type: VOTER last_known_addr { host: "127.24.142.131" port: 45567 } } peers { permanent_uuid: "a16b44ce6c3d4513b8a54218472585e4" member_type: NON_VOTER last_known_addr { host: "127.24.142.132" port: 33257 } attrs { promote: true } }
I20260710 11:12:13.683495 26881 raft_consensus.cc:740] T abe3885c2bec4890a22e7b11182d5f9a P a16b44ce6c3d4513b8a54218472585e4 [term 1 LEARNER]: Becoming Follower/Learner. State: Replica: a16b44ce6c3d4513b8a54218472585e4, State: Initialized, Role: LEARNER
I20260710 11:12:13.684023 26881 consensus_queue.cc:260] T abe3885c2bec4890a22e7b11182d5f9a P a16b44ce6c3d4513b8a54218472585e4 [NON_LEADER]: Queue going to NON_LEADER mode. State: All replicated index: 0, Majority replicated index: 0, Committed index: 2, Last appended: 1.2, Last appended by leader: 2, Current term: 0, Majority size: -1, State: 0, Mode: NON_LEADER, active raft config: opid_index: 2 OBSOLETE_local: false peers { permanent_uuid: "7f48174b4a71463cb50e9974ef96a67d" member_type: VOTER last_known_addr { host: "127.24.142.129" port: 43721 } attrs { replace: true } } peers { permanent_uuid: "0834c08baf0d47f69bd8fd4613140445" member_type: VOTER last_known_addr { host: "127.24.142.130" port: 39191 } } peers { permanent_uuid: "57505f711ea149f6ae8392fb523e69f6" member_type: VOTER last_known_addr { host: "127.24.142.131" port: 45567 } } peers { permanent_uuid: "a16b44ce6c3d4513b8a54218472585e4" member_type: NON_VOTER last_known_addr { host: "127.24.142.132" port: 33257 } attrs { promote: true } }
I20260710 11:12:13.687386 26881 ts_tablet_manager.cc:1434] T abe3885c2bec4890a22e7b11182d5f9a P a16b44ce6c3d4513b8a54218472585e4: Time spent starting tablet: real 0.006s	user 0.003s	sys 0.003s
