I20260710 11:11:40.613804  1298 tablet_service.cc:1917] Received RequestConsensusVote() RPC: tablet_id: "b0209607027a4b2a814e46894324e258" candidate_uuid: "c1288dd9502142889d9b110dc70a1bdd" candidate_term: 1 candidate_status { last_received { term: 0 index: 0 } } ignore_live_leader: false dest_uuid: "5324f828d3ab489db3b185f14a665b5d" is_pre_election: true
I20260710 11:11:40.615319  1372 tablet_service.cc:1917] Received RequestConsensusVote() RPC: tablet_id: "b0209607027a4b2a814e46894324e258" candidate_uuid: "c1288dd9502142889d9b110dc70a1bdd" candidate_term: 1 candidate_status { last_received { term: 0 index: 0 } } ignore_live_leader: false dest_uuid: "16c33dc6c5104f908f98b0f61d5be2ea" is_pre_election: true
I20260710 11:11:40.616070  1372 raft_consensus.cc:2393] T b0209607027a4b2a814e46894324e258 P 16c33dc6c5104f908f98b0f61d5be2ea [term 1 FOLLOWER]: Leader pre-election vote request: Denying vote to candidate c1288dd9502142889d9b110dc70a1bdd in current term 1: Already voted for candidate 5324f828d3ab489db3b185f14a665b5d in this term.
I20260710 11:11:40.617153  1410 leader_election.cc:304] T b0209607027a4b2a814e46894324e258 P c1288dd9502142889d9b110dc70a1bdd [CANDIDATE]: Term 1 pre-election: Election decided. Result: candidate lost. Election summary: received 3 responses out of 3 voters: 1 yes votes; 2 no votes. yes voters: c1288dd9502142889d9b110dc70a1bdd; no voters: 16c33dc6c5104f908f98b0f61d5be2ea, 5324f828d3ab489db3b185f14a665b5d
I20260710 11:11:40.617857  1498 raft_consensus.cc:3060] T b0209607027a4b2a814e46894324e258 P c1288dd9502142889d9b110dc70a1bdd [term 0 FOLLOWER]: Advancing to term 1
I20260710 11:11:40.623077  1498 raft_consensus.cc:2749] T b0209607027a4b2a814e46894324e258 P c1288dd9502142889d9b110dc70a1bdd [term 1 FOLLOWER]: Leader pre-election lost for term 1. Reason: could not achieve majority
I20260710 11:11:40.626338  1497 raft_consensus.cc:493] T 6020475510094e6187e41ea2aaa75cbc P 5324f828d3ab489db3b185f14a665b5d [term 0 FOLLOWER]: Starting pre-election (no leader contacted us within the election timeout)
I20260710 11:11:40.626755  1497 raft_consensus.cc:515] T 6020475510094e6187e41ea2aaa75cbc P 5324f828d3ab489db3b185f14a665b5d [term 0 FOLLOWER]: Starting pre-election with config: opid_index: -1 OBSOLETE_local: false peers { permanent_uuid: "5324f828d3ab489db3b185f14a665b5d" member_type: VOTER last_known_addr { host: "127.1.34.129" port: 34915 } } peers { permanent_uuid: "16c33dc6c5104f908f98b0f61d5be2ea" member_type: VOTER last_known_addr { host: "127.1.34.130" port: 37861 } } peers { permanent_uuid: "c1288dd9502142889d9b110dc70a1bdd" member_type: VOTER last_known_addr { host: "127.1.34.131" port: 46873 } }
I20260710 11:11:40.628597  1497 leader_election.cc:290] T 6020475510094e6187e41ea2aaa75cbc P 5324f828d3ab489db3b185f14a665b5d [CANDIDATE]: Term 1 pre-election: Requested pre-vote from peers 16c33dc6c5104f908f98b0f61d5be2ea (127.1.34.130:37861), c1288dd9502142889d9b110dc70a1bdd (127.1.34.131:46873)
I20260710 11:11:40.629570  1372 tablet_service.cc:1917] Received RequestConsensusVote() RPC: tablet_id: "6020475510094e6187e41ea2aaa75cbc" candidate_uuid: "5324f828d3ab489db3b185f14a665b5d" candidate_term: 1 candidate_status { last_received { term: 0 index: 0 } } ignore_live_leader: false dest_uuid: "16c33dc6c5104f908f98b0f61d5be2ea" is_pre_election: true
I20260710 11:11:40.629884  1445 tablet_service.cc:1917] Received RequestConsensusVote() RPC: tablet_id: "6020475510094e6187e41ea2aaa75cbc" candidate_uuid: "5324f828d3ab489db3b185f14a665b5d" candidate_term: 1 candidate_status { last_received { term: 0 index: 0 } } ignore_live_leader: false dest_uuid: "c1288dd9502142889d9b110dc70a1bdd" is_pre_election: true
I20260710 11:11:40.630141  1372 raft_consensus.cc:2468] T 6020475510094e6187e41ea2aaa75cbc P 16c33dc6c5104f908f98b0f61d5be2ea [term 0 FOLLOWER]: Leader pre-election vote request: Granting yes vote for candidate 5324f828d3ab489db3b185f14a665b5d in term 0.
I20260710 11:11:40.630517  1445 raft_consensus.cc:2468] T 6020475510094e6187e41ea2aaa75cbc P c1288dd9502142889d9b110dc70a1bdd [term 0 FOLLOWER]: Leader pre-election vote request: Granting yes vote for candidate 5324f828d3ab489db3b185f14a665b5d in term 0.
I20260710 11:11:40.631263  1261 leader_election.cc:304] T 6020475510094e6187e41ea2aaa75cbc P 5324f828d3ab489db3b185f14a665b5d [CANDIDATE]: Term 1 pre-election: Election decided. Result: candidate won. Election summary: received 2 responses out of 3 voters: 2 yes votes; 0 no votes. yes voters: 16c33dc6c5104f908f98b0f61d5be2ea, 5324f828d3ab489db3b185f14a665b5d; no voters: 
I20260710 11:11:40.631522  1498 raft_consensus.cc:493] T 2ac91590284e4559ad0f8419a4770f90 P c1288dd9502142889d9b110dc70a1bdd [term 0 FOLLOWER]: Starting pre-election (no leader contacted us within the election timeout)
I20260710 11:11:40.631992  1498 raft_consensus.cc:515] T 2ac91590284e4559ad0f8419a4770f90 P c1288dd9502142889d9b110dc70a1bdd [term 0 FOLLOWER]: Starting pre-election with config: opid_index: -1 OBSOLETE_local: false peers { permanent_uuid: "16c33dc6c5104f908f98b0f61d5be2ea" member_type: VOTER last_known_addr { host: "127.1.34.130" port: 37861 } } peers { permanent_uuid: "c1288dd9502142889d9b110dc70a1bdd" member_type: VOTER last_known_addr { host: "127.1.34.131" port: 46873 } } peers { permanent_uuid: "5324f828d3ab489db3b185f14a665b5d" member_type: VOTER last_known_addr { host: "127.1.34.129" port: 34915 } }
I20260710 11:11:40.632680  1497 raft_consensus.cc:2804] T 6020475510094e6187e41ea2aaa75cbc P 5324f828d3ab489db3b185f14a665b5d [term 0 FOLLOWER]: Leader pre-election won for term 1
I20260710 11:11:40.633113  1497 raft_consensus.cc:493] T 6020475510094e6187e41ea2aaa75cbc P 5324f828d3ab489db3b185f14a665b5d [term 0 FOLLOWER]: Starting leader election (no leader contacted us within the election timeout)
I20260710 11:11:40.633498  1497 raft_consensus.cc:3060] T 6020475510094e6187e41ea2aaa75cbc P 5324f828d3ab489db3b185f14a665b5d [term 0 FOLLOWER]: Advancing to term 1
I20260710 11:11:40.634945  1372 tablet_service.cc:1917] Received RequestConsensusVote() RPC: tablet_id: "2ac91590284e4559ad0f8419a4770f90" candidate_uuid: "c1288dd9502142889d9b110dc70a1bdd" candidate_term: 1 candidate_status { last_received { term: 0 index: 0 } } ignore_live_leader: false dest_uuid: "16c33dc6c5104f908f98b0f61d5be2ea" is_pre_election: true
I20260710 11:11:40.636027  1298 tablet_service.cc:1917] Received RequestConsensusVote() RPC: tablet_id: "2ac91590284e4559ad0f8419a4770f90" candidate_uuid: "c1288dd9502142889d9b110dc70a1bdd" candidate_term: 1 candidate_status { last_received { term: 0 index: 0 } } ignore_live_leader: false dest_uuid: "5324f828d3ab489db3b185f14a665b5d" is_pre_election: true
I20260710 11:11:40.636852  1298 raft_consensus.cc:2393] T 2ac91590284e4559ad0f8419a4770f90 P 5324f828d3ab489db3b185f14a665b5d [term 1 FOLLOWER]: Leader pre-election vote request: Denying vote to candidate c1288dd9502142889d9b110dc70a1bdd in current term 1: Already voted for candidate 16c33dc6c5104f908f98b0f61d5be2ea in this term.
I20260710 11:11:40.638077  1411 leader_election.cc:304] T 2ac91590284e4559ad0f8419a4770f90 P c1288dd9502142889d9b110dc70a1bdd [CANDIDATE]: Term 1 pre-election: Election decided. Result: candidate lost. Election summary: received 3 responses out of 3 voters: 1 yes votes; 2 no votes. yes voters: c1288dd9502142889d9b110dc70a1bdd; no voters: 16c33dc6c5104f908f98b0f61d5be2ea, 5324f828d3ab489db3b185f14a665b5d
I20260710 11:11:40.639052  1528 raft_consensus.cc:3060] T 2ac91590284e4559ad0f8419a4770f90 P c1288dd9502142889d9b110dc70a1bdd [term 0 FOLLOWER]: Advancing to term 1
I20260710 11:11:40.642254  1497 raft_consensus.cc:515] T 6020475510094e6187e41ea2aaa75cbc P 5324f828d3ab489db3b185f14a665b5d [term 1 FOLLOWER]: Starting leader election with config: opid_index: -1 OBSOLETE_local: false peers { permanent_uuid: "5324f828d3ab489db3b185f14a665b5d" member_type: VOTER last_known_addr { host: "127.1.34.129" port: 34915 } } peers { permanent_uuid: "16c33dc6c5104f908f98b0f61d5be2ea" member_type: VOTER last_known_addr { host: "127.1.34.130" port: 37861 } } peers { permanent_uuid: "c1288dd9502142889d9b110dc70a1bdd" member_type: VOTER last_known_addr { host: "127.1.34.131" port: 46873 } }
I20260710 11:11:40.645512  1497 leader_election.cc:290] T 6020475510094e6187e41ea2aaa75cbc P 5324f828d3ab489db3b185f14a665b5d [CANDIDATE]: Term 1 election: Requested vote from peers 16c33dc6c5104f908f98b0f61d5be2ea (127.1.34.130:37861), c1288dd9502142889d9b110dc70a1bdd (127.1.34.131:46873)
I20260710 11:11:40.646903  1445 tablet_service.cc:1917] Received RequestConsensusVote() RPC: tablet_id: "6020475510094e6187e41ea2aaa75cbc" candidate_uuid: "5324f828d3ab489db3b185f14a665b5d" candidate_term: 1 candidate_status { last_received { term: 0 index: 0 } } ignore_live_leader: false dest_uuid: "c1288dd9502142889d9b110dc70a1bdd"
I20260710 11:11:40.646839  1372 tablet_service.cc:1917] Received RequestConsensusVote() RPC: tablet_id: "6020475510094e6187e41ea2aaa75cbc" candidate_uuid: "5324f828d3ab489db3b185f14a665b5d" candidate_term: 1 candidate_status { last_received { term: 0 index: 0 } } ignore_live_leader: false dest_uuid: "16c33dc6c5104f908f98b0f61d5be2ea"
I20260710 11:11:40.646910  1498 leader_election.cc:290] T 2ac91590284e4559ad0f8419a4770f90 P c1288dd9502142889d9b110dc70a1bdd [CANDIDATE]: Term 1 pre-election: Requested pre-vote from peers 16c33dc6c5104f908f98b0f61d5be2ea (127.1.34.130:37861), 5324f828d3ab489db3b185f14a665b5d (127.1.34.129:34915)
I20260710 11:11:40.647728  1445 raft_consensus.cc:3060] T 6020475510094e6187e41ea2aaa75cbc P c1288dd9502142889d9b110dc70a1bdd [term 0 FOLLOWER]: Advancing to term 1
I20260710 11:11:40.648308  1498 consensus_queue.cc:1048] T d3df78fad5ee43ddaae1f7f24bffc1b6 P c1288dd9502142889d9b110dc70a1bdd [LEADER]: Connected to new peer: Peer: permanent_uuid: "5324f828d3ab489db3b185f14a665b5d" member_type: VOTER last_known_addr { host: "127.1.34.129" port: 34915 }, Status: LMP_MISMATCH, Last received: 0.0, Next index: 1, Last known committed idx: 0, Time since last communication: 0.001s
I20260710 11:11:40.647869  1372 raft_consensus.cc:3060] T 6020475510094e6187e41ea2aaa75cbc P 16c33dc6c5104f908f98b0f61d5be2ea [term 0 FOLLOWER]: Advancing to term 1
I20260710 11:11:40.659575  1497 raft_consensus.cc:493] T 004c34d74a5a46e78d32cac349be048d P 5324f828d3ab489db3b185f14a665b5d [term 0 FOLLOWER]: Starting pre-election (no leader contacted us within the election timeout)
I20260710 11:11:40.660092  1497 raft_consensus.cc:515] T 004c34d74a5a46e78d32cac349be048d P 5324f828d3ab489db3b185f14a665b5d [term 0 FOLLOWER]: Starting pre-election with config: opid_index: -1 OBSOLETE_local: false peers { permanent_uuid: "5324f828d3ab489db3b185f14a665b5d" member_type: VOTER last_known_addr { host: "127.1.34.129" port: 34915 } } peers { permanent_uuid: "16c33dc6c5104f908f98b0f61d5be2ea" member_type: VOTER last_known_addr { host: "127.1.34.130" port: 37861 } } peers { permanent_uuid: "c1288dd9502142889d9b110dc70a1bdd" member_type: VOTER last_known_addr { host: "127.1.34.131" port: 46873 } }
I20260710 11:11:40.662266  1497 leader_election.cc:290] T 004c34d74a5a46e78d32cac349be048d P 5324f828d3ab489db3b185f14a665b5d [CANDIDATE]: Term 1 pre-election: Requested pre-vote from peers 16c33dc6c5104f908f98b0f61d5be2ea (127.1.34.130:37861), c1288dd9502142889d9b110dc70a1bdd (127.1.34.131:46873)
I20260710 11:11:40.663429  1373 tablet_service.cc:1917] Received RequestConsensusVote() RPC: tablet_id: "004c34d74a5a46e78d32cac349be048d" candidate_uuid: "5324f828d3ab489db3b185f14a665b5d" candidate_term: 1 candidate_status { last_received { term: 0 index: 0 } } ignore_live_leader: false dest_uuid: "16c33dc6c5104f908f98b0f61d5be2ea" is_pre_election: true
I20260710 11:11:40.664850  1446 tablet_service.cc:1917] Received RequestConsensusVote() RPC: tablet_id: "004c34d74a5a46e78d32cac349be048d" candidate_uuid: "5324f828d3ab489db3b185f14a665b5d" candidate_term: 1 candidate_status { last_received { term: 0 index: 0 } } ignore_live_leader: false dest_uuid: "c1288dd9502142889d9b110dc70a1bdd" is_pre_election: true
I20260710 11:11:40.665871  1446 raft_consensus.cc:2393] T 004c34d74a5a46e78d32cac349be048d P c1288dd9502142889d9b110dc70a1bdd [term 1 FOLLOWER]: Leader pre-election vote request: Denying vote to candidate 5324f828d3ab489db3b185f14a665b5d in current term 1: Already voted for candidate 16c33dc6c5104f908f98b0f61d5be2ea in this term.
I20260710 11:11:40.667268  1261 leader_election.cc:304] T 004c34d74a5a46e78d32cac349be048d P 5324f828d3ab489db3b185f14a665b5d [CANDIDATE]: Term 1 pre-election: Election decided. Result: candidate lost. Election summary: received 3 responses out of 3 voters: 1 yes votes; 2 no votes. yes voters: 5324f828d3ab489db3b185f14a665b5d; no voters: 16c33dc6c5104f908f98b0f61d5be2ea, c1288dd9502142889d9b110dc70a1bdd
I20260710 11:11:40.668148  1527 raft_consensus.cc:493] T 74f5660db787482fbe726754947338d5 P 5324f828d3ab489db3b185f14a665b5d [term 0 FOLLOWER]: Starting pre-election (no leader contacted us within the election timeout)
I20260710 11:11:40.668294  1497 raft_consensus.cc:3060] T 004c34d74a5a46e78d32cac349be048d P 5324f828d3ab489db3b185f14a665b5d [term 0 FOLLOWER]: Advancing to term 1
I20260710 11:11:40.668610  1527 raft_consensus.cc:515] T 74f5660db787482fbe726754947338d5 P 5324f828d3ab489db3b185f14a665b5d [term 0 FOLLOWER]: Starting pre-election with config: opid_index: -1 OBSOLETE_local: false peers { permanent_uuid: "5324f828d3ab489db3b185f14a665b5d" member_type: VOTER last_known_addr { host: "127.1.34.129" port: 34915 } } peers { permanent_uuid: "16c33dc6c5104f908f98b0f61d5be2ea" member_type: VOTER last_known_addr { host: "127.1.34.130" port: 37861 } } peers { permanent_uuid: "c1288dd9502142889d9b110dc70a1bdd" member_type: VOTER last_known_addr { host: "127.1.34.131" port: 46873 } }
I20260710 11:11:40.670786  1527 leader_election.cc:290] T 74f5660db787482fbe726754947338d5 P 5324f828d3ab489db3b185f14a665b5d [CANDIDATE]: Term 1 pre-election: Requested pre-vote from peers 16c33dc6c5104f908f98b0f61d5be2ea (127.1.34.130:37861), c1288dd9502142889d9b110dc70a1bdd (127.1.34.131:46873)
I20260710 11:11:40.672574  1373 tablet_service.cc:1917] Received RequestConsensusVote() RPC: tablet_id: "74f5660db787482fbe726754947338d5" candidate_uuid: "5324f828d3ab489db3b185f14a665b5d" candidate_term: 1 candidate_status { last_received { term: 0 index: 0 } } ignore_live_leader: false dest_uuid: "16c33dc6c5104f908f98b0f61d5be2ea" is_pre_election: true
I20260710 11:11:40.673306  1373 raft_consensus.cc:2468] T 74f5660db787482fbe726754947338d5 P 16c33dc6c5104f908f98b0f61d5be2ea [term 0 FOLLOWER]: Leader pre-election vote request: Granting yes vote for candidate 5324f828d3ab489db3b185f14a665b5d in term 0.
I20260710 11:11:40.675022  1261 leader_election.cc:304] T 74f5660db787482fbe726754947338d5 P 5324f828d3ab489db3b185f14a665b5d [CANDIDATE]: Term 1 pre-election: Election decided. Result: candidate won. Election summary: received 2 responses out of 3 voters: 2 yes votes; 0 no votes. yes voters: 16c33dc6c5104f908f98b0f61d5be2ea, 5324f828d3ab489db3b185f14a665b5d; no voters: 
I20260710 11:11:40.676239  1446 tablet_service.cc:1917] Received RequestConsensusVote() RPC: tablet_id: "74f5660db787482fbe726754947338d5" candidate_uuid: "5324f828d3ab489db3b185f14a665b5d" candidate_term: 1 candidate_status { last_received { term: 0 index: 0 } } ignore_live_leader: false dest_uuid: "c1288dd9502142889d9b110dc70a1bdd" is_pre_election: true
I20260710 11:11:40.677227  1446 raft_consensus.cc:2468] T 74f5660db787482fbe726754947338d5 P c1288dd9502142889d9b110dc70a1bdd [term 0 FOLLOWER]: Leader pre-election vote request: Granting yes vote for candidate 5324f828d3ab489db3b185f14a665b5d in term 0.
I20260710 11:11:40.678081  1527 raft_consensus.cc:2804] T 74f5660db787482fbe726754947338d5 P 5324f828d3ab489db3b185f14a665b5d [term 0 FOLLOWER]: Leader pre-election won for term 1
I20260710 11:11:40.678351  1497 raft_consensus.cc:2749] T 004c34d74a5a46e78d32cac349be048d P 5324f828d3ab489db3b185f14a665b5d [term 1 FOLLOWER]: Leader pre-election lost for term 1. Reason: could not achieve majority
I20260710 11:11:40.678527  1527 raft_consensus.cc:493] T 74f5660db787482fbe726754947338d5 P 5324f828d3ab489db3b185f14a665b5d [term 0 FOLLOWER]: Starting leader election (no leader contacted us within the election timeout)
I20260710 11:11:40.679378  1527 raft_consensus.cc:3060] T 74f5660db787482fbe726754947338d5 P 5324f828d3ab489db3b185f14a665b5d [term 0 FOLLOWER]: Advancing to term 1
I20260710 11:11:40.682789  1445 raft_consensus.cc:2468] T 6020475510094e6187e41ea2aaa75cbc P c1288dd9502142889d9b110dc70a1bdd [term 1 FOLLOWER]: Leader election vote request: Granting yes vote for candidate 5324f828d3ab489db3b185f14a665b5d in term 1.
I20260710 11:11:40.684682  1261 leader_election.cc:304] T 6020475510094e6187e41ea2aaa75cbc P 5324f828d3ab489db3b185f14a665b5d [CANDIDATE]: Term 1 election: Election decided. Result: candidate won. Election summary: received 2 responses out of 3 voters: 2 yes votes; 0 no votes. yes voters: 5324f828d3ab489db3b185f14a665b5d, c1288dd9502142889d9b110dc70a1bdd; no voters: 
I20260710 11:11:40.686002  1528 raft_consensus.cc:2749] T 2ac91590284e4559ad0f8419a4770f90 P c1288dd9502142889d9b110dc70a1bdd [term 1 FOLLOWER]: Leader pre-election lost for term 1. Reason: could not achieve majority
I20260710 11:11:40.689616  1497 raft_consensus.cc:2804] T 6020475510094e6187e41ea2aaa75cbc P 5324f828d3ab489db3b185f14a665b5d [term 1 FOLLOWER]: Leader election won for term 1
I20260710 11:11:40.687005  1527 raft_consensus.cc:515] T 74f5660db787482fbe726754947338d5 P 5324f828d3ab489db3b185f14a665b5d [term 1 FOLLOWER]: Starting leader election with config: opid_index: -1 OBSOLETE_local: false peers { permanent_uuid: "5324f828d3ab489db3b185f14a665b5d" member_type: VOTER last_known_addr { host: "127.1.34.129" port: 34915 } } peers { permanent_uuid: "16c33dc6c5104f908f98b0f61d5be2ea" member_type: VOTER last_known_addr { host: "127.1.34.130" port: 37861 } } peers { permanent_uuid: "c1288dd9502142889d9b110dc70a1bdd" member_type: VOTER last_known_addr { host: "127.1.34.131" port: 46873 } }
I20260710 11:11:40.692476  1373 tablet_service.cc:1917] Received RequestConsensusVote() RPC: tablet_id: "74f5660db787482fbe726754947338d5" candidate_uuid: "5324f828d3ab489db3b185f14a665b5d" candidate_term: 1 candidate_status { last_received { term: 0 index: 0 } } ignore_live_leader: false dest_uuid: "16c33dc6c5104f908f98b0f61d5be2ea"
I20260710 11:11:40.693038  1373 raft_consensus.cc:3060] T 74f5660db787482fbe726754947338d5 P 16c33dc6c5104f908f98b0f61d5be2ea [term 0 FOLLOWER]: Advancing to term 1
I20260710 11:11:40.693281  1372 raft_consensus.cc:2468] T 6020475510094e6187e41ea2aaa75cbc P 16c33dc6c5104f908f98b0f61d5be2ea [term 1 FOLLOWER]: Leader election vote request: Granting yes vote for candidate 5324f828d3ab489db3b185f14a665b5d in term 1.
I20260710 11:11:40.700265  1373 raft_consensus.cc:2468] T 74f5660db787482fbe726754947338d5 P 16c33dc6c5104f908f98b0f61d5be2ea [term 1 FOLLOWER]: Leader election vote request: Granting yes vote for candidate 5324f828d3ab489db3b185f14a665b5d in term 1.
I20260710 11:11:40.700302  1445 tablet_service.cc:1917] Received RequestConsensusVote() RPC: tablet_id: "74f5660db787482fbe726754947338d5" candidate_uuid: "5324f828d3ab489db3b185f14a665b5d" candidate_term: 1 candidate_status { last_received { term: 0 index: 0 } } ignore_live_leader: false dest_uuid: "c1288dd9502142889d9b110dc70a1bdd"
I20260710 11:11:40.701263  1445 raft_consensus.cc:3060] T 74f5660db787482fbe726754947338d5 P c1288dd9502142889d9b110dc70a1bdd [term 0 FOLLOWER]: Advancing to term 1
I20260710 11:11:40.705678  1261 leader_election.cc:304] T 74f5660db787482fbe726754947338d5 P 5324f828d3ab489db3b185f14a665b5d [CANDIDATE]: Term 1 election: Election decided. Result: candidate won. Election summary: received 2 responses out of 3 voters: 2 yes votes; 0 no votes. yes voters: 16c33dc6c5104f908f98b0f61d5be2ea, 5324f828d3ab489db3b185f14a665b5d; no voters: 
I20260710 11:11:40.708612  1527 leader_election.cc:290] T 74f5660db787482fbe726754947338d5 P 5324f828d3ab489db3b185f14a665b5d [CANDIDATE]: Term 1 election: Requested vote from peers 16c33dc6c5104f908f98b0f61d5be2ea (127.1.34.130:37861), c1288dd9502142889d9b110dc70a1bdd (127.1.34.131:46873)
I20260710 11:11:40.710304  1527 raft_consensus.cc:2804] T 74f5660db787482fbe726754947338d5 P 5324f828d3ab489db3b185f14a665b5d [term 1 FOLLOWER]: Leader election won for term 1
I20260710 11:11:40.712790  1527 raft_consensus.cc:697] T 74f5660db787482fbe726754947338d5 P 5324f828d3ab489db3b185f14a665b5d [term 1 LEADER]: Becoming Leader. State: Replica: 5324f828d3ab489db3b185f14a665b5d, State: Running, Role: LEADER
I20260710 11:11:40.711817  1445 raft_consensus.cc:2468] T 74f5660db787482fbe726754947338d5 P c1288dd9502142889d9b110dc70a1bdd [term 1 FOLLOWER]: Leader election vote request: Granting yes vote for candidate 5324f828d3ab489db3b185f14a665b5d in term 1.
I20260710 11:11:40.713961  1527 consensus_queue.cc:237] T 74f5660db787482fbe726754947338d5 P 5324f828d3ab489db3b185f14a665b5d [LEADER]: Queue going to LEADER mode. State: All replicated index: 0, Majority replicated index: 0, Committed index: 0, Last appended: 0.0, Last appended by leader: 0, Current term: 1, Majority size: 2, State: 0, Mode: LEADER, active raft config: opid_index: -1 OBSOLETE_local: false peers { permanent_uuid: "5324f828d3ab489db3b185f14a665b5d" member_type: VOTER last_known_addr { host: "127.1.34.129" port: 34915 } } peers { permanent_uuid: "16c33dc6c5104f908f98b0f61d5be2ea" member_type: VOTER last_known_addr { host: "127.1.34.130" port: 37861 } } peers { permanent_uuid: "c1288dd9502142889d9b110dc70a1bdd" member_type: VOTER last_known_addr { host: "127.1.34.131" port: 46873 } }
I20260710 11:11:40.717125  1497 raft_consensus.cc:697] T 6020475510094e6187e41ea2aaa75cbc P 5324f828d3ab489db3b185f14a665b5d [term 1 LEADER]: Becoming Leader. State: Replica: 5324f828d3ab489db3b185f14a665b5d, State: Running, Role: LEADER
I20260710 11:11:40.718171  1497 consensus_queue.cc:237] T 6020475510094e6187e41ea2aaa75cbc P 5324f828d3ab489db3b185f14a665b5d [LEADER]: Queue going to LEADER mode. State: All replicated index: 0, Majority replicated index: 0, Committed index: 0, Last appended: 0.0, Last appended by leader: 0, Current term: 1, Majority size: 2, State: 0, Mode: LEADER, active raft config: opid_index: -1 OBSOLETE_local: false peers { permanent_uuid: "5324f828d3ab489db3b185f14a665b5d" member_type: VOTER last_known_addr { host: "127.1.34.129" port: 34915 } } peers { permanent_uuid: "16c33dc6c5104f908f98b0f61d5be2ea" member_type: VOTER last_known_addr { host: "127.1.34.130" port: 37861 } } peers { permanent_uuid: "c1288dd9502142889d9b110dc70a1bdd" member_type: VOTER last_known_addr { host: "127.1.34.131" port: 46873 } }
I20260710 11:11:40.738134  1194 catalog_manager.cc:5697] T 6020475510094e6187e41ea2aaa75cbc P 5324f828d3ab489db3b185f14a665b5d reported cstate change: term changed from 0 to 1, leader changed from <none> to 5324f828d3ab489db3b185f14a665b5d (127.1.34.129). New cstate: current_term: 1 leader_uuid: "5324f828d3ab489db3b185f14a665b5d" committed_config { opid_index: -1 OBSOLETE_local: false peers { permanent_uuid: "5324f828d3ab489db3b185f14a665b5d" member_type: VOTER last_known_addr { host: "127.1.34.129" port: 34915 } health_report { overall_health: HEALTHY } } peers { permanent_uuid: "16c33dc6c5104f908f98b0f61d5be2ea" member_type: VOTER last_known_addr { host: "127.1.34.130" port: 37861 } health_report { overall_health: UNKNOWN } } peers { permanent_uuid: "c1288dd9502142889d9b110dc70a1bdd" member_type: VOTER last_known_addr { host: "127.1.34.131" port: 46873 } health_report { overall_health: UNKNOWN } } }
I20260710 11:11:40.739073  1498 consensus_queue.cc:1048] T d3df78fad5ee43ddaae1f7f24bffc1b6 P c1288dd9502142889d9b110dc70a1bdd [LEADER]: Connected to new peer: Peer: permanent_uuid: "16c33dc6c5104f908f98b0f61d5be2ea" member_type: VOTER last_known_addr { host: "127.1.34.130" port: 37861 }, Status: LMP_MISMATCH, Last received: 0.0, Next index: 1, Last known committed idx: 0, Time since last communication: 0.001s
I20260710 11:11:40.740087  1194 catalog_manager.cc:5697] T 74f5660db787482fbe726754947338d5 P 5324f828d3ab489db3b185f14a665b5d reported cstate change: term changed from 0 to 1, leader changed from <none> to 5324f828d3ab489db3b185f14a665b5d (127.1.34.129). New cstate: current_term: 1 leader_uuid: "5324f828d3ab489db3b185f14a665b5d" committed_config { opid_index: -1 OBSOLETE_local: false peers { permanent_uuid: "5324f828d3ab489db3b185f14a665b5d" member_type: VOTER last_known_addr { host: "127.1.34.129" port: 34915 } health_report { overall_health: HEALTHY } } peers { permanent_uuid: "16c33dc6c5104f908f98b0f61d5be2ea" member_type: VOTER last_known_addr { host: "127.1.34.130" port: 37861 } health_report { overall_health: UNKNOWN } } peers { permanent_uuid: "c1288dd9502142889d9b110dc70a1bdd" member_type: VOTER last_known_addr { host: "127.1.34.131" port: 46873 } health_report { overall_health: UNKNOWN } } }
I20260710 11:11:40.783411  1531 consensus_queue.cc:1048] T 73b82e2e12424ade9972c058e3419113 P 16c33dc6c5104f908f98b0f61d5be2ea [LEADER]: Connected to new peer: Peer: permanent_uuid: "c1288dd9502142889d9b110dc70a1bdd" member_type: VOTER last_known_addr { host: "127.1.34.131" port: 46873 }, Status: LMP_MISMATCH, Last received: 0.0, Next index: 1, Last known committed idx: 0, Time since last communication: 0.000s
I20260710 11:11:40.795092  1531 consensus_queue.cc:1048] T 73b82e2e12424ade9972c058e3419113 P 16c33dc6c5104f908f98b0f61d5be2ea [LEADER]: Connected to new peer: Peer: permanent_uuid: "5324f828d3ab489db3b185f14a665b5d" member_type: VOTER last_known_addr { host: "127.1.34.129" port: 34915 }, Status: LMP_MISMATCH, Last received: 0.0, Next index: 1, Last known committed idx: 0, Time since last communication: 0.005s
I20260710 11:11:40.842911  1497 consensus_queue.cc:1048] T b0209607027a4b2a814e46894324e258 P 5324f828d3ab489db3b185f14a665b5d [LEADER]: Connected to new peer: Peer: permanent_uuid: "c1288dd9502142889d9b110dc70a1bdd" member_type: VOTER last_known_addr { host: "127.1.34.131" port: 46873 }, Status: LMP_MISMATCH, Last received: 0.0, Next index: 1, Last known committed idx: 0, Time since last communication: 0.000s
I20260710 11:11:40.859103  1527 consensus_queue.cc:1048] T b0209607027a4b2a814e46894324e258 P 5324f828d3ab489db3b185f14a665b5d [LEADER]: Connected to new peer: Peer: permanent_uuid: "16c33dc6c5104f908f98b0f61d5be2ea" member_type: VOTER last_known_addr { host: "127.1.34.130" port: 37861 }, Status: LMP_MISMATCH, Last received: 0.0, Next index: 1, Last known committed idx: 0, Time since last communication: 0.000s
I20260710 11:11:40.890196  1373 tablet_service.cc:2072] Received LeaderStepDown RPC: tablet_id: "2ac91590284e4559ad0f8419a4770f90"
dest_uuid: "16c33dc6c5104f908f98b0f61d5be2ea"
mode: GRACEFUL
new_leader_uuid: "5324f828d3ab489db3b185f14a665b5d"
 from {username='slave'} at 127.0.0.1:51246
I20260710 11:11:40.890808  1373 raft_consensus.cc:606] T 2ac91590284e4559ad0f8419a4770f90 P 16c33dc6c5104f908f98b0f61d5be2ea [term 1 LEADER]: Received request to transfer leadership to TS 5324f828d3ab489db3b185f14a665b5d
I20260710 11:11:40.896934  1373 tablet_service.cc:2072] Received LeaderStepDown RPC: tablet_id: "004c34d74a5a46e78d32cac349be048d"
dest_uuid: "16c33dc6c5104f908f98b0f61d5be2ea"
mode: GRACEFUL
new_leader_uuid: "5324f828d3ab489db3b185f14a665b5d"
 from {username='slave'} at 127.0.0.1:51246
I20260710 11:11:40.897562  1373 raft_consensus.cc:606] T 004c34d74a5a46e78d32cac349be048d P 16c33dc6c5104f908f98b0f61d5be2ea [term 1 LEADER]: Received request to transfer leadership to TS 5324f828d3ab489db3b185f14a665b5d
I20260710 11:11:40.912655  1445 tablet_service.cc:2072] Received LeaderStepDown RPC: tablet_id: "d3df78fad5ee43ddaae1f7f24bffc1b6"
dest_uuid: "c1288dd9502142889d9b110dc70a1bdd"
mode: GRACEFUL
new_leader_uuid: "5324f828d3ab489db3b185f14a665b5d"
 from {username='slave'} at 127.0.0.1:41530
I20260710 11:11:40.913229  1445 raft_consensus.cc:606] T d3df78fad5ee43ddaae1f7f24bffc1b6 P c1288dd9502142889d9b110dc70a1bdd [term 1 LEADER]: Received request to transfer leadership to TS 5324f828d3ab489db3b185f14a665b5d
I20260710 11:11:40.918748  1531 consensus_queue.cc:1048] T 004c34d74a5a46e78d32cac349be048d P 16c33dc6c5104f908f98b0f61d5be2ea [LEADER]: Connected to new peer: Peer: permanent_uuid: "5324f828d3ab489db3b185f14a665b5d" member_type: VOTER last_known_addr { host: "127.1.34.129" port: 34915 }, Status: LMP_MISMATCH, Last received: 0.0, Next index: 1, Last known committed idx: 0, Time since last communication: 0.000s
I20260710 11:11:40.929780  1524 raft_consensus.cc:993] T 004c34d74a5a46e78d32cac349be048d P 16c33dc6c5104f908f98b0f61d5be2ea: : Instructing follower 5324f828d3ab489db3b185f14a665b5d to start an election
I20260710 11:11:40.930330  1524 raft_consensus.cc:1081] T 004c34d74a5a46e78d32cac349be048d P 16c33dc6c5104f908f98b0f61d5be2ea [term 1 LEADER]: Signalling peer 5324f828d3ab489db3b185f14a665b5d to start an election
I20260710 11:11:40.937141  1531 consensus_queue.cc:1048] T 648665f77e7a40a7a647d76dc3b3dd73 P 16c33dc6c5104f908f98b0f61d5be2ea [LEADER]: Connected to new peer: Peer: permanent_uuid: "c1288dd9502142889d9b110dc70a1bdd" member_type: VOTER last_known_addr { host: "127.1.34.131" port: 46873 }, Status: LMP_MISMATCH, Last received: 0.0, Next index: 1, Last known committed idx: 0, Time since last communication: 0.000s
I20260710 11:11:40.938714  1296 tablet_service.cc:2044] Received Run Leader Election RPC: tablet_id: "004c34d74a5a46e78d32cac349be048d"
dest_uuid: "5324f828d3ab489db3b185f14a665b5d"
 from {username='slave'} at 127.0.0.1:41544
I20260710 11:11:40.939332  1296 raft_consensus.cc:493] T 004c34d74a5a46e78d32cac349be048d P 5324f828d3ab489db3b185f14a665b5d [term 1 FOLLOWER]: Starting forced leader election (received explicit request)
I20260710 11:11:40.939707  1296 raft_consensus.cc:3060] T 004c34d74a5a46e78d32cac349be048d P 5324f828d3ab489db3b185f14a665b5d [term 1 FOLLOWER]: Advancing to term 2
I20260710 11:11:40.945516  1531 consensus_queue.cc:1048] T 004c34d74a5a46e78d32cac349be048d P 16c33dc6c5104f908f98b0f61d5be2ea [LEADER]: Connected to new peer: Peer: permanent_uuid: "c1288dd9502142889d9b110dc70a1bdd" member_type: VOTER last_known_addr { host: "127.1.34.131" port: 46873 }, Status: LMP_MISMATCH, Last received: 0.0, Next index: 1, Last known committed idx: 0, Time since last communication: 0.000s
I20260710 11:11:40.950599  1296 raft_consensus.cc:515] T 004c34d74a5a46e78d32cac349be048d P 5324f828d3ab489db3b185f14a665b5d [term 2 FOLLOWER]: Starting forced leader election with config: opid_index: -1 OBSOLETE_local: false peers { permanent_uuid: "5324f828d3ab489db3b185f14a665b5d" member_type: VOTER last_known_addr { host: "127.1.34.129" port: 34915 } } peers { permanent_uuid: "16c33dc6c5104f908f98b0f61d5be2ea" member_type: VOTER last_known_addr { host: "127.1.34.130" port: 37861 } } peers { permanent_uuid: "c1288dd9502142889d9b110dc70a1bdd" member_type: VOTER last_known_addr { host: "127.1.34.131" port: 46873 } }
I20260710 11:11:40.951757  1298 raft_consensus.cc:1240] T 004c34d74a5a46e78d32cac349be048d P 5324f828d3ab489db3b185f14a665b5d [term 2 FOLLOWER]: Rejecting Update request from peer 16c33dc6c5104f908f98b0f61d5be2ea for earlier term 1. Current term is 2. Ops: []
I20260710 11:11:40.951830  1295 tablet_service.cc:2072] Received LeaderStepDown RPC: tablet_id: "74f5660db787482fbe726754947338d5"
dest_uuid: "5324f828d3ab489db3b185f14a665b5d"
mode: GRACEFUL
new_leader_uuid: "16c33dc6c5104f908f98b0f61d5be2ea"
 from {username='slave'} at 127.0.0.1:41558
I20260710 11:11:40.952529  1295 raft_consensus.cc:606] T 74f5660db787482fbe726754947338d5 P 5324f828d3ab489db3b185f14a665b5d [term 1 LEADER]: Received request to transfer leadership to TS 16c33dc6c5104f908f98b0f61d5be2ea
I20260710 11:11:40.954741  1531 consensus_queue.cc:1048] T 2ac91590284e4559ad0f8419a4770f90 P 16c33dc6c5104f908f98b0f61d5be2ea [LEADER]: Connected to new peer: Peer: permanent_uuid: "5324f828d3ab489db3b185f14a665b5d" member_type: VOTER last_known_addr { host: "127.1.34.129" port: 34915 }, Status: LMP_MISMATCH, Last received: 0.0, Next index: 1, Last known committed idx: 0, Time since last communication: 0.000s
I20260710 11:11:40.955811  1534 consensus_queue.cc:1059] T 004c34d74a5a46e78d32cac349be048d P 16c33dc6c5104f908f98b0f61d5be2ea [LEADER]: Peer responded invalid term: Peer: permanent_uuid: "5324f828d3ab489db3b185f14a665b5d" member_type: VOTER last_known_addr { host: "127.1.34.129" port: 34915 }, Status: INVALID_TERM, Last received: 1.1, Next index: 2, Last known committed idx: 0, Time since last communication: 0.000s
I20260710 11:11:40.956743  1534 raft_consensus.cc:3055] T 004c34d74a5a46e78d32cac349be048d P 16c33dc6c5104f908f98b0f61d5be2ea [term 1 LEADER]: Stepping down as leader of term 1
I20260710 11:11:40.957098  1534 raft_consensus.cc:740] T 004c34d74a5a46e78d32cac349be048d P 16c33dc6c5104f908f98b0f61d5be2ea [term 1 LEADER]: Becoming Follower/Learner. State: Replica: 16c33dc6c5104f908f98b0f61d5be2ea, State: Running, Role: LEADER
I20260710 11:11:40.957722  1296 leader_election.cc:290] T 004c34d74a5a46e78d32cac349be048d P 5324f828d3ab489db3b185f14a665b5d [CANDIDATE]: Term 2 election: Requested vote from peers 16c33dc6c5104f908f98b0f61d5be2ea (127.1.34.130:37861), c1288dd9502142889d9b110dc70a1bdd (127.1.34.131:46873)
I20260710 11:11:40.957914  1534 consensus_queue.cc:260] T 004c34d74a5a46e78d32cac349be048d P 16c33dc6c5104f908f98b0f61d5be2ea [NON_LEADER]: Queue going to NON_LEADER mode. State: All replicated index: 0, Majority replicated index: 1, Committed index: 1, Last appended: 1.1, Last appended by leader: 1, Current term: 1, Majority size: -1, State: 0, Mode: NON_LEADER, active raft config: opid_index: -1 OBSOLETE_local: false peers { permanent_uuid: "5324f828d3ab489db3b185f14a665b5d" member_type: VOTER last_known_addr { host: "127.1.34.129" port: 34915 } } peers { permanent_uuid: "16c33dc6c5104f908f98b0f61d5be2ea" member_type: VOTER last_known_addr { host: "127.1.34.130" port: 37861 } } peers { permanent_uuid: "c1288dd9502142889d9b110dc70a1bdd" member_type: VOTER last_known_addr { host: "127.1.34.131" port: 46873 } }
I20260710 11:11:40.958932  1534 raft_consensus.cc:3060] T 004c34d74a5a46e78d32cac349be048d P 16c33dc6c5104f908f98b0f61d5be2ea [term 1 FOLLOWER]: Advancing to term 2
I20260710 11:11:40.961578  1444 tablet_service.cc:1917] Received RequestConsensusVote() RPC: tablet_id: "004c34d74a5a46e78d32cac349be048d" candidate_uuid: "5324f828d3ab489db3b185f14a665b5d" candidate_term: 2 candidate_status { last_received { term: 1 index: 1 } } ignore_live_leader: true dest_uuid: "c1288dd9502142889d9b110dc70a1bdd"
I20260710 11:11:40.963366  1373 tablet_service.cc:1917] Received RequestConsensusVote() RPC: tablet_id: "004c34d74a5a46e78d32cac349be048d" candidate_uuid: "5324f828d3ab489db3b185f14a665b5d" candidate_term: 2 candidate_status { last_received { term: 1 index: 1 } } ignore_live_leader: true dest_uuid: "16c33dc6c5104f908f98b0f61d5be2ea"
I20260710 11:11:40.964068  1531 consensus_queue.cc:1048] T 299c8a37104f4a6d8e7ca6cf78a078ae P 16c33dc6c5104f908f98b0f61d5be2ea [LEADER]: Connected to new peer: Peer: permanent_uuid: "c1288dd9502142889d9b110dc70a1bdd" member_type: VOTER last_known_addr { host: "127.1.34.131" port: 46873 }, Status: LMP_MISMATCH, Last received: 0.0, Next index: 1, Last known committed idx: 0, Time since last communication: 0.000s
I20260710 11:11:40.971932  1531 consensus_queue.cc:1048] T 2ac91590284e4559ad0f8419a4770f90 P 16c33dc6c5104f908f98b0f61d5be2ea [LEADER]: Connected to new peer: Peer: permanent_uuid: "c1288dd9502142889d9b110dc70a1bdd" member_type: VOTER last_known_addr { host: "127.1.34.131" port: 46873 }, Status: LMP_MISMATCH, Last received: 0.0, Next index: 1, Last known committed idx: 0, Time since last communication: 0.000s
I20260710 11:11:40.979019  1531 consensus_queue.cc:1048] T 648665f77e7a40a7a647d76dc3b3dd73 P 16c33dc6c5104f908f98b0f61d5be2ea [LEADER]: Connected to new peer: Peer: permanent_uuid: "5324f828d3ab489db3b185f14a665b5d" member_type: VOTER last_known_addr { host: "127.1.34.129" port: 34915 }, Status: LMP_MISMATCH, Last received: 0.0, Next index: 1, Last known committed idx: 0, Time since last communication: 0.000s
I20260710 11:11:40.979887  1373 raft_consensus.cc:2468] T 004c34d74a5a46e78d32cac349be048d P 16c33dc6c5104f908f98b0f61d5be2ea [term 2 FOLLOWER]: Leader election vote request: Granting yes vote for candidate 5324f828d3ab489db3b185f14a665b5d in term 2.
I20260710 11:11:40.991827  1295 tablet_service.cc:2072] Received LeaderStepDown RPC: tablet_id: "6020475510094e6187e41ea2aaa75cbc"
dest_uuid: "5324f828d3ab489db3b185f14a665b5d"
mode: GRACEFUL
new_leader_uuid: "16c33dc6c5104f908f98b0f61d5be2ea"
 from {username='slave'} at 127.0.0.1:41558
I20260710 11:11:40.992480  1295 raft_consensus.cc:606] T 6020475510094e6187e41ea2aaa75cbc P 5324f828d3ab489db3b185f14a665b5d [term 1 LEADER]: Received request to transfer leadership to TS 16c33dc6c5104f908f98b0f61d5be2ea
I20260710 11:11:40.999748  1373 tablet_service.cc:2072] Received LeaderStepDown RPC: tablet_id: "73b82e2e12424ade9972c058e3419113"
dest_uuid: "16c33dc6c5104f908f98b0f61d5be2ea"
mode: GRACEFUL
new_leader_uuid: "c1288dd9502142889d9b110dc70a1bdd"
 from {username='slave'} at 127.0.0.1:51246
I20260710 11:11:41.000510  1373 raft_consensus.cc:606] T 73b82e2e12424ade9972c058e3419113 P 16c33dc6c5104f908f98b0f61d5be2ea [term 1 LEADER]: Received request to transfer leadership to TS c1288dd9502142889d9b110dc70a1bdd
I20260710 11:11:41.012388  1531 raft_consensus.cc:993] T 2ac91590284e4559ad0f8419a4770f90 P 16c33dc6c5104f908f98b0f61d5be2ea: : Instructing follower 5324f828d3ab489db3b185f14a665b5d to start an election
I20260710 11:11:41.012878  1531 consensus_queue.cc:1048] T 299c8a37104f4a6d8e7ca6cf78a078ae P 16c33dc6c5104f908f98b0f61d5be2ea [LEADER]: Connected to new peer: Peer: permanent_uuid: "5324f828d3ab489db3b185f14a665b5d" member_type: VOTER last_known_addr { host: "127.1.34.129" port: 34915 }, Status: LMP_MISMATCH, Last received: 0.0, Next index: 1, Last known committed idx: 0, Time since last communication: 0.002s
I20260710 11:11:41.024407  1531 raft_consensus.cc:1081] T 2ac91590284e4559ad0f8419a4770f90 P 16c33dc6c5104f908f98b0f61d5be2ea [term 1 LEADER]: Signalling peer 5324f828d3ab489db3b185f14a665b5d to start an election
I20260710 11:11:41.026144  1296 tablet_service.cc:2044] Received Run Leader Election RPC: tablet_id: "2ac91590284e4559ad0f8419a4770f90"
dest_uuid: "5324f828d3ab489db3b185f14a665b5d"
 from {username='slave'} at 127.0.0.1:41544
I20260710 11:11:41.026702  1296 raft_consensus.cc:493] T 2ac91590284e4559ad0f8419a4770f90 P 5324f828d3ab489db3b185f14a665b5d [term 1 FOLLOWER]: Starting forced leader election (received explicit request)
I20260710 11:11:41.027092  1296 raft_consensus.cc:3060] T 2ac91590284e4559ad0f8419a4770f90 P 5324f828d3ab489db3b185f14a665b5d [term 1 FOLLOWER]: Advancing to term 2
I20260710 11:11:41.037784  1296 raft_consensus.cc:515] T 2ac91590284e4559ad0f8419a4770f90 P 5324f828d3ab489db3b185f14a665b5d [term 2 FOLLOWER]: Starting forced leader election with config: opid_index: -1 OBSOLETE_local: false peers { permanent_uuid: "16c33dc6c5104f908f98b0f61d5be2ea" member_type: VOTER last_known_addr { host: "127.1.34.130" port: 37861 } } peers { permanent_uuid: "c1288dd9502142889d9b110dc70a1bdd" member_type: VOTER last_known_addr { host: "127.1.34.131" port: 46873 } } peers { permanent_uuid: "5324f828d3ab489db3b185f14a665b5d" member_type: VOTER last_known_addr { host: "127.1.34.129" port: 34915 } }
I20260710 11:11:41.040824  1261 leader_election.cc:304] T 004c34d74a5a46e78d32cac349be048d P 5324f828d3ab489db3b185f14a665b5d [CANDIDATE]: Term 2 election: Election decided. Result: candidate won. Election summary: received 3 responses out of 3 voters: 2 yes votes; 1 no votes. yes voters: 16c33dc6c5104f908f98b0f61d5be2ea, 5324f828d3ab489db3b185f14a665b5d; no voters: c1288dd9502142889d9b110dc70a1bdd
I20260710 11:11:41.041947  1527 raft_consensus.cc:2804] T 004c34d74a5a46e78d32cac349be048d P 5324f828d3ab489db3b185f14a665b5d [term 2 FOLLOWER]: Leader election won for term 2
I20260710 11:11:41.042510  1527 raft_consensus.cc:697] T 004c34d74a5a46e78d32cac349be048d P 5324f828d3ab489db3b185f14a665b5d [term 2 LEADER]: Becoming Leader. State: Replica: 5324f828d3ab489db3b185f14a665b5d, State: Running, Role: LEADER
I20260710 11:11:41.043383  1527 consensus_queue.cc:237] T 004c34d74a5a46e78d32cac349be048d P 5324f828d3ab489db3b185f14a665b5d [LEADER]: Queue going to LEADER mode. State: All replicated index: 0, Majority replicated index: 0, Committed index: 0, Last appended: 1.1, Last appended by leader: 1, Current term: 2, Majority size: 2, State: 0, Mode: LEADER, active raft config: opid_index: -1 OBSOLETE_local: false peers { permanent_uuid: "5324f828d3ab489db3b185f14a665b5d" member_type: VOTER last_known_addr { host: "127.1.34.129" port: 34915 } } peers { permanent_uuid: "16c33dc6c5104f908f98b0f61d5be2ea" member_type: VOTER last_known_addr { host: "127.1.34.130" port: 37861 } } peers { permanent_uuid: "c1288dd9502142889d9b110dc70a1bdd" member_type: VOTER last_known_addr { host: "127.1.34.131" port: 46873 } }
I20260710 11:11:41.045539  1373 tablet_service.cc:1917] Received RequestConsensusVote() RPC: tablet_id: "2ac91590284e4559ad0f8419a4770f90" candidate_uuid: "5324f828d3ab489db3b185f14a665b5d" candidate_term: 2 candidate_status { last_received { term: 1 index: 1 } } ignore_live_leader: true dest_uuid: "16c33dc6c5104f908f98b0f61d5be2ea"
I20260710 11:11:41.046132  1373 raft_consensus.cc:3055] T 2ac91590284e4559ad0f8419a4770f90 P 16c33dc6c5104f908f98b0f61d5be2ea [term 1 LEADER]: Stepping down as leader of term 1
I20260710 11:11:41.046465  1373 raft_consensus.cc:740] T 2ac91590284e4559ad0f8419a4770f90 P 16c33dc6c5104f908f98b0f61d5be2ea [term 1 LEADER]: Becoming Follower/Learner. State: Replica: 16c33dc6c5104f908f98b0f61d5be2ea, State: Running, Role: LEADER
I20260710 11:11:41.047295  1373 consensus_queue.cc:260] T 2ac91590284e4559ad0f8419a4770f90 P 16c33dc6c5104f908f98b0f61d5be2ea [NON_LEADER]: Queue going to NON_LEADER mode. State: All replicated index: 0, Majority replicated index: 1, Committed index: 1, Last appended: 1.1, Last appended by leader: 1, Current term: 1, Majority size: -1, State: 0, Mode: NON_LEADER, active raft config: opid_index: -1 OBSOLETE_local: false peers { permanent_uuid: "16c33dc6c5104f908f98b0f61d5be2ea" member_type: VOTER last_known_addr { host: "127.1.34.130" port: 37861 } } peers { permanent_uuid: "c1288dd9502142889d9b110dc70a1bdd" member_type: VOTER last_known_addr { host: "127.1.34.131" port: 46873 } } peers { permanent_uuid: "5324f828d3ab489db3b185f14a665b5d" member_type: VOTER last_known_addr { host: "127.1.34.129" port: 34915 } }
I20260710 11:11:41.053757  1373 raft_consensus.cc:3060] T 2ac91590284e4559ad0f8419a4770f90 P 16c33dc6c5104f908f98b0f61d5be2ea [term 1 FOLLOWER]: Advancing to term 2
I20260710 11:11:41.062808  1373 raft_consensus.cc:2468] T 2ac91590284e4559ad0f8419a4770f90 P 16c33dc6c5104f908f98b0f61d5be2ea [term 2 FOLLOWER]: Leader election vote request: Granting yes vote for candidate 5324f828d3ab489db3b185f14a665b5d in term 2.
I20260710 11:11:41.066040  1261 leader_election.cc:304] T 2ac91590284e4559ad0f8419a4770f90 P 5324f828d3ab489db3b185f14a665b5d [CANDIDATE]: Term 2 election: Election decided. Result: candidate won. Election summary: received 2 responses out of 3 voters: 2 yes votes; 0 no votes. yes voters: 16c33dc6c5104f908f98b0f61d5be2ea, 5324f828d3ab489db3b185f14a665b5d; no voters: 
I20260710 11:11:41.067355  1527 raft_consensus.cc:2804] T 2ac91590284e4559ad0f8419a4770f90 P 5324f828d3ab489db3b185f14a665b5d [term 2 FOLLOWER]: Leader election won for term 2
I20260710 11:11:41.067791  1527 raft_consensus.cc:697] T 2ac91590284e4559ad0f8419a4770f90 P 5324f828d3ab489db3b185f14a665b5d [term 2 LEADER]: Becoming Leader. State: Replica: 5324f828d3ab489db3b185f14a665b5d, State: Running, Role: LEADER
I20260710 11:11:41.068470  1527 consensus_queue.cc:237] T 2ac91590284e4559ad0f8419a4770f90 P 5324f828d3ab489db3b185f14a665b5d [LEADER]: Queue going to LEADER mode. State: All replicated index: 0, Majority replicated index: 1, Committed index: 1, Last appended: 1.1, Last appended by leader: 1, Current term: 2, Majority size: 2, State: 0, Mode: LEADER, active raft config: opid_index: -1 OBSOLETE_local: false peers { permanent_uuid: "16c33dc6c5104f908f98b0f61d5be2ea" member_type: VOTER last_known_addr { host: "127.1.34.130" port: 37861 } } peers { permanent_uuid: "c1288dd9502142889d9b110dc70a1bdd" member_type: VOTER last_known_addr { host: "127.1.34.131" port: 46873 } } peers { permanent_uuid: "5324f828d3ab489db3b185f14a665b5d" member_type: VOTER last_known_addr { host: "127.1.34.129" port: 34915 } }
I20260710 11:11:41.072340  1296 leader_election.cc:290] T 2ac91590284e4559ad0f8419a4770f90 P 5324f828d3ab489db3b185f14a665b5d [CANDIDATE]: Term 2 election: Requested vote from peers 16c33dc6c5104f908f98b0f61d5be2ea (127.1.34.130:37861), c1288dd9502142889d9b110dc70a1bdd (127.1.34.131:46873)
I20260710 11:11:41.074717  1445 tablet_service.cc:1917] Received RequestConsensusVote() RPC: tablet_id: "2ac91590284e4559ad0f8419a4770f90" candidate_uuid: "5324f828d3ab489db3b185f14a665b5d" candidate_term: 2 candidate_status { last_received { term: 1 index: 1 } } ignore_live_leader: true dest_uuid: "c1288dd9502142889d9b110dc70a1bdd"
I20260710 11:11:41.090159  1193 catalog_manager.cc:5697] T 004c34d74a5a46e78d32cac349be048d P 5324f828d3ab489db3b185f14a665b5d reported cstate change: term changed from 1 to 2, leader changed from 16c33dc6c5104f908f98b0f61d5be2ea (127.1.34.130) to 5324f828d3ab489db3b185f14a665b5d (127.1.34.129). New cstate: current_term: 2 leader_uuid: "5324f828d3ab489db3b185f14a665b5d" committed_config { opid_index: -1 OBSOLETE_local: false peers { permanent_uuid: "5324f828d3ab489db3b185f14a665b5d" member_type: VOTER last_known_addr { host: "127.1.34.129" port: 34915 } health_report { overall_health: HEALTHY } } peers { permanent_uuid: "16c33dc6c5104f908f98b0f61d5be2ea" member_type: VOTER last_known_addr { host: "127.1.34.130" port: 37861 } health_report { overall_health: UNKNOWN } } peers { permanent_uuid: "c1288dd9502142889d9b110dc70a1bdd" member_type: VOTER last_known_addr { host: "127.1.34.131" port: 46873 } health_report { overall_health: UNKNOWN } } }
I20260710 11:11:41.092072  1193 catalog_manager.cc:5697] T 2ac91590284e4559ad0f8419a4770f90 P 5324f828d3ab489db3b185f14a665b5d reported cstate change: term changed from 1 to 2, leader changed from 16c33dc6c5104f908f98b0f61d5be2ea (127.1.34.130) to 5324f828d3ab489db3b185f14a665b5d (127.1.34.129). New cstate: current_term: 2 leader_uuid: "5324f828d3ab489db3b185f14a665b5d" committed_config { opid_index: -1 OBSOLETE_local: false peers { permanent_uuid: "16c33dc6c5104f908f98b0f61d5be2ea" member_type: VOTER last_known_addr { host: "127.1.34.130" port: 37861 } health_report { overall_health: UNKNOWN } } peers { permanent_uuid: "c1288dd9502142889d9b110dc70a1bdd" member_type: VOTER last_known_addr { host: "127.1.34.131" port: 46873 } health_report { overall_health: UNKNOWN } } peers { permanent_uuid: "5324f828d3ab489db3b185f14a665b5d" member_type: VOTER last_known_addr { host: "127.1.34.129" port: 34915 } health_report { overall_health: HEALTHY } } }
I20260710 11:11:41.173920  1554 consensus_queue.cc:1048] T 6020475510094e6187e41ea2aaa75cbc P 5324f828d3ab489db3b185f14a665b5d [LEADER]: Connected to new peer: Peer: permanent_uuid: "c1288dd9502142889d9b110dc70a1bdd" member_type: VOTER last_known_addr { host: "127.1.34.131" port: 46873 }, Status: LMP_MISMATCH, Last received: 0.0, Next index: 1, Last known committed idx: 0, Time since last communication: 0.000s
I20260710 11:11:41.188123  1497 consensus_queue.cc:1048] T 6020475510094e6187e41ea2aaa75cbc P 5324f828d3ab489db3b185f14a665b5d [LEADER]: Connected to new peer: Peer: permanent_uuid: "16c33dc6c5104f908f98b0f61d5be2ea" member_type: VOTER last_known_addr { host: "127.1.34.130" port: 37861 }, Status: LMP_MISMATCH, Last received: 0.0, Next index: 1, Last known committed idx: 0, Time since last communication: 0.000s
I20260710 11:11:41.195706  1555 raft_consensus.cc:993] T 6020475510094e6187e41ea2aaa75cbc P 5324f828d3ab489db3b185f14a665b5d: : Instructing follower 16c33dc6c5104f908f98b0f61d5be2ea to start an election
I20260710 11:11:41.196213  1497 raft_consensus.cc:1081] T 6020475510094e6187e41ea2aaa75cbc P 5324f828d3ab489db3b185f14a665b5d [term 1 LEADER]: Signalling peer 16c33dc6c5104f908f98b0f61d5be2ea to start an election
I20260710 11:11:41.197999  1373 tablet_service.cc:2044] Received Run Leader Election RPC: tablet_id: "6020475510094e6187e41ea2aaa75cbc"
dest_uuid: "16c33dc6c5104f908f98b0f61d5be2ea"
 from {username='slave'} at 127.0.0.1:51230
I20260710 11:11:41.198536  1373 raft_consensus.cc:493] T 6020475510094e6187e41ea2aaa75cbc P 16c33dc6c5104f908f98b0f61d5be2ea [term 1 FOLLOWER]: Starting forced leader election (received explicit request)
I20260710 11:11:41.198881  1373 raft_consensus.cc:3060] T 6020475510094e6187e41ea2aaa75cbc P 16c33dc6c5104f908f98b0f61d5be2ea [term 1 FOLLOWER]: Advancing to term 2
I20260710 11:11:41.204538  1373 raft_consensus.cc:515] T 6020475510094e6187e41ea2aaa75cbc P 16c33dc6c5104f908f98b0f61d5be2ea [term 2 FOLLOWER]: Starting forced leader election with config: opid_index: -1 OBSOLETE_local: false peers { permanent_uuid: "5324f828d3ab489db3b185f14a665b5d" member_type: VOTER last_known_addr { host: "127.1.34.129" port: 34915 } } peers { permanent_uuid: "16c33dc6c5104f908f98b0f61d5be2ea" member_type: VOTER last_known_addr { host: "127.1.34.130" port: 37861 } } peers { permanent_uuid: "c1288dd9502142889d9b110dc70a1bdd" member_type: VOTER last_known_addr { host: "127.1.34.131" port: 46873 } }
