I20260710 11:12:04.084345  2432 tablet_service.cc:1917] Received RequestConsensusVote() RPC: tablet_id: "e1af71cbcd2b4a9e961ac946ee2fd11a" candidate_uuid: "3537d07cdfc3482098a133a616bc7742" candidate_term: 1 candidate_status { last_received { term: 0 index: 0 } } ignore_live_leader: false dest_uuid: "2d8e426bb6da452c860cb89a0b7c74c7"
I20260710 11:12:04.085443  2432 raft_consensus.cc:3060] T e1af71cbcd2b4a9e961ac946ee2fd11a P 2d8e426bb6da452c860cb89a0b7c74c7 [term 0 FOLLOWER]: Advancing to term 1
I20260710 11:12:04.085680  2358 tablet_service.cc:1917] Received RequestConsensusVote() RPC: tablet_id: "1cbe46ae8ccf4c10a5a2238edd37f364" candidate_uuid: "3537d07cdfc3482098a133a616bc7742" candidate_term: 1 candidate_status { last_received { term: 0 index: 0 } } ignore_live_leader: false dest_uuid: "40d0efa70d994bed8ce9ad743d4cd2dc"
I20260710 11:12:04.086148  2358 raft_consensus.cc:3060] T 1cbe46ae8ccf4c10a5a2238edd37f364 P 40d0efa70d994bed8ce9ad743d4cd2dc [term 0 FOLLOWER]: Advancing to term 1
I20260710 11:12:04.093230  2475 tablet_bootstrap.cc:654] T ed78ef998aae4057a05f8a85576321b2 P 2d8e426bb6da452c860cb89a0b7c74c7: Neither blocks nor log segments found. Creating new log.
I20260710 11:12:04.096433  2431 tablet_service.cc:1917] Received RequestConsensusVote() RPC: tablet_id: "1cbe46ae8ccf4c10a5a2238edd37f364" candidate_uuid: "3537d07cdfc3482098a133a616bc7742" candidate_term: 1 candidate_status { last_received { term: 0 index: 0 } } ignore_live_leader: false dest_uuid: "2d8e426bb6da452c860cb89a0b7c74c7"
I20260710 11:12:04.097188  2431 raft_consensus.cc:3060] T 1cbe46ae8ccf4c10a5a2238edd37f364 P 2d8e426bb6da452c860cb89a0b7c74c7 [term 0 FOLLOWER]: Advancing to term 1
I20260710 11:12:04.097119  2432 raft_consensus.cc:2468] T e1af71cbcd2b4a9e961ac946ee2fd11a P 2d8e426bb6da452c860cb89a0b7c74c7 [term 1 FOLLOWER]: Leader election vote request: Granting yes vote for candidate 3537d07cdfc3482098a133a616bc7742 in term 1.
I20260710 11:12:04.098126  2549 raft_consensus.cc:493] T aa1273c200b945d081c75e239ae7feb8 P 2d8e426bb6da452c860cb89a0b7c74c7 [term 0 FOLLOWER]: Starting pre-election (no leader contacted us within the election timeout)
I20260710 11:12:04.098839  2549 raft_consensus.cc:515] T aa1273c200b945d081c75e239ae7feb8 P 2d8e426bb6da452c860cb89a0b7c74c7 [term 0 FOLLOWER]: Starting pre-election with config: opid_index: -1 OBSOLETE_local: false peers { permanent_uuid: "3537d07cdfc3482098a133a616bc7742" member_type: VOTER last_known_addr { host: "127.1.34.129" port: 35311 } } peers { permanent_uuid: "40d0efa70d994bed8ce9ad743d4cd2dc" member_type: VOTER last_known_addr { host: "127.1.34.130" port: 34013 } } peers { permanent_uuid: "2d8e426bb6da452c860cb89a0b7c74c7" member_type: VOTER last_known_addr { host: "127.1.34.131" port: 38833 } }
I20260710 11:12:04.096457  2358 raft_consensus.cc:2468] T 1cbe46ae8ccf4c10a5a2238edd37f364 P 40d0efa70d994bed8ce9ad743d4cd2dc [term 1 FOLLOWER]: Leader election vote request: Granting yes vote for candidate 3537d07cdfc3482098a133a616bc7742 in term 1.
I20260710 11:12:04.102962  2549 leader_election.cc:290] T aa1273c200b945d081c75e239ae7feb8 P 2d8e426bb6da452c860cb89a0b7c74c7 [CANDIDATE]: Term 1 pre-election: Requested pre-vote from peers 3537d07cdfc3482098a133a616bc7742 (127.1.34.129:35311), 40d0efa70d994bed8ce9ad743d4cd2dc (127.1.34.130:34013)
I20260710 11:12:04.103461  2359 tablet_service.cc:1917] Received RequestConsensusVote() RPC: tablet_id: "aa1273c200b945d081c75e239ae7feb8" candidate_uuid: "2d8e426bb6da452c860cb89a0b7c74c7" candidate_term: 1 candidate_status { last_received { term: 0 index: 0 } } ignore_live_leader: false dest_uuid: "40d0efa70d994bed8ce9ad743d4cd2dc" is_pre_election: true
I20260710 11:12:04.103732  2357 raft_consensus.cc:2468] T e1af71cbcd2b4a9e961ac946ee2fd11a P 40d0efa70d994bed8ce9ad743d4cd2dc [term 1 FOLLOWER]: Leader election vote request: Granting yes vote for candidate 3537d07cdfc3482098a133a616bc7742 in term 1.
I20260710 11:12:04.102463  2285 tablet_service.cc:1917] Received RequestConsensusVote() RPC: tablet_id: "aa1273c200b945d081c75e239ae7feb8" candidate_uuid: "2d8e426bb6da452c860cb89a0b7c74c7" candidate_term: 1 candidate_status { last_received { term: 0 index: 0 } } ignore_live_leader: false dest_uuid: "3537d07cdfc3482098a133a616bc7742" is_pre_election: true
I20260710 11:12:04.104245  2359 raft_consensus.cc:2468] T aa1273c200b945d081c75e239ae7feb8 P 40d0efa70d994bed8ce9ad743d4cd2dc [term 0 FOLLOWER]: Leader pre-election vote request: Granting yes vote for candidate 2d8e426bb6da452c860cb89a0b7c74c7 in term 0.
I20260710 11:12:04.103945  2250 leader_election.cc:304] T 1cbe46ae8ccf4c10a5a2238edd37f364 P 3537d07cdfc3482098a133a616bc7742 [CANDIDATE]: Term 1 election: Election decided. Result: candidate won. Election summary: received 2 responses out of 3 voters: 2 yes votes; 0 no votes. yes voters: 3537d07cdfc3482098a133a616bc7742, 40d0efa70d994bed8ce9ad743d4cd2dc; no voters: 
I20260710 11:12:04.104897  2285 raft_consensus.cc:2468] T aa1273c200b945d081c75e239ae7feb8 P 3537d07cdfc3482098a133a616bc7742 [term 0 FOLLOWER]: Leader pre-election vote request: Granting yes vote for candidate 2d8e426bb6da452c860cb89a0b7c74c7 in term 0.
I20260710 11:12:04.105753  2399 leader_election.cc:304] T aa1273c200b945d081c75e239ae7feb8 P 2d8e426bb6da452c860cb89a0b7c74c7 [CANDIDATE]: Term 1 pre-election: Election decided. Result: candidate won. Election summary: received 2 responses out of 3 voters: 2 yes votes; 0 no votes. yes voters: 2d8e426bb6da452c860cb89a0b7c74c7, 40d0efa70d994bed8ce9ad743d4cd2dc; no voters: 
I20260710 11:12:04.106098  2248 leader_election.cc:304] T e1af71cbcd2b4a9e961ac946ee2fd11a P 3537d07cdfc3482098a133a616bc7742 [CANDIDATE]: Term 1 election: Election decided. Result: candidate won. Election summary: received 2 responses out of 3 voters: 2 yes votes; 0 no votes. yes voters: 2d8e426bb6da452c860cb89a0b7c74c7, 3537d07cdfc3482098a133a616bc7742; no voters: 
I20260710 11:12:04.106986  2509 raft_consensus.cc:2804] T e1af71cbcd2b4a9e961ac946ee2fd11a P 3537d07cdfc3482098a133a616bc7742 [term 1 FOLLOWER]: Leader election won for term 1
I20260710 11:12:04.107365  2510 raft_consensus.cc:2804] T 1cbe46ae8ccf4c10a5a2238edd37f364 P 3537d07cdfc3482098a133a616bc7742 [term 1 FOLLOWER]: Leader election won for term 1
I20260710 11:12:04.107705  2549 raft_consensus.cc:2804] T aa1273c200b945d081c75e239ae7feb8 P 2d8e426bb6da452c860cb89a0b7c74c7 [term 0 FOLLOWER]: Leader pre-election won for term 1
I20260710 11:12:04.107957  2510 raft_consensus.cc:697] T 1cbe46ae8ccf4c10a5a2238edd37f364 P 3537d07cdfc3482098a133a616bc7742 [term 1 LEADER]: Becoming Leader. State: Replica: 3537d07cdfc3482098a133a616bc7742, State: Running, Role: LEADER
I20260710 11:12:04.108191  2549 raft_consensus.cc:493] T aa1273c200b945d081c75e239ae7feb8 P 2d8e426bb6da452c860cb89a0b7c74c7 [term 0 FOLLOWER]: Starting leader election (no leader contacted us within the election timeout)
I20260710 11:12:04.108232  2509 raft_consensus.cc:697] T e1af71cbcd2b4a9e961ac946ee2fd11a P 3537d07cdfc3482098a133a616bc7742 [term 1 LEADER]: Becoming Leader. State: Replica: 3537d07cdfc3482098a133a616bc7742, State: Running, Role: LEADER
I20260710 11:12:04.108858  2549 raft_consensus.cc:3060] T aa1273c200b945d081c75e239ae7feb8 P 2d8e426bb6da452c860cb89a0b7c74c7 [term 0 FOLLOWER]: Advancing to term 1
I20260710 11:12:04.108980  2510 consensus_queue.cc:237] T 1cbe46ae8ccf4c10a5a2238edd37f364 P 3537d07cdfc3482098a133a616bc7742 [LEADER]: Queue going to LEADER mode. State: All replicated index: 0, Majority replicated index: 0, Committed index: 0, Last appended: 0.0, Last appended by leader: 0, Current term: 1, Majority size: 2, State: 0, Mode: LEADER, active raft config: opid_index: -1 OBSOLETE_local: false peers { permanent_uuid: "3537d07cdfc3482098a133a616bc7742" member_type: VOTER last_known_addr { host: "127.1.34.129" port: 35311 } } peers { permanent_uuid: "40d0efa70d994bed8ce9ad743d4cd2dc" member_type: VOTER last_known_addr { host: "127.1.34.130" port: 34013 } } peers { permanent_uuid: "2d8e426bb6da452c860cb89a0b7c74c7" member_type: VOTER last_known_addr { host: "127.1.34.131" port: 38833 } }
I20260710 11:12:04.110677  2475 tablet_bootstrap.cc:492] T ed78ef998aae4057a05f8a85576321b2 P 2d8e426bb6da452c860cb89a0b7c74c7: No bootstrap required, opened a new log
I20260710 11:12:04.109601  2509 consensus_queue.cc:237] T e1af71cbcd2b4a9e961ac946ee2fd11a P 3537d07cdfc3482098a133a616bc7742 [LEADER]: Queue going to LEADER mode. State: All replicated index: 0, Majority replicated index: 0, Committed index: 0, Last appended: 0.0, Last appended by leader: 0, Current term: 1, Majority size: 2, State: 0, Mode: LEADER, active raft config: opid_index: -1 OBSOLETE_local: false peers { permanent_uuid: "3537d07cdfc3482098a133a616bc7742" member_type: VOTER last_known_addr { host: "127.1.34.129" port: 35311 } } peers { permanent_uuid: "40d0efa70d994bed8ce9ad743d4cd2dc" member_type: VOTER last_known_addr { host: "127.1.34.130" port: 34013 } } peers { permanent_uuid: "2d8e426bb6da452c860cb89a0b7c74c7" member_type: VOTER last_known_addr { host: "127.1.34.131" port: 38833 } }
I20260710 11:12:04.111186  2475 ts_tablet_manager.cc:1403] T ed78ef998aae4057a05f8a85576321b2 P 2d8e426bb6da452c860cb89a0b7c74c7: Time spent bootstrapping tablet: real 0.028s	user 0.010s	sys 0.006s
I20260710 11:12:04.114538  2475 raft_consensus.cc:359] T ed78ef998aae4057a05f8a85576321b2 P 2d8e426bb6da452c860cb89a0b7c74c7 [term 0 FOLLOWER]: Replica starting. Triggering 0 pending ops. Active config: opid_index: -1 OBSOLETE_local: false peers { permanent_uuid: "3537d07cdfc3482098a133a616bc7742" member_type: VOTER last_known_addr { host: "127.1.34.129" port: 35311 } } peers { permanent_uuid: "40d0efa70d994bed8ce9ad743d4cd2dc" member_type: VOTER last_known_addr { host: "127.1.34.130" port: 34013 } } peers { permanent_uuid: "2d8e426bb6da452c860cb89a0b7c74c7" member_type: VOTER last_known_addr { host: "127.1.34.131" port: 38833 } }
I20260710 11:12:04.115265  2475 raft_consensus.cc:385] T ed78ef998aae4057a05f8a85576321b2 P 2d8e426bb6da452c860cb89a0b7c74c7 [term 0 FOLLOWER]: Consensus starting up: Expiring failure detector timer to make a prompt election more likely
I20260710 11:12:04.115556  2475 raft_consensus.cc:740] T ed78ef998aae4057a05f8a85576321b2 P 2d8e426bb6da452c860cb89a0b7c74c7 [term 0 FOLLOWER]: Becoming Follower/Learner. State: Replica: 2d8e426bb6da452c860cb89a0b7c74c7, State: Initialized, Role: FOLLOWER
I20260710 11:12:04.116034  2556 consensus_queue.cc:1048] T f148fcd6e34b4005bd670ada4d259000 P 2d8e426bb6da452c860cb89a0b7c74c7 [LEADER]: Connected to new peer: Peer: permanent_uuid: "3537d07cdfc3482098a133a616bc7742" member_type: VOTER last_known_addr { host: "127.1.34.129" port: 35311 }, Status: LMP_MISMATCH, Last received: 0.0, Next index: 1, Last known committed idx: 0, Time since last communication: 0.000s
I20260710 11:12:04.116204  2475 consensus_queue.cc:260] T ed78ef998aae4057a05f8a85576321b2 P 2d8e426bb6da452c860cb89a0b7c74c7 [NON_LEADER]: Queue going to NON_LEADER mode. State: All replicated index: 0, Majority replicated index: 0, Committed index: 0, Last appended: 0.0, Last appended by leader: 0, Current term: 0, Majority size: -1, State: 0, Mode: NON_LEADER, active raft config: opid_index: -1 OBSOLETE_local: false peers { permanent_uuid: "3537d07cdfc3482098a133a616bc7742" member_type: VOTER last_known_addr { host: "127.1.34.129" port: 35311 } } peers { permanent_uuid: "40d0efa70d994bed8ce9ad743d4cd2dc" member_type: VOTER last_known_addr { host: "127.1.34.130" port: 34013 } } peers { permanent_uuid: "2d8e426bb6da452c860cb89a0b7c74c7" member_type: VOTER last_known_addr { host: "127.1.34.131" port: 38833 } }
I20260710 11:12:04.116478  2549 raft_consensus.cc:515] T aa1273c200b945d081c75e239ae7feb8 P 2d8e426bb6da452c860cb89a0b7c74c7 [term 1 FOLLOWER]: Starting leader election with config: opid_index: -1 OBSOLETE_local: false peers { permanent_uuid: "3537d07cdfc3482098a133a616bc7742" member_type: VOTER last_known_addr { host: "127.1.34.129" port: 35311 } } peers { permanent_uuid: "40d0efa70d994bed8ce9ad743d4cd2dc" member_type: VOTER last_known_addr { host: "127.1.34.130" port: 34013 } } peers { permanent_uuid: "2d8e426bb6da452c860cb89a0b7c74c7" member_type: VOTER last_known_addr { host: "127.1.34.131" port: 38833 } }
I20260710 11:12:04.118613  2475 ts_tablet_manager.cc:1434] T ed78ef998aae4057a05f8a85576321b2 P 2d8e426bb6da452c860cb89a0b7c74c7: Time spent starting tablet: real 0.007s	user 0.008s	sys 0.000s
I20260710 11:12:04.118567  2431 raft_consensus.cc:2468] T 1cbe46ae8ccf4c10a5a2238edd37f364 P 2d8e426bb6da452c860cb89a0b7c74c7 [term 1 FOLLOWER]: Leader election vote request: Granting yes vote for candidate 3537d07cdfc3482098a133a616bc7742 in term 1.
I20260710 11:12:04.119925  2475 tablet_bootstrap.cc:492] T 1b6c7c5ff15e48e0bed611e0b2f971a8 P 2d8e426bb6da452c860cb89a0b7c74c7: Bootstrap starting.
I20260710 11:12:04.120589  2280 tablet_service.cc:1917] Received RequestConsensusVote() RPC: tablet_id: "aa1273c200b945d081c75e239ae7feb8" candidate_uuid: "2d8e426bb6da452c860cb89a0b7c74c7" candidate_term: 1 candidate_status { last_received { term: 0 index: 0 } } ignore_live_leader: false dest_uuid: "3537d07cdfc3482098a133a616bc7742"
I20260710 11:12:04.121301  2280 raft_consensus.cc:3060] T aa1273c200b945d081c75e239ae7feb8 P 3537d07cdfc3482098a133a616bc7742 [term 0 FOLLOWER]: Advancing to term 1
I20260710 11:12:04.124084  2359 tablet_service.cc:1917] Received RequestConsensusVote() RPC: tablet_id: "aa1273c200b945d081c75e239ae7feb8" candidate_uuid: "2d8e426bb6da452c860cb89a0b7c74c7" candidate_term: 1 candidate_status { last_received { term: 0 index: 0 } } ignore_live_leader: false dest_uuid: "40d0efa70d994bed8ce9ad743d4cd2dc"
I20260710 11:12:04.124712  2359 raft_consensus.cc:3060] T aa1273c200b945d081c75e239ae7feb8 P 40d0efa70d994bed8ce9ad743d4cd2dc [term 0 FOLLOWER]: Advancing to term 1
I20260710 11:12:04.125710  2549 leader_election.cc:290] T aa1273c200b945d081c75e239ae7feb8 P 2d8e426bb6da452c860cb89a0b7c74c7 [CANDIDATE]: Term 1 election: Requested vote from peers 3537d07cdfc3482098a133a616bc7742 (127.1.34.129:35311), 40d0efa70d994bed8ce9ad743d4cd2dc (127.1.34.130:34013)
I20260710 11:12:04.133735  2359 raft_consensus.cc:2468] T aa1273c200b945d081c75e239ae7feb8 P 40d0efa70d994bed8ce9ad743d4cd2dc [term 1 FOLLOWER]: Leader election vote request: Granting yes vote for candidate 2d8e426bb6da452c860cb89a0b7c74c7 in term 1.
I20260710 11:12:04.135337  2399 leader_election.cc:304] T aa1273c200b945d081c75e239ae7feb8 P 2d8e426bb6da452c860cb89a0b7c74c7 [CANDIDATE]: Term 1 election: Election decided. Result: candidate won. Election summary: received 2 responses out of 3 voters: 2 yes votes; 0 no votes. yes voters: 2d8e426bb6da452c860cb89a0b7c74c7, 40d0efa70d994bed8ce9ad743d4cd2dc; no voters: 
I20260710 11:12:04.136305  2556 raft_consensus.cc:2804] T aa1273c200b945d081c75e239ae7feb8 P 2d8e426bb6da452c860cb89a0b7c74c7 [term 1 FOLLOWER]: Leader election won for term 1
I20260710 11:12:04.136834  2556 raft_consensus.cc:697] T aa1273c200b945d081c75e239ae7feb8 P 2d8e426bb6da452c860cb89a0b7c74c7 [term 1 LEADER]: Becoming Leader. State: Replica: 2d8e426bb6da452c860cb89a0b7c74c7, State: Running, Role: LEADER
I20260710 11:12:04.139768  2556 consensus_queue.cc:237] T aa1273c200b945d081c75e239ae7feb8 P 2d8e426bb6da452c860cb89a0b7c74c7 [LEADER]: Queue going to LEADER mode. State: All replicated index: 0, Majority replicated index: 0, Committed index: 0, Last appended: 0.0, Last appended by leader: 0, Current term: 1, Majority size: 2, State: 0, Mode: LEADER, active raft config: opid_index: -1 OBSOLETE_local: false peers { permanent_uuid: "3537d07cdfc3482098a133a616bc7742" member_type: VOTER last_known_addr { host: "127.1.34.129" port: 35311 } } peers { permanent_uuid: "40d0efa70d994bed8ce9ad743d4cd2dc" member_type: VOTER last_known_addr { host: "127.1.34.130" port: 34013 } } peers { permanent_uuid: "2d8e426bb6da452c860cb89a0b7c74c7" member_type: VOTER last_known_addr { host: "127.1.34.131" port: 38833 } }
I20260710 11:12:04.144387  2180 catalog_manager.cc:5697] T e1af71cbcd2b4a9e961ac946ee2fd11a P 3537d07cdfc3482098a133a616bc7742 reported cstate change: term changed from 0 to 1, leader changed from <none> to 3537d07cdfc3482098a133a616bc7742 (127.1.34.129). New cstate: current_term: 1 leader_uuid: "3537d07cdfc3482098a133a616bc7742" committed_config { opid_index: -1 OBSOLETE_local: false peers { permanent_uuid: "3537d07cdfc3482098a133a616bc7742" member_type: VOTER last_known_addr { host: "127.1.34.129" port: 35311 } health_report { overall_health: HEALTHY } } peers { permanent_uuid: "40d0efa70d994bed8ce9ad743d4cd2dc" member_type: VOTER last_known_addr { host: "127.1.34.130" port: 34013 } health_report { overall_health: UNKNOWN } } peers { permanent_uuid: "2d8e426bb6da452c860cb89a0b7c74c7" member_type: VOTER last_known_addr { host: "127.1.34.131" port: 38833 } health_report { overall_health: UNKNOWN } } }
I20260710 11:12:04.146916  2180 catalog_manager.cc:5697] T 1cbe46ae8ccf4c10a5a2238edd37f364 P 3537d07cdfc3482098a133a616bc7742 reported cstate change: term changed from 0 to 1, leader changed from <none> to 3537d07cdfc3482098a133a616bc7742 (127.1.34.129). New cstate: current_term: 1 leader_uuid: "3537d07cdfc3482098a133a616bc7742" committed_config { opid_index: -1 OBSOLETE_local: false peers { permanent_uuid: "3537d07cdfc3482098a133a616bc7742" member_type: VOTER last_known_addr { host: "127.1.34.129" port: 35311 } health_report { overall_health: HEALTHY } } peers { permanent_uuid: "40d0efa70d994bed8ce9ad743d4cd2dc" member_type: VOTER last_known_addr { host: "127.1.34.130" port: 34013 } health_report { overall_health: UNKNOWN } } peers { permanent_uuid: "2d8e426bb6da452c860cb89a0b7c74c7" member_type: VOTER last_known_addr { host: "127.1.34.131" port: 38833 } health_report { overall_health: UNKNOWN } } }
I20260710 11:12:04.148322  2578 raft_consensus.cc:493] T 1b6c7c5ff15e48e0bed611e0b2f971a8 P 40d0efa70d994bed8ce9ad743d4cd2dc [term 0 FOLLOWER]: Starting pre-election (no leader contacted us within the election timeout)
I20260710 11:12:04.148995  2557 consensus_queue.cc:1048] T 1989ab777aff49298ce20f67e2f43ded P 2d8e426bb6da452c860cb89a0b7c74c7 [LEADER]: Connected to new peer: Peer: permanent_uuid: "3537d07cdfc3482098a133a616bc7742" member_type: VOTER last_known_addr { host: "127.1.34.129" port: 35311 }, Status: LMP_MISMATCH, Last received: 0.0, Next index: 1, Last known committed idx: 0, Time since last communication: 0.000s
I20260710 11:12:04.148885  2578 raft_consensus.cc:515] T 1b6c7c5ff15e48e0bed611e0b2f971a8 P 40d0efa70d994bed8ce9ad743d4cd2dc [term 0 FOLLOWER]: Starting pre-election with config: opid_index: -1 OBSOLETE_local: false peers { permanent_uuid: "3537d07cdfc3482098a133a616bc7742" member_type: VOTER last_known_addr { host: "127.1.34.129" port: 35311 } } peers { permanent_uuid: "40d0efa70d994bed8ce9ad743d4cd2dc" member_type: VOTER last_known_addr { host: "127.1.34.130" port: 34013 } } peers { permanent_uuid: "2d8e426bb6da452c860cb89a0b7c74c7" member_type: VOTER last_known_addr { host: "127.1.34.131" port: 38833 } }
I20260710 11:12:04.151906  2280 raft_consensus.cc:2468] T aa1273c200b945d081c75e239ae7feb8 P 3537d07cdfc3482098a133a616bc7742 [term 1 FOLLOWER]: Leader election vote request: Granting yes vote for candidate 2d8e426bb6da452c860cb89a0b7c74c7 in term 1.
I20260710 11:12:04.155387  2475 tablet_bootstrap.cc:654] T 1b6c7c5ff15e48e0bed611e0b2f971a8 P 2d8e426bb6da452c860cb89a0b7c74c7: Neither blocks nor log segments found. Creating new log.
I20260710 11:12:04.155442  2431 tablet_service.cc:1917] Received RequestConsensusVote() RPC: tablet_id: "1b6c7c5ff15e48e0bed611e0b2f971a8" candidate_uuid: "40d0efa70d994bed8ce9ad743d4cd2dc" candidate_term: 1 candidate_status { last_received { term: 0 index: 0 } } ignore_live_leader: false dest_uuid: "2d8e426bb6da452c860cb89a0b7c74c7" is_pre_election: true
W20260710 11:12:04.158310  2323 leader_election.cc:343] T 1b6c7c5ff15e48e0bed611e0b2f971a8 P 40d0efa70d994bed8ce9ad743d4cd2dc [CANDIDATE]: Term 1 pre-election: Tablet error from VoteRequest() call to peer 2d8e426bb6da452c860cb89a0b7c74c7 (127.1.34.131:38833): Illegal state: must be running to vote when last-logged opid is not known
I20260710 11:12:04.159150  2578 leader_election.cc:290] T 1b6c7c5ff15e48e0bed611e0b2f971a8 P 40d0efa70d994bed8ce9ad743d4cd2dc [CANDIDATE]: Term 1 pre-election: Requested pre-vote from peers 3537d07cdfc3482098a133a616bc7742 (127.1.34.129:35311), 2d8e426bb6da452c860cb89a0b7c74c7 (127.1.34.131:38833)
I20260710 11:12:04.170606  2557 consensus_queue.cc:1048] T f148fcd6e34b4005bd670ada4d259000 P 2d8e426bb6da452c860cb89a0b7c74c7 [LEADER]: Connected to new peer: Peer: permanent_uuid: "40d0efa70d994bed8ce9ad743d4cd2dc" member_type: VOTER last_known_addr { host: "127.1.34.130" port: 34013 }, Status: LMP_MISMATCH, Last received: 0.0, Next index: 1, Last known committed idx: 0, Time since last communication: 0.000s
I20260710 11:12:04.171204  2475 tablet_bootstrap.cc:492] T 1b6c7c5ff15e48e0bed611e0b2f971a8 P 2d8e426bb6da452c860cb89a0b7c74c7: No bootstrap required, opened a new log
I20260710 11:12:04.171708  2475 ts_tablet_manager.cc:1403] T 1b6c7c5ff15e48e0bed611e0b2f971a8 P 2d8e426bb6da452c860cb89a0b7c74c7: Time spent bootstrapping tablet: real 0.052s	user 0.015s	sys 0.006s
I20260710 11:12:04.172155  2180 catalog_manager.cc:5697] T aa1273c200b945d081c75e239ae7feb8 P 2d8e426bb6da452c860cb89a0b7c74c7 reported cstate change: term changed from 0 to 1, leader changed from <none> to 2d8e426bb6da452c860cb89a0b7c74c7 (127.1.34.131). New cstate: current_term: 1 leader_uuid: "2d8e426bb6da452c860cb89a0b7c74c7" committed_config { opid_index: -1 OBSOLETE_local: false peers { permanent_uuid: "3537d07cdfc3482098a133a616bc7742" member_type: VOTER last_known_addr { host: "127.1.34.129" port: 35311 } health_report { overall_health: UNKNOWN } } peers { permanent_uuid: "40d0efa70d994bed8ce9ad743d4cd2dc" member_type: VOTER last_known_addr { host: "127.1.34.130" port: 34013 } health_report { overall_health: UNKNOWN } } peers { permanent_uuid: "2d8e426bb6da452c860cb89a0b7c74c7" member_type: VOTER last_known_addr { host: "127.1.34.131" port: 38833 } health_report { overall_health: HEALTHY } } }
I20260710 11:12:04.175472  2475 raft_consensus.cc:359] T 1b6c7c5ff15e48e0bed611e0b2f971a8 P 2d8e426bb6da452c860cb89a0b7c74c7 [term 0 FOLLOWER]: Replica starting. Triggering 0 pending ops. Active config: opid_index: -1 OBSOLETE_local: false peers { permanent_uuid: "3537d07cdfc3482098a133a616bc7742" member_type: VOTER last_known_addr { host: "127.1.34.129" port: 35311 } } peers { permanent_uuid: "40d0efa70d994bed8ce9ad743d4cd2dc" member_type: VOTER last_known_addr { host: "127.1.34.130" port: 34013 } } peers { permanent_uuid: "2d8e426bb6da452c860cb89a0b7c74c7" member_type: VOTER last_known_addr { host: "127.1.34.131" port: 38833 } }
I20260710 11:12:04.185938  2475 raft_consensus.cc:385] T 1b6c7c5ff15e48e0bed611e0b2f971a8 P 2d8e426bb6da452c860cb89a0b7c74c7 [term 0 FOLLOWER]: Consensus starting up: Expiring failure detector timer to make a prompt election more likely
I20260710 11:12:04.177106  2557 consensus_queue.cc:1048] T 1989ab777aff49298ce20f67e2f43ded P 2d8e426bb6da452c860cb89a0b7c74c7 [LEADER]: Connected to new peer: Peer: permanent_uuid: "40d0efa70d994bed8ce9ad743d4cd2dc" member_type: VOTER last_known_addr { host: "127.1.34.130" port: 34013 }, Status: LMP_MISMATCH, Last received: 0.0, Next index: 1, Last known committed idx: 0, Time since last communication: 0.000s
I20260710 11:12:04.186283  2475 raft_consensus.cc:740] T 1b6c7c5ff15e48e0bed611e0b2f971a8 P 2d8e426bb6da452c860cb89a0b7c74c7 [term 0 FOLLOWER]: Becoming Follower/Learner. State: Replica: 2d8e426bb6da452c860cb89a0b7c74c7, State: Initialized, Role: FOLLOWER
I20260710 11:12:04.184558  2280 tablet_service.cc:1917] Received RequestConsensusVote() RPC: tablet_id: "1b6c7c5ff15e48e0bed611e0b2f971a8" candidate_uuid: "40d0efa70d994bed8ce9ad743d4cd2dc" candidate_term: 1 candidate_status { last_received { term: 0 index: 0 } } ignore_live_leader: false dest_uuid: "3537d07cdfc3482098a133a616bc7742" is_pre_election: true
I20260710 11:12:04.187031  2475 consensus_queue.cc:260] T 1b6c7c5ff15e48e0bed611e0b2f971a8 P 2d8e426bb6da452c860cb89a0b7c74c7 [NON_LEADER]: Queue going to NON_LEADER mode. State: All replicated index: 0, Majority replicated index: 0, Committed index: 0, Last appended: 0.0, Last appended by leader: 0, Current term: 0, Majority size: -1, State: 0, Mode: NON_LEADER, active raft config: opid_index: -1 OBSOLETE_local: false peers { permanent_uuid: "3537d07cdfc3482098a133a616bc7742" member_type: VOTER last_known_addr { host: "127.1.34.129" port: 35311 } } peers { permanent_uuid: "40d0efa70d994bed8ce9ad743d4cd2dc" member_type: VOTER last_known_addr { host: "127.1.34.130" port: 34013 } } peers { permanent_uuid: "2d8e426bb6da452c860cb89a0b7c74c7" member_type: VOTER last_known_addr { host: "127.1.34.131" port: 38833 } }
I20260710 11:12:04.187542  2280 raft_consensus.cc:2468] T 1b6c7c5ff15e48e0bed611e0b2f971a8 P 3537d07cdfc3482098a133a616bc7742 [term 0 FOLLOWER]: Leader pre-election vote request: Granting yes vote for candidate 40d0efa70d994bed8ce9ad743d4cd2dc in term 0.
I20260710 11:12:04.189515  2475 ts_tablet_manager.cc:1434] T 1b6c7c5ff15e48e0bed611e0b2f971a8 P 2d8e426bb6da452c860cb89a0b7c74c7: Time spent starting tablet: real 0.017s	user 0.007s	sys 0.000s
I20260710 11:12:04.190346  2325 leader_election.cc:304] T 1b6c7c5ff15e48e0bed611e0b2f971a8 P 40d0efa70d994bed8ce9ad743d4cd2dc [CANDIDATE]: Term 1 pre-election: Election decided. Result: candidate won. Election summary: received 3 responses out of 3 voters: 2 yes votes; 1 no votes. yes voters: 3537d07cdfc3482098a133a616bc7742, 40d0efa70d994bed8ce9ad743d4cd2dc; no voters: 2d8e426bb6da452c860cb89a0b7c74c7
I20260710 11:12:04.191591  2578 raft_consensus.cc:2804] T 1b6c7c5ff15e48e0bed611e0b2f971a8 P 40d0efa70d994bed8ce9ad743d4cd2dc [term 0 FOLLOWER]: Leader pre-election won for term 1
I20260710 11:12:04.191994  2578 raft_consensus.cc:493] T 1b6c7c5ff15e48e0bed611e0b2f971a8 P 40d0efa70d994bed8ce9ad743d4cd2dc [term 0 FOLLOWER]: Starting leader election (no leader contacted us within the election timeout)
I20260710 11:12:04.192433  2578 raft_consensus.cc:3060] T 1b6c7c5ff15e48e0bed611e0b2f971a8 P 40d0efa70d994bed8ce9ad743d4cd2dc [term 0 FOLLOWER]: Advancing to term 1
I20260710 11:12:04.199479  2578 raft_consensus.cc:515] T 1b6c7c5ff15e48e0bed611e0b2f971a8 P 40d0efa70d994bed8ce9ad743d4cd2dc [term 1 FOLLOWER]: Starting leader election with config: opid_index: -1 OBSOLETE_local: false peers { permanent_uuid: "3537d07cdfc3482098a133a616bc7742" member_type: VOTER last_known_addr { host: "127.1.34.129" port: 35311 } } peers { permanent_uuid: "40d0efa70d994bed8ce9ad743d4cd2dc" member_type: VOTER last_known_addr { host: "127.1.34.130" port: 34013 } } peers { permanent_uuid: "2d8e426bb6da452c860cb89a0b7c74c7" member_type: VOTER last_known_addr { host: "127.1.34.131" port: 38833 } }
I20260710 11:12:04.202955  2280 tablet_service.cc:1917] Received RequestConsensusVote() RPC: tablet_id: "1b6c7c5ff15e48e0bed611e0b2f971a8" candidate_uuid: "40d0efa70d994bed8ce9ad743d4cd2dc" candidate_term: 1 candidate_status { last_received { term: 0 index: 0 } } ignore_live_leader: false dest_uuid: "3537d07cdfc3482098a133a616bc7742"
I20260710 11:12:04.203540  2280 raft_consensus.cc:3060] T 1b6c7c5ff15e48e0bed611e0b2f971a8 P 3537d07cdfc3482098a133a616bc7742 [term 0 FOLLOWER]: Advancing to term 1
I20260710 11:12:04.211154  2521 consensus_queue.cc:1048] T 210d872f114d44cf89f6a2b0121cab68 P 40d0efa70d994bed8ce9ad743d4cd2dc [LEADER]: Connected to new peer: Peer: permanent_uuid: "3537d07cdfc3482098a133a616bc7742" member_type: VOTER last_known_addr { host: "127.1.34.129" port: 35311 }, Status: LMP_MISMATCH, Last received: 0.0, Next index: 1, Last known committed idx: 0, Time since last communication: 0.000s
I20260710 11:12:04.213801  2431 tablet_service.cc:1917] Received RequestConsensusVote() RPC: tablet_id: "1b6c7c5ff15e48e0bed611e0b2f971a8" candidate_uuid: "40d0efa70d994bed8ce9ad743d4cd2dc" candidate_term: 1 candidate_status { last_received { term: 0 index: 0 } } ignore_live_leader: false dest_uuid: "2d8e426bb6da452c860cb89a0b7c74c7"
I20260710 11:12:04.214491  2431 raft_consensus.cc:3060] T 1b6c7c5ff15e48e0bed611e0b2f971a8 P 2d8e426bb6da452c860cb89a0b7c74c7 [term 0 FOLLOWER]: Advancing to term 1
I20260710 11:12:04.218158  2432 raft_consensus.cc:3060] T 9cf9b7ab5fcb424ba7f0e6e47178e8f1 P 2d8e426bb6da452c860cb89a0b7c74c7 [term 0 FOLLOWER]: Advancing to term 1
I20260710 11:12:04.213131  2578 leader_election.cc:290] T 1b6c7c5ff15e48e0bed611e0b2f971a8 P 40d0efa70d994bed8ce9ad743d4cd2dc [CANDIDATE]: Term 1 election: Requested vote from peers 3537d07cdfc3482098a133a616bc7742 (127.1.34.129:35311), 2d8e426bb6da452c860cb89a0b7c74c7 (127.1.34.131:38833)
I20260710 11:12:04.230036  2280 raft_consensus.cc:2468] T 1b6c7c5ff15e48e0bed611e0b2f971a8 P 3537d07cdfc3482098a133a616bc7742 [term 1 FOLLOWER]: Leader election vote request: Granting yes vote for candidate 40d0efa70d994bed8ce9ad743d4cd2dc in term 1.
I20260710 11:12:04.234174  2578 raft_consensus.cc:493] T ed78ef998aae4057a05f8a85576321b2 P 40d0efa70d994bed8ce9ad743d4cd2dc [term 0 FOLLOWER]: Starting pre-election (no leader contacted us within the election timeout)
I20260710 11:12:04.236600  2578 raft_consensus.cc:515] T ed78ef998aae4057a05f8a85576321b2 P 40d0efa70d994bed8ce9ad743d4cd2dc [term 0 FOLLOWER]: Starting pre-election with config: opid_index: -1 OBSOLETE_local: false peers { permanent_uuid: "3537d07cdfc3482098a133a616bc7742" member_type: VOTER last_known_addr { host: "127.1.34.129" port: 35311 } } peers { permanent_uuid: "40d0efa70d994bed8ce9ad743d4cd2dc" member_type: VOTER last_known_addr { host: "127.1.34.130" port: 34013 } } peers { permanent_uuid: "2d8e426bb6da452c860cb89a0b7c74c7" member_type: VOTER last_known_addr { host: "127.1.34.131" port: 38833 } }
I20260710 11:12:04.246745  2430 tablet_service.cc:1917] Received RequestConsensusVote() RPC: tablet_id: "ed78ef998aae4057a05f8a85576321b2" candidate_uuid: "40d0efa70d994bed8ce9ad743d4cd2dc" candidate_term: 1 candidate_status { last_received { term: 0 index: 0 } } ignore_live_leader: false dest_uuid: "2d8e426bb6da452c860cb89a0b7c74c7" is_pre_election: true
I20260710 11:12:04.247422  2430 raft_consensus.cc:2468] T ed78ef998aae4057a05f8a85576321b2 P 2d8e426bb6da452c860cb89a0b7c74c7 [term 0 FOLLOWER]: Leader pre-election vote request: Granting yes vote for candidate 40d0efa70d994bed8ce9ad743d4cd2dc in term 0.
I20260710 11:12:04.248946  2323 leader_election.cc:304] T ed78ef998aae4057a05f8a85576321b2 P 40d0efa70d994bed8ce9ad743d4cd2dc [CANDIDATE]: Term 1 pre-election: Election decided. Result: candidate won. Election summary: received 2 responses out of 3 voters: 2 yes votes; 0 no votes. yes voters: 2d8e426bb6da452c860cb89a0b7c74c7, 40d0efa70d994bed8ce9ad743d4cd2dc; no voters: 
I20260710 11:12:04.249349  2325 leader_election.cc:304] T 1b6c7c5ff15e48e0bed611e0b2f971a8 P 40d0efa70d994bed8ce9ad743d4cd2dc [CANDIDATE]: Term 1 election: Election decided. Result: candidate won. Election summary: received 2 responses out of 3 voters: 2 yes votes; 0 no votes. yes voters: 3537d07cdfc3482098a133a616bc7742, 40d0efa70d994bed8ce9ad743d4cd2dc; no voters: 
I20260710 11:12:04.244457  2578 leader_election.cc:290] T ed78ef998aae4057a05f8a85576321b2 P 40d0efa70d994bed8ce9ad743d4cd2dc [CANDIDATE]: Term 1 pre-election: Requested pre-vote from peers 3537d07cdfc3482098a133a616bc7742 (127.1.34.129:35311), 2d8e426bb6da452c860cb89a0b7c74c7 (127.1.34.131:38833)
I20260710 11:12:04.252070  2521 raft_consensus.cc:2804] T ed78ef998aae4057a05f8a85576321b2 P 40d0efa70d994bed8ce9ad743d4cd2dc [term 0 FOLLOWER]: Leader pre-election won for term 1
I20260710 11:12:04.252353  2578 raft_consensus.cc:2804] T 1b6c7c5ff15e48e0bed611e0b2f971a8 P 40d0efa70d994bed8ce9ad743d4cd2dc [term 1 FOLLOWER]: Leader election won for term 1
I20260710 11:12:04.252481  2521 raft_consensus.cc:493] T ed78ef998aae4057a05f8a85576321b2 P 40d0efa70d994bed8ce9ad743d4cd2dc [term 0 FOLLOWER]: Starting leader election (no leader contacted us within the election timeout)
I20260710 11:12:04.252885  2521 raft_consensus.cc:3060] T ed78ef998aae4057a05f8a85576321b2 P 40d0efa70d994bed8ce9ad743d4cd2dc [term 0 FOLLOWER]: Advancing to term 1
I20260710 11:12:04.256834  2599 raft_consensus.cc:493] T 210d872f114d44cf89f6a2b0121cab68 P 2d8e426bb6da452c860cb89a0b7c74c7 [term 0 FOLLOWER]: Starting pre-election (no leader contacted us within the election timeout)
I20260710 11:12:04.252847  2578 raft_consensus.cc:697] T 1b6c7c5ff15e48e0bed611e0b2f971a8 P 40d0efa70d994bed8ce9ad743d4cd2dc [term 1 LEADER]: Becoming Leader. State: Replica: 40d0efa70d994bed8ce9ad743d4cd2dc, State: Running, Role: LEADER
I20260710 11:12:04.257978  2599 raft_consensus.cc:515] T 210d872f114d44cf89f6a2b0121cab68 P 2d8e426bb6da452c860cb89a0b7c74c7 [term 0 FOLLOWER]: Starting pre-election with config: opid_index: -1 OBSOLETE_local: false peers { permanent_uuid: "3537d07cdfc3482098a133a616bc7742" member_type: VOTER last_known_addr { host: "127.1.34.129" port: 35311 } } peers { permanent_uuid: "40d0efa70d994bed8ce9ad743d4cd2dc" member_type: VOTER last_known_addr { host: "127.1.34.130" port: 34013 } } peers { permanent_uuid: "2d8e426bb6da452c860cb89a0b7c74c7" member_type: VOTER last_known_addr { host: "127.1.34.131" port: 38833 } }
I20260710 11:12:04.258621  2578 consensus_queue.cc:237] T 1b6c7c5ff15e48e0bed611e0b2f971a8 P 40d0efa70d994bed8ce9ad743d4cd2dc [LEADER]: Queue going to LEADER mode. State: All replicated index: 0, Majority replicated index: 0, Committed index: 0, Last appended: 0.0, Last appended by leader: 0, Current term: 1, Majority size: 2, State: 0, Mode: LEADER, active raft config: opid_index: -1 OBSOLETE_local: false peers { permanent_uuid: "3537d07cdfc3482098a133a616bc7742" member_type: VOTER last_known_addr { host: "127.1.34.129" port: 35311 } } peers { permanent_uuid: "40d0efa70d994bed8ce9ad743d4cd2dc" member_type: VOTER last_known_addr { host: "127.1.34.130" port: 34013 } } peers { permanent_uuid: "2d8e426bb6da452c860cb89a0b7c74c7" member_type: VOTER last_known_addr { host: "127.1.34.131" port: 38833 } }
I20260710 11:12:04.260274  2599 leader_election.cc:290] T 210d872f114d44cf89f6a2b0121cab68 P 2d8e426bb6da452c860cb89a0b7c74c7 [CANDIDATE]: Term 1 pre-election: Requested pre-vote from peers 3537d07cdfc3482098a133a616bc7742 (127.1.34.129:35311), 40d0efa70d994bed8ce9ad743d4cd2dc (127.1.34.130:34013)
I20260710 11:12:04.262746  2283 tablet_service.cc:1917] Received RequestConsensusVote() RPC: tablet_id: "210d872f114d44cf89f6a2b0121cab68" candidate_uuid: "2d8e426bb6da452c860cb89a0b7c74c7" candidate_term: 1 candidate_status { last_received { term: 0 index: 0 } } ignore_live_leader: false dest_uuid: "3537d07cdfc3482098a133a616bc7742" is_pre_election: true
I20260710 11:12:04.263926  2431 raft_consensus.cc:2468] T 1b6c7c5ff15e48e0bed611e0b2f971a8 P 2d8e426bb6da452c860cb89a0b7c74c7 [term 1 FOLLOWER]: Leader election vote request: Granting yes vote for candidate 40d0efa70d994bed8ce9ad743d4cd2dc in term 1.
I20260710 11:12:04.262030  2280 tablet_service.cc:1917] Received RequestConsensusVote() RPC: tablet_id: "ed78ef998aae4057a05f8a85576321b2" candidate_uuid: "40d0efa70d994bed8ce9ad743d4cd2dc" candidate_term: 1 candidate_status { last_received { term: 0 index: 0 } } ignore_live_leader: false dest_uuid: "3537d07cdfc3482098a133a616bc7742" is_pre_election: true
I20260710 11:12:04.266973  2280 raft_consensus.cc:2468] T ed78ef998aae4057a05f8a85576321b2 P 3537d07cdfc3482098a133a616bc7742 [term 0 FOLLOWER]: Leader pre-election vote request: Granting yes vote for candidate 40d0efa70d994bed8ce9ad743d4cd2dc in term 0.
I20260710 11:12:04.274245  2431 raft_consensus.cc:3060] T 210d872f114d44cf89f6a2b0121cab68 P 2d8e426bb6da452c860cb89a0b7c74c7 [term 0 FOLLOWER]: Advancing to term 1
I20260710 11:12:04.275136  2521 raft_consensus.cc:515] T ed78ef998aae4057a05f8a85576321b2 P 40d0efa70d994bed8ce9ad743d4cd2dc [term 1 FOLLOWER]: Starting leader election with config: opid_index: -1 OBSOLETE_local: false peers { permanent_uuid: "3537d07cdfc3482098a133a616bc7742" member_type: VOTER last_known_addr { host: "127.1.34.129" port: 35311 } } peers { permanent_uuid: "40d0efa70d994bed8ce9ad743d4cd2dc" member_type: VOTER last_known_addr { host: "127.1.34.130" port: 34013 } } peers { permanent_uuid: "2d8e426bb6da452c860cb89a0b7c74c7" member_type: VOTER last_known_addr { host: "127.1.34.131" port: 38833 } }
I20260710 11:12:04.282621  2359 tablet_service.cc:1917] Received RequestConsensusVote() RPC: tablet_id: "210d872f114d44cf89f6a2b0121cab68" candidate_uuid: "2d8e426bb6da452c860cb89a0b7c74c7" candidate_term: 1 candidate_status { last_received { term: 0 index: 0 } } ignore_live_leader: false dest_uuid: "40d0efa70d994bed8ce9ad743d4cd2dc" is_pre_election: true
I20260710 11:12:04.283751  2654 consensus_queue.cc:1048] T 210d872f114d44cf89f6a2b0121cab68 P 40d0efa70d994bed8ce9ad743d4cd2dc [LEADER]: Connected to new peer: Peer: permanent_uuid: "2d8e426bb6da452c860cb89a0b7c74c7" member_type: VOTER last_known_addr { host: "127.1.34.131" port: 38833 }, Status: LMP_MISMATCH, Last received: 0.0, Next index: 1, Last known committed idx: 0, Time since last communication: 0.000s
I20260710 11:12:04.285709  2285 tablet_service.cc:1917] Received RequestConsensusVote() RPC: tablet_id: "ed78ef998aae4057a05f8a85576321b2" candidate_uuid: "40d0efa70d994bed8ce9ad743d4cd2dc" candidate_term: 1 candidate_status { last_received { term: 0 index: 0 } } ignore_live_leader: false dest_uuid: "3537d07cdfc3482098a133a616bc7742"
I20260710 11:12:04.286414  2285 raft_consensus.cc:3060] T ed78ef998aae4057a05f8a85576321b2 P 3537d07cdfc3482098a133a616bc7742 [term 0 FOLLOWER]: Advancing to term 1
I20260710 11:12:04.291754  2285 raft_consensus.cc:2468] T ed78ef998aae4057a05f8a85576321b2 P 3537d07cdfc3482098a133a616bc7742 [term 1 FOLLOWER]: Leader election vote request: Granting yes vote for candidate 40d0efa70d994bed8ce9ad743d4cd2dc in term 1.
I20260710 11:12:04.300235  2325 leader_election.cc:304] T ed78ef998aae4057a05f8a85576321b2 P 40d0efa70d994bed8ce9ad743d4cd2dc [CANDIDATE]: Term 1 election: Election decided. Result: candidate won. Election summary: received 2 responses out of 3 voters: 2 yes votes; 0 no votes. yes voters: 3537d07cdfc3482098a133a616bc7742, 40d0efa70d994bed8ce9ad743d4cd2dc; no voters: 
I20260710 11:12:04.301343  2650 raft_consensus.cc:2804] T ed78ef998aae4057a05f8a85576321b2 P 40d0efa70d994bed8ce9ad743d4cd2dc [term 1 FOLLOWER]: Leader election won for term 1
I20260710 11:12:04.301916  2650 raft_consensus.cc:697] T ed78ef998aae4057a05f8a85576321b2 P 40d0efa70d994bed8ce9ad743d4cd2dc [term 1 LEADER]: Becoming Leader. State: Replica: 40d0efa70d994bed8ce9ad743d4cd2dc, State: Running, Role: LEADER
I20260710 11:12:04.302860  2650 consensus_queue.cc:237] T ed78ef998aae4057a05f8a85576321b2 P 40d0efa70d994bed8ce9ad743d4cd2dc [LEADER]: Queue going to LEADER mode. State: All replicated index: 0, Majority replicated index: 0, Committed index: 0, Last appended: 0.0, Last appended by leader: 0, Current term: 1, Majority size: 2, State: 0, Mode: LEADER, active raft config: opid_index: -1 OBSOLETE_local: false peers { permanent_uuid: "3537d07cdfc3482098a133a616bc7742" member_type: VOTER last_known_addr { host: "127.1.34.129" port: 35311 } } peers { permanent_uuid: "40d0efa70d994bed8ce9ad743d4cd2dc" member_type: VOTER last_known_addr { host: "127.1.34.130" port: 34013 } } peers { permanent_uuid: "2d8e426bb6da452c860cb89a0b7c74c7" member_type: VOTER last_known_addr { host: "127.1.34.131" port: 38833 } }
I20260710 11:12:04.305172  2521 leader_election.cc:290] T ed78ef998aae4057a05f8a85576321b2 P 40d0efa70d994bed8ce9ad743d4cd2dc [CANDIDATE]: Term 1 election: Requested vote from peers 3537d07cdfc3482098a133a616bc7742 (127.1.34.129:35311), 2d8e426bb6da452c860cb89a0b7c74c7 (127.1.34.131:38833)
I20260710 11:12:04.305418  2432 tablet_service.cc:1917] Received RequestConsensusVote() RPC: tablet_id: "ed78ef998aae4057a05f8a85576321b2" candidate_uuid: "40d0efa70d994bed8ce9ad743d4cd2dc" candidate_term: 1 candidate_status { last_received { term: 0 index: 0 } } ignore_live_leader: false dest_uuid: "2d8e426bb6da452c860cb89a0b7c74c7"
I20260710 11:12:04.306155  2432 raft_consensus.cc:3060] T ed78ef998aae4057a05f8a85576321b2 P 2d8e426bb6da452c860cb89a0b7c74c7 [term 0 FOLLOWER]: Advancing to term 1
I20260710 11:12:04.306406  2399 leader_election.cc:304] T 210d872f114d44cf89f6a2b0121cab68 P 2d8e426bb6da452c860cb89a0b7c74c7 [CANDIDATE]: Term 1 pre-election: Election decided. Result: candidate lost. Election summary: received 3 responses out of 3 voters: 1 yes votes; 2 no votes. yes voters: 2d8e426bb6da452c860cb89a0b7c74c7; no voters: 3537d07cdfc3482098a133a616bc7742, 40d0efa70d994bed8ce9ad743d4cd2dc
I20260710 11:12:04.311558  2599 raft_consensus.cc:2749] T 210d872f114d44cf89f6a2b0121cab68 P 2d8e426bb6da452c860cb89a0b7c74c7 [term 1 FOLLOWER]: Leader pre-election lost for term 1. Reason: could not achieve majority
I20260710 11:12:04.310739  2182 catalog_manager.cc:5697] T 1b6c7c5ff15e48e0bed611e0b2f971a8 P 40d0efa70d994bed8ce9ad743d4cd2dc reported cstate change: term changed from 0 to 1, leader changed from <none> to 40d0efa70d994bed8ce9ad743d4cd2dc (127.1.34.130). New cstate: current_term: 1 leader_uuid: "40d0efa70d994bed8ce9ad743d4cd2dc" committed_config { opid_index: -1 OBSOLETE_local: false peers { permanent_uuid: "3537d07cdfc3482098a133a616bc7742" member_type: VOTER last_known_addr { host: "127.1.34.129" port: 35311 } health_report { overall_health: UNKNOWN } } peers { permanent_uuid: "40d0efa70d994bed8ce9ad743d4cd2dc" member_type: VOTER last_known_addr { host: "127.1.34.130" port: 34013 } health_report { overall_health: HEALTHY } } peers { permanent_uuid: "2d8e426bb6da452c860cb89a0b7c74c7" member_type: VOTER last_known_addr { host: "127.1.34.131" port: 38833 } health_report { overall_health: UNKNOWN } } }
I20260710 11:12:04.319029  2432 raft_consensus.cc:2468] T ed78ef998aae4057a05f8a85576321b2 P 2d8e426bb6da452c860cb89a0b7c74c7 [term 1 FOLLOWER]: Leader election vote request: Granting yes vote for candidate 40d0efa70d994bed8ce9ad743d4cd2dc in term 1.
I20260710 11:12:04.327373  2599 consensus_queue.cc:1048] T fbbca02e4fb147cfb825985abbaec01f P 2d8e426bb6da452c860cb89a0b7c74c7 [LEADER]: Connected to new peer: Peer: permanent_uuid: "3537d07cdfc3482098a133a616bc7742" member_type: VOTER last_known_addr { host: "127.1.34.129" port: 35311 }, Status: LMP_MISMATCH, Last received: 0.0, Next index: 1, Last known committed idx: 0, Time since last communication: 0.000s
I20260710 11:12:04.333936  2359 raft_consensus.cc:3060] T de554fec9fb6427cbe72bbabf6361701 P 40d0efa70d994bed8ce9ad743d4cd2dc [term 0 FOLLOWER]: Advancing to term 1
I20260710 11:12:04.334687  2182 catalog_manager.cc:5697] T ed78ef998aae4057a05f8a85576321b2 P 40d0efa70d994bed8ce9ad743d4cd2dc reported cstate change: term changed from 0 to 1, leader changed from <none> to 40d0efa70d994bed8ce9ad743d4cd2dc (127.1.34.130). New cstate: current_term: 1 leader_uuid: "40d0efa70d994bed8ce9ad743d4cd2dc" committed_config { opid_index: -1 OBSOLETE_local: false peers { permanent_uuid: "3537d07cdfc3482098a133a616bc7742" member_type: VOTER last_known_addr { host: "127.1.34.129" port: 35311 } health_report { overall_health: UNKNOWN } } peers { permanent_uuid: "40d0efa70d994bed8ce9ad743d4cd2dc" member_type: VOTER last_known_addr { host: "127.1.34.130" port: 34013 } health_report { overall_health: HEALTHY } } peers { permanent_uuid: "2d8e426bb6da452c860cb89a0b7c74c7" member_type: VOTER last_known_addr { host: "127.1.34.131" port: 38833 } health_report { overall_health: UNKNOWN } } }
I20260710 11:12:04.344467  2556 consensus_queue.cc:1048] T fbbca02e4fb147cfb825985abbaec01f P 2d8e426bb6da452c860cb89a0b7c74c7 [LEADER]: Connected to new peer: Peer: permanent_uuid: "40d0efa70d994bed8ce9ad743d4cd2dc" member_type: VOTER last_known_addr { host: "127.1.34.130" port: 34013 }, Status: LMP_MISMATCH, Last received: 0.0, Next index: 1, Last known committed idx: 0, Time since last communication: 0.001s
I20260710 11:12:04.425974  1162 file_cache.cc:504] Constructed file cache file cache with capacity 419430
W20260710 11:12:04.432790  2662 instance_detector.cc:116] could not retrieve AWS instance metadata: Network error: curl error: HTTP response code said error: The requested URL returned error: 404
W20260710 11:12:04.434612  2663 instance_detector.cc:116] could not retrieve Azure instance metadata: Network error: curl error: HTTP response code said error: The requested URL returned error: 404
W20260710 11:12:04.434895  2665 instance_detector.cc:116] could not retrieve OpenStack instance metadata: Network error: curl error: HTTP response code said error: The requested URL returned error: 404
I20260710 11:12:04.435729  1162 server_base.cc:1061] running on GCE node
I20260710 11:12:04.436971  1162 hybrid_clock.cc:584] initializing the hybrid clock with 'system_unsync' time source
W20260710 11:12:04.437407  1162 system_unsync_time.cc:38] NTP support is disabled. Clock error bounds will not be accurate. This configuration is not suitable for distributed clusters.
I20260710 11:12:04.437638  1162 hybrid_clock.cc:648] HybridClock initialized: now 1783681924437617 us; error 0 us; skew 500 ppm
I20260710 11:12:04.438378  1162 server_base.cc:861] Flag tcmalloc_max_total_thread_cache_bytes is not working since tcmalloc is not enabled.
I20260710 11:12:04.442032  1162 webserver.cc:533] Webserver started at http://127.1.34.132:32829/ using document root <none> and password file <none>
I20260710 11:12:04.442631  1162 fs_manager.cc:362] Metadata directory not provided
I20260710 11:12:04.442873  1162 fs_manager.cc:368] Using write-ahead log directory (fs_wal_dir) as metadata directory
I20260710 11:12:04.443184  1162 server_base.cc:909] This appears to be a new deployment of Kudu; creating new FS layout
I20260710 11:12:04.444815  1162 fs_manager.cc:1068] Generated new instance metadata in path /tmp/dist-test-taskinQpSm/test-tmp/auto_leader_rebalancer-test.0.LeaderRebalancerTest.AddTserver.1783681896846315-1162-0/minicluster-data/ts-3-root/instance:
uuid: "1d061cf1af0c416184f428336aea1ad6"
format_stamp: "Formatted at 2026-07-10 11:12:04 on dist-test-slave-7vz2"
I20260710 11:12:04.450109  1162 fs_manager.cc:696] Time spent creating directory manager: real 0.005s	user 0.002s	sys 0.003s
I20260710 11:12:04.454281  2670 log_block_manager.cc:4127] Time spent loading block containers with low live blocks: real 0.000s	user 0.000s	sys 0.000s
I20260710 11:12:04.455530  1162 fs_manager.cc:730] Time spent opening block manager: real 0.003s	user 0.003s	sys 0.001s
I20260710 11:12:04.455910  1162 fs_manager.cc:647] Opened local filesystem: /tmp/dist-test-taskinQpSm/test-tmp/auto_leader_rebalancer-test.0.LeaderRebalancerTest.AddTserver.1783681896846315-1162-0/minicluster-data/ts-3-root
uuid: "1d061cf1af0c416184f428336aea1ad6"
format_stamp: "Formatted at 2026-07-10 11:12:04 on dist-test-slave-7vz2"
I20260710 11:12:04.456357  1162 fs_report.cc:389] FS layout report
--------------------
wal directory: /tmp/dist-test-taskinQpSm/test-tmp/auto_leader_rebalancer-test.0.LeaderRebalancerTest.AddTserver.1783681896846315-1162-0/minicluster-data/ts-3-root
metadata directory: /tmp/dist-test-taskinQpSm/test-tmp/auto_leader_rebalancer-test.0.LeaderRebalancerTest.AddTserver.1783681896846315-1162-0/minicluster-data/ts-3-root
1 data directories: /tmp/dist-test-taskinQpSm/test-tmp/auto_leader_rebalancer-test.0.LeaderRebalancerTest.AddTserver.1783681896846315-1162-0/minicluster-data/ts-3-root/data
Total live blocks: 0
Total live bytes: 0
Total live bytes (after alignment): 0
Total number of LBM containers: 0 (0 full)
Did not check for missing blocks
Did not check for orphaned blocks
Total full LBM containers with extra space: 0 (0 repaired)
Total full LBM container extra space in bytes: 0 (0 repaired)
Total incomplete LBM containers: 0 (0 repaired)
Total LBM partial records: 0 (0 repaired)
Total corrupted LBM metadata records in RocksDB: 0 (0 repaired)
I20260710 11:12:04.484105  1162 rpc_server.cc:225] running with OpenSSL 1.1.1  11 Sep 2018
I20260710 11:12:04.485553  1162 kserver.cc:163] Server-wide thread pool size limit: 3276
I20260710 11:12:04.486915  1162 txn_system_client.cc:432] TxnSystemClient initialization is disabled...
I20260710 11:12:04.489427  1162 ts_tablet_manager.cc:585] Loaded tablet metadata (0 total tablets, 0 live tablets)
I20260710 11:12:04.489672  1162 ts_tablet_manager.cc:531] Time spent load tablet metadata: real 0.000s	user 0.000s	sys 0.000s
I20260710 11:12:04.489944  1162 ts_tablet_manager.cc:616] Registered 0 tablets
I20260710 11:12:04.490118  1162 ts_tablet_manager.cc:595] Time spent register tablets: real 0.000s	user 0.000s	sys 0.000s
I20260710 11:12:04.510334  2583 consensus_queue.cc:1048] T e1af71cbcd2b4a9e961ac946ee2fd11a P 3537d07cdfc3482098a133a616bc7742 [LEADER]: Connected to new peer: Peer: permanent_uuid: "40d0efa70d994bed8ce9ad743d4cd2dc" member_type: VOTER last_known_addr { host: "127.1.34.130" port: 34013 }, Status: LMP_MISMATCH, Last received: 0.0, Next index: 1, Last known committed idx: 0, Time since last communication: 0.001s
I20260710 11:12:04.532967  2509 consensus_queue.cc:1048] T e1af71cbcd2b4a9e961ac946ee2fd11a P 3537d07cdfc3482098a133a616bc7742 [LEADER]: Connected to new peer: Peer: permanent_uuid: "2d8e426bb6da452c860cb89a0b7c74c7" member_type: VOTER last_known_addr { host: "127.1.34.131" port: 38833 }, Status: LMP_MISMATCH, Last received: 0.0, Next index: 1, Last known committed idx: 0, Time since last communication: 0.000s
