I20260710 10:59:55.505311 10879 auto_leader_rebalancer.cc:452] table: test-workload, leader rebalance finish, leader transfer count: 5
I20260710 10:59:55.505707 10879 auto_leader_rebalancer.cc:527] All tables' leader rebalancing finished this round
I20260710 10:59:55.704752 11330 raft_consensus.cc:993] T 0c0c73554a90446f88bd5bbcf0540750 P 3cbe509e0bb744d08afbceb8f12ed8dd: : Instructing follower 122c00076acc4576a05e6eabba83e0bb to start an election
I20260710 10:59:55.705257 11342 raft_consensus.cc:1081] T 0c0c73554a90446f88bd5bbcf0540750 P 3cbe509e0bb744d08afbceb8f12ed8dd [term 4 LEADER]: Signalling peer 122c00076acc4576a05e6eabba83e0bb to start an election
I20260710 10:59:55.706595 11013 tablet_service.cc:2044] Received Run Leader Election RPC: tablet_id: "0c0c73554a90446f88bd5bbcf0540750"
dest_uuid: "122c00076acc4576a05e6eabba83e0bb"
 from {username='slave'} at 127.0.0.1:57306
I20260710 10:59:55.706996 11013 raft_consensus.cc:493] T 0c0c73554a90446f88bd5bbcf0540750 P 122c00076acc4576a05e6eabba83e0bb [term 4 FOLLOWER]: Starting forced leader election (received explicit request)
I20260710 10:59:55.707245 11013 raft_consensus.cc:3060] T 0c0c73554a90446f88bd5bbcf0540750 P 122c00076acc4576a05e6eabba83e0bb [term 4 FOLLOWER]: Advancing to term 5
I20260710 10:59:55.712438 11013 raft_consensus.cc:515] T 0c0c73554a90446f88bd5bbcf0540750 P 122c00076acc4576a05e6eabba83e0bb [term 5 FOLLOWER]: Starting forced leader election with config: opid_index: -1 OBSOLETE_local: false peers { permanent_uuid: "122c00076acc4576a05e6eabba83e0bb" member_type: VOTER last_known_addr { host: "127.10.159.193" port: 41923 } } peers { permanent_uuid: "3cbe509e0bb744d08afbceb8f12ed8dd" member_type: VOTER last_known_addr { host: "127.10.159.194" port: 43891 } } peers { permanent_uuid: "88fbccf3663749b6a945b02c574e89c0" member_type: VOTER last_known_addr { host: "127.10.159.195" port: 36409 } }
I20260710 10:59:55.713940 11013 leader_election.cc:290] T 0c0c73554a90446f88bd5bbcf0540750 P 122c00076acc4576a05e6eabba83e0bb [CANDIDATE]: Term 5 election: Requested vote from peers 3cbe509e0bb744d08afbceb8f12ed8dd (127.10.159.194:43891), 88fbccf3663749b6a945b02c574e89c0 (127.10.159.195:36409)
I20260710 10:59:55.714664 11089 tablet_service.cc:1917] Received RequestConsensusVote() RPC: tablet_id: "0c0c73554a90446f88bd5bbcf0540750" candidate_uuid: "122c00076acc4576a05e6eabba83e0bb" candidate_term: 5 candidate_status { last_received { term: 4 index: 4 } } ignore_live_leader: true dest_uuid: "3cbe509e0bb744d08afbceb8f12ed8dd"
I20260710 10:59:55.715281 11089 raft_consensus.cc:3055] T 0c0c73554a90446f88bd5bbcf0540750 P 3cbe509e0bb744d08afbceb8f12ed8dd [term 4 LEADER]: Stepping down as leader of term 4
I20260710 10:59:55.715309 11161 tablet_service.cc:1917] Received RequestConsensusVote() RPC: tablet_id: "0c0c73554a90446f88bd5bbcf0540750" candidate_uuid: "122c00076acc4576a05e6eabba83e0bb" candidate_term: 5 candidate_status { last_received { term: 4 index: 4 } } ignore_live_leader: true dest_uuid: "88fbccf3663749b6a945b02c574e89c0"
I20260710 10:59:55.715538 11089 raft_consensus.cc:740] T 0c0c73554a90446f88bd5bbcf0540750 P 3cbe509e0bb744d08afbceb8f12ed8dd [term 4 LEADER]: Becoming Follower/Learner. State: Replica: 3cbe509e0bb744d08afbceb8f12ed8dd, State: Running, Role: LEADER
I20260710 10:59:55.715811 11161 raft_consensus.cc:3060] T 0c0c73554a90446f88bd5bbcf0540750 P 88fbccf3663749b6a945b02c574e89c0 [term 4 FOLLOWER]: Advancing to term 5
I20260710 10:59:55.716226 11089 consensus_queue.cc:260] T 0c0c73554a90446f88bd5bbcf0540750 P 3cbe509e0bb744d08afbceb8f12ed8dd [NON_LEADER]: Queue going to NON_LEADER mode. State: All replicated index: 0, Majority replicated index: 4, Committed index: 4, Last appended: 4.4, Last appended by leader: 4, Current term: 4, Majority size: -1, State: 0, Mode: NON_LEADER, active raft config: opid_index: -1 OBSOLETE_local: false peers { permanent_uuid: "122c00076acc4576a05e6eabba83e0bb" member_type: VOTER last_known_addr { host: "127.10.159.193" port: 41923 } } peers { permanent_uuid: "3cbe509e0bb744d08afbceb8f12ed8dd" member_type: VOTER last_known_addr { host: "127.10.159.194" port: 43891 } } peers { permanent_uuid: "88fbccf3663749b6a945b02c574e89c0" member_type: VOTER last_known_addr { host: "127.10.159.195" port: 36409 } }
I20260710 10:59:55.717330 11089 raft_consensus.cc:3060] T 0c0c73554a90446f88bd5bbcf0540750 P 3cbe509e0bb744d08afbceb8f12ed8dd [term 4 FOLLOWER]: Advancing to term 5
I20260710 10:59:55.720382 11161 raft_consensus.cc:2468] T 0c0c73554a90446f88bd5bbcf0540750 P 88fbccf3663749b6a945b02c574e89c0 [term 5 FOLLOWER]: Leader election vote request: Granting yes vote for candidate 122c00076acc4576a05e6eabba83e0bb in term 5.
I20260710 10:59:55.721366 11089 raft_consensus.cc:2468] T 0c0c73554a90446f88bd5bbcf0540750 P 3cbe509e0bb744d08afbceb8f12ed8dd [term 5 FOLLOWER]: Leader election vote request: Granting yes vote for candidate 122c00076acc4576a05e6eabba83e0bb in term 5.
I20260710 10:59:55.721580 10978 leader_election.cc:304] T 0c0c73554a90446f88bd5bbcf0540750 P 122c00076acc4576a05e6eabba83e0bb [CANDIDATE]: Term 5 election: Election decided. Result: candidate won. Election summary: received 2 responses out of 3 voters: 2 yes votes; 0 no votes. yes voters: 122c00076acc4576a05e6eabba83e0bb, 88fbccf3663749b6a945b02c574e89c0; no voters: 
I20260710 10:59:55.723027 11343 raft_consensus.cc:2804] T 0c0c73554a90446f88bd5bbcf0540750 P 122c00076acc4576a05e6eabba83e0bb [term 5 FOLLOWER]: Leader election won for term 5
I20260710 10:59:55.723774 11343 raft_consensus.cc:697] T 0c0c73554a90446f88bd5bbcf0540750 P 122c00076acc4576a05e6eabba83e0bb [term 5 LEADER]: Becoming Leader. State: Replica: 122c00076acc4576a05e6eabba83e0bb, State: Running, Role: LEADER
I20260710 10:59:55.724525 11343 consensus_queue.cc:237] T 0c0c73554a90446f88bd5bbcf0540750 P 122c00076acc4576a05e6eabba83e0bb [LEADER]: Queue going to LEADER mode. State: All replicated index: 0, Majority replicated index: 4, Committed index: 4, Last appended: 4.4, Last appended by leader: 4, Current term: 5, Majority size: 2, State: 0, Mode: LEADER, active raft config: opid_index: -1 OBSOLETE_local: false peers { permanent_uuid: "122c00076acc4576a05e6eabba83e0bb" member_type: VOTER last_known_addr { host: "127.10.159.193" port: 41923 } } peers { permanent_uuid: "3cbe509e0bb744d08afbceb8f12ed8dd" member_type: VOTER last_known_addr { host: "127.10.159.194" port: 43891 } } peers { permanent_uuid: "88fbccf3663749b6a945b02c574e89c0" member_type: VOTER last_known_addr { host: "127.10.159.195" port: 36409 } }
I20260710 10:59:55.730719 10908 catalog_manager.cc:5697] T 0c0c73554a90446f88bd5bbcf0540750 P 122c00076acc4576a05e6eabba83e0bb reported cstate change: term changed from 4 to 5, leader changed from 3cbe509e0bb744d08afbceb8f12ed8dd (127.10.159.194) to 122c00076acc4576a05e6eabba83e0bb (127.10.159.193). New cstate: current_term: 5 leader_uuid: "122c00076acc4576a05e6eabba83e0bb" committed_config { opid_index: -1 OBSOLETE_local: false peers { permanent_uuid: "122c00076acc4576a05e6eabba83e0bb" member_type: VOTER last_known_addr { host: "127.10.159.193" port: 41923 } health_report { overall_health: HEALTHY } } peers { permanent_uuid: "3cbe509e0bb744d08afbceb8f12ed8dd" member_type: VOTER last_known_addr { host: "127.10.159.194" port: 43891 } health_report { overall_health: UNKNOWN } } peers { permanent_uuid: "88fbccf3663749b6a945b02c574e89c0" member_type: VOTER last_known_addr { host: "127.10.159.195" port: 36409 } health_report { overall_health: UNKNOWN } } }
I20260710 10:59:55.814810 11330 raft_consensus.cc:993] T 2347d321c96e4019a0c4fee8cc5512cb P 3cbe509e0bb744d08afbceb8f12ed8dd: : Instructing follower 88fbccf3663749b6a945b02c574e89c0 to start an election
I20260710 10:59:55.815228 11342 raft_consensus.cc:1081] T 2347d321c96e4019a0c4fee8cc5512cb P 3cbe509e0bb744d08afbceb8f12ed8dd [term 1 LEADER]: Signalling peer 88fbccf3663749b6a945b02c574e89c0 to start an election
I20260710 10:59:55.816618 11161 tablet_service.cc:2044] Received Run Leader Election RPC: tablet_id: "2347d321c96e4019a0c4fee8cc5512cb"
dest_uuid: "88fbccf3663749b6a945b02c574e89c0"
 from {username='slave'} at 127.0.0.1:51766
I20260710 10:59:55.817090 11161 raft_consensus.cc:493] T 2347d321c96e4019a0c4fee8cc5512cb P 88fbccf3663749b6a945b02c574e89c0 [term 1 FOLLOWER]: Starting forced leader election (received explicit request)
I20260710 10:59:55.817364 11161 raft_consensus.cc:3060] T 2347d321c96e4019a0c4fee8cc5512cb P 88fbccf3663749b6a945b02c574e89c0 [term 1 FOLLOWER]: Advancing to term 2
I20260710 10:59:55.821488 11161 raft_consensus.cc:515] T 2347d321c96e4019a0c4fee8cc5512cb P 88fbccf3663749b6a945b02c574e89c0 [term 2 FOLLOWER]: Starting forced leader election with config: opid_index: -1 OBSOLETE_local: false peers { permanent_uuid: "122c00076acc4576a05e6eabba83e0bb" member_type: VOTER last_known_addr { host: "127.10.159.193" port: 41923 } } peers { permanent_uuid: "3cbe509e0bb744d08afbceb8f12ed8dd" member_type: VOTER last_known_addr { host: "127.10.159.194" port: 43891 } } peers { permanent_uuid: "88fbccf3663749b6a945b02c574e89c0" member_type: VOTER last_known_addr { host: "127.10.159.195" port: 36409 } }
I20260710 10:59:55.823035 11161 leader_election.cc:290] T 2347d321c96e4019a0c4fee8cc5512cb P 88fbccf3663749b6a945b02c574e89c0 [CANDIDATE]: Term 2 election: Requested vote from peers 122c00076acc4576a05e6eabba83e0bb (127.10.159.193:41923), 3cbe509e0bb744d08afbceb8f12ed8dd (127.10.159.194:43891)
I20260710 10:59:55.823861 11013 tablet_service.cc:1917] Received RequestConsensusVote() RPC: tablet_id: "2347d321c96e4019a0c4fee8cc5512cb" candidate_uuid: "88fbccf3663749b6a945b02c574e89c0" candidate_term: 2 candidate_status { last_received { term: 1 index: 1 } } ignore_live_leader: true dest_uuid: "122c00076acc4576a05e6eabba83e0bb"
I20260710 10:59:55.823982 11089 tablet_service.cc:1917] Received RequestConsensusVote() RPC: tablet_id: "2347d321c96e4019a0c4fee8cc5512cb" candidate_uuid: "88fbccf3663749b6a945b02c574e89c0" candidate_term: 2 candidate_status { last_received { term: 1 index: 1 } } ignore_live_leader: true dest_uuid: "3cbe509e0bb744d08afbceb8f12ed8dd"
I20260710 10:59:55.824330 11013 raft_consensus.cc:3060] T 2347d321c96e4019a0c4fee8cc5512cb P 122c00076acc4576a05e6eabba83e0bb [term 1 FOLLOWER]: Advancing to term 2
I20260710 10:59:55.824465 11089 raft_consensus.cc:3055] T 2347d321c96e4019a0c4fee8cc5512cb P 3cbe509e0bb744d08afbceb8f12ed8dd [term 1 LEADER]: Stepping down as leader of term 1
I20260710 10:59:55.824728 11089 raft_consensus.cc:740] T 2347d321c96e4019a0c4fee8cc5512cb P 3cbe509e0bb744d08afbceb8f12ed8dd [term 1 LEADER]: Becoming Follower/Learner. State: Replica: 3cbe509e0bb744d08afbceb8f12ed8dd, State: Running, Role: LEADER
I20260710 10:59:55.825309 11089 consensus_queue.cc:260] T 2347d321c96e4019a0c4fee8cc5512cb P 3cbe509e0bb744d08afbceb8f12ed8dd [NON_LEADER]: Queue going to NON_LEADER mode. State: All replicated index: 0, Majority replicated index: 1, Committed index: 1, Last appended: 1.1, Last appended by leader: 1, Current term: 1, Majority size: -1, State: 0, Mode: NON_LEADER, active raft config: opid_index: -1 OBSOLETE_local: false peers { permanent_uuid: "122c00076acc4576a05e6eabba83e0bb" member_type: VOTER last_known_addr { host: "127.10.159.193" port: 41923 } } peers { permanent_uuid: "3cbe509e0bb744d08afbceb8f12ed8dd" member_type: VOTER last_known_addr { host: "127.10.159.194" port: 43891 } } peers { permanent_uuid: "88fbccf3663749b6a945b02c574e89c0" member_type: VOTER last_known_addr { host: "127.10.159.195" port: 36409 } }
I20260710 10:59:55.826092 11089 raft_consensus.cc:3060] T 2347d321c96e4019a0c4fee8cc5512cb P 3cbe509e0bb744d08afbceb8f12ed8dd [term 1 FOLLOWER]: Advancing to term 2
I20260710 10:59:55.828248 11013 raft_consensus.cc:2468] T 2347d321c96e4019a0c4fee8cc5512cb P 122c00076acc4576a05e6eabba83e0bb [term 2 FOLLOWER]: Leader election vote request: Granting yes vote for candidate 88fbccf3663749b6a945b02c574e89c0 in term 2.
I20260710 10:59:55.829275 11128 leader_election.cc:304] T 2347d321c96e4019a0c4fee8cc5512cb P 88fbccf3663749b6a945b02c574e89c0 [CANDIDATE]: Term 2 election: Election decided. Result: candidate won. Election summary: received 2 responses out of 3 voters: 2 yes votes; 0 no votes. yes voters: 122c00076acc4576a05e6eabba83e0bb, 88fbccf3663749b6a945b02c574e89c0; no voters: 
I20260710 10:59:55.829851 11089 raft_consensus.cc:2468] T 2347d321c96e4019a0c4fee8cc5512cb P 3cbe509e0bb744d08afbceb8f12ed8dd [term 2 FOLLOWER]: Leader election vote request: Granting yes vote for candidate 88fbccf3663749b6a945b02c574e89c0 in term 2.
I20260710 10:59:55.830039 11304 raft_consensus.cc:2804] T 2347d321c96e4019a0c4fee8cc5512cb P 88fbccf3663749b6a945b02c574e89c0 [term 2 FOLLOWER]: Leader election won for term 2
I20260710 10:59:55.831104 11304 raft_consensus.cc:697] T 2347d321c96e4019a0c4fee8cc5512cb P 88fbccf3663749b6a945b02c574e89c0 [term 2 LEADER]: Becoming Leader. State: Replica: 88fbccf3663749b6a945b02c574e89c0, State: Running, Role: LEADER
I20260710 10:59:55.831732 11304 consensus_queue.cc:237] T 2347d321c96e4019a0c4fee8cc5512cb P 88fbccf3663749b6a945b02c574e89c0 [LEADER]: Queue going to LEADER mode. State: All replicated index: 0, Majority replicated index: 1, Committed index: 1, Last appended: 1.1, Last appended by leader: 1, Current term: 2, Majority size: 2, State: 0, Mode: LEADER, active raft config: opid_index: -1 OBSOLETE_local: false peers { permanent_uuid: "122c00076acc4576a05e6eabba83e0bb" member_type: VOTER last_known_addr { host: "127.10.159.193" port: 41923 } } peers { permanent_uuid: "3cbe509e0bb744d08afbceb8f12ed8dd" member_type: VOTER last_known_addr { host: "127.10.159.194" port: 43891 } } peers { permanent_uuid: "88fbccf3663749b6a945b02c574e89c0" member_type: VOTER last_known_addr { host: "127.10.159.195" port: 36409 } }
I20260710 10:59:55.837842 10908 catalog_manager.cc:5697] T 2347d321c96e4019a0c4fee8cc5512cb P 88fbccf3663749b6a945b02c574e89c0 reported cstate change: term changed from 1 to 2, leader changed from 3cbe509e0bb744d08afbceb8f12ed8dd (127.10.159.194) to 88fbccf3663749b6a945b02c574e89c0 (127.10.159.195). New cstate: current_term: 2 leader_uuid: "88fbccf3663749b6a945b02c574e89c0" committed_config { opid_index: -1 OBSOLETE_local: false peers { permanent_uuid: "122c00076acc4576a05e6eabba83e0bb" member_type: VOTER last_known_addr { host: "127.10.159.193" port: 41923 } health_report { overall_health: UNKNOWN } } peers { permanent_uuid: "3cbe509e0bb744d08afbceb8f12ed8dd" member_type: VOTER last_known_addr { host: "127.10.159.194" port: 43891 } health_report { overall_health: UNKNOWN } } peers { permanent_uuid: "88fbccf3663749b6a945b02c574e89c0" member_type: VOTER last_known_addr { host: "127.10.159.195" port: 36409 } health_report { overall_health: HEALTHY } } }
I20260710 10:59:55.855376 11342 raft_consensus.cc:993] T 954c2b44c3df41e7918d43ef5f8605fa P 3cbe509e0bb744d08afbceb8f12ed8dd: : Instructing follower 122c00076acc4576a05e6eabba83e0bb to start an election
I20260710 10:59:55.855767 11342 raft_consensus.cc:1081] T 954c2b44c3df41e7918d43ef5f8605fa P 3cbe509e0bb744d08afbceb8f12ed8dd [term 3 LEADER]: Signalling peer 122c00076acc4576a05e6eabba83e0bb to start an election
I20260710 10:59:55.856964 11013 tablet_service.cc:2044] Received Run Leader Election RPC: tablet_id: "954c2b44c3df41e7918d43ef5f8605fa"
dest_uuid: "122c00076acc4576a05e6eabba83e0bb"
 from {username='slave'} at 127.0.0.1:57306
I20260710 10:59:55.857371 11013 raft_consensus.cc:493] T 954c2b44c3df41e7918d43ef5f8605fa P 122c00076acc4576a05e6eabba83e0bb [term 3 FOLLOWER]: Starting forced leader election (received explicit request)
I20260710 10:59:55.857623 11013 raft_consensus.cc:3060] T 954c2b44c3df41e7918d43ef5f8605fa P 122c00076acc4576a05e6eabba83e0bb [term 3 FOLLOWER]: Advancing to term 4
I20260710 10:59:55.861281 11013 raft_consensus.cc:515] T 954c2b44c3df41e7918d43ef5f8605fa P 122c00076acc4576a05e6eabba83e0bb [term 4 FOLLOWER]: Starting forced leader election with config: opid_index: -1 OBSOLETE_local: false peers { permanent_uuid: "122c00076acc4576a05e6eabba83e0bb" member_type: VOTER last_known_addr { host: "127.10.159.193" port: 41923 } } peers { permanent_uuid: "3cbe509e0bb744d08afbceb8f12ed8dd" member_type: VOTER last_known_addr { host: "127.10.159.194" port: 43891 } } peers { permanent_uuid: "88fbccf3663749b6a945b02c574e89c0" member_type: VOTER last_known_addr { host: "127.10.159.195" port: 36409 } }
I20260710 10:59:55.862766 11013 leader_election.cc:290] T 954c2b44c3df41e7918d43ef5f8605fa P 122c00076acc4576a05e6eabba83e0bb [CANDIDATE]: Term 4 election: Requested vote from peers 3cbe509e0bb744d08afbceb8f12ed8dd (127.10.159.194:43891), 88fbccf3663749b6a945b02c574e89c0 (127.10.159.195:36409)
I20260710 10:59:55.863714 11089 tablet_service.cc:1917] Received RequestConsensusVote() RPC: tablet_id: "954c2b44c3df41e7918d43ef5f8605fa" candidate_uuid: "122c00076acc4576a05e6eabba83e0bb" candidate_term: 4 candidate_status { last_received { term: 3 index: 3 } } ignore_live_leader: true dest_uuid: "3cbe509e0bb744d08afbceb8f12ed8dd"
I20260710 10:59:55.863817 11161 tablet_service.cc:1917] Received RequestConsensusVote() RPC: tablet_id: "954c2b44c3df41e7918d43ef5f8605fa" candidate_uuid: "122c00076acc4576a05e6eabba83e0bb" candidate_term: 4 candidate_status { last_received { term: 3 index: 3 } } ignore_live_leader: true dest_uuid: "88fbccf3663749b6a945b02c574e89c0"
I20260710 10:59:55.864270 11089 raft_consensus.cc:3055] T 954c2b44c3df41e7918d43ef5f8605fa P 3cbe509e0bb744d08afbceb8f12ed8dd [term 3 LEADER]: Stepping down as leader of term 3
I20260710 10:59:55.864349 11161 raft_consensus.cc:3060] T 954c2b44c3df41e7918d43ef5f8605fa P 88fbccf3663749b6a945b02c574e89c0 [term 3 FOLLOWER]: Advancing to term 4
I20260710 10:59:55.864596 11089 raft_consensus.cc:740] T 954c2b44c3df41e7918d43ef5f8605fa P 3cbe509e0bb744d08afbceb8f12ed8dd [term 3 LEADER]: Becoming Follower/Learner. State: Replica: 3cbe509e0bb744d08afbceb8f12ed8dd, State: Running, Role: LEADER
I20260710 10:59:55.865351 11089 consensus_queue.cc:260] T 954c2b44c3df41e7918d43ef5f8605fa P 3cbe509e0bb744d08afbceb8f12ed8dd [NON_LEADER]: Queue going to NON_LEADER mode. State: All replicated index: 0, Majority replicated index: 3, Committed index: 3, Last appended: 3.3, Last appended by leader: 3, Current term: 3, Majority size: -1, State: 0, Mode: NON_LEADER, active raft config: opid_index: -1 OBSOLETE_local: false peers { permanent_uuid: "122c00076acc4576a05e6eabba83e0bb" member_type: VOTER last_known_addr { host: "127.10.159.193" port: 41923 } } peers { permanent_uuid: "3cbe509e0bb744d08afbceb8f12ed8dd" member_type: VOTER last_known_addr { host: "127.10.159.194" port: 43891 } } peers { permanent_uuid: "88fbccf3663749b6a945b02c574e89c0" member_type: VOTER last_known_addr { host: "127.10.159.195" port: 36409 } }
I20260710 10:59:55.866442 11089 raft_consensus.cc:3060] T 954c2b44c3df41e7918d43ef5f8605fa P 3cbe509e0bb744d08afbceb8f12ed8dd [term 3 FOLLOWER]: Advancing to term 4
I20260710 10:59:55.870779 11161 raft_consensus.cc:2468] T 954c2b44c3df41e7918d43ef5f8605fa P 88fbccf3663749b6a945b02c574e89c0 [term 4 FOLLOWER]: Leader election vote request: Granting yes vote for candidate 122c00076acc4576a05e6eabba83e0bb in term 4.
I20260710 10:59:55.871834 10978 leader_election.cc:304] T 954c2b44c3df41e7918d43ef5f8605fa P 122c00076acc4576a05e6eabba83e0bb [CANDIDATE]: Term 4 election: Election decided. Result: candidate won. Election summary: received 2 responses out of 3 voters: 2 yes votes; 0 no votes. yes voters: 122c00076acc4576a05e6eabba83e0bb, 88fbccf3663749b6a945b02c574e89c0; no voters: 
I20260710 10:59:55.871999 11089 raft_consensus.cc:2468] T 954c2b44c3df41e7918d43ef5f8605fa P 3cbe509e0bb744d08afbceb8f12ed8dd [term 4 FOLLOWER]: Leader election vote request: Granting yes vote for candidate 122c00076acc4576a05e6eabba83e0bb in term 4.
I20260710 10:59:55.872573 11343 raft_consensus.cc:2804] T 954c2b44c3df41e7918d43ef5f8605fa P 122c00076acc4576a05e6eabba83e0bb [term 4 FOLLOWER]: Leader election won for term 4
I20260710 10:59:55.873008 11343 raft_consensus.cc:697] T 954c2b44c3df41e7918d43ef5f8605fa P 122c00076acc4576a05e6eabba83e0bb [term 4 LEADER]: Becoming Leader. State: Replica: 122c00076acc4576a05e6eabba83e0bb, State: Running, Role: LEADER
I20260710 10:59:55.873728 11343 consensus_queue.cc:237] T 954c2b44c3df41e7918d43ef5f8605fa P 122c00076acc4576a05e6eabba83e0bb [LEADER]: Queue going to LEADER mode. State: All replicated index: 0, Majority replicated index: 3, Committed index: 3, Last appended: 3.3, Last appended by leader: 3, Current term: 4, Majority size: 2, State: 0, Mode: LEADER, active raft config: opid_index: -1 OBSOLETE_local: false peers { permanent_uuid: "122c00076acc4576a05e6eabba83e0bb" member_type: VOTER last_known_addr { host: "127.10.159.193" port: 41923 } } peers { permanent_uuid: "3cbe509e0bb744d08afbceb8f12ed8dd" member_type: VOTER last_known_addr { host: "127.10.159.194" port: 43891 } } peers { permanent_uuid: "88fbccf3663749b6a945b02c574e89c0" member_type: VOTER last_known_addr { host: "127.10.159.195" port: 36409 } }
I20260710 10:59:55.880520 10908 catalog_manager.cc:5697] T 954c2b44c3df41e7918d43ef5f8605fa P 122c00076acc4576a05e6eabba83e0bb reported cstate change: term changed from 3 to 4, leader changed from 3cbe509e0bb744d08afbceb8f12ed8dd (127.10.159.194) to 122c00076acc4576a05e6eabba83e0bb (127.10.159.193). New cstate: current_term: 4 leader_uuid: "122c00076acc4576a05e6eabba83e0bb" committed_config { opid_index: -1 OBSOLETE_local: false peers { permanent_uuid: "122c00076acc4576a05e6eabba83e0bb" member_type: VOTER last_known_addr { host: "127.10.159.193" port: 41923 } health_report { overall_health: HEALTHY } } peers { permanent_uuid: "3cbe509e0bb744d08afbceb8f12ed8dd" member_type: VOTER last_known_addr { host: "127.10.159.194" port: 43891 } health_report { overall_health: UNKNOWN } } peers { permanent_uuid: "88fbccf3663749b6a945b02c574e89c0" member_type: VOTER last_known_addr { host: "127.10.159.195" port: 36409 } health_report { overall_health: UNKNOWN } } }
I20260710 10:59:55.898859 11330 raft_consensus.cc:993] T 1aff7f7de6224d5e9d0264c9361418e5 P 3cbe509e0bb744d08afbceb8f12ed8dd: : Instructing follower 88fbccf3663749b6a945b02c574e89c0 to start an election
I20260710 10:59:55.899245 11342 raft_consensus.cc:1081] T 1aff7f7de6224d5e9d0264c9361418e5 P 3cbe509e0bb744d08afbceb8f12ed8dd [term 3 LEADER]: Signalling peer 88fbccf3663749b6a945b02c574e89c0 to start an election
I20260710 10:59:55.900561 11161 tablet_service.cc:2044] Received Run Leader Election RPC: tablet_id: "1aff7f7de6224d5e9d0264c9361418e5"
dest_uuid: "88fbccf3663749b6a945b02c574e89c0"
 from {username='slave'} at 127.0.0.1:51766
I20260710 10:59:55.900990 11161 raft_consensus.cc:493] T 1aff7f7de6224d5e9d0264c9361418e5 P 88fbccf3663749b6a945b02c574e89c0 [term 3 FOLLOWER]: Starting forced leader election (received explicit request)
I20260710 10:59:55.901244 11161 raft_consensus.cc:3060] T 1aff7f7de6224d5e9d0264c9361418e5 P 88fbccf3663749b6a945b02c574e89c0 [term 3 FOLLOWER]: Advancing to term 4
I20260710 10:59:55.905449 11161 raft_consensus.cc:515] T 1aff7f7de6224d5e9d0264c9361418e5 P 88fbccf3663749b6a945b02c574e89c0 [term 4 FOLLOWER]: Starting forced leader election with config: opid_index: -1 OBSOLETE_local: false peers { permanent_uuid: "122c00076acc4576a05e6eabba83e0bb" member_type: VOTER last_known_addr { host: "127.10.159.193" port: 41923 } } peers { permanent_uuid: "3cbe509e0bb744d08afbceb8f12ed8dd" member_type: VOTER last_known_addr { host: "127.10.159.194" port: 43891 } } peers { permanent_uuid: "88fbccf3663749b6a945b02c574e89c0" member_type: VOTER last_known_addr { host: "127.10.159.195" port: 36409 } }
I20260710 10:59:55.906884 11161 leader_election.cc:290] T 1aff7f7de6224d5e9d0264c9361418e5 P 88fbccf3663749b6a945b02c574e89c0 [CANDIDATE]: Term 4 election: Requested vote from peers 122c00076acc4576a05e6eabba83e0bb (127.10.159.193:41923), 3cbe509e0bb744d08afbceb8f12ed8dd (127.10.159.194:43891)
I20260710 10:59:55.907601 11013 tablet_service.cc:1917] Received RequestConsensusVote() RPC: tablet_id: "1aff7f7de6224d5e9d0264c9361418e5" candidate_uuid: "88fbccf3663749b6a945b02c574e89c0" candidate_term: 4 candidate_status { last_received { term: 3 index: 3 } } ignore_live_leader: true dest_uuid: "122c00076acc4576a05e6eabba83e0bb"
I20260710 10:59:55.907685 11089 tablet_service.cc:1917] Received RequestConsensusVote() RPC: tablet_id: "1aff7f7de6224d5e9d0264c9361418e5" candidate_uuid: "88fbccf3663749b6a945b02c574e89c0" candidate_term: 4 candidate_status { last_received { term: 3 index: 3 } } ignore_live_leader: true dest_uuid: "3cbe509e0bb744d08afbceb8f12ed8dd"
I20260710 10:59:55.908159 11013 raft_consensus.cc:3060] T 1aff7f7de6224d5e9d0264c9361418e5 P 122c00076acc4576a05e6eabba83e0bb [term 3 FOLLOWER]: Advancing to term 4
I20260710 10:59:55.908178 11089 raft_consensus.cc:3055] T 1aff7f7de6224d5e9d0264c9361418e5 P 3cbe509e0bb744d08afbceb8f12ed8dd [term 3 LEADER]: Stepping down as leader of term 3
I20260710 10:59:55.908653 11089 raft_consensus.cc:740] T 1aff7f7de6224d5e9d0264c9361418e5 P 3cbe509e0bb744d08afbceb8f12ed8dd [term 3 LEADER]: Becoming Follower/Learner. State: Replica: 3cbe509e0bb744d08afbceb8f12ed8dd, State: Running, Role: LEADER
I20260710 10:59:55.909322 11089 consensus_queue.cc:260] T 1aff7f7de6224d5e9d0264c9361418e5 P 3cbe509e0bb744d08afbceb8f12ed8dd [NON_LEADER]: Queue going to NON_LEADER mode. State: All replicated index: 0, Majority replicated index: 3, Committed index: 3, Last appended: 3.3, Last appended by leader: 3, Current term: 3, Majority size: -1, State: 0, Mode: NON_LEADER, active raft config: opid_index: -1 OBSOLETE_local: false peers { permanent_uuid: "122c00076acc4576a05e6eabba83e0bb" member_type: VOTER last_known_addr { host: "127.10.159.193" port: 41923 } } peers { permanent_uuid: "3cbe509e0bb744d08afbceb8f12ed8dd" member_type: VOTER last_known_addr { host: "127.10.159.194" port: 43891 } } peers { permanent_uuid: "88fbccf3663749b6a945b02c574e89c0" member_type: VOTER last_known_addr { host: "127.10.159.195" port: 36409 } }
I20260710 10:59:55.910352 11089 raft_consensus.cc:3060] T 1aff7f7de6224d5e9d0264c9361418e5 P 3cbe509e0bb744d08afbceb8f12ed8dd [term 3 FOLLOWER]: Advancing to term 4
I20260710 10:59:55.913908 11013 raft_consensus.cc:2468] T 1aff7f7de6224d5e9d0264c9361418e5 P 122c00076acc4576a05e6eabba83e0bb [term 4 FOLLOWER]: Leader election vote request: Granting yes vote for candidate 88fbccf3663749b6a945b02c574e89c0 in term 4.
I20260710 10:59:55.914839 11128 leader_election.cc:304] T 1aff7f7de6224d5e9d0264c9361418e5 P 88fbccf3663749b6a945b02c574e89c0 [CANDIDATE]: Term 4 election: Election decided. Result: candidate won. Election summary: received 2 responses out of 3 voters: 2 yes votes; 0 no votes. yes voters: 122c00076acc4576a05e6eabba83e0bb, 88fbccf3663749b6a945b02c574e89c0; no voters: 
I20260710 10:59:55.915517 11304 raft_consensus.cc:2804] T 1aff7f7de6224d5e9d0264c9361418e5 P 88fbccf3663749b6a945b02c574e89c0 [term 4 FOLLOWER]: Leader election won for term 4
I20260710 10:59:55.915809 11089 raft_consensus.cc:2468] T 1aff7f7de6224d5e9d0264c9361418e5 P 3cbe509e0bb744d08afbceb8f12ed8dd [term 4 FOLLOWER]: Leader election vote request: Granting yes vote for candidate 88fbccf3663749b6a945b02c574e89c0 in term 4.
I20260710 10:59:55.915875 11304 raft_consensus.cc:697] T 1aff7f7de6224d5e9d0264c9361418e5 P 88fbccf3663749b6a945b02c574e89c0 [term 4 LEADER]: Becoming Leader. State: Replica: 88fbccf3663749b6a945b02c574e89c0, State: Running, Role: LEADER
I20260710 10:59:55.916851 11304 consensus_queue.cc:237] T 1aff7f7de6224d5e9d0264c9361418e5 P 88fbccf3663749b6a945b02c574e89c0 [LEADER]: Queue going to LEADER mode. State: All replicated index: 0, Majority replicated index: 3, Committed index: 3, Last appended: 3.3, Last appended by leader: 3, Current term: 4, Majority size: 2, State: 0, Mode: LEADER, active raft config: opid_index: -1 OBSOLETE_local: false peers { permanent_uuid: "122c00076acc4576a05e6eabba83e0bb" member_type: VOTER last_known_addr { host: "127.10.159.193" port: 41923 } } peers { permanent_uuid: "3cbe509e0bb744d08afbceb8f12ed8dd" member_type: VOTER last_known_addr { host: "127.10.159.194" port: 43891 } } peers { permanent_uuid: "88fbccf3663749b6a945b02c574e89c0" member_type: VOTER last_known_addr { host: "127.10.159.195" port: 36409 } }
I20260710 10:59:55.923007 10908 catalog_manager.cc:5697] T 1aff7f7de6224d5e9d0264c9361418e5 P 88fbccf3663749b6a945b02c574e89c0 reported cstate change: term changed from 3 to 4, leader changed from 3cbe509e0bb744d08afbceb8f12ed8dd (127.10.159.194) to 88fbccf3663749b6a945b02c574e89c0 (127.10.159.195). New cstate: current_term: 4 leader_uuid: "88fbccf3663749b6a945b02c574e89c0" committed_config { opid_index: -1 OBSOLETE_local: false peers { permanent_uuid: "122c00076acc4576a05e6eabba83e0bb" member_type: VOTER last_known_addr { host: "127.10.159.193" port: 41923 } health_report { overall_health: UNKNOWN } } peers { permanent_uuid: "3cbe509e0bb744d08afbceb8f12ed8dd" member_type: VOTER last_known_addr { host: "127.10.159.194" port: 43891 } health_report { overall_health: UNKNOWN } } peers { permanent_uuid: "88fbccf3663749b6a945b02c574e89c0" member_type: VOTER last_known_addr { host: "127.10.159.195" port: 36409 } health_report { overall_health: HEALTHY } } }
I20260710 10:59:55.966854 11330 raft_consensus.cc:993] T eb42d53bd9974abcaa0aeb68d2a91c47 P 3cbe509e0bb744d08afbceb8f12ed8dd: : Instructing follower 122c00076acc4576a05e6eabba83e0bb to start an election
I20260710 10:59:55.967267 11330 raft_consensus.cc:1081] T eb42d53bd9974abcaa0aeb68d2a91c47 P 3cbe509e0bb744d08afbceb8f12ed8dd [term 2 LEADER]: Signalling peer 122c00076acc4576a05e6eabba83e0bb to start an election
I20260710 10:59:55.968461 11013 tablet_service.cc:2044] Received Run Leader Election RPC: tablet_id: "eb42d53bd9974abcaa0aeb68d2a91c47"
dest_uuid: "122c00076acc4576a05e6eabba83e0bb"
 from {username='slave'} at 127.0.0.1:57306
I20260710 10:59:55.968837 11013 raft_consensus.cc:493] T eb42d53bd9974abcaa0aeb68d2a91c47 P 122c00076acc4576a05e6eabba83e0bb [term 2 FOLLOWER]: Starting forced leader election (received explicit request)
I20260710 10:59:55.969060 11013 raft_consensus.cc:3060] T eb42d53bd9974abcaa0aeb68d2a91c47 P 122c00076acc4576a05e6eabba83e0bb [term 2 FOLLOWER]: Advancing to term 3
I20260710 10:59:55.972741 11013 raft_consensus.cc:515] T eb42d53bd9974abcaa0aeb68d2a91c47 P 122c00076acc4576a05e6eabba83e0bb [term 3 FOLLOWER]: Starting forced leader election with config: opid_index: -1 OBSOLETE_local: false peers { permanent_uuid: "122c00076acc4576a05e6eabba83e0bb" member_type: VOTER last_known_addr { host: "127.10.159.193" port: 41923 } } peers { permanent_uuid: "3cbe509e0bb744d08afbceb8f12ed8dd" member_type: VOTER last_known_addr { host: "127.10.159.194" port: 43891 } } peers { permanent_uuid: "88fbccf3663749b6a945b02c574e89c0" member_type: VOTER last_known_addr { host: "127.10.159.195" port: 36409 } }
I20260710 10:59:55.974064 11013 leader_election.cc:290] T eb42d53bd9974abcaa0aeb68d2a91c47 P 122c00076acc4576a05e6eabba83e0bb [CANDIDATE]: Term 3 election: Requested vote from peers 3cbe509e0bb744d08afbceb8f12ed8dd (127.10.159.194:43891), 88fbccf3663749b6a945b02c574e89c0 (127.10.159.195:36409)
I20260710 10:59:55.974735 11089 tablet_service.cc:1917] Received RequestConsensusVote() RPC: tablet_id: "eb42d53bd9974abcaa0aeb68d2a91c47" candidate_uuid: "122c00076acc4576a05e6eabba83e0bb" candidate_term: 3 candidate_status { last_received { term: 2 index: 2 } } ignore_live_leader: true dest_uuid: "3cbe509e0bb744d08afbceb8f12ed8dd"
I20260710 10:59:55.975049 11161 tablet_service.cc:1917] Received RequestConsensusVote() RPC: tablet_id: "eb42d53bd9974abcaa0aeb68d2a91c47" candidate_uuid: "122c00076acc4576a05e6eabba83e0bb" candidate_term: 3 candidate_status { last_received { term: 2 index: 2 } } ignore_live_leader: true dest_uuid: "88fbccf3663749b6a945b02c574e89c0"
I20260710 10:59:55.975158 11089 raft_consensus.cc:3055] T eb42d53bd9974abcaa0aeb68d2a91c47 P 3cbe509e0bb744d08afbceb8f12ed8dd [term 2 LEADER]: Stepping down as leader of term 2
I20260710 10:59:55.975461 11089 raft_consensus.cc:740] T eb42d53bd9974abcaa0aeb68d2a91c47 P 3cbe509e0bb744d08afbceb8f12ed8dd [term 2 LEADER]: Becoming Follower/Learner. State: Replica: 3cbe509e0bb744d08afbceb8f12ed8dd, State: Running, Role: LEADER
I20260710 10:59:55.975494 11161 raft_consensus.cc:3060] T eb42d53bd9974abcaa0aeb68d2a91c47 P 88fbccf3663749b6a945b02c574e89c0 [term 2 FOLLOWER]: Advancing to term 3
I20260710 10:59:55.976039 11089 consensus_queue.cc:260] T eb42d53bd9974abcaa0aeb68d2a91c47 P 3cbe509e0bb744d08afbceb8f12ed8dd [NON_LEADER]: Queue going to NON_LEADER mode. State: All replicated index: 0, Majority replicated index: 2, Committed index: 2, Last appended: 2.2, Last appended by leader: 2, Current term: 2, Majority size: -1, State: 0, Mode: NON_LEADER, active raft config: opid_index: -1 OBSOLETE_local: false peers { permanent_uuid: "122c00076acc4576a05e6eabba83e0bb" member_type: VOTER last_known_addr { host: "127.10.159.193" port: 41923 } } peers { permanent_uuid: "3cbe509e0bb744d08afbceb8f12ed8dd" member_type: VOTER last_known_addr { host: "127.10.159.194" port: 43891 } } peers { permanent_uuid: "88fbccf3663749b6a945b02c574e89c0" member_type: VOTER last_known_addr { host: "127.10.159.195" port: 36409 } }
I20260710 10:59:55.976800 11089 raft_consensus.cc:3060] T eb42d53bd9974abcaa0aeb68d2a91c47 P 3cbe509e0bb744d08afbceb8f12ed8dd [term 2 FOLLOWER]: Advancing to term 3
I20260710 10:59:55.980571 11161 raft_consensus.cc:2468] T eb42d53bd9974abcaa0aeb68d2a91c47 P 88fbccf3663749b6a945b02c574e89c0 [term 3 FOLLOWER]: Leader election vote request: Granting yes vote for candidate 122c00076acc4576a05e6eabba83e0bb in term 3.
I20260710 10:59:55.981462 11089 raft_consensus.cc:2468] T eb42d53bd9974abcaa0aeb68d2a91c47 P 3cbe509e0bb744d08afbceb8f12ed8dd [term 3 FOLLOWER]: Leader election vote request: Granting yes vote for candidate 122c00076acc4576a05e6eabba83e0bb in term 3.
I20260710 10:59:55.981501 10978 leader_election.cc:304] T eb42d53bd9974abcaa0aeb68d2a91c47 P 122c00076acc4576a05e6eabba83e0bb [CANDIDATE]: Term 3 election: Election decided. Result: candidate won. Election summary: received 2 responses out of 3 voters: 2 yes votes; 0 no votes. yes voters: 122c00076acc4576a05e6eabba83e0bb, 88fbccf3663749b6a945b02c574e89c0; no voters: 
I20260710 10:59:55.982242 11343 raft_consensus.cc:2804] T eb42d53bd9974abcaa0aeb68d2a91c47 P 122c00076acc4576a05e6eabba83e0bb [term 3 FOLLOWER]: Leader election won for term 3
I20260710 10:59:55.982633 11343 raft_consensus.cc:697] T eb42d53bd9974abcaa0aeb68d2a91c47 P 122c00076acc4576a05e6eabba83e0bb [term 3 LEADER]: Becoming Leader. State: Replica: 122c00076acc4576a05e6eabba83e0bb, State: Running, Role: LEADER
I20260710 10:59:55.983340 11343 consensus_queue.cc:237] T eb42d53bd9974abcaa0aeb68d2a91c47 P 122c00076acc4576a05e6eabba83e0bb [LEADER]: Queue going to LEADER mode. State: All replicated index: 0, Majority replicated index: 2, Committed index: 2, Last appended: 2.2, Last appended by leader: 2, Current term: 3, Majority size: 2, State: 0, Mode: LEADER, active raft config: opid_index: -1 OBSOLETE_local: false peers { permanent_uuid: "122c00076acc4576a05e6eabba83e0bb" member_type: VOTER last_known_addr { host: "127.10.159.193" port: 41923 } } peers { permanent_uuid: "3cbe509e0bb744d08afbceb8f12ed8dd" member_type: VOTER last_known_addr { host: "127.10.159.194" port: 43891 } } peers { permanent_uuid: "88fbccf3663749b6a945b02c574e89c0" member_type: VOTER last_known_addr { host: "127.10.159.195" port: 36409 } }
I20260710 10:59:55.989102 10908 catalog_manager.cc:5697] T eb42d53bd9974abcaa0aeb68d2a91c47 P 122c00076acc4576a05e6eabba83e0bb reported cstate change: term changed from 2 to 3, leader changed from 3cbe509e0bb744d08afbceb8f12ed8dd (127.10.159.194) to 122c00076acc4576a05e6eabba83e0bb (127.10.159.193). New cstate: current_term: 3 leader_uuid: "122c00076acc4576a05e6eabba83e0bb" committed_config { opid_index: -1 OBSOLETE_local: false peers { permanent_uuid: "122c00076acc4576a05e6eabba83e0bb" member_type: VOTER last_known_addr { host: "127.10.159.193" port: 41923 } health_report { overall_health: HEALTHY } } peers { permanent_uuid: "3cbe509e0bb744d08afbceb8f12ed8dd" member_type: VOTER last_known_addr { host: "127.10.159.194" port: 43891 } health_report { overall_health: UNKNOWN } } peers { permanent_uuid: "88fbccf3663749b6a945b02c574e89c0" member_type: VOTER last_known_addr { host: "127.10.159.195" port: 36409 } health_report { overall_health: UNKNOWN } } }
I20260710 10:59:56.107882 11089 raft_consensus.cc:1275] T 0c0c73554a90446f88bd5bbcf0540750 P 3cbe509e0bb744d08afbceb8f12ed8dd [term 5 FOLLOWER]: Refusing update from remote peer 122c00076acc4576a05e6eabba83e0bb: Log matching property violated. Preceding OpId in replica: term: 4 index: 4. Preceding OpId from leader: term: 5 index: 5. (index mismatch)
I20260710 10:59:56.108916 11343 consensus_queue.cc:1048] T 0c0c73554a90446f88bd5bbcf0540750 P 122c00076acc4576a05e6eabba83e0bb [LEADER]: Connected to new peer: Peer: permanent_uuid: "3cbe509e0bb744d08afbceb8f12ed8dd" member_type: VOTER last_known_addr { host: "127.10.159.194" port: 43891 }, Status: LMP_MISMATCH, Last received: 0.0, Next index: 5, Last known committed idx: 4, Time since last communication: 0.000s
I20260710 10:59:56.118111 11161 raft_consensus.cc:1275] T 0c0c73554a90446f88bd5bbcf0540750 P 88fbccf3663749b6a945b02c574e89c0 [term 5 FOLLOWER]: Refusing update from remote peer 122c00076acc4576a05e6eabba83e0bb: Log matching property violated. Preceding OpId in replica: term: 4 index: 4. Preceding OpId from leader: term: 5 index: 5. (index mismatch)
I20260710 10:59:56.119949 11344 consensus_queue.cc:1048] T 0c0c73554a90446f88bd5bbcf0540750 P 122c00076acc4576a05e6eabba83e0bb [LEADER]: Connected to new peer: Peer: permanent_uuid: "88fbccf3663749b6a945b02c574e89c0" member_type: VOTER last_known_addr { host: "127.10.159.195" port: 36409 }, Status: LMP_MISMATCH, Last received: 0.0, Next index: 5, Last known committed idx: 4, Time since last communication: 0.001s
I20260710 10:59:56.253818 11089 raft_consensus.cc:1275] T 2347d321c96e4019a0c4fee8cc5512cb P 3cbe509e0bb744d08afbceb8f12ed8dd [term 2 FOLLOWER]: Refusing update from remote peer 88fbccf3663749b6a945b02c574e89c0: Log matching property violated. Preceding OpId in replica: term: 1 index: 1. Preceding OpId from leader: term: 2 index: 2. (index mismatch)
I20260710 10:59:56.254729 11304 consensus_queue.cc:1048] T 2347d321c96e4019a0c4fee8cc5512cb P 88fbccf3663749b6a945b02c574e89c0 [LEADER]: Connected to new peer: Peer: permanent_uuid: "3cbe509e0bb744d08afbceb8f12ed8dd" member_type: VOTER last_known_addr { host: "127.10.159.194" port: 43891 }, Status: LMP_MISMATCH, Last received: 0.0, Next index: 2, Last known committed idx: 1, Time since last communication: 0.000s
I20260710 10:59:56.263335 11013 raft_consensus.cc:1275] T 2347d321c96e4019a0c4fee8cc5512cb P 122c00076acc4576a05e6eabba83e0bb [term 2 FOLLOWER]: Refusing update from remote peer 88fbccf3663749b6a945b02c574e89c0: Log matching property violated. Preceding OpId in replica: term: 1 index: 1. Preceding OpId from leader: term: 2 index: 2. (index mismatch)
I20260710 10:59:56.265241 11362 consensus_queue.cc:1048] T 2347d321c96e4019a0c4fee8cc5512cb P 88fbccf3663749b6a945b02c574e89c0 [LEADER]: Connected to new peer: Peer: permanent_uuid: "122c00076acc4576a05e6eabba83e0bb" member_type: VOTER last_known_addr { host: "127.10.159.193" port: 41923 }, Status: LMP_MISMATCH, Last received: 0.0, Next index: 2, Last known committed idx: 1, Time since last communication: 0.001s
I20260710 10:59:56.371423 11089 raft_consensus.cc:1275] T 954c2b44c3df41e7918d43ef5f8605fa P 3cbe509e0bb744d08afbceb8f12ed8dd [term 4 FOLLOWER]: Refusing update from remote peer 122c00076acc4576a05e6eabba83e0bb: Log matching property violated. Preceding OpId in replica: term: 3 index: 3. Preceding OpId from leader: term: 4 index: 4. (index mismatch)
I20260710 10:59:56.372506 11357 consensus_queue.cc:1048] T 954c2b44c3df41e7918d43ef5f8605fa P 122c00076acc4576a05e6eabba83e0bb [LEADER]: Connected to new peer: Peer: permanent_uuid: "3cbe509e0bb744d08afbceb8f12ed8dd" member_type: VOTER last_known_addr { host: "127.10.159.194" port: 43891 }, Status: LMP_MISMATCH, Last received: 0.0, Next index: 4, Last known committed idx: 3, Time since last communication: 0.000s
I20260710 10:59:56.380451 11161 raft_consensus.cc:1275] T 954c2b44c3df41e7918d43ef5f8605fa P 88fbccf3663749b6a945b02c574e89c0 [term 4 FOLLOWER]: Refusing update from remote peer 122c00076acc4576a05e6eabba83e0bb: Log matching property violated. Preceding OpId in replica: term: 3 index: 3. Preceding OpId from leader: term: 4 index: 4. (index mismatch)
I20260710 10:59:56.381845 11343 consensus_queue.cc:1048] T 954c2b44c3df41e7918d43ef5f8605fa P 122c00076acc4576a05e6eabba83e0bb [LEADER]: Connected to new peer: Peer: permanent_uuid: "88fbccf3663749b6a945b02c574e89c0" member_type: VOTER last_known_addr { host: "127.10.159.195" port: 36409 }, Status: LMP_MISMATCH, Last received: 0.0, Next index: 4, Last known committed idx: 3, Time since last communication: 0.000s
I20260710 10:59:56.387334 11089 raft_consensus.cc:1275] T eb42d53bd9974abcaa0aeb68d2a91c47 P 3cbe509e0bb744d08afbceb8f12ed8dd [term 3 FOLLOWER]: Refusing update from remote peer 122c00076acc4576a05e6eabba83e0bb: Log matching property violated. Preceding OpId in replica: term: 2 index: 2. Preceding OpId from leader: term: 3 index: 3. (index mismatch)
I20260710 10:59:56.388736 11343 consensus_queue.cc:1048] T eb42d53bd9974abcaa0aeb68d2a91c47 P 122c00076acc4576a05e6eabba83e0bb [LEADER]: Connected to new peer: Peer: permanent_uuid: "3cbe509e0bb744d08afbceb8f12ed8dd" member_type: VOTER last_known_addr { host: "127.10.159.194" port: 43891 }, Status: LMP_MISMATCH, Last received: 0.0, Next index: 3, Last known committed idx: 2, Time since last communication: 0.000s
I20260710 10:59:56.396984 11161 raft_consensus.cc:1275] T eb42d53bd9974abcaa0aeb68d2a91c47 P 88fbccf3663749b6a945b02c574e89c0 [term 3 FOLLOWER]: Refusing update from remote peer 122c00076acc4576a05e6eabba83e0bb: Log matching property violated. Preceding OpId in replica: term: 2 index: 2. Preceding OpId from leader: term: 3 index: 3. (index mismatch)
I20260710 10:59:56.398303 11357 consensus_queue.cc:1048] T eb42d53bd9974abcaa0aeb68d2a91c47 P 122c00076acc4576a05e6eabba83e0bb [LEADER]: Connected to new peer: Peer: permanent_uuid: "88fbccf3663749b6a945b02c574e89c0" member_type: VOTER last_known_addr { host: "127.10.159.195" port: 36409 }, Status: LMP_MISMATCH, Last received: 0.0, Next index: 3, Last known committed idx: 2, Time since last communication: 0.000s
I20260710 10:59:56.465468 11013 raft_consensus.cc:1275] T 1aff7f7de6224d5e9d0264c9361418e5 P 122c00076acc4576a05e6eabba83e0bb [term 4 FOLLOWER]: Refusing update from remote peer 88fbccf3663749b6a945b02c574e89c0: Log matching property violated. Preceding OpId in replica: term: 3 index: 3. Preceding OpId from leader: term: 4 index: 4. (index mismatch)
I20260710 10:59:56.466538 11362 consensus_queue.cc:1048] T 1aff7f7de6224d5e9d0264c9361418e5 P 88fbccf3663749b6a945b02c574e89c0 [LEADER]: Connected to new peer: Peer: permanent_uuid: "122c00076acc4576a05e6eabba83e0bb" member_type: VOTER last_known_addr { host: "127.10.159.193" port: 41923 }, Status: LMP_MISMATCH, Last received: 0.0, Next index: 4, Last known committed idx: 3, Time since last communication: 0.000s
I20260710 10:59:56.474334 11089 raft_consensus.cc:1275] T 1aff7f7de6224d5e9d0264c9361418e5 P 3cbe509e0bb744d08afbceb8f12ed8dd [term 4 FOLLOWER]: Refusing update from remote peer 88fbccf3663749b6a945b02c574e89c0: Log matching property violated. Preceding OpId in replica: term: 3 index: 3. Preceding OpId from leader: term: 4 index: 4. (index mismatch)
I20260710 10:59:56.475909 11350 consensus_queue.cc:1048] T 1aff7f7de6224d5e9d0264c9361418e5 P 88fbccf3663749b6a945b02c574e89c0 [LEADER]: Connected to new peer: Peer: permanent_uuid: "3cbe509e0bb744d08afbceb8f12ed8dd" member_type: VOTER last_known_addr { host: "127.10.159.194" port: 43891 }, Status: LMP_MISMATCH, Last received: 0.0, Next index: 4, Last known committed idx: 3, Time since last communication: 0.000s
I20260710 10:59:56.506429 10879 auto_leader_rebalancer.cc:141] leader rebalance for table test-workload
I20260710 10:59:56.511533 10879 tablet_server.cc:179] TabletServer@127.10.159.193:0 shutting down...
W20260710 10:59:56.524431 11054 proxy.cc:239] Call had error, refreshing address and retrying: Remote error: Service unavailable: service kudu.consensus.ConsensusService not registered on TabletServer
W20260710 10:59:56.527921 11054 consensus_peers.cc:597] T 27f8a1f3db264b91938c29dabf5ca2ce P 3cbe509e0bb744d08afbceb8f12ed8dd -> Peer 122c00076acc4576a05e6eabba83e0bb (127.10.159.193:41923): Couldn't send request to peer 122c00076acc4576a05e6eabba83e0bb. Status: Remote error: Service unavailable: service kudu.consensus.ConsensusService not registered on TabletServer. This is attempt 1: this message will repeat every 5th retry.
I20260710 10:59:56.536875 10879 ts_tablet_manager.cc:1507] Shutting down tablet manager...
I20260710 10:59:56.537654 10879 tablet_replica.cc:333] T 2347d321c96e4019a0c4fee8cc5512cb P 122c00076acc4576a05e6eabba83e0bb: stopping tablet replica
I20260710 10:59:56.538333 10879 raft_consensus.cc:2243] T 2347d321c96e4019a0c4fee8cc5512cb P 122c00076acc4576a05e6eabba83e0bb [term 2 FOLLOWER]: Raft consensus shutting down.
I20260710 10:59:56.538774 10879 raft_consensus.cc:2272] T 2347d321c96e4019a0c4fee8cc5512cb P 122c00076acc4576a05e6eabba83e0bb [term 2 FOLLOWER]: Raft consensus is shut down!
I20260710 10:59:56.541198 10879 tablet_replica.cc:333] T ec2cca4d36f641bbbae4b60772dd0c12 P 122c00076acc4576a05e6eabba83e0bb: stopping tablet replica
I20260710 10:59:56.541720 10879 raft_consensus.cc:2243] T ec2cca4d36f641bbbae4b60772dd0c12 P 122c00076acc4576a05e6eabba83e0bb [term 2 FOLLOWER]: Raft consensus shutting down.
I20260710 10:59:56.542125 10879 raft_consensus.cc:2272] T ec2cca4d36f641bbbae4b60772dd0c12 P 122c00076acc4576a05e6eabba83e0bb [term 2 FOLLOWER]: Raft consensus is shut down!
I20260710 10:59:56.543606 10879 tablet_replica.cc:333] T 27f8a1f3db264b91938c29dabf5ca2ce P 122c00076acc4576a05e6eabba83e0bb: stopping tablet replica
I20260710 10:59:56.544034 10879 raft_consensus.cc:2243] T 27f8a1f3db264b91938c29dabf5ca2ce P 122c00076acc4576a05e6eabba83e0bb [term 4 FOLLOWER]: Raft consensus shutting down.
I20260710 10:59:56.544392 10879 raft_consensus.cc:2272] T 27f8a1f3db264b91938c29dabf5ca2ce P 122c00076acc4576a05e6eabba83e0bb [term 4 FOLLOWER]: Raft consensus is shut down!
I20260710 10:59:56.545974 10879 tablet_replica.cc:333] T 03c2add2992d4d17bca1744f7ef7a6a9 P 122c00076acc4576a05e6eabba83e0bb: stopping tablet replica
I20260710 10:59:56.546409 10879 raft_consensus.cc:2243] T 03c2add2992d4d17bca1744f7ef7a6a9 P 122c00076acc4576a05e6eabba83e0bb [term 1 FOLLOWER]: Raft consensus shutting down.
I20260710 10:59:56.546780 10879 raft_consensus.cc:2272] T 03c2add2992d4d17bca1744f7ef7a6a9 P 122c00076acc4576a05e6eabba83e0bb [term 1 FOLLOWER]: Raft consensus is shut down!
I20260710 10:59:56.548784 10879 tablet_replica.cc:333] T 954c2b44c3df41e7918d43ef5f8605fa P 122c00076acc4576a05e6eabba83e0bb: stopping tablet replica
I20260710 10:59:56.549232 10879 raft_consensus.cc:2243] T 954c2b44c3df41e7918d43ef5f8605fa P 122c00076acc4576a05e6eabba83e0bb [term 4 LEADER]: Raft consensus shutting down.
I20260710 10:59:56.549955 10879 raft_consensus.cc:2272] T 954c2b44c3df41e7918d43ef5f8605fa P 122c00076acc4576a05e6eabba83e0bb [term 4 FOLLOWER]: Raft consensus is shut down!
W20260710 10:59:56.550948 11054 consensus_peers.cc:597] T ec2cca4d36f641bbbae4b60772dd0c12 P 3cbe509e0bb744d08afbceb8f12ed8dd -> Peer 122c00076acc4576a05e6eabba83e0bb (127.10.159.193:41923): Couldn't send request to peer 122c00076acc4576a05e6eabba83e0bb. Status: Remote error: Service unavailable: service kudu.consensus.ConsensusService not registered on TabletServer. This is attempt 1: this message will repeat every 5th retry.
I20260710 10:59:56.551887 10879 tablet_replica.cc:333] T 5cbf69805bb74065bfc4cc8a982167f5 P 122c00076acc4576a05e6eabba83e0bb: stopping tablet replica
I20260710 10:59:56.552358 10879 raft_consensus.cc:2243] T 5cbf69805bb74065bfc4cc8a982167f5 P 122c00076acc4576a05e6eabba83e0bb [term 2 FOLLOWER]: Raft consensus shutting down.
I20260710 10:59:56.552701 10879 raft_consensus.cc:2272] T 5cbf69805bb74065bfc4cc8a982167f5 P 122c00076acc4576a05e6eabba83e0bb [term 2 FOLLOWER]: Raft consensus is shut down!
I20260710 10:59:56.554070 10879 tablet_replica.cc:333] T 1aff7f7de6224d5e9d0264c9361418e5 P 122c00076acc4576a05e6eabba83e0bb: stopping tablet replica
I20260710 10:59:56.554472 10879 raft_consensus.cc:2243] T 1aff7f7de6224d5e9d0264c9361418e5 P 122c00076acc4576a05e6eabba83e0bb [term 4 FOLLOWER]: Raft consensus shutting down.
I20260710 10:59:56.554798 10879 raft_consensus.cc:2272] T 1aff7f7de6224d5e9d0264c9361418e5 P 122c00076acc4576a05e6eabba83e0bb [term 4 FOLLOWER]: Raft consensus is shut down!
I20260710 10:59:56.556507 10879 tablet_replica.cc:333] T eb42d53bd9974abcaa0aeb68d2a91c47 P 122c00076acc4576a05e6eabba83e0bb: stopping tablet replica
I20260710 10:59:56.556905 10879 raft_consensus.cc:2243] T eb42d53bd9974abcaa0aeb68d2a91c47 P 122c00076acc4576a05e6eabba83e0bb [term 3 LEADER]: Raft consensus shutting down.
I20260710 10:59:56.557490 10879 raft_consensus.cc:2272] T eb42d53bd9974abcaa0aeb68d2a91c47 P 122c00076acc4576a05e6eabba83e0bb [term 3 FOLLOWER]: Raft consensus is shut down!
I20260710 10:59:56.559232 10879 tablet_replica.cc:333] T 0c0c73554a90446f88bd5bbcf0540750 P 122c00076acc4576a05e6eabba83e0bb: stopping tablet replica
I20260710 10:59:56.559597 10879 raft_consensus.cc:2243] T 0c0c73554a90446f88bd5bbcf0540750 P 122c00076acc4576a05e6eabba83e0bb [term 5 LEADER]: Raft consensus shutting down.
