I20260710 10:59:58.002578 11689 tablet_bootstrap.cc:654] T 99b81123a6d84074a69c213c88f942bd P 2d1417abeba2485bac804e8bea3ca090: Neither blocks nor log segments found. Creating new log.
I20260710 10:59:58.003785 11693 tablet_bootstrap.cc:492] T 35ae303dc08d4397b7290ad93cc2eb0e P 7d2e216c0a634d8ba0fb471aba7b5715: No bootstrap required, opened a new log
I20260710 10:59:58.003926 11690 tablet_bootstrap.cc:492] T 5a377f7ba97d41d7bdcd74e645bd3784 P 42212aa6fef34d95ba5ba37c26f82fe0: No bootstrap required, opened a new log
I20260710 10:59:58.004294 11693 ts_tablet_manager.cc:1403] T 35ae303dc08d4397b7290ad93cc2eb0e P 7d2e216c0a634d8ba0fb471aba7b5715: Time spent bootstrapping tablet: real 0.019s	user 0.011s	sys 0.007s
I20260710 10:59:58.004365 11690 ts_tablet_manager.cc:1403] T 5a377f7ba97d41d7bdcd74e645bd3784 P 42212aa6fef34d95ba5ba37c26f82fe0: Time spent bootstrapping tablet: real 0.019s	user 0.012s	sys 0.004s
I20260710 10:59:58.007184 11693 raft_consensus.cc:359] T 35ae303dc08d4397b7290ad93cc2eb0e P 7d2e216c0a634d8ba0fb471aba7b5715 [term 0 FOLLOWER]: Replica starting. Triggering 0 pending ops. Active config: opid_index: -1 OBSOLETE_local: false peers { permanent_uuid: "2d1417abeba2485bac804e8bea3ca090" member_type: VOTER last_known_addr { host: "127.10.159.193" port: 36679 } } peers { permanent_uuid: "42212aa6fef34d95ba5ba37c26f82fe0" member_type: VOTER last_known_addr { host: "127.10.159.194" port: 36881 } } peers { permanent_uuid: "7d2e216c0a634d8ba0fb471aba7b5715" member_type: VOTER last_known_addr { host: "127.10.159.195" port: 32771 } }
I20260710 10:59:58.007311 11690 raft_consensus.cc:359] T 5a377f7ba97d41d7bdcd74e645bd3784 P 42212aa6fef34d95ba5ba37c26f82fe0 [term 0 FOLLOWER]: Replica starting. Triggering 0 pending ops. Active config: opid_index: -1 OBSOLETE_local: false peers { permanent_uuid: "2d1417abeba2485bac804e8bea3ca090" member_type: VOTER last_known_addr { host: "127.10.159.193" port: 36679 } } peers { permanent_uuid: "42212aa6fef34d95ba5ba37c26f82fe0" member_type: VOTER last_known_addr { host: "127.10.159.194" port: 36881 } } peers { permanent_uuid: "7d2e216c0a634d8ba0fb471aba7b5715" member_type: VOTER last_known_addr { host: "127.10.159.195" port: 32771 } }
I20260710 10:59:58.007972 11693 raft_consensus.cc:385] T 35ae303dc08d4397b7290ad93cc2eb0e P 7d2e216c0a634d8ba0fb471aba7b5715 [term 0 FOLLOWER]: Consensus starting up: Expiring failure detector timer to make a prompt election more likely
I20260710 10:59:58.008010 11690 raft_consensus.cc:385] T 5a377f7ba97d41d7bdcd74e645bd3784 P 42212aa6fef34d95ba5ba37c26f82fe0 [term 0 FOLLOWER]: Consensus starting up: Expiring failure detector timer to make a prompt election more likely
I20260710 10:59:58.008371 11693 raft_consensus.cc:740] T 35ae303dc08d4397b7290ad93cc2eb0e P 7d2e216c0a634d8ba0fb471aba7b5715 [term 0 FOLLOWER]: Becoming Follower/Learner. State: Replica: 7d2e216c0a634d8ba0fb471aba7b5715, State: Initialized, Role: FOLLOWER
I20260710 10:59:58.008462 11690 raft_consensus.cc:740] T 5a377f7ba97d41d7bdcd74e645bd3784 P 42212aa6fef34d95ba5ba37c26f82fe0 [term 0 FOLLOWER]: Becoming Follower/Learner. State: Replica: 42212aa6fef34d95ba5ba37c26f82fe0, State: Initialized, Role: FOLLOWER
I20260710 10:59:58.009140 11690 consensus_queue.cc:260] T 5a377f7ba97d41d7bdcd74e645bd3784 P 42212aa6fef34d95ba5ba37c26f82fe0 [NON_LEADER]: Queue going to NON_LEADER mode. State: All replicated index: 0, Majority replicated index: 0, Committed index: 0, Last appended: 0.0, Last appended by leader: 0, Current term: 0, Majority size: -1, State: 0, Mode: NON_LEADER, active raft config: opid_index: -1 OBSOLETE_local: false peers { permanent_uuid: "2d1417abeba2485bac804e8bea3ca090" member_type: VOTER last_known_addr { host: "127.10.159.193" port: 36679 } } peers { permanent_uuid: "42212aa6fef34d95ba5ba37c26f82fe0" member_type: VOTER last_known_addr { host: "127.10.159.194" port: 36881 } } peers { permanent_uuid: "7d2e216c0a634d8ba0fb471aba7b5715" member_type: VOTER last_known_addr { host: "127.10.159.195" port: 32771 } }
I20260710 10:59:58.009195 11693 consensus_queue.cc:260] T 35ae303dc08d4397b7290ad93cc2eb0e P 7d2e216c0a634d8ba0fb471aba7b5715 [NON_LEADER]: Queue going to NON_LEADER mode. State: All replicated index: 0, Majority replicated index: 0, Committed index: 0, Last appended: 0.0, Last appended by leader: 0, Current term: 0, Majority size: -1, State: 0, Mode: NON_LEADER, active raft config: opid_index: -1 OBSOLETE_local: false peers { permanent_uuid: "2d1417abeba2485bac804e8bea3ca090" member_type: VOTER last_known_addr { host: "127.10.159.193" port: 36679 } } peers { permanent_uuid: "42212aa6fef34d95ba5ba37c26f82fe0" member_type: VOTER last_known_addr { host: "127.10.159.194" port: 36881 } } peers { permanent_uuid: "7d2e216c0a634d8ba0fb471aba7b5715" member_type: VOTER last_known_addr { host: "127.10.159.195" port: 32771 } }
I20260710 10:59:58.013496 11690 ts_tablet_manager.cc:1434] T 5a377f7ba97d41d7bdcd74e645bd3784 P 42212aa6fef34d95ba5ba37c26f82fe0: Time spent starting tablet: real 0.009s	user 0.005s	sys 0.000s
I20260710 10:59:58.014525 11690 tablet_bootstrap.cc:492] T a246f3b50a2d44c9b794a3923df8fb15 P 42212aa6fef34d95ba5ba37c26f82fe0: Bootstrap starting.
I20260710 10:59:58.015987 11693 ts_tablet_manager.cc:1434] T 35ae303dc08d4397b7290ad93cc2eb0e P 7d2e216c0a634d8ba0fb471aba7b5715: Time spent starting tablet: real 0.011s	user 0.005s	sys 0.000s
I20260710 10:59:58.018884 11695 raft_consensus.cc:493] T c7935046d779453abe9cbcf3f06b535c P 2d1417abeba2485bac804e8bea3ca090 [term 0 FOLLOWER]: Starting pre-election (no leader contacted us within the election timeout)
I20260710 10:59:58.019397 11693 tablet_bootstrap.cc:492] T 5e0a714f639e47f5846739f8e21f60b9 P 7d2e216c0a634d8ba0fb471aba7b5715: Bootstrap starting.
I20260710 10:59:58.019369 11695 raft_consensus.cc:515] T c7935046d779453abe9cbcf3f06b535c P 2d1417abeba2485bac804e8bea3ca090 [term 0 FOLLOWER]: Starting pre-election with config: opid_index: -1 OBSOLETE_local: false peers { permanent_uuid: "2d1417abeba2485bac804e8bea3ca090" member_type: VOTER last_known_addr { host: "127.10.159.193" port: 36679 } } peers { permanent_uuid: "42212aa6fef34d95ba5ba37c26f82fe0" member_type: VOTER last_known_addr { host: "127.10.159.194" port: 36881 } } peers { permanent_uuid: "7d2e216c0a634d8ba0fb471aba7b5715" member_type: VOTER last_known_addr { host: "127.10.159.195" port: 32771 } }
I20260710 10:59:58.024015 11695 leader_election.cc:290] T c7935046d779453abe9cbcf3f06b535c P 2d1417abeba2485bac804e8bea3ca090 [CANDIDATE]: Term 1 pre-election: Requested pre-vote from peers 42212aa6fef34d95ba5ba37c26f82fe0 (127.10.159.194:36881), 7d2e216c0a634d8ba0fb471aba7b5715 (127.10.159.195:32771)
I20260710 10:59:58.024436 11690 tablet_bootstrap.cc:654] T a246f3b50a2d44c9b794a3923df8fb15 P 42212aa6fef34d95ba5ba37c26f82fe0: Neither blocks nor log segments found. Creating new log.
I20260710 10:59:58.025869 11693 tablet_bootstrap.cc:654] T 5e0a714f639e47f5846739f8e21f60b9 P 7d2e216c0a634d8ba0fb471aba7b5715: Neither blocks nor log segments found. Creating new log.
I20260710 10:59:58.027076 11689 tablet_bootstrap.cc:492] T 99b81123a6d84074a69c213c88f942bd P 2d1417abeba2485bac804e8bea3ca090: No bootstrap required, opened a new log
I20260710 10:59:58.027565 11689 ts_tablet_manager.cc:1403] T 99b81123a6d84074a69c213c88f942bd P 2d1417abeba2485bac804e8bea3ca090: Time spent bootstrapping tablet: real 0.033s	user 0.014s	sys 0.012s
I20260710 10:59:58.030391 11689 raft_consensus.cc:359] T 99b81123a6d84074a69c213c88f942bd P 2d1417abeba2485bac804e8bea3ca090 [term 0 FOLLOWER]: Replica starting. Triggering 0 pending ops. Active config: opid_index: -1 OBSOLETE_local: false peers { permanent_uuid: "2d1417abeba2485bac804e8bea3ca090" member_type: VOTER last_known_addr { host: "127.10.159.193" port: 36679 } } peers { permanent_uuid: "42212aa6fef34d95ba5ba37c26f82fe0" member_type: VOTER last_known_addr { host: "127.10.159.194" port: 36881 } } peers { permanent_uuid: "7d2e216c0a634d8ba0fb471aba7b5715" member_type: VOTER last_known_addr { host: "127.10.159.195" port: 32771 } }
I20260710 10:59:58.031195 11689 raft_consensus.cc:385] T 99b81123a6d84074a69c213c88f942bd P 2d1417abeba2485bac804e8bea3ca090 [term 0 FOLLOWER]: Consensus starting up: Expiring failure detector timer to make a prompt election more likely
I20260710 10:59:58.031549 11689 raft_consensus.cc:740] T 99b81123a6d84074a69c213c88f942bd P 2d1417abeba2485bac804e8bea3ca090 [term 0 FOLLOWER]: Becoming Follower/Learner. State: Replica: 2d1417abeba2485bac804e8bea3ca090, State: Initialized, Role: FOLLOWER
I20260710 10:59:58.032407 11689 consensus_queue.cc:260] T 99b81123a6d84074a69c213c88f942bd P 2d1417abeba2485bac804e8bea3ca090 [NON_LEADER]: Queue going to NON_LEADER mode. State: All replicated index: 0, Majority replicated index: 0, Committed index: 0, Last appended: 0.0, Last appended by leader: 0, Current term: 0, Majority size: -1, State: 0, Mode: NON_LEADER, active raft config: opid_index: -1 OBSOLETE_local: false peers { permanent_uuid: "2d1417abeba2485bac804e8bea3ca090" member_type: VOTER last_known_addr { host: "127.10.159.193" port: 36679 } } peers { permanent_uuid: "42212aa6fef34d95ba5ba37c26f82fe0" member_type: VOTER last_known_addr { host: "127.10.159.194" port: 36881 } } peers { permanent_uuid: "7d2e216c0a634d8ba0fb471aba7b5715" member_type: VOTER last_known_addr { host: "127.10.159.195" port: 32771 } }
I20260710 10:59:58.034787 11689 ts_tablet_manager.cc:1434] T 99b81123a6d84074a69c213c88f942bd P 2d1417abeba2485bac804e8bea3ca090: Time spent starting tablet: real 0.007s	user 0.005s	sys 0.000s
I20260710 10:59:58.035712 11689 tablet_bootstrap.cc:492] T 5a377f7ba97d41d7bdcd74e645bd3784 P 2d1417abeba2485bac804e8bea3ca090: Bootstrap starting.
I20260710 10:59:58.037091 11695 raft_consensus.cc:493] T 5e0a714f639e47f5846739f8e21f60b9 P 2d1417abeba2485bac804e8bea3ca090 [term 0 FOLLOWER]: Starting pre-election (no leader contacted us within the election timeout)
I20260710 10:59:58.037514 11695 raft_consensus.cc:515] T 5e0a714f639e47f5846739f8e21f60b9 P 2d1417abeba2485bac804e8bea3ca090 [term 0 FOLLOWER]: Starting pre-election with config: opid_index: -1 OBSOLETE_local: false peers { permanent_uuid: "42212aa6fef34d95ba5ba37c26f82fe0" member_type: VOTER last_known_addr { host: "127.10.159.194" port: 36881 } } peers { permanent_uuid: "2d1417abeba2485bac804e8bea3ca090" member_type: VOTER last_known_addr { host: "127.10.159.193" port: 36679 } } peers { permanent_uuid: "7d2e216c0a634d8ba0fb471aba7b5715" member_type: VOTER last_known_addr { host: "127.10.159.195" port: 32771 } }
I20260710 10:59:58.039306 11695 leader_election.cc:290] T 5e0a714f639e47f5846739f8e21f60b9 P 2d1417abeba2485bac804e8bea3ca090 [CANDIDATE]: Term 1 pre-election: Requested pre-vote from peers 42212aa6fef34d95ba5ba37c26f82fe0 (127.10.159.194:36881), 7d2e216c0a634d8ba0fb471aba7b5715 (127.10.159.195:32771)
I20260710 10:59:58.042845 11689 tablet_bootstrap.cc:654] T 5a377f7ba97d41d7bdcd74e645bd3784 P 2d1417abeba2485bac804e8bea3ca090: Neither blocks nor log segments found. Creating new log.
I20260710 10:59:58.050949 11649 tablet_service.cc:1917] Received RequestConsensusVote() RPC: tablet_id: "c7935046d779453abe9cbcf3f06b535c" candidate_uuid: "2d1417abeba2485bac804e8bea3ca090" candidate_term: 1 candidate_status { last_received { term: 0 index: 0 } } ignore_live_leader: false dest_uuid: "7d2e216c0a634d8ba0fb471aba7b5715" is_pre_election: true
I20260710 10:59:58.051640 11649 raft_consensus.cc:2468] T c7935046d779453abe9cbcf3f06b535c P 7d2e216c0a634d8ba0fb471aba7b5715 [term 0 FOLLOWER]: Leader pre-election vote request: Granting yes vote for candidate 2d1417abeba2485bac804e8bea3ca090 in term 0.
I20260710 10:59:58.053503 11649 tablet_service.cc:1917] Received RequestConsensusVote() RPC: tablet_id: "5e0a714f639e47f5846739f8e21f60b9" candidate_uuid: "2d1417abeba2485bac804e8bea3ca090" candidate_term: 1 candidate_status { last_received { term: 0 index: 0 } } ignore_live_leader: false dest_uuid: "7d2e216c0a634d8ba0fb471aba7b5715" is_pre_election: true
I20260710 10:59:58.055027 11464 leader_election.cc:304] T c7935046d779453abe9cbcf3f06b535c P 2d1417abeba2485bac804e8bea3ca090 [CANDIDATE]: Term 1 pre-election: Election decided. Result: candidate won. Election summary: received 2 responses out of 3 voters: 2 yes votes; 0 no votes. yes voters: 2d1417abeba2485bac804e8bea3ca090, 7d2e216c0a634d8ba0fb471aba7b5715; no voters: 
W20260710 10:59:58.055962 11464 leader_election.cc:343] T 5e0a714f639e47f5846739f8e21f60b9 P 2d1417abeba2485bac804e8bea3ca090 [CANDIDATE]: Term 1 pre-election: Tablet error from VoteRequest() call to peer 7d2e216c0a634d8ba0fb471aba7b5715 (127.10.159.195:32771): Illegal state: must be running to vote when last-logged opid is not known
I20260710 10:59:58.057652 11695 raft_consensus.cc:2804] T c7935046d779453abe9cbcf3f06b535c P 2d1417abeba2485bac804e8bea3ca090 [term 0 FOLLOWER]: Leader pre-election won for term 1
I20260710 10:59:58.058038 11695 raft_consensus.cc:493] T c7935046d779453abe9cbcf3f06b535c P 2d1417abeba2485bac804e8bea3ca090 [term 0 FOLLOWER]: Starting leader election (no leader contacted us within the election timeout)
I20260710 10:59:58.058364 11695 raft_consensus.cc:3060] T c7935046d779453abe9cbcf3f06b535c P 2d1417abeba2485bac804e8bea3ca090 [term 0 FOLLOWER]: Advancing to term 1
I20260710 10:59:58.071360 11694 raft_consensus.cc:493] T 99b81123a6d84074a69c213c88f942bd P 42212aa6fef34d95ba5ba37c26f82fe0 [term 0 FOLLOWER]: Starting pre-election (no leader contacted us within the election timeout)
I20260710 10:59:58.071807 11694 raft_consensus.cc:515] T 99b81123a6d84074a69c213c88f942bd P 42212aa6fef34d95ba5ba37c26f82fe0 [term 0 FOLLOWER]: Starting pre-election with config: opid_index: -1 OBSOLETE_local: false peers { permanent_uuid: "2d1417abeba2485bac804e8bea3ca090" member_type: VOTER last_known_addr { host: "127.10.159.193" port: 36679 } } peers { permanent_uuid: "42212aa6fef34d95ba5ba37c26f82fe0" member_type: VOTER last_known_addr { host: "127.10.159.194" port: 36881 } } peers { permanent_uuid: "7d2e216c0a634d8ba0fb471aba7b5715" member_type: VOTER last_known_addr { host: "127.10.159.195" port: 32771 } }
I20260710 10:59:58.065217 11695 raft_consensus.cc:515] T c7935046d779453abe9cbcf3f06b535c P 2d1417abeba2485bac804e8bea3ca090 [term 1 FOLLOWER]: Starting leader election with config: opid_index: -1 OBSOLETE_local: false peers { permanent_uuid: "2d1417abeba2485bac804e8bea3ca090" member_type: VOTER last_known_addr { host: "127.10.159.193" port: 36679 } } peers { permanent_uuid: "42212aa6fef34d95ba5ba37c26f82fe0" member_type: VOTER last_known_addr { host: "127.10.159.194" port: 36881 } } peers { permanent_uuid: "7d2e216c0a634d8ba0fb471aba7b5715" member_type: VOTER last_known_addr { host: "127.10.159.195" port: 32771 } }
I20260710 10:59:58.075588 11695 leader_election.cc:290] T c7935046d779453abe9cbcf3f06b535c P 2d1417abeba2485bac804e8bea3ca090 [CANDIDATE]: Term 1 election: Requested vote from peers 42212aa6fef34d95ba5ba37c26f82fe0 (127.10.159.194:36881), 7d2e216c0a634d8ba0fb471aba7b5715 (127.10.159.195:32771)
I20260710 10:59:58.076148 11649 tablet_service.cc:1917] Received RequestConsensusVote() RPC: tablet_id: "c7935046d779453abe9cbcf3f06b535c" candidate_uuid: "2d1417abeba2485bac804e8bea3ca090" candidate_term: 1 candidate_status { last_received { term: 0 index: 0 } } ignore_live_leader: false dest_uuid: "7d2e216c0a634d8ba0fb471aba7b5715"
I20260710 10:59:58.076732 11649 raft_consensus.cc:3060] T c7935046d779453abe9cbcf3f06b535c P 7d2e216c0a634d8ba0fb471aba7b5715 [term 0 FOLLOWER]: Advancing to term 1
I20260710 10:59:58.080860 11694 leader_election.cc:290] T 99b81123a6d84074a69c213c88f942bd P 42212aa6fef34d95ba5ba37c26f82fe0 [CANDIDATE]: Term 1 pre-election: Requested pre-vote from peers 2d1417abeba2485bac804e8bea3ca090 (127.10.159.193:36679), 7d2e216c0a634d8ba0fb471aba7b5715 (127.10.159.195:32771)
I20260710 10:59:58.085337 11649 raft_consensus.cc:2468] T c7935046d779453abe9cbcf3f06b535c P 7d2e216c0a634d8ba0fb471aba7b5715 [term 1 FOLLOWER]: Leader election vote request: Granting yes vote for candidate 2d1417abeba2485bac804e8bea3ca090 in term 1.
I20260710 10:59:58.086669 11464 leader_election.cc:304] T c7935046d779453abe9cbcf3f06b535c P 2d1417abeba2485bac804e8bea3ca090 [CANDIDATE]: Term 1 election: Election decided. Result: candidate won. Election summary: received 2 responses out of 3 voters: 2 yes votes; 0 no votes. yes voters: 2d1417abeba2485bac804e8bea3ca090, 7d2e216c0a634d8ba0fb471aba7b5715; no voters: 
I20260710 10:59:58.087847 11575 tablet_service.cc:1917] Received RequestConsensusVote() RPC: tablet_id: "c7935046d779453abe9cbcf3f06b535c" candidate_uuid: "2d1417abeba2485bac804e8bea3ca090" candidate_term: 1 candidate_status { last_received { term: 0 index: 0 } } ignore_live_leader: false dest_uuid: "42212aa6fef34d95ba5ba37c26f82fe0" is_pre_election: true
I20260710 10:59:58.088482 11575 raft_consensus.cc:2468] T c7935046d779453abe9cbcf3f06b535c P 42212aa6fef34d95ba5ba37c26f82fe0 [term 0 FOLLOWER]: Leader pre-election vote request: Granting yes vote for candidate 2d1417abeba2485bac804e8bea3ca090 in term 0.
I20260710 10:59:58.089973 11573 tablet_service.cc:1917] Received RequestConsensusVote() RPC: tablet_id: "c7935046d779453abe9cbcf3f06b535c" candidate_uuid: "2d1417abeba2485bac804e8bea3ca090" candidate_term: 1 candidate_status { last_received { term: 0 index: 0 } } ignore_live_leader: false dest_uuid: "42212aa6fef34d95ba5ba37c26f82fe0"
I20260710 10:59:58.090548 11573 raft_consensus.cc:3060] T c7935046d779453abe9cbcf3f06b535c P 42212aa6fef34d95ba5ba37c26f82fe0 [term 0 FOLLOWER]: Advancing to term 1
I20260710 10:59:58.089442 11574 tablet_service.cc:1917] Received RequestConsensusVote() RPC: tablet_id: "5e0a714f639e47f5846739f8e21f60b9" candidate_uuid: "2d1417abeba2485bac804e8bea3ca090" candidate_term: 1 candidate_status { last_received { term: 0 index: 0 } } ignore_live_leader: false dest_uuid: "42212aa6fef34d95ba5ba37c26f82fe0" is_pre_election: true
I20260710 10:59:58.094204 11574 raft_consensus.cc:2468] T 5e0a714f639e47f5846739f8e21f60b9 P 42212aa6fef34d95ba5ba37c26f82fe0 [term 0 FOLLOWER]: Leader pre-election vote request: Granting yes vote for candidate 2d1417abeba2485bac804e8bea3ca090 in term 0.
I20260710 10:59:58.096012 11466 leader_election.cc:304] T 5e0a714f639e47f5846739f8e21f60b9 P 2d1417abeba2485bac804e8bea3ca090 [CANDIDATE]: Term 1 pre-election: Election decided. Result: candidate won. Election summary: received 3 responses out of 3 voters: 2 yes votes; 1 no votes. yes voters: 2d1417abeba2485bac804e8bea3ca090, 42212aa6fef34d95ba5ba37c26f82fe0; no voters: 7d2e216c0a634d8ba0fb471aba7b5715
I20260710 10:59:58.097693 11695 raft_consensus.cc:2804] T c7935046d779453abe9cbcf3f06b535c P 2d1417abeba2485bac804e8bea3ca090 [term 1 FOLLOWER]: Leader election won for term 1
I20260710 10:59:58.104880 11649 tablet_service.cc:1917] Received RequestConsensusVote() RPC: tablet_id: "99b81123a6d84074a69c213c88f942bd" candidate_uuid: "42212aa6fef34d95ba5ba37c26f82fe0" candidate_term: 1 candidate_status { last_received { term: 0 index: 0 } } ignore_live_leader: false dest_uuid: "7d2e216c0a634d8ba0fb471aba7b5715" is_pre_election: true
I20260710 10:59:58.105557 11649 raft_consensus.cc:2468] T 99b81123a6d84074a69c213c88f942bd P 7d2e216c0a634d8ba0fb471aba7b5715 [term 0 FOLLOWER]: Leader pre-election vote request: Granting yes vote for candidate 42212aa6fef34d95ba5ba37c26f82fe0 in term 0.
I20260710 10:59:58.106534 11573 raft_consensus.cc:2468] T c7935046d779453abe9cbcf3f06b535c P 42212aa6fef34d95ba5ba37c26f82fe0 [term 1 FOLLOWER]: Leader election vote request: Granting yes vote for candidate 2d1417abeba2485bac804e8bea3ca090 in term 1.
I20260710 10:59:58.106840 11539 leader_election.cc:304] T 99b81123a6d84074a69c213c88f942bd P 42212aa6fef34d95ba5ba37c26f82fe0 [CANDIDATE]: Term 1 pre-election: Election decided. Result: candidate won. Election summary: received 2 responses out of 3 voters: 2 yes votes; 0 no votes. yes voters: 42212aa6fef34d95ba5ba37c26f82fe0, 7d2e216c0a634d8ba0fb471aba7b5715; no voters: 
I20260710 10:59:58.107692 11694 raft_consensus.cc:2804] T 99b81123a6d84074a69c213c88f942bd P 42212aa6fef34d95ba5ba37c26f82fe0 [term 0 FOLLOWER]: Leader pre-election won for term 1
I20260710 10:59:58.108053 11694 raft_consensus.cc:493] T 99b81123a6d84074a69c213c88f942bd P 42212aa6fef34d95ba5ba37c26f82fe0 [term 0 FOLLOWER]: Starting leader election (no leader contacted us within the election timeout)
I20260710 10:59:58.108372 11694 raft_consensus.cc:3060] T 99b81123a6d84074a69c213c88f942bd P 42212aa6fef34d95ba5ba37c26f82fe0 [term 0 FOLLOWER]: Advancing to term 1
I20260710 10:59:58.116627 11694 raft_consensus.cc:515] T 99b81123a6d84074a69c213c88f942bd P 42212aa6fef34d95ba5ba37c26f82fe0 [term 1 FOLLOWER]: Starting leader election with config: opid_index: -1 OBSOLETE_local: false peers { permanent_uuid: "2d1417abeba2485bac804e8bea3ca090" member_type: VOTER last_known_addr { host: "127.10.159.193" port: 36679 } } peers { permanent_uuid: "42212aa6fef34d95ba5ba37c26f82fe0" member_type: VOTER last_known_addr { host: "127.10.159.194" port: 36881 } } peers { permanent_uuid: "7d2e216c0a634d8ba0fb471aba7b5715" member_type: VOTER last_known_addr { host: "127.10.159.195" port: 32771 } }
I20260710 10:59:58.117960 11690 tablet_bootstrap.cc:492] T a246f3b50a2d44c9b794a3923df8fb15 P 42212aa6fef34d95ba5ba37c26f82fe0: No bootstrap required, opened a new log
I20260710 10:59:58.118480 11690 ts_tablet_manager.cc:1403] T a246f3b50a2d44c9b794a3923df8fb15 P 42212aa6fef34d95ba5ba37c26f82fe0: Time spent bootstrapping tablet: real 0.104s	user 0.049s	sys 0.050s
I20260710 10:59:58.118826 11693 tablet_bootstrap.cc:492] T 5e0a714f639e47f5846739f8e21f60b9 P 7d2e216c0a634d8ba0fb471aba7b5715: No bootstrap required, opened a new log
I20260710 10:59:58.119278 11693 ts_tablet_manager.cc:1403] T 5e0a714f639e47f5846739f8e21f60b9 P 7d2e216c0a634d8ba0fb471aba7b5715: Time spent bootstrapping tablet: real 0.100s	user 0.027s	sys 0.024s
I20260710 10:59:58.120050 11649 tablet_service.cc:1917] Received RequestConsensusVote() RPC: tablet_id: "99b81123a6d84074a69c213c88f942bd" candidate_uuid: "42212aa6fef34d95ba5ba37c26f82fe0" candidate_term: 1 candidate_status { last_received { term: 0 index: 0 } } ignore_live_leader: false dest_uuid: "7d2e216c0a634d8ba0fb471aba7b5715"
I20260710 10:59:58.120611 11649 raft_consensus.cc:3060] T 99b81123a6d84074a69c213c88f942bd P 7d2e216c0a634d8ba0fb471aba7b5715 [term 0 FOLLOWER]: Advancing to term 1
I20260710 10:59:58.121311 11720 raft_consensus.cc:2804] T 5e0a714f639e47f5846739f8e21f60b9 P 2d1417abeba2485bac804e8bea3ca090 [term 0 FOLLOWER]: Leader pre-election won for term 1
I20260710 10:59:58.121332 11690 raft_consensus.cc:359] T a246f3b50a2d44c9b794a3923df8fb15 P 42212aa6fef34d95ba5ba37c26f82fe0 [term 0 FOLLOWER]: Replica starting. Triggering 0 pending ops. Active config: opid_index: -1 OBSOLETE_local: false peers { permanent_uuid: "2d1417abeba2485bac804e8bea3ca090" member_type: VOTER last_known_addr { host: "127.10.159.193" port: 36679 } } peers { permanent_uuid: "42212aa6fef34d95ba5ba37c26f82fe0" member_type: VOTER last_known_addr { host: "127.10.159.194" port: 36881 } } peers { permanent_uuid: "7d2e216c0a634d8ba0fb471aba7b5715" member_type: VOTER last_known_addr { host: "127.10.159.195" port: 32771 } }
I20260710 10:59:58.122076 11693 raft_consensus.cc:359] T 5e0a714f639e47f5846739f8e21f60b9 P 7d2e216c0a634d8ba0fb471aba7b5715 [term 0 FOLLOWER]: Replica starting. Triggering 0 pending ops. Active config: opid_index: -1 OBSOLETE_local: false peers { permanent_uuid: "42212aa6fef34d95ba5ba37c26f82fe0" member_type: VOTER last_known_addr { host: "127.10.159.194" port: 36881 } } peers { permanent_uuid: "2d1417abeba2485bac804e8bea3ca090" member_type: VOTER last_known_addr { host: "127.10.159.193" port: 36679 } } peers { permanent_uuid: "7d2e216c0a634d8ba0fb471aba7b5715" member_type: VOTER last_known_addr { host: "127.10.159.195" port: 32771 } }
I20260710 10:59:58.123090 11690 raft_consensus.cc:385] T a246f3b50a2d44c9b794a3923df8fb15 P 42212aa6fef34d95ba5ba37c26f82fe0 [term 0 FOLLOWER]: Consensus starting up: Expiring failure detector timer to make a prompt election more likely
I20260710 10:59:58.123200 11693 raft_consensus.cc:385] T 5e0a714f639e47f5846739f8e21f60b9 P 7d2e216c0a634d8ba0fb471aba7b5715 [term 0 FOLLOWER]: Consensus starting up: Expiring failure detector timer to make a prompt election more likely
I20260710 10:59:58.123582 11690 raft_consensus.cc:740] T a246f3b50a2d44c9b794a3923df8fb15 P 42212aa6fef34d95ba5ba37c26f82fe0 [term 0 FOLLOWER]: Becoming Follower/Learner. State: Replica: 42212aa6fef34d95ba5ba37c26f82fe0, State: Initialized, Role: FOLLOWER
I20260710 10:59:58.123669 11693 raft_consensus.cc:740] T 5e0a714f639e47f5846739f8e21f60b9 P 7d2e216c0a634d8ba0fb471aba7b5715 [term 0 FOLLOWER]: Becoming Follower/Learner. State: Replica: 7d2e216c0a634d8ba0fb471aba7b5715, State: Initialized, Role: FOLLOWER
I20260710 10:59:58.123009 11720 raft_consensus.cc:493] T 5e0a714f639e47f5846739f8e21f60b9 P 2d1417abeba2485bac804e8bea3ca090 [term 0 FOLLOWER]: Starting leader election (no leader contacted us within the election timeout)
I20260710 10:59:58.124310 11720 raft_consensus.cc:3060] T 5e0a714f639e47f5846739f8e21f60b9 P 2d1417abeba2485bac804e8bea3ca090 [term 0 FOLLOWER]: Advancing to term 1
I20260710 10:59:58.124511 11693 consensus_queue.cc:260] T 5e0a714f639e47f5846739f8e21f60b9 P 7d2e216c0a634d8ba0fb471aba7b5715 [NON_LEADER]: Queue going to NON_LEADER mode. State: All replicated index: 0, Majority replicated index: 0, Committed index: 0, Last appended: 0.0, Last appended by leader: 0, Current term: 0, Majority size: -1, State: 0, Mode: NON_LEADER, active raft config: opid_index: -1 OBSOLETE_local: false peers { permanent_uuid: "42212aa6fef34d95ba5ba37c26f82fe0" member_type: VOTER last_known_addr { host: "127.10.159.194" port: 36881 } } peers { permanent_uuid: "2d1417abeba2485bac804e8bea3ca090" member_type: VOTER last_known_addr { host: "127.10.159.193" port: 36679 } } peers { permanent_uuid: "7d2e216c0a634d8ba0fb471aba7b5715" member_type: VOTER last_known_addr { host: "127.10.159.195" port: 32771 } }
I20260710 10:59:58.124472 11690 consensus_queue.cc:260] T a246f3b50a2d44c9b794a3923df8fb15 P 42212aa6fef34d95ba5ba37c26f82fe0 [NON_LEADER]: Queue going to NON_LEADER mode. State: All replicated index: 0, Majority replicated index: 0, Committed index: 0, Last appended: 0.0, Last appended by leader: 0, Current term: 0, Majority size: -1, State: 0, Mode: NON_LEADER, active raft config: opid_index: -1 OBSOLETE_local: false peers { permanent_uuid: "2d1417abeba2485bac804e8bea3ca090" member_type: VOTER last_known_addr { host: "127.10.159.193" port: 36679 } } peers { permanent_uuid: "42212aa6fef34d95ba5ba37c26f82fe0" member_type: VOTER last_known_addr { host: "127.10.159.194" port: 36881 } } peers { permanent_uuid: "7d2e216c0a634d8ba0fb471aba7b5715" member_type: VOTER last_known_addr { host: "127.10.159.195" port: 32771 } }
I20260710 10:59:58.122594 11695 raft_consensus.cc:697] T c7935046d779453abe9cbcf3f06b535c P 2d1417abeba2485bac804e8bea3ca090 [term 1 LEADER]: Becoming Leader. State: Replica: 2d1417abeba2485bac804e8bea3ca090, State: Running, Role: LEADER
I20260710 10:59:58.126128 11695 consensus_queue.cc:237] T c7935046d779453abe9cbcf3f06b535c P 2d1417abeba2485bac804e8bea3ca090 [LEADER]: Queue going to LEADER mode. State: All replicated index: 0, Majority replicated index: 0, Committed index: 0, Last appended: 0.0, Last appended by leader: 0, Current term: 1, Majority size: 2, State: 0, Mode: LEADER, active raft config: opid_index: -1 OBSOLETE_local: false peers { permanent_uuid: "2d1417abeba2485bac804e8bea3ca090" member_type: VOTER last_known_addr { host: "127.10.159.193" port: 36679 } } peers { permanent_uuid: "42212aa6fef34d95ba5ba37c26f82fe0" member_type: VOTER last_known_addr { host: "127.10.159.194" port: 36881 } } peers { permanent_uuid: "7d2e216c0a634d8ba0fb471aba7b5715" member_type: VOTER last_known_addr { host: "127.10.159.195" port: 32771 } }
I20260710 10:59:58.126523 11649 raft_consensus.cc:2468] T 99b81123a6d84074a69c213c88f942bd P 7d2e216c0a634d8ba0fb471aba7b5715 [term 1 FOLLOWER]: Leader election vote request: Granting yes vote for candidate 42212aa6fef34d95ba5ba37c26f82fe0 in term 1.
I20260710 10:59:58.133001 11539 leader_election.cc:304] T 99b81123a6d84074a69c213c88f942bd P 42212aa6fef34d95ba5ba37c26f82fe0 [CANDIDATE]: Term 1 election: Election decided. Result: candidate won. Election summary: received 2 responses out of 3 voters: 2 yes votes; 0 no votes. yes voters: 42212aa6fef34d95ba5ba37c26f82fe0, 7d2e216c0a634d8ba0fb471aba7b5715; no voters: 
I20260710 10:59:58.133864 11690 ts_tablet_manager.cc:1434] T a246f3b50a2d44c9b794a3923df8fb15 P 42212aa6fef34d95ba5ba37c26f82fe0: Time spent starting tablet: real 0.015s	user 0.010s	sys 0.003s
I20260710 10:59:58.126902 11694 leader_election.cc:290] T 99b81123a6d84074a69c213c88f942bd P 42212aa6fef34d95ba5ba37c26f82fe0 [CANDIDATE]: Term 1 election: Requested vote from peers 2d1417abeba2485bac804e8bea3ca090 (127.10.159.193:36679), 7d2e216c0a634d8ba0fb471aba7b5715 (127.10.159.195:32771)
I20260710 10:59:58.129032 11689 tablet_bootstrap.cc:492] T 5a377f7ba97d41d7bdcd74e645bd3784 P 2d1417abeba2485bac804e8bea3ca090: No bootstrap required, opened a new log
I20260710 10:59:58.129264 11500 tablet_service.cc:1917] Received RequestConsensusVote() RPC: tablet_id: "99b81123a6d84074a69c213c88f942bd" candidate_uuid: "42212aa6fef34d95ba5ba37c26f82fe0" candidate_term: 1 candidate_status { last_received { term: 0 index: 0 } } ignore_live_leader: false dest_uuid: "2d1417abeba2485bac804e8bea3ca090" is_pre_election: true
I20260710 10:59:58.130069 11499 tablet_service.cc:1917] Received RequestConsensusVote() RPC: tablet_id: "99b81123a6d84074a69c213c88f942bd" candidate_uuid: "42212aa6fef34d95ba5ba37c26f82fe0" candidate_term: 1 candidate_status { last_received { term: 0 index: 0 } } ignore_live_leader: false dest_uuid: "2d1417abeba2485bac804e8bea3ca090"
I20260710 10:59:58.134485 11694 raft_consensus.cc:2804] T 99b81123a6d84074a69c213c88f942bd P 42212aa6fef34d95ba5ba37c26f82fe0 [term 1 FOLLOWER]: Leader election won for term 1
I20260710 10:59:58.134836 11499 raft_consensus.cc:3060] T 99b81123a6d84074a69c213c88f942bd P 2d1417abeba2485bac804e8bea3ca090 [term 0 FOLLOWER]: Advancing to term 1
I20260710 10:59:58.134936 11694 raft_consensus.cc:697] T 99b81123a6d84074a69c213c88f942bd P 42212aa6fef34d95ba5ba37c26f82fe0 [term 1 LEADER]: Becoming Leader. State: Replica: 42212aa6fef34d95ba5ba37c26f82fe0, State: Running, Role: LEADER
I20260710 10:59:58.135197 11720 raft_consensus.cc:515] T 5e0a714f639e47f5846739f8e21f60b9 P 2d1417abeba2485bac804e8bea3ca090 [term 1 FOLLOWER]: Starting leader election with config: opid_index: -1 OBSOLETE_local: false peers { permanent_uuid: "42212aa6fef34d95ba5ba37c26f82fe0" member_type: VOTER last_known_addr { host: "127.10.159.194" port: 36881 } } peers { permanent_uuid: "2d1417abeba2485bac804e8bea3ca090" member_type: VOTER last_known_addr { host: "127.10.159.193" port: 36679 } } peers { permanent_uuid: "7d2e216c0a634d8ba0fb471aba7b5715" member_type: VOTER last_known_addr { host: "127.10.159.195" port: 32771 } }
I20260710 10:59:58.135787 11694 consensus_queue.cc:237] T 99b81123a6d84074a69c213c88f942bd P 42212aa6fef34d95ba5ba37c26f82fe0 [LEADER]: Queue going to LEADER mode. State: All replicated index: 0, Majority replicated index: 0, Committed index: 0, Last appended: 0.0, Last appended by leader: 0, Current term: 1, Majority size: 2, State: 0, Mode: LEADER, active raft config: opid_index: -1 OBSOLETE_local: false peers { permanent_uuid: "2d1417abeba2485bac804e8bea3ca090" member_type: VOTER last_known_addr { host: "127.10.159.193" port: 36679 } } peers { permanent_uuid: "42212aa6fef34d95ba5ba37c26f82fe0" member_type: VOTER last_known_addr { host: "127.10.159.194" port: 36881 } } peers { permanent_uuid: "7d2e216c0a634d8ba0fb471aba7b5715" member_type: VOTER last_known_addr { host: "127.10.159.195" port: 32771 } }
I20260710 10:59:58.134775 11689 ts_tablet_manager.cc:1403] T 5a377f7ba97d41d7bdcd74e645bd3784 P 2d1417abeba2485bac804e8bea3ca090: Time spent bootstrapping tablet: real 0.099s	user 0.020s	sys 0.019s
I20260710 10:59:58.139897 11689 raft_consensus.cc:359] T 5a377f7ba97d41d7bdcd74e645bd3784 P 2d1417abeba2485bac804e8bea3ca090 [term 0 FOLLOWER]: Replica starting. Triggering 0 pending ops. Active config: opid_index: -1 OBSOLETE_local: false peers { permanent_uuid: "2d1417abeba2485bac804e8bea3ca090" member_type: VOTER last_known_addr { host: "127.10.159.193" port: 36679 } } peers { permanent_uuid: "42212aa6fef34d95ba5ba37c26f82fe0" member_type: VOTER last_known_addr { host: "127.10.159.194" port: 36881 } } peers { permanent_uuid: "7d2e216c0a634d8ba0fb471aba7b5715" member_type: VOTER last_known_addr { host: "127.10.159.195" port: 32771 } }
I20260710 10:59:58.140494 11573 tablet_service.cc:1917] Received RequestConsensusVote() RPC: tablet_id: "5e0a714f639e47f5846739f8e21f60b9" candidate_uuid: "2d1417abeba2485bac804e8bea3ca090" candidate_term: 1 candidate_status { last_received { term: 0 index: 0 } } ignore_live_leader: false dest_uuid: "42212aa6fef34d95ba5ba37c26f82fe0"
I20260710 10:59:58.140654 11689 raft_consensus.cc:385] T 5a377f7ba97d41d7bdcd74e645bd3784 P 2d1417abeba2485bac804e8bea3ca090 [term 0 FOLLOWER]: Consensus starting up: Expiring failure detector timer to make a prompt election more likely
I20260710 10:59:58.141062 11573 raft_consensus.cc:3060] T 5e0a714f639e47f5846739f8e21f60b9 P 42212aa6fef34d95ba5ba37c26f82fe0 [term 0 FOLLOWER]: Advancing to term 1
I20260710 10:59:58.141284 11499 raft_consensus.cc:2468] T 99b81123a6d84074a69c213c88f942bd P 2d1417abeba2485bac804e8bea3ca090 [term 1 FOLLOWER]: Leader election vote request: Granting yes vote for candidate 42212aa6fef34d95ba5ba37c26f82fe0 in term 1.
I20260710 10:59:58.131834 11693 ts_tablet_manager.cc:1434] T 5e0a714f639e47f5846739f8e21f60b9 P 7d2e216c0a634d8ba0fb471aba7b5715: Time spent starting tablet: real 0.012s	user 0.004s	sys 0.002s
I20260710 10:59:58.141058 11689 raft_consensus.cc:740] T 5a377f7ba97d41d7bdcd74e645bd3784 P 2d1417abeba2485bac804e8bea3ca090 [term 0 FOLLOWER]: Becoming Follower/Learner. State: Replica: 2d1417abeba2485bac804e8bea3ca090, State: Initialized, Role: FOLLOWER
I20260710 10:59:58.144281 11689 consensus_queue.cc:260] T 5a377f7ba97d41d7bdcd74e645bd3784 P 2d1417abeba2485bac804e8bea3ca090 [NON_LEADER]: Queue going to NON_LEADER mode. State: All replicated index: 0, Majority replicated index: 0, Committed index: 0, Last appended: 0.0, Last appended by leader: 0, Current term: 0, Majority size: -1, State: 0, Mode: NON_LEADER, active raft config: opid_index: -1 OBSOLETE_local: false peers { permanent_uuid: "2d1417abeba2485bac804e8bea3ca090" member_type: VOTER last_known_addr { host: "127.10.159.193" port: 36679 } } peers { permanent_uuid: "42212aa6fef34d95ba5ba37c26f82fe0" member_type: VOTER last_known_addr { host: "127.10.159.194" port: 36881 } } peers { permanent_uuid: "7d2e216c0a634d8ba0fb471aba7b5715" member_type: VOTER last_known_addr { host: "127.10.159.195" port: 32771 } }
I20260710 10:59:58.148090 11573 raft_consensus.cc:2468] T 5e0a714f639e47f5846739f8e21f60b9 P 42212aa6fef34d95ba5ba37c26f82fe0 [term 1 FOLLOWER]: Leader election vote request: Granting yes vote for candidate 2d1417abeba2485bac804e8bea3ca090 in term 1.
I20260710 10:59:58.148474 11689 ts_tablet_manager.cc:1434] T 5a377f7ba97d41d7bdcd74e645bd3784 P 2d1417abeba2485bac804e8bea3ca090: Time spent starting tablet: real 0.011s	user 0.001s	sys 0.005s
I20260710 10:59:58.149255 11693 tablet_bootstrap.cc:492] T 4c352eb762564a5dbfb43fa07a9cc079 P 7d2e216c0a634d8ba0fb471aba7b5715: Bootstrap starting.
I20260710 10:59:58.154129 11690 tablet_bootstrap.cc:492] T ffe10da3ddda40c4b7f80291fc71eba0 P 42212aa6fef34d95ba5ba37c26f82fe0: Bootstrap starting.
I20260710 10:59:58.154534 11466 leader_election.cc:304] T 5e0a714f639e47f5846739f8e21f60b9 P 2d1417abeba2485bac804e8bea3ca090 [CANDIDATE]: Term 1 election: Election decided. Result: candidate won. Election summary: received 2 responses out of 3 voters: 2 yes votes; 0 no votes. yes voters: 2d1417abeba2485bac804e8bea3ca090, 42212aa6fef34d95ba5ba37c26f82fe0; no voters: 
I20260710 10:59:58.155377 11695 raft_consensus.cc:2804] T 5e0a714f639e47f5846739f8e21f60b9 P 2d1417abeba2485bac804e8bea3ca090 [term 1 FOLLOWER]: Leader election won for term 1
I20260710 10:59:58.160024 11695 raft_consensus.cc:697] T 5e0a714f639e47f5846739f8e21f60b9 P 2d1417abeba2485bac804e8bea3ca090 [term 1 LEADER]: Becoming Leader. State: Replica: 2d1417abeba2485bac804e8bea3ca090, State: Running, Role: LEADER
I20260710 10:59:58.160346 11693 tablet_bootstrap.cc:654] T 4c352eb762564a5dbfb43fa07a9cc079 P 7d2e216c0a634d8ba0fb471aba7b5715: Neither blocks nor log segments found. Creating new log.
I20260710 10:59:58.160454 11690 tablet_bootstrap.cc:654] T ffe10da3ddda40c4b7f80291fc71eba0 P 42212aa6fef34d95ba5ba37c26f82fe0: Neither blocks nor log segments found. Creating new log.
I20260710 10:59:58.160138 11397 catalog_manager.cc:5697] T c7935046d779453abe9cbcf3f06b535c P 2d1417abeba2485bac804e8bea3ca090 reported cstate change: term changed from 0 to 1, leader changed from <none> to 2d1417abeba2485bac804e8bea3ca090 (127.10.159.193). New cstate: current_term: 1 leader_uuid: "2d1417abeba2485bac804e8bea3ca090" committed_config { opid_index: -1 OBSOLETE_local: false peers { permanent_uuid: "2d1417abeba2485bac804e8bea3ca090" member_type: VOTER last_known_addr { host: "127.10.159.193" port: 36679 } health_report { overall_health: HEALTHY } } peers { permanent_uuid: "42212aa6fef34d95ba5ba37c26f82fe0" member_type: VOTER last_known_addr { host: "127.10.159.194" port: 36881 } health_report { overall_health: UNKNOWN } } peers { permanent_uuid: "7d2e216c0a634d8ba0fb471aba7b5715" member_type: VOTER last_known_addr { host: "127.10.159.195" port: 32771 } health_report { overall_health: UNKNOWN } } }
I20260710 10:59:58.160841 11695 consensus_queue.cc:237] T 5e0a714f639e47f5846739f8e21f60b9 P 2d1417abeba2485bac804e8bea3ca090 [LEADER]: Queue going to LEADER mode. State: All replicated index: 0, Majority replicated index: 0, Committed index: 0, Last appended: 0.0, Last appended by leader: 0, Current term: 1, Majority size: 2, State: 0, Mode: LEADER, active raft config: opid_index: -1 OBSOLETE_local: false peers { permanent_uuid: "42212aa6fef34d95ba5ba37c26f82fe0" member_type: VOTER last_known_addr { host: "127.10.159.194" port: 36881 } } peers { permanent_uuid: "2d1417abeba2485bac804e8bea3ca090" member_type: VOTER last_known_addr { host: "127.10.159.193" port: 36679 } } peers { permanent_uuid: "7d2e216c0a634d8ba0fb471aba7b5715" member_type: VOTER last_known_addr { host: "127.10.159.195" port: 32771 } }
I20260710 10:59:58.150887 11720 leader_election.cc:290] T 5e0a714f639e47f5846739f8e21f60b9 P 2d1417abeba2485bac804e8bea3ca090 [CANDIDATE]: Term 1 election: Requested vote from peers 42212aa6fef34d95ba5ba37c26f82fe0 (127.10.159.194:36881), 7d2e216c0a634d8ba0fb471aba7b5715 (127.10.159.195:32771)
I20260710 10:59:58.150403 11649 tablet_service.cc:1917] Received RequestConsensusVote() RPC: tablet_id: "5e0a714f639e47f5846739f8e21f60b9" candidate_uuid: "2d1417abeba2485bac804e8bea3ca090" candidate_term: 1 candidate_status { last_received { term: 0 index: 0 } } ignore_live_leader: false dest_uuid: "7d2e216c0a634d8ba0fb471aba7b5715"
I20260710 10:59:58.166128 11649 raft_consensus.cc:3060] T 5e0a714f639e47f5846739f8e21f60b9 P 7d2e216c0a634d8ba0fb471aba7b5715 [term 0 FOLLOWER]: Advancing to term 1
I20260710 10:59:58.165648 11398 catalog_manager.cc:5697] T 99b81123a6d84074a69c213c88f942bd P 42212aa6fef34d95ba5ba37c26f82fe0 reported cstate change: term changed from 0 to 1, leader changed from <none> to 42212aa6fef34d95ba5ba37c26f82fe0 (127.10.159.194). New cstate: current_term: 1 leader_uuid: "42212aa6fef34d95ba5ba37c26f82fe0" committed_config { opid_index: -1 OBSOLETE_local: false peers { permanent_uuid: "2d1417abeba2485bac804e8bea3ca090" member_type: VOTER last_known_addr { host: "127.10.159.193" port: 36679 } health_report { overall_health: UNKNOWN } } peers { permanent_uuid: "42212aa6fef34d95ba5ba37c26f82fe0" member_type: VOTER last_known_addr { host: "127.10.159.194" port: 36881 } health_report { overall_health: HEALTHY } } peers { permanent_uuid: "7d2e216c0a634d8ba0fb471aba7b5715" member_type: VOTER last_known_addr { host: "127.10.159.195" port: 32771 } health_report { overall_health: UNKNOWN } } }
W20260710 10:59:58.157150 11446 auto_rebalancer.cc:288] Could not retrieve cluster info: Service unavailable: Tablet not running
I20260710 10:59:58.159205 11689 tablet_bootstrap.cc:492] T ffe10da3ddda40c4b7f80291fc71eba0 P 2d1417abeba2485bac804e8bea3ca090: Bootstrap starting.
I20260710 10:59:58.172827 11649 raft_consensus.cc:2468] T 5e0a714f639e47f5846739f8e21f60b9 P 7d2e216c0a634d8ba0fb471aba7b5715 [term 1 FOLLOWER]: Leader election vote request: Granting yes vote for candidate 2d1417abeba2485bac804e8bea3ca090 in term 1.
I20260710 10:59:58.183640 11689 tablet_bootstrap.cc:654] T ffe10da3ddda40c4b7f80291fc71eba0 P 2d1417abeba2485bac804e8bea3ca090: Neither blocks nor log segments found. Creating new log.
I20260710 10:59:58.186671 11722 raft_consensus.cc:493] T 4c352eb762564a5dbfb43fa07a9cc079 P 42212aa6fef34d95ba5ba37c26f82fe0 [term 0 FOLLOWER]: Starting pre-election (no leader contacted us within the election timeout)
I20260710 10:59:58.187639 11722 raft_consensus.cc:515] T 4c352eb762564a5dbfb43fa07a9cc079 P 42212aa6fef34d95ba5ba37c26f82fe0 [term 0 FOLLOWER]: Starting pre-election with config: opid_index: -1 OBSOLETE_local: false peers { permanent_uuid: "2d1417abeba2485bac804e8bea3ca090" member_type: VOTER last_known_addr { host: "127.10.159.193" port: 36679 } } peers { permanent_uuid: "42212aa6fef34d95ba5ba37c26f82fe0" member_type: VOTER last_known_addr { host: "127.10.159.194" port: 36881 } } peers { permanent_uuid: "7d2e216c0a634d8ba0fb471aba7b5715" member_type: VOTER last_known_addr { host: "127.10.159.195" port: 32771 } }
I20260710 10:59:58.189973 11722 leader_election.cc:290] T 4c352eb762564a5dbfb43fa07a9cc079 P 42212aa6fef34d95ba5ba37c26f82fe0 [CANDIDATE]: Term 1 pre-election: Requested pre-vote from peers 2d1417abeba2485bac804e8bea3ca090 (127.10.159.193:36679), 7d2e216c0a634d8ba0fb471aba7b5715 (127.10.159.195:32771)
I20260710 10:59:58.190887 11499 tablet_service.cc:1917] Received RequestConsensusVote() RPC: tablet_id: "4c352eb762564a5dbfb43fa07a9cc079" candidate_uuid: "42212aa6fef34d95ba5ba37c26f82fe0" candidate_term: 1 candidate_status { last_received { term: 0 index: 0 } } ignore_live_leader: false dest_uuid: "2d1417abeba2485bac804e8bea3ca090" is_pre_election: true
I20260710 10:59:58.191044 11649 tablet_service.cc:1917] Received RequestConsensusVote() RPC: tablet_id: "4c352eb762564a5dbfb43fa07a9cc079" candidate_uuid: "42212aa6fef34d95ba5ba37c26f82fe0" candidate_term: 1 candidate_status { last_received { term: 0 index: 0 } } ignore_live_leader: false dest_uuid: "7d2e216c0a634d8ba0fb471aba7b5715" is_pre_election: true
W20260710 10:59:58.192337 11539 leader_election.cc:343] T 4c352eb762564a5dbfb43fa07a9cc079 P 42212aa6fef34d95ba5ba37c26f82fe0 [CANDIDATE]: Term 1 pre-election: Tablet error from VoteRequest() call to peer 7d2e216c0a634d8ba0fb471aba7b5715 (127.10.159.195:32771): Illegal state: must be running to vote when last-logged opid is not known
W20260710 10:59:58.192883 11541 leader_election.cc:343] T 4c352eb762564a5dbfb43fa07a9cc079 P 42212aa6fef34d95ba5ba37c26f82fe0 [CANDIDATE]: Term 1 pre-election: Tablet error from VoteRequest() call to peer 2d1417abeba2485bac804e8bea3ca090 (127.10.159.193:36679): Illegal state: must be running to vote when last-logged opid is not known
I20260710 10:59:58.193332 11541 leader_election.cc:304] T 4c352eb762564a5dbfb43fa07a9cc079 P 42212aa6fef34d95ba5ba37c26f82fe0 [CANDIDATE]: Term 1 pre-election: Election decided. Result: candidate lost. Election summary: received 3 responses out of 3 voters: 1 yes votes; 2 no votes. yes voters: 42212aa6fef34d95ba5ba37c26f82fe0; no voters: 2d1417abeba2485bac804e8bea3ca090, 7d2e216c0a634d8ba0fb471aba7b5715
I20260710 10:59:58.194458 11722 raft_consensus.cc:2749] T 4c352eb762564a5dbfb43fa07a9cc079 P 42212aa6fef34d95ba5ba37c26f82fe0 [term 0 FOLLOWER]: Leader pre-election lost for term 1. Reason: could not achieve majority
I20260710 10:59:58.199976 11689 tablet_bootstrap.cc:492] T ffe10da3ddda40c4b7f80291fc71eba0 P 2d1417abeba2485bac804e8bea3ca090: No bootstrap required, opened a new log
I20260710 10:59:58.200448 11689 ts_tablet_manager.cc:1403] T ffe10da3ddda40c4b7f80291fc71eba0 P 2d1417abeba2485bac804e8bea3ca090: Time spent bootstrapping tablet: real 0.041s	user 0.010s	sys 0.001s
I20260710 10:59:58.200800 11693 tablet_bootstrap.cc:492] T 4c352eb762564a5dbfb43fa07a9cc079 P 7d2e216c0a634d8ba0fb471aba7b5715: No bootstrap required, opened a new log
I20260710 10:59:58.201331 11693 ts_tablet_manager.cc:1403] T 4c352eb762564a5dbfb43fa07a9cc079 P 7d2e216c0a634d8ba0fb471aba7b5715: Time spent bootstrapping tablet: real 0.052s	user 0.016s	sys 0.028s
I20260710 10:59:58.202034 11690 tablet_bootstrap.cc:492] T ffe10da3ddda40c4b7f80291fc71eba0 P 42212aa6fef34d95ba5ba37c26f82fe0: No bootstrap required, opened a new log
I20260710 10:59:58.202464 11690 ts_tablet_manager.cc:1403] T ffe10da3ddda40c4b7f80291fc71eba0 P 42212aa6fef34d95ba5ba37c26f82fe0: Time spent bootstrapping tablet: real 0.049s	user 0.027s	sys 0.019s
I20260710 10:59:58.202999 11695 raft_consensus.cc:493] T 35ae303dc08d4397b7290ad93cc2eb0e P 2d1417abeba2485bac804e8bea3ca090 [term 0 FOLLOWER]: Starting pre-election (no leader contacted us within the election timeout)
I20260710 10:59:58.203472 11695 raft_consensus.cc:515] T 35ae303dc08d4397b7290ad93cc2eb0e P 2d1417abeba2485bac804e8bea3ca090 [term 0 FOLLOWER]: Starting pre-election with config: opid_index: -1 OBSOLETE_local: false peers { permanent_uuid: "2d1417abeba2485bac804e8bea3ca090" member_type: VOTER last_known_addr { host: "127.10.159.193" port: 36679 } } peers { permanent_uuid: "42212aa6fef34d95ba5ba37c26f82fe0" member_type: VOTER last_known_addr { host: "127.10.159.194" port: 36881 } } peers { permanent_uuid: "7d2e216c0a634d8ba0fb471aba7b5715" member_type: VOTER last_known_addr { host: "127.10.159.195" port: 32771 } }
I20260710 10:59:58.204488 11693 raft_consensus.cc:359] T 4c352eb762564a5dbfb43fa07a9cc079 P 7d2e216c0a634d8ba0fb471aba7b5715 [term 0 FOLLOWER]: Replica starting. Triggering 0 pending ops. Active config: opid_index: -1 OBSOLETE_local: false peers { permanent_uuid: "2d1417abeba2485bac804e8bea3ca090" member_type: VOTER last_known_addr { host: "127.10.159.193" port: 36679 } } peers { permanent_uuid: "42212aa6fef34d95ba5ba37c26f82fe0" member_type: VOTER last_known_addr { host: "127.10.159.194" port: 36881 } } peers { permanent_uuid: "7d2e216c0a634d8ba0fb471aba7b5715" member_type: VOTER last_known_addr { host: "127.10.159.195" port: 32771 } }
I20260710 10:59:58.205228 11693 raft_consensus.cc:385] T 4c352eb762564a5dbfb43fa07a9cc079 P 7d2e216c0a634d8ba0fb471aba7b5715 [term 0 FOLLOWER]: Consensus starting up: Expiring failure detector timer to make a prompt election more likely
I20260710 10:59:58.204972 11690 raft_consensus.cc:359] T ffe10da3ddda40c4b7f80291fc71eba0 P 42212aa6fef34d95ba5ba37c26f82fe0 [term 0 FOLLOWER]: Replica starting. Triggering 0 pending ops. Active config: opid_index: -1 OBSOLETE_local: false peers { permanent_uuid: "2d1417abeba2485bac804e8bea3ca090" member_type: VOTER last_known_addr { host: "127.10.159.193" port: 36679 } } peers { permanent_uuid: "42212aa6fef34d95ba5ba37c26f82fe0" member_type: VOTER last_known_addr { host: "127.10.159.194" port: 36881 } } peers { permanent_uuid: "7d2e216c0a634d8ba0fb471aba7b5715" member_type: VOTER last_known_addr { host: "127.10.159.195" port: 32771 } }
I20260710 10:59:58.205629 11693 raft_consensus.cc:740] T 4c352eb762564a5dbfb43fa07a9cc079 P 7d2e216c0a634d8ba0fb471aba7b5715 [term 0 FOLLOWER]: Becoming Follower/Learner. State: Replica: 7d2e216c0a634d8ba0fb471aba7b5715, State: Initialized, Role: FOLLOWER
I20260710 10:59:58.205794 11690 raft_consensus.cc:385] T ffe10da3ddda40c4b7f80291fc71eba0 P 42212aa6fef34d95ba5ba37c26f82fe0 [term 0 FOLLOWER]: Consensus starting up: Expiring failure detector timer to make a prompt election more likely
I20260710 10:59:58.206177 11690 raft_consensus.cc:740] T ffe10da3ddda40c4b7f80291fc71eba0 P 42212aa6fef34d95ba5ba37c26f82fe0 [term 0 FOLLOWER]: Becoming Follower/Learner. State: Replica: 42212aa6fef34d95ba5ba37c26f82fe0, State: Initialized, Role: FOLLOWER
I20260710 10:59:58.206692 11695 leader_election.cc:290] T 35ae303dc08d4397b7290ad93cc2eb0e P 2d1417abeba2485bac804e8bea3ca090 [CANDIDATE]: Term 1 pre-election: Requested pre-vote from peers 42212aa6fef34d95ba5ba37c26f82fe0 (127.10.159.194:36881), 7d2e216c0a634d8ba0fb471aba7b5715 (127.10.159.195:32771)
I20260710 10:59:58.206580 11693 consensus_queue.cc:260] T 4c352eb762564a5dbfb43fa07a9cc079 P 7d2e216c0a634d8ba0fb471aba7b5715 [NON_LEADER]: Queue going to NON_LEADER mode. State: All replicated index: 0, Majority replicated index: 0, Committed index: 0, Last appended: 0.0, Last appended by leader: 0, Current term: 0, Majority size: -1, State: 0, Mode: NON_LEADER, active raft config: opid_index: -1 OBSOLETE_local: false peers { permanent_uuid: "2d1417abeba2485bac804e8bea3ca090" member_type: VOTER last_known_addr { host: "127.10.159.193" port: 36679 } } peers { permanent_uuid: "42212aa6fef34d95ba5ba37c26f82fe0" member_type: VOTER last_known_addr { host: "127.10.159.194" port: 36881 } } peers { permanent_uuid: "7d2e216c0a634d8ba0fb471aba7b5715" member_type: VOTER last_known_addr { host: "127.10.159.195" port: 32771 } }
