I20260710 11:12:11.810595  9456 ts_tablet_manager.cc:1929] T 79e0af325725407280eeffa91d7bcce1 P 47a6a276500441c08a1de739c787a134: tablet deleted with delete type TABLET_DATA_TOMBSTONED: last-logged OpId 2.4
I20260710 11:12:11.811064  9456 log.cc:1199] T 79e0af325725407280eeffa91d7bcce1 P 47a6a276500441c08a1de739c787a134: Deleting WAL directory at /tmp/dist-test-taskHCK2QR/test-tmp/auto_leader_rebalancer-test.0.LeaderRebalancerTest.AddTserver.1783681895689014-7686-0/minicluster-data/ts-2-root/wals/79e0af325725407280eeffa91d7bcce1
I20260710 11:12:11.812588  8684 catalog_manager.cc:5028] TS 47a6a276500441c08a1de739c787a134 (127.7.129.131:35689): tablet 79e0af325725407280eeffa91d7bcce1 (table test-workload [id=a98b5610dc0149889ffb78dcf09a45e6]) successfully deleted
I20260710 11:12:11.824141  8872 consensus_queue.cc:237] T c305155432ea402facfc5879eff22cbf P 301617143e5b40c6bdd3929d15270d5d [LEADER]: Queue going to LEADER mode. State: All replicated index: 0, Majority replicated index: 4, Committed index: 4, Last appended: 3.4, Last appended by leader: 1, Current term: 3, Majority size: 2, State: 0, Mode: LEADER, active raft config: opid_index: 5 OBSOLETE_local: false peers { permanent_uuid: "301617143e5b40c6bdd3929d15270d5d" member_type: VOTER last_known_addr { host: "127.7.129.130" port: 45007 } } peers { permanent_uuid: "47a6a276500441c08a1de739c787a134" member_type: VOTER last_known_addr { host: "127.7.129.131" port: 35689 } } peers { permanent_uuid: "08ac596a0aaf4b1a840590be36cee889" member_type: VOTER last_known_addr { host: "127.7.129.132" port: 37757 } attrs { promote: false } }
I20260710 11:12:11.828647  9234 raft_consensus.cc:1275] T c305155432ea402facfc5879eff22cbf P 08ac596a0aaf4b1a840590be36cee889 [term 3 FOLLOWER]: Refusing update from remote peer 301617143e5b40c6bdd3929d15270d5d: Log matching property violated. Preceding OpId in replica: term: 3 index: 4. Preceding OpId from leader: term: 3 index: 5. (index mismatch)
I20260710 11:12:11.828864  8950 raft_consensus.cc:1275] T c305155432ea402facfc5879eff22cbf P 47a6a276500441c08a1de739c787a134 [term 3 FOLLOWER]: Refusing update from remote peer 301617143e5b40c6bdd3929d15270d5d: Log matching property violated. Preceding OpId in replica: term: 3 index: 4. Preceding OpId from leader: term: 3 index: 5. (index mismatch)
I20260710 11:12:11.830058  9405 consensus_queue.cc:1048] T c305155432ea402facfc5879eff22cbf P 301617143e5b40c6bdd3929d15270d5d [LEADER]: Connected to new peer: Peer: permanent_uuid: "47a6a276500441c08a1de739c787a134" member_type: VOTER last_known_addr { host: "127.7.129.131" port: 35689 }, Status: LMP_MISMATCH, Last received: 0.0, Next index: 5, Last known committed idx: 4, Time since last communication: 0.000s
I20260710 11:12:11.830936  9417 consensus_queue.cc:1048] T c305155432ea402facfc5879eff22cbf P 301617143e5b40c6bdd3929d15270d5d [LEADER]: Connected to new peer: Peer: permanent_uuid: "08ac596a0aaf4b1a840590be36cee889" member_type: VOTER last_known_addr { host: "127.7.129.132" port: 37757 } attrs { promote: false }, Status: LMP_MISMATCH, Last received: 0.0, Next index: 5, Last known committed idx: 4, Time since last communication: 0.000s
I20260710 11:12:11.837924  9441 raft_consensus.cc:2955] T c305155432ea402facfc5879eff22cbf P 301617143e5b40c6bdd3929d15270d5d [term 3 LEADER]: Committing config change with OpId 3.5: config changed from index 4 to 5, VOTER 11c021e725344aca96e26a2505612f32 (127.7.129.129) evicted. New config: { opid_index: 5 OBSOLETE_local: false peers { permanent_uuid: "301617143e5b40c6bdd3929d15270d5d" member_type: VOTER last_known_addr { host: "127.7.129.130" port: 45007 } } peers { permanent_uuid: "47a6a276500441c08a1de739c787a134" member_type: VOTER last_known_addr { host: "127.7.129.131" port: 35689 } } peers { permanent_uuid: "08ac596a0aaf4b1a840590be36cee889" member_type: VOTER last_known_addr { host: "127.7.129.132" port: 37757 } attrs { promote: false } } }
I20260710 11:12:11.841033  8950 raft_consensus.cc:2955] T c305155432ea402facfc5879eff22cbf P 47a6a276500441c08a1de739c787a134 [term 3 FOLLOWER]: Committing config change with OpId 3.5: config changed from index 4 to 5, VOTER 11c021e725344aca96e26a2505612f32 (127.7.129.129) evicted. New config: { opid_index: 5 OBSOLETE_local: false peers { permanent_uuid: "301617143e5b40c6bdd3929d15270d5d" member_type: VOTER last_known_addr { host: "127.7.129.130" port: 45007 } } peers { permanent_uuid: "47a6a276500441c08a1de739c787a134" member_type: VOTER last_known_addr { host: "127.7.129.131" port: 35689 } } peers { permanent_uuid: "08ac596a0aaf4b1a840590be36cee889" member_type: VOTER last_known_addr { host: "127.7.129.132" port: 37757 } attrs { promote: false } } }
I20260710 11:12:11.844453  9234 raft_consensus.cc:2955] T c305155432ea402facfc5879eff22cbf P 08ac596a0aaf4b1a840590be36cee889 [term 3 FOLLOWER]: Committing config change with OpId 3.5: config changed from index 4 to 5, VOTER 11c021e725344aca96e26a2505612f32 (127.7.129.129) evicted. New config: { opid_index: 5 OBSOLETE_local: false peers { permanent_uuid: "301617143e5b40c6bdd3929d15270d5d" member_type: VOTER last_known_addr { host: "127.7.129.130" port: 45007 } } peers { permanent_uuid: "47a6a276500441c08a1de739c787a134" member_type: VOTER last_known_addr { host: "127.7.129.131" port: 35689 } } peers { permanent_uuid: "08ac596a0aaf4b1a840590be36cee889" member_type: VOTER last_known_addr { host: "127.7.129.132" port: 37757 } attrs { promote: false } } }
I20260710 11:12:11.848291  8683 catalog_manager.cc:5210] ChangeConfig:REMOVE_PEER RPC for tablet c305155432ea402facfc5879eff22cbf with cas_config_opid_index 4: ChangeConfig:REMOVE_PEER succeeded (attempt 1)
I20260710 11:12:11.850230  8696 catalog_manager.cc:5697] T c305155432ea402facfc5879eff22cbf P 301617143e5b40c6bdd3929d15270d5d reported cstate change: config changed from index 4 to 5, VOTER 11c021e725344aca96e26a2505612f32 (127.7.129.129) evicted. New cstate: current_term: 3 leader_uuid: "301617143e5b40c6bdd3929d15270d5d" committed_config { opid_index: 5 OBSOLETE_local: false peers { permanent_uuid: "301617143e5b40c6bdd3929d15270d5d" member_type: VOTER last_known_addr { host: "127.7.129.130" port: 45007 } health_report { overall_health: HEALTHY } } peers { permanent_uuid: "47a6a276500441c08a1de739c787a134" member_type: VOTER last_known_addr { host: "127.7.129.131" port: 35689 } health_report { overall_health: HEALTHY } } peers { permanent_uuid: "08ac596a0aaf4b1a840590be36cee889" member_type: VOTER last_known_addr { host: "127.7.129.132" port: 37757 } attrs { promote: false } health_report { overall_health: HEALTHY } } }
I20260710 11:12:11.860428  8783 tablet_service.cc:1558] Processing DeleteTablet for tablet c305155432ea402facfc5879eff22cbf with delete_type TABLET_DATA_TOMBSTONED (TS 11c021e725344aca96e26a2505612f32 not found in new config with opid_index 5) from {username='slave'} at 127.0.0.1:43758
I20260710 11:12:11.863628  9467 tablet_replica.cc:333] T c305155432ea402facfc5879eff22cbf P 11c021e725344aca96e26a2505612f32: stopping tablet replica
I20260710 11:12:11.865074  9467 raft_consensus.cc:2243] T c305155432ea402facfc5879eff22cbf P 11c021e725344aca96e26a2505612f32 [term 3 FOLLOWER]: Raft consensus shutting down.
I20260710 11:12:11.865777  9467 raft_consensus.cc:2272] T c305155432ea402facfc5879eff22cbf P 11c021e725344aca96e26a2505612f32 [term 3 FOLLOWER]: Raft consensus is shut down!
I20260710 11:12:11.869386  9467 ts_tablet_manager.cc:1916] T c305155432ea402facfc5879eff22cbf P 11c021e725344aca96e26a2505612f32: Deleting tablet data with delete state TABLET_DATA_TOMBSTONED
I20260710 11:12:11.880985  9467 ts_tablet_manager.cc:1929] T c305155432ea402facfc5879eff22cbf P 11c021e725344aca96e26a2505612f32: tablet deleted with delete type TABLET_DATA_TOMBSTONED: last-logged OpId 3.4
I20260710 11:12:11.881354  9467 log.cc:1199] T c305155432ea402facfc5879eff22cbf P 11c021e725344aca96e26a2505612f32: Deleting WAL directory at /tmp/dist-test-taskHCK2QR/test-tmp/auto_leader_rebalancer-test.0.LeaderRebalancerTest.AddTserver.1783681895689014-7686-0/minicluster-data/ts-0-root/wals/c305155432ea402facfc5879eff22cbf
I20260710 11:12:11.882817  8684 catalog_manager.cc:5028] TS 11c021e725344aca96e26a2505612f32 (127.7.129.129:41207): tablet c305155432ea402facfc5879eff22cbf (table test-workload [id=a98b5610dc0149889ffb78dcf09a45e6]) successfully deleted
I20260710 11:12:12.889931  8950 consensus_queue.cc:237] T 9326b7cbdc2e43b9bd2da8da4b2d135a P 47a6a276500441c08a1de739c787a134 [LEADER]: Queue going to LEADER mode. State: All replicated index: 0, Majority replicated index: 1, Committed index: 1, Last appended: 1.1, Last appended by leader: 0, Current term: 1, Majority size: 2, State: 0, Mode: LEADER, active raft config: opid_index: 2 OBSOLETE_local: false peers { permanent_uuid: "11c021e725344aca96e26a2505612f32" member_type: VOTER last_known_addr { host: "127.7.129.129" port: 41207 } } peers { permanent_uuid: "301617143e5b40c6bdd3929d15270d5d" member_type: VOTER last_known_addr { host: "127.7.129.130" port: 45007 } attrs { replace: true } } peers { permanent_uuid: "47a6a276500441c08a1de739c787a134" member_type: VOTER last_known_addr { host: "127.7.129.131" port: 35689 } } peers { permanent_uuid: "08ac596a0aaf4b1a840590be36cee889" member_type: NON_VOTER last_known_addr { host: "127.7.129.132" port: 37757 } attrs { promote: true } }
W20260710 11:12:12.895603  8914 consensus_peers.cc:597] T 9326b7cbdc2e43b9bd2da8da4b2d135a P 47a6a276500441c08a1de739c787a134 -> Peer 08ac596a0aaf4b1a840590be36cee889 (127.7.129.132:37757): Couldn't send request to peer 08ac596a0aaf4b1a840590be36cee889. Error code: TABLET_NOT_FOUND (6). Status: Not found: Tablet not found: 9326b7cbdc2e43b9bd2da8da4b2d135a. This is attempt 1: this message will repeat every 5th retry.
I20260710 11:12:12.895718  8872 raft_consensus.cc:1275] T 9326b7cbdc2e43b9bd2da8da4b2d135a P 301617143e5b40c6bdd3929d15270d5d [term 1 FOLLOWER]: Refusing update from remote peer 47a6a276500441c08a1de739c787a134: Log matching property violated. Preceding OpId in replica: term: 1 index: 1. Preceding OpId from leader: term: 1 index: 2. (index mismatch)
I20260710 11:12:12.896147  8799 raft_consensus.cc:1275] T 9326b7cbdc2e43b9bd2da8da4b2d135a P 11c021e725344aca96e26a2505612f32 [term 1 FOLLOWER]: Refusing update from remote peer 47a6a276500441c08a1de739c787a134: Log matching property violated. Preceding OpId in replica: term: 1 index: 1. Preceding OpId from leader: term: 1 index: 2. (index mismatch)
I20260710 11:12:12.897037  9472 consensus_queue.cc:1048] T 9326b7cbdc2e43b9bd2da8da4b2d135a P 47a6a276500441c08a1de739c787a134 [LEADER]: Connected to new peer: Peer: permanent_uuid: "301617143e5b40c6bdd3929d15270d5d" member_type: VOTER last_known_addr { host: "127.7.129.130" port: 45007 } attrs { replace: true }, Status: LMP_MISMATCH, Last received: 0.0, Next index: 2, Last known committed idx: 1, Time since last communication: 0.000s
I20260710 11:12:12.897799  9473 consensus_queue.cc:1048] T 9326b7cbdc2e43b9bd2da8da4b2d135a P 47a6a276500441c08a1de739c787a134 [LEADER]: Connected to new peer: Peer: permanent_uuid: "11c021e725344aca96e26a2505612f32" member_type: VOTER last_known_addr { host: "127.7.129.129" port: 41207 }, Status: LMP_MISMATCH, Last received: 0.0, Next index: 2, Last known committed idx: 1, Time since last communication: 0.000s
I20260710 11:12:12.904974  9436 raft_consensus.cc:2955] T 9326b7cbdc2e43b9bd2da8da4b2d135a P 47a6a276500441c08a1de739c787a134 [term 1 LEADER]: Committing config change with OpId 1.2: config changed from index -1 to 2, NON_VOTER 08ac596a0aaf4b1a840590be36cee889 (127.7.129.132) added. New config: { opid_index: 2 OBSOLETE_local: false peers { permanent_uuid: "11c021e725344aca96e26a2505612f32" member_type: VOTER last_known_addr { host: "127.7.129.129" port: 41207 } } peers { permanent_uuid: "301617143e5b40c6bdd3929d15270d5d" member_type: VOTER last_known_addr { host: "127.7.129.130" port: 45007 } attrs { replace: true } } peers { permanent_uuid: "47a6a276500441c08a1de739c787a134" member_type: VOTER last_known_addr { host: "127.7.129.131" port: 35689 } } peers { permanent_uuid: "08ac596a0aaf4b1a840590be36cee889" member_type: NON_VOTER last_known_addr { host: "127.7.129.132" port: 37757 } attrs { promote: true } } }
I20260710 11:12:12.906319  8799 raft_consensus.cc:2955] T 9326b7cbdc2e43b9bd2da8da4b2d135a P 11c021e725344aca96e26a2505612f32 [term 1 FOLLOWER]: Committing config change with OpId 1.2: config changed from index -1 to 2, NON_VOTER 08ac596a0aaf4b1a840590be36cee889 (127.7.129.132) added. New config: { opid_index: 2 OBSOLETE_local: false peers { permanent_uuid: "11c021e725344aca96e26a2505612f32" member_type: VOTER last_known_addr { host: "127.7.129.129" port: 41207 } } peers { permanent_uuid: "301617143e5b40c6bdd3929d15270d5d" member_type: VOTER last_known_addr { host: "127.7.129.130" port: 45007 } attrs { replace: true } } peers { permanent_uuid: "47a6a276500441c08a1de739c787a134" member_type: VOTER last_known_addr { host: "127.7.129.131" port: 35689 } } peers { permanent_uuid: "08ac596a0aaf4b1a840590be36cee889" member_type: NON_VOTER last_known_addr { host: "127.7.129.132" port: 37757 } attrs { promote: true } } }
I20260710 11:12:12.906400  8872 raft_consensus.cc:2955] T 9326b7cbdc2e43b9bd2da8da4b2d135a P 301617143e5b40c6bdd3929d15270d5d [term 1 FOLLOWER]: Committing config change with OpId 1.2: config changed from index -1 to 2, NON_VOTER 08ac596a0aaf4b1a840590be36cee889 (127.7.129.132) added. New config: { opid_index: 2 OBSOLETE_local: false peers { permanent_uuid: "11c021e725344aca96e26a2505612f32" member_type: VOTER last_known_addr { host: "127.7.129.129" port: 41207 } } peers { permanent_uuid: "301617143e5b40c6bdd3929d15270d5d" member_type: VOTER last_known_addr { host: "127.7.129.130" port: 45007 } attrs { replace: true } } peers { permanent_uuid: "47a6a276500441c08a1de739c787a134" member_type: VOTER last_known_addr { host: "127.7.129.131" port: 35689 } } peers { permanent_uuid: "08ac596a0aaf4b1a840590be36cee889" member_type: NON_VOTER last_known_addr { host: "127.7.129.132" port: 37757 } attrs { promote: true } } }
I20260710 11:12:12.916083  8699 catalog_manager.cc:5697] T 9326b7cbdc2e43b9bd2da8da4b2d135a P 11c021e725344aca96e26a2505612f32 reported cstate change: config changed from index -1 to 2, NON_VOTER 08ac596a0aaf4b1a840590be36cee889 (127.7.129.132) added. New cstate: current_term: 1 leader_uuid: "47a6a276500441c08a1de739c787a134" committed_config { opid_index: 2 OBSOLETE_local: false peers { permanent_uuid: "11c021e725344aca96e26a2505612f32" member_type: VOTER last_known_addr { host: "127.7.129.129" port: 41207 } } peers { permanent_uuid: "301617143e5b40c6bdd3929d15270d5d" member_type: VOTER last_known_addr { host: "127.7.129.130" port: 45007 } attrs { replace: true } } peers { permanent_uuid: "47a6a276500441c08a1de739c787a134" member_type: VOTER last_known_addr { host: "127.7.129.131" port: 35689 } } peers { permanent_uuid: "08ac596a0aaf4b1a840590be36cee889" member_type: NON_VOTER last_known_addr { host: "127.7.129.132" port: 37757 } attrs { promote: true } } }
I20260710 11:12:12.926164  8872 consensus_queue.cc:237] T 94db6bbac0cd4f229de3b4a42cd47891 P 301617143e5b40c6bdd3929d15270d5d [LEADER]: Queue going to LEADER mode. State: All replicated index: 0, Majority replicated index: 1, Committed index: 1, Last appended: 1.1, Last appended by leader: 0, Current term: 1, Majority size: 2, State: 0, Mode: LEADER, active raft config: opid_index: 2 OBSOLETE_local: false peers { permanent_uuid: "11c021e725344aca96e26a2505612f32" member_type: VOTER last_known_addr { host: "127.7.129.129" port: 41207 } } peers { permanent_uuid: "301617143e5b40c6bdd3929d15270d5d" member_type: VOTER last_known_addr { host: "127.7.129.130" port: 45007 } } peers { permanent_uuid: "47a6a276500441c08a1de739c787a134" member_type: VOTER last_known_addr { host: "127.7.129.131" port: 35689 } attrs { replace: true } } peers { permanent_uuid: "08ac596a0aaf4b1a840590be36cee889" member_type: NON_VOTER last_known_addr { host: "127.7.129.132" port: 37757 } attrs { promote: true } }
W20260710 11:12:12.935058  8840 consensus_peers.cc:597] T 94db6bbac0cd4f229de3b4a42cd47891 P 301617143e5b40c6bdd3929d15270d5d -> Peer 08ac596a0aaf4b1a840590be36cee889 (127.7.129.132:37757): Couldn't send request to peer 08ac596a0aaf4b1a840590be36cee889. Error code: TABLET_NOT_FOUND (6). Status: Not found: Tablet not found: 94db6bbac0cd4f229de3b4a42cd47891. This is attempt 1: this message will repeat every 5th retry.
I20260710 11:12:12.936849  8799 raft_consensus.cc:1275] T 94db6bbac0cd4f229de3b4a42cd47891 P 11c021e725344aca96e26a2505612f32 [term 1 FOLLOWER]: Refusing update from remote peer 301617143e5b40c6bdd3929d15270d5d: Log matching property violated. Preceding OpId in replica: term: 1 index: 1. Preceding OpId from leader: term: 1 index: 2. (index mismatch)
I20260710 11:12:12.936993  8950 raft_consensus.cc:1275] T 94db6bbac0cd4f229de3b4a42cd47891 P 47a6a276500441c08a1de739c787a134 [term 1 FOLLOWER]: Refusing update from remote peer 301617143e5b40c6bdd3929d15270d5d: Log matching property violated. Preceding OpId in replica: term: 1 index: 1. Preceding OpId from leader: term: 1 index: 2. (index mismatch)
I20260710 11:12:12.938298  9470 consensus_queue.cc:1048] T 94db6bbac0cd4f229de3b4a42cd47891 P 301617143e5b40c6bdd3929d15270d5d [LEADER]: Connected to new peer: Peer: permanent_uuid: "47a6a276500441c08a1de739c787a134" member_type: VOTER last_known_addr { host: "127.7.129.131" port: 35689 } attrs { replace: true }, Status: LMP_MISMATCH, Last received: 0.0, Next index: 2, Last known committed idx: 1, Time since last communication: 0.000s
I20260710 11:12:12.939211  9417 consensus_queue.cc:1048] T 94db6bbac0cd4f229de3b4a42cd47891 P 301617143e5b40c6bdd3929d15270d5d [LEADER]: Connected to new peer: Peer: permanent_uuid: "11c021e725344aca96e26a2505612f32" member_type: VOTER last_known_addr { host: "127.7.129.129" port: 41207 }, Status: LMP_MISMATCH, Last received: 0.0, Next index: 2, Last known committed idx: 1, Time since last communication: 0.000s
I20260710 11:12:12.947666  9469 raft_consensus.cc:2955] T 94db6bbac0cd4f229de3b4a42cd47891 P 301617143e5b40c6bdd3929d15270d5d [term 1 LEADER]: Committing config change with OpId 1.2: config changed from index -1 to 2, NON_VOTER 08ac596a0aaf4b1a840590be36cee889 (127.7.129.132) added. New config: { opid_index: 2 OBSOLETE_local: false peers { permanent_uuid: "11c021e725344aca96e26a2505612f32" member_type: VOTER last_known_addr { host: "127.7.129.129" port: 41207 } } peers { permanent_uuid: "301617143e5b40c6bdd3929d15270d5d" member_type: VOTER last_known_addr { host: "127.7.129.130" port: 45007 } } peers { permanent_uuid: "47a6a276500441c08a1de739c787a134" member_type: VOTER last_known_addr { host: "127.7.129.131" port: 35689 } attrs { replace: true } } peers { permanent_uuid: "08ac596a0aaf4b1a840590be36cee889" member_type: NON_VOTER last_known_addr { host: "127.7.129.132" port: 37757 } attrs { promote: true } } }
I20260710 11:12:12.949326  8950 raft_consensus.cc:2955] T 94db6bbac0cd4f229de3b4a42cd47891 P 47a6a276500441c08a1de739c787a134 [term 1 FOLLOWER]: Committing config change with OpId 1.2: config changed from index -1 to 2, NON_VOTER 08ac596a0aaf4b1a840590be36cee889 (127.7.129.132) added. New config: { opid_index: 2 OBSOLETE_local: false peers { permanent_uuid: "11c021e725344aca96e26a2505612f32" member_type: VOTER last_known_addr { host: "127.7.129.129" port: 41207 } } peers { permanent_uuid: "301617143e5b40c6bdd3929d15270d5d" member_type: VOTER last_known_addr { host: "127.7.129.130" port: 45007 } } peers { permanent_uuid: "47a6a276500441c08a1de739c787a134" member_type: VOTER last_known_addr { host: "127.7.129.131" port: 35689 } attrs { replace: true } } peers { permanent_uuid: "08ac596a0aaf4b1a840590be36cee889" member_type: NON_VOTER last_known_addr { host: "127.7.129.132" port: 37757 } attrs { promote: true } } }
I20260710 11:12:12.951351  8799 raft_consensus.cc:2955] T 94db6bbac0cd4f229de3b4a42cd47891 P 11c021e725344aca96e26a2505612f32 [term 1 FOLLOWER]: Committing config change with OpId 1.2: config changed from index -1 to 2, NON_VOTER 08ac596a0aaf4b1a840590be36cee889 (127.7.129.132) added. New config: { opid_index: 2 OBSOLETE_local: false peers { permanent_uuid: "11c021e725344aca96e26a2505612f32" member_type: VOTER last_known_addr { host: "127.7.129.129" port: 41207 } } peers { permanent_uuid: "301617143e5b40c6bdd3929d15270d5d" member_type: VOTER last_known_addr { host: "127.7.129.130" port: 45007 } } peers { permanent_uuid: "47a6a276500441c08a1de739c787a134" member_type: VOTER last_known_addr { host: "127.7.129.131" port: 35689 } attrs { replace: true } } peers { permanent_uuid: "08ac596a0aaf4b1a840590be36cee889" member_type: NON_VOTER last_known_addr { host: "127.7.129.132" port: 37757 } attrs { promote: true } } }
I20260710 11:12:12.960557  8872 consensus_queue.cc:237] T b7fa8d88f6ba4bc484eafab0f04b3633 P 301617143e5b40c6bdd3929d15270d5d [LEADER]: Queue going to LEADER mode. State: All replicated index: 0, Majority replicated index: 1, Committed index: 1, Last appended: 1.1, Last appended by leader: 0, Current term: 1, Majority size: 2, State: 0, Mode: LEADER, active raft config: opid_index: 2 OBSOLETE_local: false peers { permanent_uuid: "11c021e725344aca96e26a2505612f32" member_type: VOTER last_known_addr { host: "127.7.129.129" port: 41207 } attrs { replace: true } } peers { permanent_uuid: "301617143e5b40c6bdd3929d15270d5d" member_type: VOTER last_known_addr { host: "127.7.129.130" port: 45007 } } peers { permanent_uuid: "47a6a276500441c08a1de739c787a134" member_type: VOTER last_known_addr { host: "127.7.129.131" port: 35689 } } peers { permanent_uuid: "08ac596a0aaf4b1a840590be36cee889" member_type: NON_VOTER last_known_addr { host: "127.7.129.132" port: 37757 } attrs { promote: true } }
I20260710 11:12:12.962652  8697 catalog_manager.cc:5697] T 94db6bbac0cd4f229de3b4a42cd47891 P 47a6a276500441c08a1de739c787a134 reported cstate change: config changed from index -1 to 2, NON_VOTER 08ac596a0aaf4b1a840590be36cee889 (127.7.129.132) added. New cstate: current_term: 1 leader_uuid: "301617143e5b40c6bdd3929d15270d5d" committed_config { opid_index: 2 OBSOLETE_local: false peers { permanent_uuid: "11c021e725344aca96e26a2505612f32" member_type: VOTER last_known_addr { host: "127.7.129.129" port: 41207 } } peers { permanent_uuid: "301617143e5b40c6bdd3929d15270d5d" member_type: VOTER last_known_addr { host: "127.7.129.130" port: 45007 } } peers { permanent_uuid: "47a6a276500441c08a1de739c787a134" member_type: VOTER last_known_addr { host: "127.7.129.131" port: 35689 } attrs { replace: true } } peers { permanent_uuid: "08ac596a0aaf4b1a840590be36cee889" member_type: NON_VOTER last_known_addr { host: "127.7.129.132" port: 37757 } attrs { promote: true } } }
W20260710 11:12:12.967514  8840 consensus_peers.cc:597] T b7fa8d88f6ba4bc484eafab0f04b3633 P 301617143e5b40c6bdd3929d15270d5d -> Peer 08ac596a0aaf4b1a840590be36cee889 (127.7.129.132:37757): Couldn't send request to peer 08ac596a0aaf4b1a840590be36cee889. Error code: TABLET_NOT_FOUND (6). Status: Not found: Tablet not found: b7fa8d88f6ba4bc484eafab0f04b3633. This is attempt 1: this message will repeat every 5th retry.
I20260710 11:12:12.969717  8950 raft_consensus.cc:1275] T b7fa8d88f6ba4bc484eafab0f04b3633 P 47a6a276500441c08a1de739c787a134 [term 1 FOLLOWER]: Refusing update from remote peer 301617143e5b40c6bdd3929d15270d5d: Log matching property violated. Preceding OpId in replica: term: 1 index: 1. Preceding OpId from leader: term: 1 index: 2. (index mismatch)
I20260710 11:12:12.971290  9469 consensus_queue.cc:1048] T b7fa8d88f6ba4bc484eafab0f04b3633 P 301617143e5b40c6bdd3929d15270d5d [LEADER]: Connected to new peer: Peer: permanent_uuid: "47a6a276500441c08a1de739c787a134" member_type: VOTER last_known_addr { host: "127.7.129.131" port: 35689 }, Status: LMP_MISMATCH, Last received: 0.0, Next index: 2, Last known committed idx: 1, Time since last communication: 0.000s
I20260710 11:12:12.971972  8799 raft_consensus.cc:1275] T b7fa8d88f6ba4bc484eafab0f04b3633 P 11c021e725344aca96e26a2505612f32 [term 1 FOLLOWER]: Refusing update from remote peer 301617143e5b40c6bdd3929d15270d5d: Log matching property violated. Preceding OpId in replica: term: 1 index: 1. Preceding OpId from leader: term: 1 index: 2. (index mismatch)
I20260710 11:12:12.973976  9469 consensus_queue.cc:1048] T b7fa8d88f6ba4bc484eafab0f04b3633 P 301617143e5b40c6bdd3929d15270d5d [LEADER]: Connected to new peer: Peer: permanent_uuid: "11c021e725344aca96e26a2505612f32" member_type: VOTER last_known_addr { host: "127.7.129.129" port: 41207 } attrs { replace: true }, Status: LMP_MISMATCH, Last received: 0.0, Next index: 2, Last known committed idx: 1, Time since last communication: 0.005s
I20260710 11:12:12.981658  9470 raft_consensus.cc:2955] T b7fa8d88f6ba4bc484eafab0f04b3633 P 301617143e5b40c6bdd3929d15270d5d [term 1 LEADER]: Committing config change with OpId 1.2: config changed from index -1 to 2, NON_VOTER 08ac596a0aaf4b1a840590be36cee889 (127.7.129.132) added. New config: { opid_index: 2 OBSOLETE_local: false peers { permanent_uuid: "11c021e725344aca96e26a2505612f32" member_type: VOTER last_known_addr { host: "127.7.129.129" port: 41207 } attrs { replace: true } } peers { permanent_uuid: "301617143e5b40c6bdd3929d15270d5d" member_type: VOTER last_known_addr { host: "127.7.129.130" port: 45007 } } peers { permanent_uuid: "47a6a276500441c08a1de739c787a134" member_type: VOTER last_known_addr { host: "127.7.129.131" port: 35689 } } peers { permanent_uuid: "08ac596a0aaf4b1a840590be36cee889" member_type: NON_VOTER last_known_addr { host: "127.7.129.132" port: 37757 } attrs { promote: true } } }
I20260710 11:12:12.985947  8945 raft_consensus.cc:2955] T b7fa8d88f6ba4bc484eafab0f04b3633 P 47a6a276500441c08a1de739c787a134 [term 1 FOLLOWER]: Committing config change with OpId 1.2: config changed from index -1 to 2, NON_VOTER 08ac596a0aaf4b1a840590be36cee889 (127.7.129.132) added. New config: { opid_index: 2 OBSOLETE_local: false peers { permanent_uuid: "11c021e725344aca96e26a2505612f32" member_type: VOTER last_known_addr { host: "127.7.129.129" port: 41207 } attrs { replace: true } } peers { permanent_uuid: "301617143e5b40c6bdd3929d15270d5d" member_type: VOTER last_known_addr { host: "127.7.129.130" port: 45007 } } peers { permanent_uuid: "47a6a276500441c08a1de739c787a134" member_type: VOTER last_known_addr { host: "127.7.129.131" port: 35689 } } peers { permanent_uuid: "08ac596a0aaf4b1a840590be36cee889" member_type: NON_VOTER last_known_addr { host: "127.7.129.132" port: 37757 } attrs { promote: true } } }
I20260710 11:12:12.992908  8799 raft_consensus.cc:2955] T b7fa8d88f6ba4bc484eafab0f04b3633 P 11c021e725344aca96e26a2505612f32 [term 1 FOLLOWER]: Committing config change with OpId 1.2: config changed from index -1 to 2, NON_VOTER 08ac596a0aaf4b1a840590be36cee889 (127.7.129.132) added. New config: { opid_index: 2 OBSOLETE_local: false peers { permanent_uuid: "11c021e725344aca96e26a2505612f32" member_type: VOTER last_known_addr { host: "127.7.129.129" port: 41207 } attrs { replace: true } } peers { permanent_uuid: "301617143e5b40c6bdd3929d15270d5d" member_type: VOTER last_known_addr { host: "127.7.129.130" port: 45007 } } peers { permanent_uuid: "47a6a276500441c08a1de739c787a134" member_type: VOTER last_known_addr { host: "127.7.129.131" port: 35689 } } peers { permanent_uuid: "08ac596a0aaf4b1a840590be36cee889" member_type: NON_VOTER last_known_addr { host: "127.7.129.132" port: 37757 } attrs { promote: true } } }
I20260710 11:12:12.996394  8950 consensus_queue.cc:237] T 0aa6b044c81b4009b11378acb68a6517 P 47a6a276500441c08a1de739c787a134 [LEADER]: Queue going to LEADER mode. State: All replicated index: 0, Majority replicated index: 1, Committed index: 1, Last appended: 1.1, Last appended by leader: 0, Current term: 1, Majority size: 2, State: 0, Mode: LEADER, active raft config: opid_index: 2 OBSOLETE_local: false peers { permanent_uuid: "11c021e725344aca96e26a2505612f32" member_type: VOTER last_known_addr { host: "127.7.129.129" port: 41207 } } peers { permanent_uuid: "301617143e5b40c6bdd3929d15270d5d" member_type: VOTER last_known_addr { host: "127.7.129.130" port: 45007 } attrs { replace: true } } peers { permanent_uuid: "47a6a276500441c08a1de739c787a134" member_type: VOTER last_known_addr { host: "127.7.129.131" port: 35689 } } peers { permanent_uuid: "08ac596a0aaf4b1a840590be36cee889" member_type: NON_VOTER last_known_addr { host: "127.7.129.132" port: 37757 } attrs { promote: true } }
I20260710 11:12:13.000358  8699 catalog_manager.cc:5697] T b7fa8d88f6ba4bc484eafab0f04b3633 P 301617143e5b40c6bdd3929d15270d5d reported cstate change: config changed from index -1 to 2, NON_VOTER 08ac596a0aaf4b1a840590be36cee889 (127.7.129.132) added. New cstate: current_term: 1 leader_uuid: "301617143e5b40c6bdd3929d15270d5d" committed_config { opid_index: 2 OBSOLETE_local: false peers { permanent_uuid: "11c021e725344aca96e26a2505612f32" member_type: VOTER last_known_addr { host: "127.7.129.129" port: 41207 } attrs { replace: true } health_report { overall_health: HEALTHY } } peers { permanent_uuid: "301617143e5b40c6bdd3929d15270d5d" member_type: VOTER last_known_addr { host: "127.7.129.130" port: 45007 } health_report { overall_health: HEALTHY } } peers { permanent_uuid: "47a6a276500441c08a1de739c787a134" member_type: VOTER last_known_addr { host: "127.7.129.131" port: 35689 } health_report { overall_health: HEALTHY } } peers { permanent_uuid: "08ac596a0aaf4b1a840590be36cee889" member_type: NON_VOTER last_known_addr { host: "127.7.129.132" port: 37757 } attrs { promote: true } health_report { overall_health: UNKNOWN } } }
I20260710 11:12:13.008349  8872 raft_consensus.cc:1275] T 0aa6b044c81b4009b11378acb68a6517 P 301617143e5b40c6bdd3929d15270d5d [term 1 FOLLOWER]: Refusing update from remote peer 47a6a276500441c08a1de739c787a134: Log matching property violated. Preceding OpId in replica: term: 1 index: 1. Preceding OpId from leader: term: 1 index: 2. (index mismatch)
I20260710 11:12:13.008569  8799 raft_consensus.cc:1275] T 0aa6b044c81b4009b11378acb68a6517 P 11c021e725344aca96e26a2505612f32 [term 1 FOLLOWER]: Refusing update from remote peer 47a6a276500441c08a1de739c787a134: Log matching property violated. Preceding OpId in replica: term: 1 index: 1. Preceding OpId from leader: term: 1 index: 2. (index mismatch)
I20260710 11:12:13.009859  9472 consensus_queue.cc:1048] T 0aa6b044c81b4009b11378acb68a6517 P 47a6a276500441c08a1de739c787a134 [LEADER]: Connected to new peer: Peer: permanent_uuid: "301617143e5b40c6bdd3929d15270d5d" member_type: VOTER last_known_addr { host: "127.7.129.130" port: 45007 } attrs { replace: true }, Status: LMP_MISMATCH, Last received: 0.0, Next index: 2, Last known committed idx: 1, Time since last communication: 0.000s
W20260710 11:12:13.010730  8914 consensus_peers.cc:597] T 0aa6b044c81b4009b11378acb68a6517 P 47a6a276500441c08a1de739c787a134 -> Peer 08ac596a0aaf4b1a840590be36cee889 (127.7.129.132:37757): Couldn't send request to peer 08ac596a0aaf4b1a840590be36cee889. Error code: TABLET_NOT_FOUND (6). Status: Not found: Tablet not found: 0aa6b044c81b4009b11378acb68a6517. This is attempt 1: this message will repeat every 5th retry.
I20260710 11:12:13.011301  9473 consensus_queue.cc:1048] T 0aa6b044c81b4009b11378acb68a6517 P 47a6a276500441c08a1de739c787a134 [LEADER]: Connected to new peer: Peer: permanent_uuid: "11c021e725344aca96e26a2505612f32" member_type: VOTER last_known_addr { host: "127.7.129.129" port: 41207 }, Status: LMP_MISMATCH, Last received: 0.0, Next index: 2, Last known committed idx: 1, Time since last communication: 0.000s
I20260710 11:12:13.020821  9472 raft_consensus.cc:2955] T 0aa6b044c81b4009b11378acb68a6517 P 47a6a276500441c08a1de739c787a134 [term 1 LEADER]: Committing config change with OpId 1.2: config changed from index -1 to 2, NON_VOTER 08ac596a0aaf4b1a840590be36cee889 (127.7.129.132) added. New config: { opid_index: 2 OBSOLETE_local: false peers { permanent_uuid: "11c021e725344aca96e26a2505612f32" member_type: VOTER last_known_addr { host: "127.7.129.129" port: 41207 } } peers { permanent_uuid: "301617143e5b40c6bdd3929d15270d5d" member_type: VOTER last_known_addr { host: "127.7.129.130" port: 45007 } attrs { replace: true } } peers { permanent_uuid: "47a6a276500441c08a1de739c787a134" member_type: VOTER last_known_addr { host: "127.7.129.131" port: 35689 } } peers { permanent_uuid: "08ac596a0aaf4b1a840590be36cee889" member_type: NON_VOTER last_known_addr { host: "127.7.129.132" port: 37757 } attrs { promote: true } } }
I20260710 11:12:13.023093  8799 raft_consensus.cc:2955] T 0aa6b044c81b4009b11378acb68a6517 P 11c021e725344aca96e26a2505612f32 [term 1 FOLLOWER]: Committing config change with OpId 1.2: config changed from index -1 to 2, NON_VOTER 08ac596a0aaf4b1a840590be36cee889 (127.7.129.132) added. New config: { opid_index: 2 OBSOLETE_local: false peers { permanent_uuid: "11c021e725344aca96e26a2505612f32" member_type: VOTER last_known_addr { host: "127.7.129.129" port: 41207 } } peers { permanent_uuid: "301617143e5b40c6bdd3929d15270d5d" member_type: VOTER last_known_addr { host: "127.7.129.130" port: 45007 } attrs { replace: true } } peers { permanent_uuid: "47a6a276500441c08a1de739c787a134" member_type: VOTER last_known_addr { host: "127.7.129.131" port: 35689 } } peers { permanent_uuid: "08ac596a0aaf4b1a840590be36cee889" member_type: NON_VOTER last_known_addr { host: "127.7.129.132" port: 37757 } attrs { promote: true } } }
I20260710 11:12:13.023190  8876 raft_consensus.cc:2955] T 0aa6b044c81b4009b11378acb68a6517 P 301617143e5b40c6bdd3929d15270d5d [term 1 FOLLOWER]: Committing config change with OpId 1.2: config changed from index -1 to 2, NON_VOTER 08ac596a0aaf4b1a840590be36cee889 (127.7.129.132) added. New config: { opid_index: 2 OBSOLETE_local: false peers { permanent_uuid: "11c021e725344aca96e26a2505612f32" member_type: VOTER last_known_addr { host: "127.7.129.129" port: 41207 } } peers { permanent_uuid: "301617143e5b40c6bdd3929d15270d5d" member_type: VOTER last_known_addr { host: "127.7.129.130" port: 45007 } attrs { replace: true } } peers { permanent_uuid: "47a6a276500441c08a1de739c787a134" member_type: VOTER last_known_addr { host: "127.7.129.131" port: 35689 } } peers { permanent_uuid: "08ac596a0aaf4b1a840590be36cee889" member_type: NON_VOTER last_known_addr { host: "127.7.129.132" port: 37757 } attrs { promote: true } } }
I20260710 11:12:13.035771  8697 catalog_manager.cc:5697] T 0aa6b044c81b4009b11378acb68a6517 P 11c021e725344aca96e26a2505612f32 reported cstate change: config changed from index -1 to 2, NON_VOTER 08ac596a0aaf4b1a840590be36cee889 (127.7.129.132) added. New cstate: current_term: 1 leader_uuid: "47a6a276500441c08a1de739c787a134" committed_config { opid_index: 2 OBSOLETE_local: false peers { permanent_uuid: "11c021e725344aca96e26a2505612f32" member_type: VOTER last_known_addr { host: "127.7.129.129" port: 41207 } } peers { permanent_uuid: "301617143e5b40c6bdd3929d15270d5d" member_type: VOTER last_known_addr { host: "127.7.129.130" port: 45007 } attrs { replace: true } } peers { permanent_uuid: "47a6a276500441c08a1de739c787a134" member_type: VOTER last_known_addr { host: "127.7.129.131" port: 35689 } } peers { permanent_uuid: "08ac596a0aaf4b1a840590be36cee889" member_type: NON_VOTER last_known_addr { host: "127.7.129.132" port: 37757 } attrs { promote: true } } }
I20260710 11:12:13.318785  9491 ts_tablet_manager.cc:933] T 9326b7cbdc2e43b9bd2da8da4b2d135a P 08ac596a0aaf4b1a840590be36cee889: Initiating tablet copy from peer 47a6a276500441c08a1de739c787a134 (127.7.129.131:35689)
I20260710 11:12:13.321002  9492 ts_tablet_manager.cc:933] T 94db6bbac0cd4f229de3b4a42cd47891 P 08ac596a0aaf4b1a840590be36cee889: Initiating tablet copy from peer 301617143e5b40c6bdd3929d15270d5d (127.7.129.130:45007)
I20260710 11:12:13.321116  9491 tablet_copy_client.cc:323] T 9326b7cbdc2e43b9bd2da8da4b2d135a P 08ac596a0aaf4b1a840590be36cee889: tablet copy: Beginning tablet copy session from remote peer at address 127.7.129.131:35689
I20260710 11:12:13.322881  8960 tablet_copy_service.cc:140] P 47a6a276500441c08a1de739c787a134: Received BeginTabletCopySession request for tablet 9326b7cbdc2e43b9bd2da8da4b2d135a from peer 08ac596a0aaf4b1a840590be36cee889 ({username='slave'} at 127.0.0.1:44202)
I20260710 11:12:13.323323  8960 tablet_copy_service.cc:161] P 47a6a276500441c08a1de739c787a134: Beginning new tablet copy session on tablet 9326b7cbdc2e43b9bd2da8da4b2d135a from peer 08ac596a0aaf4b1a840590be36cee889 at {username='slave'} at 127.0.0.1:44202: session id = 08ac596a0aaf4b1a840590be36cee889-9326b7cbdc2e43b9bd2da8da4b2d135a
I20260710 11:12:13.323555  9492 tablet_copy_client.cc:323] T 94db6bbac0cd4f229de3b4a42cd47891 P 08ac596a0aaf4b1a840590be36cee889: tablet copy: Beginning tablet copy session from remote peer at address 127.7.129.130:45007
I20260710 11:12:13.325230  8886 tablet_copy_service.cc:140] P 301617143e5b40c6bdd3929d15270d5d: Received BeginTabletCopySession request for tablet 94db6bbac0cd4f229de3b4a42cd47891 from peer 08ac596a0aaf4b1a840590be36cee889 ({username='slave'} at 127.0.0.1:60600)
I20260710 11:12:13.325749  8886 tablet_copy_service.cc:161] P 301617143e5b40c6bdd3929d15270d5d: Beginning new tablet copy session on tablet 94db6bbac0cd4f229de3b4a42cd47891 from peer 08ac596a0aaf4b1a840590be36cee889 at {username='slave'} at 127.0.0.1:60600: session id = 08ac596a0aaf4b1a840590be36cee889-94db6bbac0cd4f229de3b4a42cd47891
I20260710 11:12:13.332430  8960 tablet_copy_source_session.cc:215] T 9326b7cbdc2e43b9bd2da8da4b2d135a P 47a6a276500441c08a1de739c787a134: Tablet Copy: opened 0 blocks and 1 log segments
I20260710 11:12:13.334292  8886 tablet_copy_source_session.cc:215] T 94db6bbac0cd4f229de3b4a42cd47891 P 301617143e5b40c6bdd3929d15270d5d: Tablet Copy: opened 0 blocks and 1 log segments
I20260710 11:12:13.336746  9491 data_dirs.cc:400] Could only allocate 1 dirs of requested 3 for tablet 9326b7cbdc2e43b9bd2da8da4b2d135a. 1 dirs total, 0 dirs full, 0 dirs failed
I20260710 11:12:13.337478  9492 data_dirs.cc:400] Could only allocate 1 dirs of requested 3 for tablet 94db6bbac0cd4f229de3b4a42cd47891. 1 dirs total, 0 dirs full, 0 dirs failed
I20260710 11:12:13.349393  9491 tablet_copy_client.cc:806] T 9326b7cbdc2e43b9bd2da8da4b2d135a P 08ac596a0aaf4b1a840590be36cee889: tablet copy: Starting download of 0 data blocks...
I20260710 11:12:13.350003  9491 tablet_copy_client.cc:670] T 9326b7cbdc2e43b9bd2da8da4b2d135a P 08ac596a0aaf4b1a840590be36cee889: tablet copy: Starting download of 1 WAL segments...
I20260710 11:12:13.353756  9492 tablet_copy_client.cc:806] T 94db6bbac0cd4f229de3b4a42cd47891 P 08ac596a0aaf4b1a840590be36cee889: tablet copy: Starting download of 0 data blocks...
I20260710 11:12:13.353613  9491 tablet_copy_client.cc:538] T 9326b7cbdc2e43b9bd2da8da4b2d135a P 08ac596a0aaf4b1a840590be36cee889: tablet copy: Tablet Copy complete. Replacing tablet superblock.
I20260710 11:12:13.354363  9492 tablet_copy_client.cc:670] T 94db6bbac0cd4f229de3b4a42cd47891 P 08ac596a0aaf4b1a840590be36cee889: tablet copy: Starting download of 1 WAL segments...
I20260710 11:12:13.357570  9492 tablet_copy_client.cc:538] T 94db6bbac0cd4f229de3b4a42cd47891 P 08ac596a0aaf4b1a840590be36cee889: tablet copy: Tablet Copy complete. Replacing tablet superblock.
I20260710 11:12:13.362533  9491 tablet_bootstrap.cc:492] T 9326b7cbdc2e43b9bd2da8da4b2d135a P 08ac596a0aaf4b1a840590be36cee889: Bootstrap starting.
I20260710 11:12:13.363559  9492 tablet_bootstrap.cc:492] T 94db6bbac0cd4f229de3b4a42cd47891 P 08ac596a0aaf4b1a840590be36cee889: Bootstrap starting.
I20260710 11:12:13.390007  9491 tablet_bootstrap.cc:492] T 9326b7cbdc2e43b9bd2da8da4b2d135a P 08ac596a0aaf4b1a840590be36cee889: Bootstrap replayed 1/1 log segments. Stats: ops{read=2 overwritten=0 applied=2 ignored=0} inserts{seen=0 ignored=0} mutations{seen=0 ignored=0} orphaned_commits=0. Pending: 0 replicates
I20260710 11:12:13.390760  9492 tablet_bootstrap.cc:492] T 94db6bbac0cd4f229de3b4a42cd47891 P 08ac596a0aaf4b1a840590be36cee889: Bootstrap replayed 1/1 log segments. Stats: ops{read=2 overwritten=0 applied=2 ignored=0} inserts{seen=0 ignored=0} mutations{seen=0 ignored=0} orphaned_commits=0. Pending: 0 replicates
I20260710 11:12:13.390940  9491 tablet_bootstrap.cc:492] T 9326b7cbdc2e43b9bd2da8da4b2d135a P 08ac596a0aaf4b1a840590be36cee889: Bootstrap complete.
I20260710 11:12:13.391618  9492 tablet_bootstrap.cc:492] T 94db6bbac0cd4f229de3b4a42cd47891 P 08ac596a0aaf4b1a840590be36cee889: Bootstrap complete.
I20260710 11:12:13.391662  9491 ts_tablet_manager.cc:1403] T 9326b7cbdc2e43b9bd2da8da4b2d135a P 08ac596a0aaf4b1a840590be36cee889: Time spent bootstrapping tablet: real 0.029s	user 0.015s	sys 0.012s
I20260710 11:12:13.392438  9492 ts_tablet_manager.cc:1403] T 94db6bbac0cd4f229de3b4a42cd47891 P 08ac596a0aaf4b1a840590be36cee889: Time spent bootstrapping tablet: real 0.029s	user 0.025s	sys 0.004s
I20260710 11:12:13.394794  9491 raft_consensus.cc:359] T 9326b7cbdc2e43b9bd2da8da4b2d135a P 08ac596a0aaf4b1a840590be36cee889 [term 1 LEARNER]: Replica starting. Triggering 0 pending ops. Active config: opid_index: 2 OBSOLETE_local: false peers { permanent_uuid: "11c021e725344aca96e26a2505612f32" member_type: VOTER last_known_addr { host: "127.7.129.129" port: 41207 } } peers { permanent_uuid: "301617143e5b40c6bdd3929d15270d5d" member_type: VOTER last_known_addr { host: "127.7.129.130" port: 45007 } attrs { replace: true } } peers { permanent_uuid: "47a6a276500441c08a1de739c787a134" member_type: VOTER last_known_addr { host: "127.7.129.131" port: 35689 } } peers { permanent_uuid: "08ac596a0aaf4b1a840590be36cee889" member_type: NON_VOTER last_known_addr { host: "127.7.129.132" port: 37757 } attrs { promote: true } }
I20260710 11:12:13.395121  9492 raft_consensus.cc:359] T 94db6bbac0cd4f229de3b4a42cd47891 P 08ac596a0aaf4b1a840590be36cee889 [term 1 LEARNER]: Replica starting. Triggering 0 pending ops. Active config: opid_index: 2 OBSOLETE_local: false peers { permanent_uuid: "11c021e725344aca96e26a2505612f32" member_type: VOTER last_known_addr { host: "127.7.129.129" port: 41207 } } peers { permanent_uuid: "301617143e5b40c6bdd3929d15270d5d" member_type: VOTER last_known_addr { host: "127.7.129.130" port: 45007 } } peers { permanent_uuid: "47a6a276500441c08a1de739c787a134" member_type: VOTER last_known_addr { host: "127.7.129.131" port: 35689 } attrs { replace: true } } peers { permanent_uuid: "08ac596a0aaf4b1a840590be36cee889" member_type: NON_VOTER last_known_addr { host: "127.7.129.132" port: 37757 } attrs { promote: true } }
I20260710 11:12:13.395681  9491 raft_consensus.cc:740] T 9326b7cbdc2e43b9bd2da8da4b2d135a P 08ac596a0aaf4b1a840590be36cee889 [term 1 LEARNER]: Becoming Follower/Learner. State: Replica: 08ac596a0aaf4b1a840590be36cee889, State: Initialized, Role: LEARNER
I20260710 11:12:13.395874  9492 raft_consensus.cc:740] T 94db6bbac0cd4f229de3b4a42cd47891 P 08ac596a0aaf4b1a840590be36cee889 [term 1 LEARNER]: Becoming Follower/Learner. State: Replica: 08ac596a0aaf4b1a840590be36cee889, State: Initialized, Role: LEARNER
I20260710 11:12:13.396384  9491 consensus_queue.cc:260] T 9326b7cbdc2e43b9bd2da8da4b2d135a P 08ac596a0aaf4b1a840590be36cee889 [NON_LEADER]: Queue going to NON_LEADER mode. State: All replicated index: 0, Majority replicated index: 0, Committed index: 2, Last appended: 1.2, Last appended by leader: 2, Current term: 0, Majority size: -1, State: 0, Mode: NON_LEADER, active raft config: opid_index: 2 OBSOLETE_local: false peers { permanent_uuid: "11c021e725344aca96e26a2505612f32" member_type: VOTER last_known_addr { host: "127.7.129.129" port: 41207 } } peers { permanent_uuid: "301617143e5b40c6bdd3929d15270d5d" member_type: VOTER last_known_addr { host: "127.7.129.130" port: 45007 } attrs { replace: true } } peers { permanent_uuid: "47a6a276500441c08a1de739c787a134" member_type: VOTER last_known_addr { host: "127.7.129.131" port: 35689 } } peers { permanent_uuid: "08ac596a0aaf4b1a840590be36cee889" member_type: NON_VOTER last_known_addr { host: "127.7.129.132" port: 37757 } attrs { promote: true } }
I20260710 11:12:13.396536  9492 consensus_queue.cc:260] T 94db6bbac0cd4f229de3b4a42cd47891 P 08ac596a0aaf4b1a840590be36cee889 [NON_LEADER]: Queue going to NON_LEADER mode. State: All replicated index: 0, Majority replicated index: 0, Committed index: 2, Last appended: 1.2, Last appended by leader: 2, Current term: 0, Majority size: -1, State: 0, Mode: NON_LEADER, active raft config: opid_index: 2 OBSOLETE_local: false peers { permanent_uuid: "11c021e725344aca96e26a2505612f32" member_type: VOTER last_known_addr { host: "127.7.129.129" port: 41207 } } peers { permanent_uuid: "301617143e5b40c6bdd3929d15270d5d" member_type: VOTER last_known_addr { host: "127.7.129.130" port: 45007 } } peers { permanent_uuid: "47a6a276500441c08a1de739c787a134" member_type: VOTER last_known_addr { host: "127.7.129.131" port: 35689 } attrs { replace: true } } peers { permanent_uuid: "08ac596a0aaf4b1a840590be36cee889" member_type: NON_VOTER last_known_addr { host: "127.7.129.132" port: 37757 } attrs { promote: true } }
I20260710 11:12:13.400887  9491 ts_tablet_manager.cc:1434] T 9326b7cbdc2e43b9bd2da8da4b2d135a P 08ac596a0aaf4b1a840590be36cee889: Time spent starting tablet: real 0.009s	user 0.007s	sys 0.001s
I20260710 11:12:13.401820  9492 ts_tablet_manager.cc:1434] T 94db6bbac0cd4f229de3b4a42cd47891 P 08ac596a0aaf4b1a840590be36cee889: Time spent starting tablet: real 0.009s	user 0.008s	sys 0.000s
I20260710 11:12:13.402674  8960 tablet_copy_service.cc:342] P 47a6a276500441c08a1de739c787a134: Request end of tablet copy session 08ac596a0aaf4b1a840590be36cee889-9326b7cbdc2e43b9bd2da8da4b2d135a received from {username='slave'} at 127.0.0.1:44202
I20260710 11:12:13.403101  8960 tablet_copy_service.cc:434] P 47a6a276500441c08a1de739c787a134: ending tablet copy session 08ac596a0aaf4b1a840590be36cee889-9326b7cbdc2e43b9bd2da8da4b2d135a on tablet 9326b7cbdc2e43b9bd2da8da4b2d135a with peer 08ac596a0aaf4b1a840590be36cee889
I20260710 11:12:13.404838  8886 tablet_copy_service.cc:342] P 301617143e5b40c6bdd3929d15270d5d: Request end of tablet copy session 08ac596a0aaf4b1a840590be36cee889-94db6bbac0cd4f229de3b4a42cd47891 received from {username='slave'} at 127.0.0.1:60600
I20260710 11:12:13.405248  8886 tablet_copy_service.cc:434] P 301617143e5b40c6bdd3929d15270d5d: ending tablet copy session 08ac596a0aaf4b1a840590be36cee889-94db6bbac0cd4f229de3b4a42cd47891 on tablet 94db6bbac0cd4f229de3b4a42cd47891 with peer 08ac596a0aaf4b1a840590be36cee889
I20260710 11:12:13.494144  9492 ts_tablet_manager.cc:933] T 0aa6b044c81b4009b11378acb68a6517 P 08ac596a0aaf4b1a840590be36cee889: Initiating tablet copy from peer 47a6a276500441c08a1de739c787a134 (127.7.129.131:35689)
I20260710 11:12:13.496604  9492 tablet_copy_client.cc:323] T 0aa6b044c81b4009b11378acb68a6517 P 08ac596a0aaf4b1a840590be36cee889: tablet copy: Beginning tablet copy session from remote peer at address 127.7.129.131:35689
I20260710 11:12:13.498123  8960 tablet_copy_service.cc:140] P 47a6a276500441c08a1de739c787a134: Received BeginTabletCopySession request for tablet 0aa6b044c81b4009b11378acb68a6517 from peer 08ac596a0aaf4b1a840590be36cee889 ({username='slave'} at 127.0.0.1:44202)
I20260710 11:12:13.498672  8960 tablet_copy_service.cc:161] P 47a6a276500441c08a1de739c787a134: Beginning new tablet copy session on tablet 0aa6b044c81b4009b11378acb68a6517 from peer 08ac596a0aaf4b1a840590be36cee889 at {username='slave'} at 127.0.0.1:44202: session id = 08ac596a0aaf4b1a840590be36cee889-0aa6b044c81b4009b11378acb68a6517
I20260710 11:12:13.506031  8960 tablet_copy_source_session.cc:215] T 0aa6b044c81b4009b11378acb68a6517 P 47a6a276500441c08a1de739c787a134: Tablet Copy: opened 0 blocks and 1 log segments
I20260710 11:12:13.509106  9492 data_dirs.cc:400] Could only allocate 1 dirs of requested 3 for tablet 0aa6b044c81b4009b11378acb68a6517. 1 dirs total, 0 dirs full, 0 dirs failed
I20260710 11:12:13.521889  9492 tablet_copy_client.cc:806] T 0aa6b044c81b4009b11378acb68a6517 P 08ac596a0aaf4b1a840590be36cee889: tablet copy: Starting download of 0 data blocks...
I20260710 11:12:13.522471  9492 tablet_copy_client.cc:670] T 0aa6b044c81b4009b11378acb68a6517 P 08ac596a0aaf4b1a840590be36cee889: tablet copy: Starting download of 1 WAL segments...
I20260710 11:12:13.527172  9492 tablet_copy_client.cc:538] T 0aa6b044c81b4009b11378acb68a6517 P 08ac596a0aaf4b1a840590be36cee889: tablet copy: Tablet Copy complete. Replacing tablet superblock.
I20260710 11:12:13.534278  9492 tablet_bootstrap.cc:492] T 0aa6b044c81b4009b11378acb68a6517 P 08ac596a0aaf4b1a840590be36cee889: Bootstrap starting.
I20260710 11:12:13.551928  9492 tablet_bootstrap.cc:492] T 0aa6b044c81b4009b11378acb68a6517 P 08ac596a0aaf4b1a840590be36cee889: Bootstrap replayed 1/1 log segments. Stats: ops{read=2 overwritten=0 applied=2 ignored=0} inserts{seen=0 ignored=0} mutations{seen=0 ignored=0} orphaned_commits=0. Pending: 0 replicates
I20260710 11:12:13.552799  9492 tablet_bootstrap.cc:492] T 0aa6b044c81b4009b11378acb68a6517 P 08ac596a0aaf4b1a840590be36cee889: Bootstrap complete.
I20260710 11:12:13.553458  9492 ts_tablet_manager.cc:1403] T 0aa6b044c81b4009b11378acb68a6517 P 08ac596a0aaf4b1a840590be36cee889: Time spent bootstrapping tablet: real 0.019s	user 0.007s	sys 0.012s
