I20260710 11:11:59.984246  8991 tablet_bootstrap.cc:492] T af5ed3fc5ee04e96b3728a85d4a8015e P 11c021e725344aca96e26a2505612f32: Bootstrap starting.
W20260710 11:11:59.984326  8765 leader_election.cc:343] T b4d9491d55fa420cb24cbff2f8090696 P 11c021e725344aca96e26a2505612f32 [CANDIDATE]: Term 1 pre-election: Tablet error from VoteRequest() call to peer 47a6a276500441c08a1de739c787a134 (127.7.129.131:35689): Illegal state: must be running to vote when last-logged opid is not known
I20260710 11:11:59.978541  8993 raft_consensus.cc:359] T 79e0af325725407280eeffa91d7bcce1 P 301617143e5b40c6bdd3929d15270d5d [term 0 FOLLOWER]: Replica starting. Triggering 0 pending ops. Active config: opid_index: -1 OBSOLETE_local: false peers { permanent_uuid: "11c021e725344aca96e26a2505612f32" member_type: VOTER last_known_addr { host: "127.7.129.129" port: 41207 } } peers { permanent_uuid: "301617143e5b40c6bdd3929d15270d5d" member_type: VOTER last_known_addr { host: "127.7.129.130" port: 45007 } } peers { permanent_uuid: "47a6a276500441c08a1de739c787a134" member_type: VOTER last_known_addr { host: "127.7.129.131" port: 35689 } }
I20260710 11:11:59.986640  8993 raft_consensus.cc:385] T 79e0af325725407280eeffa91d7bcce1 P 301617143e5b40c6bdd3929d15270d5d [term 0 FOLLOWER]: Consensus starting up: Expiring failure detector timer to make a prompt election more likely
I20260710 11:11:59.988065  8993 raft_consensus.cc:740] T 79e0af325725407280eeffa91d7bcce1 P 301617143e5b40c6bdd3929d15270d5d [term 0 FOLLOWER]: Becoming Follower/Learner. State: Replica: 301617143e5b40c6bdd3929d15270d5d, State: Initialized, Role: FOLLOWER
I20260710 11:11:59.988835  8993 consensus_queue.cc:260] T 79e0af325725407280eeffa91d7bcce1 P 301617143e5b40c6bdd3929d15270d5d [NON_LEADER]: Queue going to NON_LEADER mode. State: All replicated index: 0, Majority replicated index: 0, Committed index: 0, Last appended: 0.0, Last appended by leader: 0, Current term: 0, Majority size: -1, State: 0, Mode: NON_LEADER, active raft config: opid_index: -1 OBSOLETE_local: false peers { permanent_uuid: "11c021e725344aca96e26a2505612f32" member_type: VOTER last_known_addr { host: "127.7.129.129" port: 41207 } } peers { permanent_uuid: "301617143e5b40c6bdd3929d15270d5d" member_type: VOTER last_known_addr { host: "127.7.129.130" port: 45007 } } peers { permanent_uuid: "47a6a276500441c08a1de739c787a134" member_type: VOTER last_known_addr { host: "127.7.129.131" port: 35689 } }
W20260710 11:11:59.993604  8764 leader_election.cc:343] T 5ae4c016a9b44d4492a762b08a4c6c3a P 11c021e725344aca96e26a2505612f32 [CANDIDATE]: Term 1 pre-election: Tablet error from VoteRequest() call to peer 301617143e5b40c6bdd3929d15270d5d (127.7.129.130:45007): Illegal state: must be running to vote when last-logged opid is not known
I20260710 11:11:59.994102  8764 leader_election.cc:304] T 5ae4c016a9b44d4492a762b08a4c6c3a P 11c021e725344aca96e26a2505612f32 [CANDIDATE]: Term 1 pre-election: Election decided. Result: candidate lost. Election summary: received 3 responses out of 3 voters: 1 yes votes; 2 no votes. yes voters: 11c021e725344aca96e26a2505612f32; no voters: 301617143e5b40c6bdd3929d15270d5d, 47a6a276500441c08a1de739c787a134
I20260710 11:11:59.994315  8990 ts_tablet_manager.cc:1434] T b7fa8d88f6ba4bc484eafab0f04b3633 P 47a6a276500441c08a1de739c787a134: Time spent starting tablet: real 0.060s	user 0.018s	sys 0.008s
I20260710 11:11:59.994922  9004 raft_consensus.cc:2749] T 5ae4c016a9b44d4492a762b08a4c6c3a P 11c021e725344aca96e26a2505612f32 [term 0 FOLLOWER]: Leader pre-election lost for term 1. Reason: could not achieve majority
I20260710 11:11:59.995627  8990 tablet_bootstrap.cc:492] T d5c72b24642a41d092158b3dce752a98 P 47a6a276500441c08a1de739c787a134: Bootstrap starting.
W20260710 11:11:59.996115  8764 leader_election.cc:343] T b4d9491d55fa420cb24cbff2f8090696 P 11c021e725344aca96e26a2505612f32 [CANDIDATE]: Term 1 pre-election: Tablet error from VoteRequest() call to peer 301617143e5b40c6bdd3929d15270d5d (127.7.129.130:45007): Illegal state: must be running to vote when last-logged opid is not known
I20260710 11:11:59.996604  8764 leader_election.cc:304] T b4d9491d55fa420cb24cbff2f8090696 P 11c021e725344aca96e26a2505612f32 [CANDIDATE]: Term 1 pre-election: Election decided. Result: candidate lost. Election summary: received 3 responses out of 3 voters: 1 yes votes; 2 no votes. yes voters: 11c021e725344aca96e26a2505612f32; no voters: 301617143e5b40c6bdd3929d15270d5d, 47a6a276500441c08a1de739c787a134
I20260710 11:11:59.997646  9004 raft_consensus.cc:2749] T b4d9491d55fa420cb24cbff2f8090696 P 11c021e725344aca96e26a2505612f32 [term 0 FOLLOWER]: Leader pre-election lost for term 1. Reason: could not achieve majority
I20260710 11:11:59.998247  8993 ts_tablet_manager.cc:1434] T 79e0af325725407280eeffa91d7bcce1 P 301617143e5b40c6bdd3929d15270d5d: Time spent starting tablet: real 0.022s	user 0.003s	sys 0.003s
I20260710 11:12:00.004134  8990 tablet_bootstrap.cc:654] T d5c72b24642a41d092158b3dce752a98 P 47a6a276500441c08a1de739c787a134: Neither blocks nor log segments found. Creating new log.
I20260710 11:11:59.999682  8993 tablet_bootstrap.cc:492] T d5c72b24642a41d092158b3dce752a98 P 301617143e5b40c6bdd3929d15270d5d: Bootstrap starting.
I20260710 11:12:00.018707  8991 tablet_bootstrap.cc:654] T af5ed3fc5ee04e96b3728a85d4a8015e P 11c021e725344aca96e26a2505612f32: Neither blocks nor log segments found. Creating new log.
I20260710 11:12:00.021032  8875 tablet_service.cc:1917] Received RequestConsensusVote() RPC: tablet_id: "c305155432ea402facfc5879eff22cbf" candidate_uuid: "47a6a276500441c08a1de739c787a134" candidate_term: 1 candidate_status { last_received { term: 0 index: 0 } } ignore_live_leader: false dest_uuid: "301617143e5b40c6bdd3929d15270d5d" is_pre_election: true
W20260710 11:12:00.025167  8913 leader_election.cc:343] T c305155432ea402facfc5879eff22cbf P 47a6a276500441c08a1de739c787a134 [CANDIDATE]: Term 1 pre-election: Tablet error from VoteRequest() call to peer 301617143e5b40c6bdd3929d15270d5d (127.7.129.130:45007): Illegal state: must be running to vote when last-logged opid is not known
I20260710 11:12:00.025431  8801 tablet_service.cc:1917] Received RequestConsensusVote() RPC: tablet_id: "c305155432ea402facfc5879eff22cbf" candidate_uuid: "47a6a276500441c08a1de739c787a134" candidate_term: 1 candidate_status { last_received { term: 0 index: 0 } } ignore_live_leader: false dest_uuid: "11c021e725344aca96e26a2505612f32" is_pre_election: true
I20260710 11:12:00.030108  8801 raft_consensus.cc:2468] T c305155432ea402facfc5879eff22cbf P 11c021e725344aca96e26a2505612f32 [term 0 FOLLOWER]: Leader pre-election vote request: Granting yes vote for candidate 47a6a276500441c08a1de739c787a134 in term 0.
I20260710 11:12:00.026165  8993 tablet_bootstrap.cc:654] T d5c72b24642a41d092158b3dce752a98 P 301617143e5b40c6bdd3929d15270d5d: Neither blocks nor log segments found. Creating new log.
I20260710 11:12:00.026677  8996 raft_consensus.cc:493] T 79e0af325725407280eeffa91d7bcce1 P 301617143e5b40c6bdd3929d15270d5d [term 0 FOLLOWER]: Starting pre-election (no leader contacted us within the election timeout)
I20260710 11:12:00.032523  8914 leader_election.cc:304] T c305155432ea402facfc5879eff22cbf P 47a6a276500441c08a1de739c787a134 [CANDIDATE]: Term 1 pre-election: Election decided. Result: candidate won. Election summary: received 3 responses out of 3 voters: 2 yes votes; 1 no votes. yes voters: 11c021e725344aca96e26a2505612f32, 47a6a276500441c08a1de739c787a134; no voters: 301617143e5b40c6bdd3929d15270d5d
I20260710 11:12:00.033912  9008 raft_consensus.cc:2804] T c305155432ea402facfc5879eff22cbf P 47a6a276500441c08a1de739c787a134 [term 0 FOLLOWER]: Leader pre-election won for term 1
I20260710 11:12:00.034417  9008 raft_consensus.cc:493] T c305155432ea402facfc5879eff22cbf P 47a6a276500441c08a1de739c787a134 [term 0 FOLLOWER]: Starting leader election (no leader contacted us within the election timeout)
I20260710 11:12:00.034894  9008 raft_consensus.cc:3060] T c305155432ea402facfc5879eff22cbf P 47a6a276500441c08a1de739c787a134 [term 0 FOLLOWER]: Advancing to term 1
I20260710 11:12:00.034734  8996 raft_consensus.cc:515] T 79e0af325725407280eeffa91d7bcce1 P 301617143e5b40c6bdd3929d15270d5d [term 0 FOLLOWER]: Starting pre-election with config: opid_index: -1 OBSOLETE_local: false peers { permanent_uuid: "11c021e725344aca96e26a2505612f32" member_type: VOTER last_known_addr { host: "127.7.129.129" port: 41207 } } peers { permanent_uuid: "301617143e5b40c6bdd3929d15270d5d" member_type: VOTER last_known_addr { host: "127.7.129.130" port: 45007 } } peers { permanent_uuid: "47a6a276500441c08a1de739c787a134" member_type: VOTER last_known_addr { host: "127.7.129.131" port: 35689 } }
I20260710 11:12:00.039031  8996 leader_election.cc:290] T 79e0af325725407280eeffa91d7bcce1 P 301617143e5b40c6bdd3929d15270d5d [CANDIDATE]: Term 1 pre-election: Requested pre-vote from peers 11c021e725344aca96e26a2505612f32 (127.7.129.129:41207), 47a6a276500441c08a1de739c787a134 (127.7.129.131:35689)
I20260710 11:12:00.051968  8993 tablet_bootstrap.cc:492] T d5c72b24642a41d092158b3dce752a98 P 301617143e5b40c6bdd3929d15270d5d: No bootstrap required, opened a new log
I20260710 11:12:00.053088  8993 ts_tablet_manager.cc:1403] T d5c72b24642a41d092158b3dce752a98 P 301617143e5b40c6bdd3929d15270d5d: Time spent bootstrapping tablet: real 0.054s	user 0.015s	sys 0.000s
I20260710 11:12:00.052840  9008 raft_consensus.cc:515] T c305155432ea402facfc5879eff22cbf P 47a6a276500441c08a1de739c787a134 [term 1 FOLLOWER]: Starting leader election with config: opid_index: -1 OBSOLETE_local: false peers { permanent_uuid: "11c021e725344aca96e26a2505612f32" member_type: VOTER last_known_addr { host: "127.7.129.129" port: 41207 } } peers { permanent_uuid: "301617143e5b40c6bdd3929d15270d5d" member_type: VOTER last_known_addr { host: "127.7.129.130" port: 45007 } } peers { permanent_uuid: "47a6a276500441c08a1de739c787a134" member_type: VOTER last_known_addr { host: "127.7.129.131" port: 35689 } }
I20260710 11:12:00.058441  9008 leader_election.cc:290] T c305155432ea402facfc5879eff22cbf P 47a6a276500441c08a1de739c787a134 [CANDIDATE]: Term 1 election: Requested vote from peers 11c021e725344aca96e26a2505612f32 (127.7.129.129:41207), 301617143e5b40c6bdd3929d15270d5d (127.7.129.130:45007)
I20260710 11:12:00.059508  8875 tablet_service.cc:1917] Received RequestConsensusVote() RPC: tablet_id: "c305155432ea402facfc5879eff22cbf" candidate_uuid: "47a6a276500441c08a1de739c787a134" candidate_term: 1 candidate_status { last_received { term: 0 index: 0 } } ignore_live_leader: false dest_uuid: "301617143e5b40c6bdd3929d15270d5d"
W20260710 11:12:00.061002  8913 leader_election.cc:343] T c305155432ea402facfc5879eff22cbf P 47a6a276500441c08a1de739c787a134 [CANDIDATE]: Term 1 election: Tablet error from VoteRequest() call to peer 301617143e5b40c6bdd3929d15270d5d (127.7.129.130:45007): Illegal state: must be running to vote when last-logged opid is not known
I20260710 11:12:00.061795  8801 tablet_service.cc:1917] Received RequestConsensusVote() RPC: tablet_id: "c305155432ea402facfc5879eff22cbf" candidate_uuid: "47a6a276500441c08a1de739c787a134" candidate_term: 1 candidate_status { last_received { term: 0 index: 0 } } ignore_live_leader: false dest_uuid: "11c021e725344aca96e26a2505612f32"
I20260710 11:12:00.062355  8801 raft_consensus.cc:3060] T c305155432ea402facfc5879eff22cbf P 11c021e725344aca96e26a2505612f32 [term 0 FOLLOWER]: Advancing to term 1
I20260710 11:12:00.063288  8993 raft_consensus.cc:359] T d5c72b24642a41d092158b3dce752a98 P 301617143e5b40c6bdd3929d15270d5d [term 0 FOLLOWER]: Replica starting. Triggering 0 pending ops. Active config: opid_index: -1 OBSOLETE_local: false peers { permanent_uuid: "11c021e725344aca96e26a2505612f32" member_type: VOTER last_known_addr { host: "127.7.129.129" port: 41207 } } peers { permanent_uuid: "301617143e5b40c6bdd3929d15270d5d" member_type: VOTER last_known_addr { host: "127.7.129.130" port: 45007 } } peers { permanent_uuid: "47a6a276500441c08a1de739c787a134" member_type: VOTER last_known_addr { host: "127.7.129.131" port: 35689 } }
I20260710 11:12:00.063825  8993 raft_consensus.cc:385] T d5c72b24642a41d092158b3dce752a98 P 301617143e5b40c6bdd3929d15270d5d [term 0 FOLLOWER]: Consensus starting up: Expiring failure detector timer to make a prompt election more likely
I20260710 11:12:00.064246  8993 raft_consensus.cc:740] T d5c72b24642a41d092158b3dce752a98 P 301617143e5b40c6bdd3929d15270d5d [term 0 FOLLOWER]: Becoming Follower/Learner. State: Replica: 301617143e5b40c6bdd3929d15270d5d, State: Initialized, Role: FOLLOWER
I20260710 11:12:00.055711  8996 raft_consensus.cc:493] T b7fa8d88f6ba4bc484eafab0f04b3633 P 301617143e5b40c6bdd3929d15270d5d [term 0 FOLLOWER]: Starting pre-election (no leader contacted us within the election timeout)
I20260710 11:12:00.065109  8996 raft_consensus.cc:515] T b7fa8d88f6ba4bc484eafab0f04b3633 P 301617143e5b40c6bdd3929d15270d5d [term 0 FOLLOWER]: Starting pre-election with config: opid_index: -1 OBSOLETE_local: false peers { permanent_uuid: "11c021e725344aca96e26a2505612f32" member_type: VOTER last_known_addr { host: "127.7.129.129" port: 41207 } } peers { permanent_uuid: "301617143e5b40c6bdd3929d15270d5d" member_type: VOTER last_known_addr { host: "127.7.129.130" port: 45007 } } peers { permanent_uuid: "47a6a276500441c08a1de739c787a134" member_type: VOTER last_known_addr { host: "127.7.129.131" port: 35689 } }
I20260710 11:12:00.065256  8993 consensus_queue.cc:260] T d5c72b24642a41d092158b3dce752a98 P 301617143e5b40c6bdd3929d15270d5d [NON_LEADER]: Queue going to NON_LEADER mode. State: All replicated index: 0, Majority replicated index: 0, Committed index: 0, Last appended: 0.0, Last appended by leader: 0, Current term: 0, Majority size: -1, State: 0, Mode: NON_LEADER, active raft config: opid_index: -1 OBSOLETE_local: false peers { permanent_uuid: "11c021e725344aca96e26a2505612f32" member_type: VOTER last_known_addr { host: "127.7.129.129" port: 41207 } } peers { permanent_uuid: "301617143e5b40c6bdd3929d15270d5d" member_type: VOTER last_known_addr { host: "127.7.129.130" port: 45007 } } peers { permanent_uuid: "47a6a276500441c08a1de739c787a134" member_type: VOTER last_known_addr { host: "127.7.129.131" port: 35689 } }
I20260710 11:12:00.067569  8996 leader_election.cc:290] T b7fa8d88f6ba4bc484eafab0f04b3633 P 301617143e5b40c6bdd3929d15270d5d [CANDIDATE]: Term 1 pre-election: Requested pre-vote from peers 11c021e725344aca96e26a2505612f32 (127.7.129.129:41207), 47a6a276500441c08a1de739c787a134 (127.7.129.131:35689)
I20260710 11:12:00.056339  8990 tablet_bootstrap.cc:492] T d5c72b24642a41d092158b3dce752a98 P 47a6a276500441c08a1de739c787a134: No bootstrap required, opened a new log
I20260710 11:12:00.054977  8991 tablet_bootstrap.cc:492] T af5ed3fc5ee04e96b3728a85d4a8015e P 11c021e725344aca96e26a2505612f32: No bootstrap required, opened a new log
I20260710 11:12:00.068791  8990 ts_tablet_manager.cc:1403] T d5c72b24642a41d092158b3dce752a98 P 47a6a276500441c08a1de739c787a134: Time spent bootstrapping tablet: real 0.073s	user 0.028s	sys 0.008s
I20260710 11:12:00.068830  8991 ts_tablet_manager.cc:1403] T af5ed3fc5ee04e96b3728a85d4a8015e P 11c021e725344aca96e26a2505612f32: Time spent bootstrapping tablet: real 0.085s	user 0.015s	sys 0.014s
I20260710 11:12:00.069360  8801 raft_consensus.cc:2468] T c305155432ea402facfc5879eff22cbf P 11c021e725344aca96e26a2505612f32 [term 1 FOLLOWER]: Leader election vote request: Granting yes vote for candidate 47a6a276500441c08a1de739c787a134 in term 1.
I20260710 11:12:00.070571  8914 leader_election.cc:304] T c305155432ea402facfc5879eff22cbf P 47a6a276500441c08a1de739c787a134 [CANDIDATE]: Term 1 election: Election decided. Result: candidate won. Election summary: received 3 responses out of 3 voters: 2 yes votes; 1 no votes. yes voters: 11c021e725344aca96e26a2505612f32, 47a6a276500441c08a1de739c787a134; no voters: 301617143e5b40c6bdd3929d15270d5d
I20260710 11:12:00.071986  8991 raft_consensus.cc:359] T af5ed3fc5ee04e96b3728a85d4a8015e P 11c021e725344aca96e26a2505612f32 [term 0 FOLLOWER]: Replica starting. Triggering 0 pending ops. Active config: opid_index: -1 OBSOLETE_local: false peers { permanent_uuid: "11c021e725344aca96e26a2505612f32" member_type: VOTER last_known_addr { host: "127.7.129.129" port: 41207 } } peers { permanent_uuid: "301617143e5b40c6bdd3929d15270d5d" member_type: VOTER last_known_addr { host: "127.7.129.130" port: 45007 } } peers { permanent_uuid: "47a6a276500441c08a1de739c787a134" member_type: VOTER last_known_addr { host: "127.7.129.131" port: 35689 } }
I20260710 11:12:00.072708  8991 raft_consensus.cc:385] T af5ed3fc5ee04e96b3728a85d4a8015e P 11c021e725344aca96e26a2505612f32 [term 0 FOLLOWER]: Consensus starting up: Expiring failure detector timer to make a prompt election more likely
I20260710 11:12:00.072990  8991 raft_consensus.cc:740] T af5ed3fc5ee04e96b3728a85d4a8015e P 11c021e725344aca96e26a2505612f32 [term 0 FOLLOWER]: Becoming Follower/Learner. State: Replica: 11c021e725344aca96e26a2505612f32, State: Initialized, Role: FOLLOWER
I20260710 11:12:00.073710  9008 raft_consensus.cc:2804] T c305155432ea402facfc5879eff22cbf P 47a6a276500441c08a1de739c787a134 [term 1 FOLLOWER]: Leader election won for term 1
I20260710 11:12:00.074193  9008 raft_consensus.cc:697] T c305155432ea402facfc5879eff22cbf P 47a6a276500441c08a1de739c787a134 [term 1 LEADER]: Becoming Leader. State: Replica: 47a6a276500441c08a1de739c787a134, State: Running, Role: LEADER
I20260710 11:12:00.074970  9008 consensus_queue.cc:237] T c305155432ea402facfc5879eff22cbf P 47a6a276500441c08a1de739c787a134 [LEADER]: Queue going to LEADER mode. State: All replicated index: 0, Majority replicated index: 0, Committed index: 0, Last appended: 0.0, Last appended by leader: 0, Current term: 1, Majority size: 2, State: 0, Mode: LEADER, active raft config: opid_index: -1 OBSOLETE_local: false peers { permanent_uuid: "11c021e725344aca96e26a2505612f32" member_type: VOTER last_known_addr { host: "127.7.129.129" port: 41207 } } peers { permanent_uuid: "301617143e5b40c6bdd3929d15270d5d" member_type: VOTER last_known_addr { host: "127.7.129.130" port: 45007 } } peers { permanent_uuid: "47a6a276500441c08a1de739c787a134" member_type: VOTER last_known_addr { host: "127.7.129.131" port: 35689 } }
I20260710 11:12:00.076364  8801 tablet_service.cc:1917] Received RequestConsensusVote() RPC: tablet_id: "79e0af325725407280eeffa91d7bcce1" candidate_uuid: "301617143e5b40c6bdd3929d15270d5d" candidate_term: 1 candidate_status { last_received { term: 0 index: 0 } } ignore_live_leader: false dest_uuid: "11c021e725344aca96e26a2505612f32" is_pre_election: true
I20260710 11:12:00.076936  8800 tablet_service.cc:1917] Received RequestConsensusVote() RPC: tablet_id: "b7fa8d88f6ba4bc484eafab0f04b3633" candidate_uuid: "301617143e5b40c6bdd3929d15270d5d" candidate_term: 1 candidate_status { last_received { term: 0 index: 0 } } ignore_live_leader: false dest_uuid: "11c021e725344aca96e26a2505612f32" is_pre_election: true
I20260710 11:12:00.077266  8993 ts_tablet_manager.cc:1434] T d5c72b24642a41d092158b3dce752a98 P 301617143e5b40c6bdd3929d15270d5d: Time spent starting tablet: real 0.016s	user 0.003s	sys 0.003s
W20260710 11:12:00.078384  8840 leader_election.cc:343] T 79e0af325725407280eeffa91d7bcce1 P 301617143e5b40c6bdd3929d15270d5d [CANDIDATE]: Term 1 pre-election: Tablet error from VoteRequest() call to peer 11c021e725344aca96e26a2505612f32 (127.7.129.129:41207): Illegal state: must be running to vote when last-logged opid is not known
I20260710 11:12:00.078465  8991 consensus_queue.cc:260] T af5ed3fc5ee04e96b3728a85d4a8015e P 11c021e725344aca96e26a2505612f32 [NON_LEADER]: Queue going to NON_LEADER mode. State: All replicated index: 0, Majority replicated index: 0, Committed index: 0, Last appended: 0.0, Last appended by leader: 0, Current term: 0, Majority size: -1, State: 0, Mode: NON_LEADER, active raft config: opid_index: -1 OBSOLETE_local: false peers { permanent_uuid: "11c021e725344aca96e26a2505612f32" member_type: VOTER last_known_addr { host: "127.7.129.129" port: 41207 } } peers { permanent_uuid: "301617143e5b40c6bdd3929d15270d5d" member_type: VOTER last_known_addr { host: "127.7.129.130" port: 45007 } } peers { permanent_uuid: "47a6a276500441c08a1de739c787a134" member_type: VOTER last_known_addr { host: "127.7.129.131" port: 35689 } }
W20260710 11:12:00.079274  8840 leader_election.cc:343] T b7fa8d88f6ba4bc484eafab0f04b3633 P 301617143e5b40c6bdd3929d15270d5d [CANDIDATE]: Term 1 pre-election: Tablet error from VoteRequest() call to peer 11c021e725344aca96e26a2505612f32 (127.7.129.129:41207): Illegal state: must be running to vote when last-logged opid is not known
I20260710 11:12:00.081329  8991 ts_tablet_manager.cc:1434] T af5ed3fc5ee04e96b3728a85d4a8015e P 11c021e725344aca96e26a2505612f32: Time spent starting tablet: real 0.012s	user 0.001s	sys 0.004s
I20260710 11:12:00.082319  8991 tablet_bootstrap.cc:492] T 822a63c251f74a97a4a0b9b5b20eb381 P 11c021e725344aca96e26a2505612f32: Bootstrap starting.
I20260710 11:12:00.086670  8993 tablet_bootstrap.cc:492] T b4d9491d55fa420cb24cbff2f8090696 P 301617143e5b40c6bdd3929d15270d5d: Bootstrap starting.
I20260710 11:12:00.086735  8990 raft_consensus.cc:359] T d5c72b24642a41d092158b3dce752a98 P 47a6a276500441c08a1de739c787a134 [term 0 FOLLOWER]: Replica starting. Triggering 0 pending ops. Active config: opid_index: -1 OBSOLETE_local: false peers { permanent_uuid: "11c021e725344aca96e26a2505612f32" member_type: VOTER last_known_addr { host: "127.7.129.129" port: 41207 } } peers { permanent_uuid: "301617143e5b40c6bdd3929d15270d5d" member_type: VOTER last_known_addr { host: "127.7.129.130" port: 45007 } } peers { permanent_uuid: "47a6a276500441c08a1de739c787a134" member_type: VOTER last_known_addr { host: "127.7.129.131" port: 35689 } }
I20260710 11:12:00.087405  8949 tablet_service.cc:1917] Received RequestConsensusVote() RPC: tablet_id: "b7fa8d88f6ba4bc484eafab0f04b3633" candidate_uuid: "301617143e5b40c6bdd3929d15270d5d" candidate_term: 1 candidate_status { last_received { term: 0 index: 0 } } ignore_live_leader: false dest_uuid: "47a6a276500441c08a1de739c787a134" is_pre_election: true
I20260710 11:12:00.087939  8990 raft_consensus.cc:385] T d5c72b24642a41d092158b3dce752a98 P 47a6a276500441c08a1de739c787a134 [term 0 FOLLOWER]: Consensus starting up: Expiring failure detector timer to make a prompt election more likely
I20260710 11:12:00.087077  8696 catalog_manager.cc:5697] T c305155432ea402facfc5879eff22cbf P 47a6a276500441c08a1de739c787a134 reported cstate change: term changed from 0 to 1, leader changed from <none> to 47a6a276500441c08a1de739c787a134 (127.7.129.131). New cstate: current_term: 1 leader_uuid: "47a6a276500441c08a1de739c787a134" committed_config { opid_index: -1 OBSOLETE_local: false peers { permanent_uuid: "11c021e725344aca96e26a2505612f32" member_type: VOTER last_known_addr { host: "127.7.129.129" port: 41207 } health_report { overall_health: UNKNOWN } } peers { permanent_uuid: "301617143e5b40c6bdd3929d15270d5d" member_type: VOTER last_known_addr { host: "127.7.129.130" port: 45007 } health_report { overall_health: UNKNOWN } } peers { permanent_uuid: "47a6a276500441c08a1de739c787a134" member_type: VOTER last_known_addr { host: "127.7.129.131" port: 35689 } health_report { overall_health: HEALTHY } } }
I20260710 11:12:00.088160  8949 raft_consensus.cc:2468] T b7fa8d88f6ba4bc484eafab0f04b3633 P 47a6a276500441c08a1de739c787a134 [term 0 FOLLOWER]: Leader pre-election vote request: Granting yes vote for candidate 301617143e5b40c6bdd3929d15270d5d in term 0.
I20260710 11:12:00.088299  8990 raft_consensus.cc:740] T d5c72b24642a41d092158b3dce752a98 P 47a6a276500441c08a1de739c787a134 [term 0 FOLLOWER]: Becoming Follower/Learner. State: Replica: 47a6a276500441c08a1de739c787a134, State: Initialized, Role: FOLLOWER
I20260710 11:12:00.086889  8950 tablet_service.cc:1917] Received RequestConsensusVote() RPC: tablet_id: "79e0af325725407280eeffa91d7bcce1" candidate_uuid: "301617143e5b40c6bdd3929d15270d5d" candidate_term: 1 candidate_status { last_received { term: 0 index: 0 } } ignore_live_leader: false dest_uuid: "47a6a276500441c08a1de739c787a134" is_pre_election: true
I20260710 11:12:00.089231  8990 consensus_queue.cc:260] T d5c72b24642a41d092158b3dce752a98 P 47a6a276500441c08a1de739c787a134 [NON_LEADER]: Queue going to NON_LEADER mode. State: All replicated index: 0, Majority replicated index: 0, Committed index: 0, Last appended: 0.0, Last appended by leader: 0, Current term: 0, Majority size: -1, State: 0, Mode: NON_LEADER, active raft config: opid_index: -1 OBSOLETE_local: false peers { permanent_uuid: "11c021e725344aca96e26a2505612f32" member_type: VOTER last_known_addr { host: "127.7.129.129" port: 41207 } } peers { permanent_uuid: "301617143e5b40c6bdd3929d15270d5d" member_type: VOTER last_known_addr { host: "127.7.129.130" port: 45007 } } peers { permanent_uuid: "47a6a276500441c08a1de739c787a134" member_type: VOTER last_known_addr { host: "127.7.129.131" port: 35689 } }
I20260710 11:12:00.090998  8840 leader_election.cc:304] T b7fa8d88f6ba4bc484eafab0f04b3633 P 301617143e5b40c6bdd3929d15270d5d [CANDIDATE]: Term 1 pre-election: Election decided. Result: candidate won. Election summary: received 3 responses out of 3 voters: 2 yes votes; 1 no votes. yes voters: 301617143e5b40c6bdd3929d15270d5d, 47a6a276500441c08a1de739c787a134; no voters: 11c021e725344aca96e26a2505612f32
I20260710 11:12:00.092000  8990 ts_tablet_manager.cc:1434] T d5c72b24642a41d092158b3dce752a98 P 47a6a276500441c08a1de739c787a134: Time spent starting tablet: real 0.023s	user 0.006s	sys 0.003s
I20260710 11:12:00.092617  9017 raft_consensus.cc:2804] T b7fa8d88f6ba4bc484eafab0f04b3633 P 301617143e5b40c6bdd3929d15270d5d [term 0 FOLLOWER]: Leader pre-election won for term 1
I20260710 11:12:00.093204  8990 tablet_bootstrap.cc:492] T b4d9491d55fa420cb24cbff2f8090696 P 47a6a276500441c08a1de739c787a134: Bootstrap starting.
W20260710 11:12:00.093598  8840 leader_election.cc:343] T 79e0af325725407280eeffa91d7bcce1 P 301617143e5b40c6bdd3929d15270d5d [CANDIDATE]: Term 1 pre-election: Tablet error from VoteRequest() call to peer 47a6a276500441c08a1de739c787a134 (127.7.129.131:35689): Illegal state: must be running to vote when last-logged opid is not known
I20260710 11:12:00.094158  8840 leader_election.cc:304] T 79e0af325725407280eeffa91d7bcce1 P 301617143e5b40c6bdd3929d15270d5d [CANDIDATE]: Term 1 pre-election: Election decided. Result: candidate lost. Election summary: received 3 responses out of 3 voters: 1 yes votes; 2 no votes. yes voters: 301617143e5b40c6bdd3929d15270d5d; no voters: 11c021e725344aca96e26a2505612f32, 47a6a276500441c08a1de739c787a134
I20260710 11:12:00.093125  9017 raft_consensus.cc:493] T b7fa8d88f6ba4bc484eafab0f04b3633 P 301617143e5b40c6bdd3929d15270d5d [term 0 FOLLOWER]: Starting leader election (no leader contacted us within the election timeout)
I20260710 11:12:00.095208  9017 raft_consensus.cc:3060] T b7fa8d88f6ba4bc484eafab0f04b3633 P 301617143e5b40c6bdd3929d15270d5d [term 0 FOLLOWER]: Advancing to term 1
I20260710 11:12:00.100389  8990 tablet_bootstrap.cc:654] T b4d9491d55fa420cb24cbff2f8090696 P 47a6a276500441c08a1de739c787a134: Neither blocks nor log segments found. Creating new log.
I20260710 11:12:00.094877  8993 tablet_bootstrap.cc:654] T b4d9491d55fa420cb24cbff2f8090696 P 301617143e5b40c6bdd3929d15270d5d: Neither blocks nor log segments found. Creating new log.
I20260710 11:12:00.103988  8996 raft_consensus.cc:2749] T 79e0af325725407280eeffa91d7bcce1 P 301617143e5b40c6bdd3929d15270d5d [term 0 FOLLOWER]: Leader pre-election lost for term 1. Reason: could not achieve majority
I20260710 11:12:00.103018  9017 raft_consensus.cc:515] T b7fa8d88f6ba4bc484eafab0f04b3633 P 301617143e5b40c6bdd3929d15270d5d [term 1 FOLLOWER]: Starting leader election with config: opid_index: -1 OBSOLETE_local: false peers { permanent_uuid: "11c021e725344aca96e26a2505612f32" member_type: VOTER last_known_addr { host: "127.7.129.129" port: 41207 } } peers { permanent_uuid: "301617143e5b40c6bdd3929d15270d5d" member_type: VOTER last_known_addr { host: "127.7.129.130" port: 45007 } } peers { permanent_uuid: "47a6a276500441c08a1de739c787a134" member_type: VOTER last_known_addr { host: "127.7.129.131" port: 35689 } }
I20260710 11:12:00.106380  8990 tablet_bootstrap.cc:492] T b4d9491d55fa420cb24cbff2f8090696 P 47a6a276500441c08a1de739c787a134: No bootstrap required, opened a new log
I20260710 11:12:00.106994  8990 ts_tablet_manager.cc:1403] T b4d9491d55fa420cb24cbff2f8090696 P 47a6a276500441c08a1de739c787a134: Time spent bootstrapping tablet: real 0.014s	user 0.008s	sys 0.005s
I20260710 11:12:00.107584  8800 tablet_service.cc:1917] Received RequestConsensusVote() RPC: tablet_id: "b7fa8d88f6ba4bc484eafab0f04b3633" candidate_uuid: "301617143e5b40c6bdd3929d15270d5d" candidate_term: 1 candidate_status { last_received { term: 0 index: 0 } } ignore_live_leader: false dest_uuid: "11c021e725344aca96e26a2505612f32"
I20260710 11:12:00.108824  8991 tablet_bootstrap.cc:654] T 822a63c251f74a97a4a0b9b5b20eb381 P 11c021e725344aca96e26a2505612f32: Neither blocks nor log segments found. Creating new log.
W20260710 11:12:00.109050  8840 leader_election.cc:343] T b7fa8d88f6ba4bc484eafab0f04b3633 P 301617143e5b40c6bdd3929d15270d5d [CANDIDATE]: Term 1 election: Tablet error from VoteRequest() call to peer 11c021e725344aca96e26a2505612f32 (127.7.129.129:41207): Illegal state: must be running to vote when last-logged opid is not known
I20260710 11:12:00.111198  8950 tablet_service.cc:1917] Received RequestConsensusVote() RPC: tablet_id: "b7fa8d88f6ba4bc484eafab0f04b3633" candidate_uuid: "301617143e5b40c6bdd3929d15270d5d" candidate_term: 1 candidate_status { last_received { term: 0 index: 0 } } ignore_live_leader: false dest_uuid: "47a6a276500441c08a1de739c787a134"
I20260710 11:12:00.111430  8990 raft_consensus.cc:359] T b4d9491d55fa420cb24cbff2f8090696 P 47a6a276500441c08a1de739c787a134 [term 0 FOLLOWER]: Replica starting. Triggering 0 pending ops. Active config: opid_index: -1 OBSOLETE_local: false peers { permanent_uuid: "301617143e5b40c6bdd3929d15270d5d" member_type: VOTER last_known_addr { host: "127.7.129.130" port: 45007 } } peers { permanent_uuid: "47a6a276500441c08a1de739c787a134" member_type: VOTER last_known_addr { host: "127.7.129.131" port: 35689 } } peers { permanent_uuid: "11c021e725344aca96e26a2505612f32" member_type: VOTER last_known_addr { host: "127.7.129.129" port: 41207 } }
I20260710 11:12:00.111867  8950 raft_consensus.cc:3060] T b7fa8d88f6ba4bc484eafab0f04b3633 P 47a6a276500441c08a1de739c787a134 [term 0 FOLLOWER]: Advancing to term 1
I20260710 11:12:00.112308  8990 raft_consensus.cc:385] T b4d9491d55fa420cb24cbff2f8090696 P 47a6a276500441c08a1de739c787a134 [term 0 FOLLOWER]: Consensus starting up: Expiring failure detector timer to make a prompt election more likely
I20260710 11:12:00.112681  8990 raft_consensus.cc:740] T b4d9491d55fa420cb24cbff2f8090696 P 47a6a276500441c08a1de739c787a134 [term 0 FOLLOWER]: Becoming Follower/Learner. State: Replica: 47a6a276500441c08a1de739c787a134, State: Initialized, Role: FOLLOWER
I20260710 11:12:00.113529  8990 consensus_queue.cc:260] T b4d9491d55fa420cb24cbff2f8090696 P 47a6a276500441c08a1de739c787a134 [NON_LEADER]: Queue going to NON_LEADER mode. State: All replicated index: 0, Majority replicated index: 0, Committed index: 0, Last appended: 0.0, Last appended by leader: 0, Current term: 0, Majority size: -1, State: 0, Mode: NON_LEADER, active raft config: opid_index: -1 OBSOLETE_local: false peers { permanent_uuid: "301617143e5b40c6bdd3929d15270d5d" member_type: VOTER last_known_addr { host: "127.7.129.130" port: 45007 } } peers { permanent_uuid: "47a6a276500441c08a1de739c787a134" member_type: VOTER last_known_addr { host: "127.7.129.131" port: 35689 } } peers { permanent_uuid: "11c021e725344aca96e26a2505612f32" member_type: VOTER last_known_addr { host: "127.7.129.129" port: 41207 } }
I20260710 11:12:00.116056  8990 ts_tablet_manager.cc:1434] T b4d9491d55fa420cb24cbff2f8090696 P 47a6a276500441c08a1de739c787a134: Time spent starting tablet: real 0.009s	user 0.008s	sys 0.000s
I20260710 11:12:00.117661  8990 tablet_bootstrap.cc:492] T 5ae4c016a9b44d4492a762b08a4c6c3a P 47a6a276500441c08a1de739c787a134: Bootstrap starting.
I20260710 11:12:00.122643  8950 raft_consensus.cc:2468] T b7fa8d88f6ba4bc484eafab0f04b3633 P 47a6a276500441c08a1de739c787a134 [term 1 FOLLOWER]: Leader election vote request: Granting yes vote for candidate 301617143e5b40c6bdd3929d15270d5d in term 1.
I20260710 11:12:00.124904  8840 leader_election.cc:304] T b7fa8d88f6ba4bc484eafab0f04b3633 P 301617143e5b40c6bdd3929d15270d5d [CANDIDATE]: Term 1 election: Election decided. Result: candidate won. Election summary: received 3 responses out of 3 voters: 2 yes votes; 1 no votes. yes voters: 301617143e5b40c6bdd3929d15270d5d, 47a6a276500441c08a1de739c787a134; no voters: 11c021e725344aca96e26a2505612f32
I20260710 11:12:00.126075  8996 raft_consensus.cc:2804] T b7fa8d88f6ba4bc484eafab0f04b3633 P 301617143e5b40c6bdd3929d15270d5d [term 1 FOLLOWER]: Leader election won for term 1
I20260710 11:12:00.126317  8990 tablet_bootstrap.cc:654] T 5ae4c016a9b44d4492a762b08a4c6c3a P 47a6a276500441c08a1de739c787a134: Neither blocks nor log segments found. Creating new log.
I20260710 11:12:00.123332  9017 leader_election.cc:290] T b7fa8d88f6ba4bc484eafab0f04b3633 P 301617143e5b40c6bdd3929d15270d5d [CANDIDATE]: Term 1 election: Requested vote from peers 11c021e725344aca96e26a2505612f32 (127.7.129.129:41207), 47a6a276500441c08a1de739c787a134 (127.7.129.131:35689)
I20260710 11:12:00.142344  8993 tablet_bootstrap.cc:492] T b4d9491d55fa420cb24cbff2f8090696 P 301617143e5b40c6bdd3929d15270d5d: No bootstrap required, opened a new log
I20260710 11:12:00.144141  8993 ts_tablet_manager.cc:1403] T b4d9491d55fa420cb24cbff2f8090696 P 301617143e5b40c6bdd3929d15270d5d: Time spent bootstrapping tablet: real 0.058s	user 0.016s	sys 0.009s
I20260710 11:12:00.147284  8993 raft_consensus.cc:359] T b4d9491d55fa420cb24cbff2f8090696 P 301617143e5b40c6bdd3929d15270d5d [term 0 FOLLOWER]: Replica starting. Triggering 0 pending ops. Active config: opid_index: -1 OBSOLETE_local: false peers { permanent_uuid: "301617143e5b40c6bdd3929d15270d5d" member_type: VOTER last_known_addr { host: "127.7.129.130" port: 45007 } } peers { permanent_uuid: "47a6a276500441c08a1de739c787a134" member_type: VOTER last_known_addr { host: "127.7.129.131" port: 35689 } } peers { permanent_uuid: "11c021e725344aca96e26a2505612f32" member_type: VOTER last_known_addr { host: "127.7.129.129" port: 41207 } }
I20260710 11:12:00.148099  8990 tablet_bootstrap.cc:492] T 5ae4c016a9b44d4492a762b08a4c6c3a P 47a6a276500441c08a1de739c787a134: No bootstrap required, opened a new log
I20260710 11:12:00.148422  8996 raft_consensus.cc:697] T b7fa8d88f6ba4bc484eafab0f04b3633 P 301617143e5b40c6bdd3929d15270d5d [term 1 LEADER]: Becoming Leader. State: Replica: 301617143e5b40c6bdd3929d15270d5d, State: Running, Role: LEADER
I20260710 11:12:00.148765  8993 raft_consensus.cc:385] T b4d9491d55fa420cb24cbff2f8090696 P 301617143e5b40c6bdd3929d15270d5d [term 0 FOLLOWER]: Consensus starting up: Expiring failure detector timer to make a prompt election more likely
I20260710 11:12:00.148991  8990 ts_tablet_manager.cc:1403] T 5ae4c016a9b44d4492a762b08a4c6c3a P 47a6a276500441c08a1de739c787a134: Time spent bootstrapping tablet: real 0.032s	user 0.010s	sys 0.005s
I20260710 11:12:00.149212  8993 raft_consensus.cc:740] T b4d9491d55fa420cb24cbff2f8090696 P 301617143e5b40c6bdd3929d15270d5d [term 0 FOLLOWER]: Becoming Follower/Learner. State: Replica: 301617143e5b40c6bdd3929d15270d5d, State: Initialized, Role: FOLLOWER
I20260710 11:12:00.149382  8996 consensus_queue.cc:237] T b7fa8d88f6ba4bc484eafab0f04b3633 P 301617143e5b40c6bdd3929d15270d5d [LEADER]: Queue going to LEADER mode. State: All replicated index: 0, Majority replicated index: 0, Committed index: 0, Last appended: 0.0, Last appended by leader: 0, Current term: 1, Majority size: 2, State: 0, Mode: LEADER, active raft config: opid_index: -1 OBSOLETE_local: false peers { permanent_uuid: "11c021e725344aca96e26a2505612f32" member_type: VOTER last_known_addr { host: "127.7.129.129" port: 41207 } } peers { permanent_uuid: "301617143e5b40c6bdd3929d15270d5d" member_type: VOTER last_known_addr { host: "127.7.129.130" port: 45007 } } peers { permanent_uuid: "47a6a276500441c08a1de739c787a134" member_type: VOTER last_known_addr { host: "127.7.129.131" port: 35689 } }
I20260710 11:12:00.150286  8993 consensus_queue.cc:260] T b4d9491d55fa420cb24cbff2f8090696 P 301617143e5b40c6bdd3929d15270d5d [NON_LEADER]: Queue going to NON_LEADER mode. State: All replicated index: 0, Majority replicated index: 0, Committed index: 0, Last appended: 0.0, Last appended by leader: 0, Current term: 0, Majority size: -1, State: 0, Mode: NON_LEADER, active raft config: opid_index: -1 OBSOLETE_local: false peers { permanent_uuid: "301617143e5b40c6bdd3929d15270d5d" member_type: VOTER last_known_addr { host: "127.7.129.130" port: 45007 } } peers { permanent_uuid: "47a6a276500441c08a1de739c787a134" member_type: VOTER last_known_addr { host: "127.7.129.131" port: 35689 } } peers { permanent_uuid: "11c021e725344aca96e26a2505612f32" member_type: VOTER last_known_addr { host: "127.7.129.129" port: 41207 } }
I20260710 11:12:00.152767  8993 ts_tablet_manager.cc:1434] T b4d9491d55fa420cb24cbff2f8090696 P 301617143e5b40c6bdd3929d15270d5d: Time spent starting tablet: real 0.008s	user 0.006s	sys 0.000s
I20260710 11:12:00.152349  8990 raft_consensus.cc:359] T 5ae4c016a9b44d4492a762b08a4c6c3a P 47a6a276500441c08a1de739c787a134 [term 0 FOLLOWER]: Replica starting. Triggering 0 pending ops. Active config: opid_index: -1 OBSOLETE_local: false peers { permanent_uuid: "11c021e725344aca96e26a2505612f32" member_type: VOTER last_known_addr { host: "127.7.129.129" port: 41207 } } peers { permanent_uuid: "301617143e5b40c6bdd3929d15270d5d" member_type: VOTER last_known_addr { host: "127.7.129.130" port: 45007 } } peers { permanent_uuid: "47a6a276500441c08a1de739c787a134" member_type: VOTER last_known_addr { host: "127.7.129.131" port: 35689 } }
I20260710 11:12:00.153584  8990 raft_consensus.cc:385] T 5ae4c016a9b44d4492a762b08a4c6c3a P 47a6a276500441c08a1de739c787a134 [term 0 FOLLOWER]: Consensus starting up: Expiring failure detector timer to make a prompt election more likely
I20260710 11:12:00.154170  8990 raft_consensus.cc:740] T 5ae4c016a9b44d4492a762b08a4c6c3a P 47a6a276500441c08a1de739c787a134 [term 0 FOLLOWER]: Becoming Follower/Learner. State: Replica: 47a6a276500441c08a1de739c787a134, State: Initialized, Role: FOLLOWER
I20260710 11:12:00.156236  8991 tablet_bootstrap.cc:492] T 822a63c251f74a97a4a0b9b5b20eb381 P 11c021e725344aca96e26a2505612f32: No bootstrap required, opened a new log
I20260710 11:12:00.156808  8991 ts_tablet_manager.cc:1403] T 822a63c251f74a97a4a0b9b5b20eb381 P 11c021e725344aca96e26a2505612f32: Time spent bootstrapping tablet: real 0.075s	user 0.019s	sys 0.023s
I20260710 11:12:00.156019  8990 consensus_queue.cc:260] T 5ae4c016a9b44d4492a762b08a4c6c3a P 47a6a276500441c08a1de739c787a134 [NON_LEADER]: Queue going to NON_LEADER mode. State: All replicated index: 0, Majority replicated index: 0, Committed index: 0, Last appended: 0.0, Last appended by leader: 0, Current term: 0, Majority size: -1, State: 0, Mode: NON_LEADER, active raft config: opid_index: -1 OBSOLETE_local: false peers { permanent_uuid: "11c021e725344aca96e26a2505612f32" member_type: VOTER last_known_addr { host: "127.7.129.129" port: 41207 } } peers { permanent_uuid: "301617143e5b40c6bdd3929d15270d5d" member_type: VOTER last_known_addr { host: "127.7.129.130" port: 45007 } } peers { permanent_uuid: "47a6a276500441c08a1de739c787a134" member_type: VOTER last_known_addr { host: "127.7.129.131" port: 35689 } }
I20260710 11:12:00.158737  8993 tablet_bootstrap.cc:492] T af5ed3fc5ee04e96b3728a85d4a8015e P 301617143e5b40c6bdd3929d15270d5d: Bootstrap starting.
I20260710 11:12:00.165611  8993 tablet_bootstrap.cc:654] T af5ed3fc5ee04e96b3728a85d4a8015e P 301617143e5b40c6bdd3929d15270d5d: Neither blocks nor log segments found. Creating new log.
I20260710 11:12:00.165707  8990 ts_tablet_manager.cc:1434] T 5ae4c016a9b44d4492a762b08a4c6c3a P 47a6a276500441c08a1de739c787a134: Time spent starting tablet: real 0.016s	user 0.004s	sys 0.003s
I20260710 11:12:00.166923  8990 tablet_bootstrap.cc:492] T af5ed3fc5ee04e96b3728a85d4a8015e P 47a6a276500441c08a1de739c787a134: Bootstrap starting.
I20260710 11:12:00.166023  8698 catalog_manager.cc:5697] T b7fa8d88f6ba4bc484eafab0f04b3633 P 301617143e5b40c6bdd3929d15270d5d reported cstate change: term changed from 0 to 1, leader changed from <none> to 301617143e5b40c6bdd3929d15270d5d (127.7.129.130). New cstate: current_term: 1 leader_uuid: "301617143e5b40c6bdd3929d15270d5d" committed_config { opid_index: -1 OBSOLETE_local: false peers { permanent_uuid: "11c021e725344aca96e26a2505612f32" member_type: VOTER last_known_addr { host: "127.7.129.129" port: 41207 } health_report { overall_health: UNKNOWN } } peers { permanent_uuid: "301617143e5b40c6bdd3929d15270d5d" member_type: VOTER last_known_addr { host: "127.7.129.130" port: 45007 } health_report { overall_health: HEALTHY } } peers { permanent_uuid: "47a6a276500441c08a1de739c787a134" member_type: VOTER last_known_addr { host: "127.7.129.131" port: 35689 } health_report { overall_health: UNKNOWN } } }
I20260710 11:12:00.170492  9008 raft_consensus.cc:493] T d5c72b24642a41d092158b3dce752a98 P 47a6a276500441c08a1de739c787a134 [term 0 FOLLOWER]: Starting pre-election (no leader contacted us within the election timeout)
I20260710 11:12:00.171171  9008 raft_consensus.cc:515] T d5c72b24642a41d092158b3dce752a98 P 47a6a276500441c08a1de739c787a134 [term 0 FOLLOWER]: Starting pre-election with config: opid_index: -1 OBSOLETE_local: false peers { permanent_uuid: "11c021e725344aca96e26a2505612f32" member_type: VOTER last_known_addr { host: "127.7.129.129" port: 41207 } } peers { permanent_uuid: "301617143e5b40c6bdd3929d15270d5d" member_type: VOTER last_known_addr { host: "127.7.129.130" port: 45007 } } peers { permanent_uuid: "47a6a276500441c08a1de739c787a134" member_type: VOTER last_known_addr { host: "127.7.129.131" port: 35689 } }
I20260710 11:12:00.173895  9008 leader_election.cc:290] T d5c72b24642a41d092158b3dce752a98 P 47a6a276500441c08a1de739c787a134 [CANDIDATE]: Term 1 pre-election: Requested pre-vote from peers 11c021e725344aca96e26a2505612f32 (127.7.129.129:41207), 301617143e5b40c6bdd3929d15270d5d (127.7.129.130:45007)
I20260710 11:12:00.174429  8990 tablet_bootstrap.cc:654] T af5ed3fc5ee04e96b3728a85d4a8015e P 47a6a276500441c08a1de739c787a134: Neither blocks nor log segments found. Creating new log.
I20260710 11:12:00.175978  8800 tablet_service.cc:1917] Received RequestConsensusVote() RPC: tablet_id: "d5c72b24642a41d092158b3dce752a98" candidate_uuid: "47a6a276500441c08a1de739c787a134" candidate_term: 1 candidate_status { last_received { term: 0 index: 0 } } ignore_live_leader: false dest_uuid: "11c021e725344aca96e26a2505612f32" is_pre_election: true
I20260710 11:12:00.176807  8800 raft_consensus.cc:2468] T d5c72b24642a41d092158b3dce752a98 P 11c021e725344aca96e26a2505612f32 [term 0 FOLLOWER]: Leader pre-election vote request: Granting yes vote for candidate 47a6a276500441c08a1de739c787a134 in term 0.
I20260710 11:12:00.179122  8875 tablet_service.cc:1917] Received RequestConsensusVote() RPC: tablet_id: "d5c72b24642a41d092158b3dce752a98" candidate_uuid: "47a6a276500441c08a1de739c787a134" candidate_term: 1 candidate_status { last_received { term: 0 index: 0 } } ignore_live_leader: false dest_uuid: "301617143e5b40c6bdd3929d15270d5d" is_pre_election: true
I20260710 11:12:00.180647  8914 leader_election.cc:304] T d5c72b24642a41d092158b3dce752a98 P 47a6a276500441c08a1de739c787a134 [CANDIDATE]: Term 1 pre-election: Election decided. Result: candidate won. Election summary: received 2 responses out of 3 voters: 2 yes votes; 0 no votes. yes voters: 11c021e725344aca96e26a2505612f32, 47a6a276500441c08a1de739c787a134; no voters: 
I20260710 11:12:00.181723  8875 raft_consensus.cc:2468] T d5c72b24642a41d092158b3dce752a98 P 301617143e5b40c6bdd3929d15270d5d [term 0 FOLLOWER]: Leader pre-election vote request: Granting yes vote for candidate 47a6a276500441c08a1de739c787a134 in term 0.
I20260710 11:12:00.183939  9008 raft_consensus.cc:2804] T d5c72b24642a41d092158b3dce752a98 P 47a6a276500441c08a1de739c787a134 [term 0 FOLLOWER]: Leader pre-election won for term 1
I20260710 11:12:00.184419  9008 raft_consensus.cc:493] T d5c72b24642a41d092158b3dce752a98 P 47a6a276500441c08a1de739c787a134 [term 0 FOLLOWER]: Starting leader election (no leader contacted us within the election timeout)
I20260710 11:12:00.184863  9008 raft_consensus.cc:3060] T d5c72b24642a41d092158b3dce752a98 P 47a6a276500441c08a1de739c787a134 [term 0 FOLLOWER]: Advancing to term 1
I20260710 11:12:00.196712  8991 raft_consensus.cc:359] T 822a63c251f74a97a4a0b9b5b20eb381 P 11c021e725344aca96e26a2505612f32 [term 0 FOLLOWER]: Replica starting. Triggering 0 pending ops. Active config: opid_index: -1 OBSOLETE_local: false peers { permanent_uuid: "11c021e725344aca96e26a2505612f32" member_type: VOTER last_known_addr { host: "127.7.129.129" port: 41207 } } peers { permanent_uuid: "301617143e5b40c6bdd3929d15270d5d" member_type: VOTER last_known_addr { host: "127.7.129.130" port: 45007 } } peers { permanent_uuid: "47a6a276500441c08a1de739c787a134" member_type: VOTER last_known_addr { host: "127.7.129.131" port: 35689 } }
I20260710 11:12:00.197705  8991 raft_consensus.cc:385] T 822a63c251f74a97a4a0b9b5b20eb381 P 11c021e725344aca96e26a2505612f32 [term 0 FOLLOWER]: Consensus starting up: Expiring failure detector timer to make a prompt election more likely
I20260710 11:12:00.198078  8991 raft_consensus.cc:740] T 822a63c251f74a97a4a0b9b5b20eb381 P 11c021e725344aca96e26a2505612f32 [term 0 FOLLOWER]: Becoming Follower/Learner. State: Replica: 11c021e725344aca96e26a2505612f32, State: Initialized, Role: FOLLOWER
I20260710 11:12:00.199138  8991 consensus_queue.cc:260] T 822a63c251f74a97a4a0b9b5b20eb381 P 11c021e725344aca96e26a2505612f32 [NON_LEADER]: Queue going to NON_LEADER mode. State: All replicated index: 0, Majority replicated index: 0, Committed index: 0, Last appended: 0.0, Last appended by leader: 0, Current term: 0, Majority size: -1, State: 0, Mode: NON_LEADER, active raft config: opid_index: -1 OBSOLETE_local: false peers { permanent_uuid: "11c021e725344aca96e26a2505612f32" member_type: VOTER last_known_addr { host: "127.7.129.129" port: 41207 } } peers { permanent_uuid: "301617143e5b40c6bdd3929d15270d5d" member_type: VOTER last_known_addr { host: "127.7.129.130" port: 45007 } } peers { permanent_uuid: "47a6a276500441c08a1de739c787a134" member_type: VOTER last_known_addr { host: "127.7.129.131" port: 35689 } }
I20260710 11:12:00.200049  9008 raft_consensus.cc:515] T d5c72b24642a41d092158b3dce752a98 P 47a6a276500441c08a1de739c787a134 [term 1 FOLLOWER]: Starting leader election with config: opid_index: -1 OBSOLETE_local: false peers { permanent_uuid: "11c021e725344aca96e26a2505612f32" member_type: VOTER last_known_addr { host: "127.7.129.129" port: 41207 } } peers { permanent_uuid: "301617143e5b40c6bdd3929d15270d5d" member_type: VOTER last_known_addr { host: "127.7.129.130" port: 45007 } } peers { permanent_uuid: "47a6a276500441c08a1de739c787a134" member_type: VOTER last_known_addr { host: "127.7.129.131" port: 35689 } }
I20260710 11:12:00.203011  9008 leader_election.cc:290] T d5c72b24642a41d092158b3dce752a98 P 47a6a276500441c08a1de739c787a134 [CANDIDATE]: Term 1 election: Requested vote from peers 11c021e725344aca96e26a2505612f32 (127.7.129.129:41207), 301617143e5b40c6bdd3929d15270d5d (127.7.129.130:45007)
I20260710 11:12:00.204523  8996 raft_consensus.cc:493] T 822a63c251f74a97a4a0b9b5b20eb381 P 301617143e5b40c6bdd3929d15270d5d [term 0 FOLLOWER]: Starting pre-election (no leader contacted us within the election timeout)
I20260710 11:12:00.205101  8996 raft_consensus.cc:515] T 822a63c251f74a97a4a0b9b5b20eb381 P 301617143e5b40c6bdd3929d15270d5d [term 0 FOLLOWER]: Starting pre-election with config: opid_index: -1 OBSOLETE_local: false peers { permanent_uuid: "11c021e725344aca96e26a2505612f32" member_type: VOTER last_known_addr { host: "127.7.129.129" port: 41207 } } peers { permanent_uuid: "301617143e5b40c6bdd3929d15270d5d" member_type: VOTER last_known_addr { host: "127.7.129.130" port: 45007 } } peers { permanent_uuid: "47a6a276500441c08a1de739c787a134" member_type: VOTER last_known_addr { host: "127.7.129.131" port: 35689 } }
I20260710 11:12:00.206095  8800 tablet_service.cc:1917] Received RequestConsensusVote() RPC: tablet_id: "d5c72b24642a41d092158b3dce752a98" candidate_uuid: "47a6a276500441c08a1de739c787a134" candidate_term: 1 candidate_status { last_received { term: 0 index: 0 } } ignore_live_leader: false dest_uuid: "11c021e725344aca96e26a2505612f32"
I20260710 11:12:00.206660  8800 raft_consensus.cc:3060] T d5c72b24642a41d092158b3dce752a98 P 11c021e725344aca96e26a2505612f32 [term 0 FOLLOWER]: Advancing to term 1
I20260710 11:12:00.207368  8996 leader_election.cc:290] T 822a63c251f74a97a4a0b9b5b20eb381 P 301617143e5b40c6bdd3929d15270d5d [CANDIDATE]: Term 1 pre-election: Requested pre-vote from peers 11c021e725344aca96e26a2505612f32 (127.7.129.129:41207), 47a6a276500441c08a1de739c787a134 (127.7.129.131:35689)
I20260710 11:12:00.207892  8990 tablet_bootstrap.cc:492] T af5ed3fc5ee04e96b3728a85d4a8015e P 47a6a276500441c08a1de739c787a134: No bootstrap required, opened a new log
I20260710 11:12:00.208395  8990 ts_tablet_manager.cc:1403] T af5ed3fc5ee04e96b3728a85d4a8015e P 47a6a276500441c08a1de739c787a134: Time spent bootstrapping tablet: real 0.042s	user 0.029s	sys 0.011s
