I20260710 11:11:35.720489  9987 raft_consensus.cc:515] T dd540c72fdb84b1f8fe6e4b21fc4cdab P d05b1f890b444b1193b46eff49fa0050 [term 1 FOLLOWER]: Starting leader election with config: opid_index: -1 OBSOLETE_local: false peers { permanent_uuid: "d05b1f890b444b1193b46eff49fa0050" member_type: VOTER last_known_addr { host: "127.9.109.65" port: 44431 } } peers { permanent_uuid: "cedbe2eb0ba646d5ab17ada5fc09ad2b" member_type: VOTER last_known_addr { host: "127.9.109.66" port: 37035 } } peers { permanent_uuid: "a704644803cf48b385fe7fb561ace5f2" member_type: VOTER last_known_addr { host: "127.9.109.67" port: 43097 } }
I20260710 11:11:35.727035  9989 raft_consensus.cc:515] T 9394528fda7d41ab9211735a82485770 P a704644803cf48b385fe7fb561ace5f2 [term 0 FOLLOWER]: Starting pre-election with config: opid_index: -1 OBSOLETE_local: false peers { permanent_uuid: "d05b1f890b444b1193b46eff49fa0050" member_type: VOTER last_known_addr { host: "127.9.109.65" port: 44431 } } peers { permanent_uuid: "cedbe2eb0ba646d5ab17ada5fc09ad2b" member_type: VOTER last_known_addr { host: "127.9.109.66" port: 37035 } } peers { permanent_uuid: "a704644803cf48b385fe7fb561ace5f2" member_type: VOTER last_known_addr { host: "127.9.109.67" port: 43097 } }
I20260710 11:11:35.726485  9863 tablet_service.cc:1917] Received RequestConsensusVote() RPC: tablet_id: "dd540c72fdb84b1f8fe6e4b21fc4cdab" candidate_uuid: "a704644803cf48b385fe7fb561ace5f2" candidate_term: 1 candidate_status { last_received { term: 0 index: 0 } } ignore_live_leader: false dest_uuid: "cedbe2eb0ba646d5ab17ada5fc09ad2b" is_pre_election: true
I20260710 11:11:35.730846  9989 leader_election.cc:290] T 9394528fda7d41ab9211735a82485770 P a704644803cf48b385fe7fb561ace5f2 [CANDIDATE]: Term 1 pre-election: Requested pre-vote from peers d05b1f890b444b1193b46eff49fa0050 (127.9.109.65:44431), cedbe2eb0ba646d5ab17ada5fc09ad2b (127.9.109.66:37035)
I20260710 11:11:35.731587  9987 leader_election.cc:290] T dd540c72fdb84b1f8fe6e4b21fc4cdab P d05b1f890b444b1193b46eff49fa0050 [CANDIDATE]: Term 1 election: Requested vote from peers cedbe2eb0ba646d5ab17ada5fc09ad2b (127.9.109.66:37035), a704644803cf48b385fe7fb561ace5f2 (127.9.109.67:43097)
I20260710 11:11:35.726513  9982 ts_tablet_manager.cc:1434] T ea5385be2c4f47f4b4f3f41e4aa5bc3f P d05b1f890b444b1193b46eff49fa0050: Time spent starting tablet: real 0.067s	user 0.008s	sys 0.000s
I20260710 11:11:35.731935  9752 leader_election.cc:304] T 36b7540f27bb496c8e26c20a2a9048e0 P d05b1f890b444b1193b46eff49fa0050 [CANDIDATE]: Term 1 pre-election: Election decided. Result: candidate won. Election summary: received 2 responses out of 3 voters: 2 yes votes; 0 no votes. yes voters: cedbe2eb0ba646d5ab17ada5fc09ad2b, d05b1f890b444b1193b46eff49fa0050; no voters: 
I20260710 11:11:35.734297  9789 raft_consensus.cc:2393] T dd540c72fdb84b1f8fe6e4b21fc4cdab P d05b1f890b444b1193b46eff49fa0050 [term 1 FOLLOWER]: Leader pre-election vote request: Denying vote to candidate a704644803cf48b385fe7fb561ace5f2 in current term 1: Already voted for candidate d05b1f890b444b1193b46eff49fa0050 in this term.
I20260710 11:11:35.734282  9788 tablet_service.cc:1917] Received RequestConsensusVote() RPC: tablet_id: "9394528fda7d41ab9211735a82485770" candidate_uuid: "a704644803cf48b385fe7fb561ace5f2" candidate_term: 1 candidate_status { last_received { term: 0 index: 0 } } ignore_live_leader: false dest_uuid: "d05b1f890b444b1193b46eff49fa0050" is_pre_election: true
I20260710 11:11:35.734591  9934 tablet_service.cc:1917] Received RequestConsensusVote() RPC: tablet_id: "36b7540f27bb496c8e26c20a2a9048e0" candidate_uuid: "d05b1f890b444b1193b46eff49fa0050" candidate_term: 1 candidate_status { last_received { term: 0 index: 0 } } ignore_live_leader: false dest_uuid: "a704644803cf48b385fe7fb561ace5f2" is_pre_election: true
I20260710 11:11:35.730013  9863 raft_consensus.cc:2468] T dd540c72fdb84b1f8fe6e4b21fc4cdab P cedbe2eb0ba646d5ab17ada5fc09ad2b [term 0 FOLLOWER]: Leader pre-election vote request: Granting yes vote for candidate a704644803cf48b385fe7fb561ace5f2 in term 0.
W20260710 11:11:35.738961  9902 leader_election.cc:343] T 9394528fda7d41ab9211735a82485770 P a704644803cf48b385fe7fb561ace5f2 [CANDIDATE]: Term 1 pre-election: Tablet error from VoteRequest() call to peer d05b1f890b444b1193b46eff49fa0050 (127.9.109.65:44431): Illegal state: must be running to vote when last-logged opid is not known
I20260710 11:11:35.737753  9987 raft_consensus.cc:2804] T 36b7540f27bb496c8e26c20a2a9048e0 P d05b1f890b444b1193b46eff49fa0050 [term 0 FOLLOWER]: Leader pre-election won for term 1
I20260710 11:11:35.737957  9982 tablet_bootstrap.cc:492] T 9394528fda7d41ab9211735a82485770 P d05b1f890b444b1193b46eff49fa0050: Bootstrap starting.
I20260710 11:11:35.745008  9987 raft_consensus.cc:493] T 36b7540f27bb496c8e26c20a2a9048e0 P d05b1f890b444b1193b46eff49fa0050 [term 0 FOLLOWER]: Starting leader election (no leader contacted us within the election timeout)
I20260710 11:11:35.746716  9987 raft_consensus.cc:3060] T 36b7540f27bb496c8e26c20a2a9048e0 P d05b1f890b444b1193b46eff49fa0050 [term 0 FOLLOWER]: Advancing to term 1
I20260710 11:11:35.738384  9829 leader_election.cc:304] T ea5385be2c4f47f4b4f3f41e4aa5bc3f P cedbe2eb0ba646d5ab17ada5fc09ad2b [CANDIDATE]: Term 1 pre-election: Election decided. Result: candidate won. Election summary: received 2 responses out of 3 voters: 2 yes votes; 0 no votes. yes voters: a704644803cf48b385fe7fb561ace5f2, cedbe2eb0ba646d5ab17ada5fc09ad2b; no voters: 
I20260710 11:11:35.752151  9986 raft_consensus.cc:2804] T ea5385be2c4f47f4b4f3f41e4aa5bc3f P cedbe2eb0ba646d5ab17ada5fc09ad2b [term 0 FOLLOWER]: Leader pre-election won for term 1
I20260710 11:11:35.752552  9986 raft_consensus.cc:493] T ea5385be2c4f47f4b4f3f41e4aa5bc3f P cedbe2eb0ba646d5ab17ada5fc09ad2b [term 0 FOLLOWER]: Starting leader election (no leader contacted us within the election timeout)
I20260710 11:11:35.752774  9863 tablet_service.cc:1917] Received RequestConsensusVote() RPC: tablet_id: "9394528fda7d41ab9211735a82485770" candidate_uuid: "a704644803cf48b385fe7fb561ace5f2" candidate_term: 1 candidate_status { last_received { term: 0 index: 0 } } ignore_live_leader: false dest_uuid: "cedbe2eb0ba646d5ab17ada5fc09ad2b" is_pre_election: true
I20260710 11:11:35.752949  9986 raft_consensus.cc:3060] T ea5385be2c4f47f4b4f3f41e4aa5bc3f P cedbe2eb0ba646d5ab17ada5fc09ad2b [term 0 FOLLOWER]: Advancing to term 1
W20260710 11:11:35.747056  9754 leader_election.cc:343] T e77bcaa164f844779f981b438a37cda9 P d05b1f890b444b1193b46eff49fa0050 [CANDIDATE]: Term 1 pre-election: Tablet error from VoteRequest() call to peer a704644803cf48b385fe7fb561ace5f2 (127.9.109.67:43097): Illegal state: must be running to vote when last-logged opid is not known
I20260710 11:11:35.755895  9901 leader_election.cc:304] T dd540c72fdb84b1f8fe6e4b21fc4cdab P a704644803cf48b385fe7fb561ace5f2 [CANDIDATE]: Term 1 pre-election: Election decided. Result: candidate won. Election summary: received 2 responses out of 3 voters: 2 yes votes; 0 no votes. yes voters: a704644803cf48b385fe7fb561ace5f2, cedbe2eb0ba646d5ab17ada5fc09ad2b; no voters: 
W20260710 11:11:35.757121  9901 leader_election.cc:343] T 9394528fda7d41ab9211735a82485770 P a704644803cf48b385fe7fb561ace5f2 [CANDIDATE]: Term 1 pre-election: Tablet error from VoteRequest() call to peer cedbe2eb0ba646d5ab17ada5fc09ad2b (127.9.109.66:37035): Illegal state: must be running to vote when last-logged opid is not known
I20260710 11:11:35.757558  9901 leader_election.cc:304] T 9394528fda7d41ab9211735a82485770 P a704644803cf48b385fe7fb561ace5f2 [CANDIDATE]: Term 1 pre-election: Election decided. Result: candidate lost. Election summary: received 3 responses out of 3 voters: 1 yes votes; 2 no votes. yes voters: a704644803cf48b385fe7fb561ace5f2; no voters: cedbe2eb0ba646d5ab17ada5fc09ad2b, d05b1f890b444b1193b46eff49fa0050
I20260710 11:11:35.759055  9989 raft_consensus.cc:2804] T dd540c72fdb84b1f8fe6e4b21fc4cdab P a704644803cf48b385fe7fb561ace5f2 [term 0 FOLLOWER]: Leader pre-election won for term 1
I20260710 11:11:35.759438  9989 raft_consensus.cc:493] T dd540c72fdb84b1f8fe6e4b21fc4cdab P a704644803cf48b385fe7fb561ace5f2 [term 0 FOLLOWER]: Starting leader election (no leader contacted us within the election timeout)
I20260710 11:11:35.759759  9989 raft_consensus.cc:3060] T dd540c72fdb84b1f8fe6e4b21fc4cdab P a704644803cf48b385fe7fb561ace5f2 [term 0 FOLLOWER]: Advancing to term 1
I20260710 11:11:35.764652  9984 tablet_bootstrap.cc:654] T e77bcaa164f844779f981b438a37cda9 P a704644803cf48b385fe7fb561ace5f2: Neither blocks nor log segments found. Creating new log.
I20260710 11:11:35.766322  9863 tablet_service.cc:1917] Received RequestConsensusVote() RPC: tablet_id: "dd540c72fdb84b1f8fe6e4b21fc4cdab" candidate_uuid: "d05b1f890b444b1193b46eff49fa0050" candidate_term: 1 candidate_status { last_received { term: 0 index: 0 } } ignore_live_leader: false dest_uuid: "cedbe2eb0ba646d5ab17ada5fc09ad2b"
I20260710 11:11:35.767088  9863 raft_consensus.cc:3060] T dd540c72fdb84b1f8fe6e4b21fc4cdab P cedbe2eb0ba646d5ab17ada5fc09ad2b [term 0 FOLLOWER]: Advancing to term 1
I20260710 11:11:35.775939 10013 raft_consensus.cc:2749] T 9394528fda7d41ab9211735a82485770 P a704644803cf48b385fe7fb561ace5f2 [term 0 FOLLOWER]: Leader pre-election lost for term 1. Reason: could not achieve majority
I20260710 11:11:35.782873 10011 raft_consensus.cc:493] T ea5385be2c4f47f4b4f3f41e4aa5bc3f P d05b1f890b444b1193b46eff49fa0050 [term 0 FOLLOWER]: Starting pre-election (no leader contacted us within the election timeout)
I20260710 11:11:35.783352 10011 raft_consensus.cc:515] T ea5385be2c4f47f4b4f3f41e4aa5bc3f P d05b1f890b444b1193b46eff49fa0050 [term 0 FOLLOWER]: Starting pre-election with config: opid_index: -1 OBSOLETE_local: false peers { permanent_uuid: "d05b1f890b444b1193b46eff49fa0050" member_type: VOTER last_known_addr { host: "127.9.109.65" port: 44431 } } peers { permanent_uuid: "cedbe2eb0ba646d5ab17ada5fc09ad2b" member_type: VOTER last_known_addr { host: "127.9.109.66" port: 37035 } } peers { permanent_uuid: "a704644803cf48b385fe7fb561ace5f2" member_type: VOTER last_known_addr { host: "127.9.109.67" port: 43097 } }
I20260710 11:11:35.784687  9981 tablet_bootstrap.cc:654] T 1cc89dbc2f43431c9204aa1e3cc20269 P cedbe2eb0ba646d5ab17ada5fc09ad2b: Neither blocks nor log segments found. Creating new log.
I20260710 11:11:35.785472 10011 leader_election.cc:290] T ea5385be2c4f47f4b4f3f41e4aa5bc3f P d05b1f890b444b1193b46eff49fa0050 [CANDIDATE]: Term 1 pre-election: Requested pre-vote from peers cedbe2eb0ba646d5ab17ada5fc09ad2b (127.9.109.66:37035), a704644803cf48b385fe7fb561ace5f2 (127.9.109.67:43097)
I20260710 11:11:35.781306  9986 raft_consensus.cc:515] T ea5385be2c4f47f4b4f3f41e4aa5bc3f P cedbe2eb0ba646d5ab17ada5fc09ad2b [term 1 FOLLOWER]: Starting leader election with config: opid_index: -1 OBSOLETE_local: false peers { permanent_uuid: "d05b1f890b444b1193b46eff49fa0050" member_type: VOTER last_known_addr { host: "127.9.109.65" port: 44431 } } peers { permanent_uuid: "cedbe2eb0ba646d5ab17ada5fc09ad2b" member_type: VOTER last_known_addr { host: "127.9.109.66" port: 37035 } } peers { permanent_uuid: "a704644803cf48b385fe7fb561ace5f2" member_type: VOTER last_known_addr { host: "127.9.109.67" port: 43097 } }
I20260710 11:11:35.787187  9864 tablet_service.cc:1917] Received RequestConsensusVote() RPC: tablet_id: "ea5385be2c4f47f4b4f3f41e4aa5bc3f" candidate_uuid: "d05b1f890b444b1193b46eff49fa0050" candidate_term: 1 candidate_status { last_received { term: 0 index: 0 } } ignore_live_leader: false dest_uuid: "cedbe2eb0ba646d5ab17ada5fc09ad2b" is_pre_election: true
I20260710 11:11:35.764596  9754 leader_election.cc:304] T 1cc89dbc2f43431c9204aa1e3cc20269 P d05b1f890b444b1193b46eff49fa0050 [CANDIDATE]: Term 1 pre-election: Election decided. Result: candidate won. Election summary: received 3 responses out of 3 voters: 2 yes votes; 1 no votes. yes voters: a704644803cf48b385fe7fb561ace5f2, d05b1f890b444b1193b46eff49fa0050; no voters: cedbe2eb0ba646d5ab17ada5fc09ad2b
I20260710 11:11:35.788236  9864 raft_consensus.cc:2393] T ea5385be2c4f47f4b4f3f41e4aa5bc3f P cedbe2eb0ba646d5ab17ada5fc09ad2b [term 1 FOLLOWER]: Leader pre-election vote request: Denying vote to candidate d05b1f890b444b1193b46eff49fa0050 in current term 1: Already voted for candidate cedbe2eb0ba646d5ab17ada5fc09ad2b in this term.
I20260710 11:11:35.787153  9863 raft_consensus.cc:2468] T dd540c72fdb84b1f8fe6e4b21fc4cdab P cedbe2eb0ba646d5ab17ada5fc09ad2b [term 1 FOLLOWER]: Leader election vote request: Granting yes vote for candidate d05b1f890b444b1193b46eff49fa0050 in term 1.
I20260710 11:11:35.782377  9989 raft_consensus.cc:515] T dd540c72fdb84b1f8fe6e4b21fc4cdab P a704644803cf48b385fe7fb561ace5f2 [term 1 FOLLOWER]: Starting leader election with config: opid_index: -1 OBSOLETE_local: false peers { permanent_uuid: "d05b1f890b444b1193b46eff49fa0050" member_type: VOTER last_known_addr { host: "127.9.109.65" port: 44431 } } peers { permanent_uuid: "cedbe2eb0ba646d5ab17ada5fc09ad2b" member_type: VOTER last_known_addr { host: "127.9.109.66" port: 37035 } } peers { permanent_uuid: "a704644803cf48b385fe7fb561ace5f2" member_type: VOTER last_known_addr { host: "127.9.109.67" port: 43097 } }
I20260710 11:11:35.788892  9986 leader_election.cc:290] T ea5385be2c4f47f4b4f3f41e4aa5bc3f P cedbe2eb0ba646d5ab17ada5fc09ad2b [CANDIDATE]: Term 1 election: Requested vote from peers d05b1f890b444b1193b46eff49fa0050 (127.9.109.65:44431), a704644803cf48b385fe7fb561ace5f2 (127.9.109.67:43097)
I20260710 11:11:35.789053 10011 raft_consensus.cc:2804] T 1cc89dbc2f43431c9204aa1e3cc20269 P d05b1f890b444b1193b46eff49fa0050 [term 0 FOLLOWER]: Leader pre-election won for term 1
I20260710 11:11:35.793596 10011 raft_consensus.cc:493] T 1cc89dbc2f43431c9204aa1e3cc20269 P d05b1f890b444b1193b46eff49fa0050 [term 0 FOLLOWER]: Starting leader election (no leader contacted us within the election timeout)
I20260710 11:11:35.794443  9982 tablet_bootstrap.cc:654] T 9394528fda7d41ab9211735a82485770 P d05b1f890b444b1193b46eff49fa0050: Neither blocks nor log segments found. Creating new log.
I20260710 11:11:35.794662 10011 raft_consensus.cc:3060] T 1cc89dbc2f43431c9204aa1e3cc20269 P d05b1f890b444b1193b46eff49fa0050 [term 0 FOLLOWER]: Advancing to term 1
I20260710 11:11:35.794831  9934 tablet_service.cc:1917] Received RequestConsensusVote() RPC: tablet_id: "ea5385be2c4f47f4b4f3f41e4aa5bc3f" candidate_uuid: "cedbe2eb0ba646d5ab17ada5fc09ad2b" candidate_term: 1 candidate_status { last_received { term: 0 index: 0 } } ignore_live_leader: false dest_uuid: "a704644803cf48b385fe7fb561ace5f2"
I20260710 11:11:35.795703  9934 raft_consensus.cc:3060] T ea5385be2c4f47f4b4f3f41e4aa5bc3f P a704644803cf48b385fe7fb561ace5f2 [term 0 FOLLOWER]: Advancing to term 1
I20260710 11:11:35.797644  9752 leader_election.cc:304] T dd540c72fdb84b1f8fe6e4b21fc4cdab P d05b1f890b444b1193b46eff49fa0050 [CANDIDATE]: Term 1 election: Election decided. Result: candidate won. Election summary: received 2 responses out of 3 voters: 2 yes votes; 0 no votes. yes voters: cedbe2eb0ba646d5ab17ada5fc09ad2b, d05b1f890b444b1193b46eff49fa0050; no voters: 
W20260710 11:11:35.796123  9754 leader_election.cc:343] T 36b7540f27bb496c8e26c20a2a9048e0 P d05b1f890b444b1193b46eff49fa0050 [CANDIDATE]: Term 1 pre-election: Tablet error from VoteRequest() call to peer a704644803cf48b385fe7fb561ace5f2 (127.9.109.67:43097): Illegal state: must be running to vote when last-logged opid is not known
I20260710 11:11:35.798519  9989 leader_election.cc:290] T dd540c72fdb84b1f8fe6e4b21fc4cdab P a704644803cf48b385fe7fb561ace5f2 [CANDIDATE]: Term 1 election: Requested vote from peers d05b1f890b444b1193b46eff49fa0050 (127.9.109.65:44431), cedbe2eb0ba646d5ab17ada5fc09ad2b (127.9.109.66:37035)
I20260710 11:11:35.800483  9789 tablet_service.cc:1917] Received RequestConsensusVote() RPC: tablet_id: "dd540c72fdb84b1f8fe6e4b21fc4cdab" candidate_uuid: "a704644803cf48b385fe7fb561ace5f2" candidate_term: 1 candidate_status { last_received { term: 0 index: 0 } } ignore_live_leader: false dest_uuid: "d05b1f890b444b1193b46eff49fa0050"
I20260710 11:11:35.800916  9984 tablet_bootstrap.cc:492] T e77bcaa164f844779f981b438a37cda9 P a704644803cf48b385fe7fb561ace5f2: No bootstrap required, opened a new log
I20260710 11:11:35.805922  9789 raft_consensus.cc:2393] T dd540c72fdb84b1f8fe6e4b21fc4cdab P d05b1f890b444b1193b46eff49fa0050 [term 1 FOLLOWER]: Leader election vote request: Denying vote to candidate a704644803cf48b385fe7fb561ace5f2 in current term 1: Already voted for candidate d05b1f890b444b1193b46eff49fa0050 in this term.
I20260710 11:11:35.808398  9938 tablet_service.cc:1917] Received RequestConsensusVote() RPC: tablet_id: "dd540c72fdb84b1f8fe6e4b21fc4cdab" candidate_uuid: "d05b1f890b444b1193b46eff49fa0050" candidate_term: 1 candidate_status { last_received { term: 0 index: 0 } } ignore_live_leader: false dest_uuid: "a704644803cf48b385fe7fb561ace5f2"
I20260710 11:11:35.809461  9938 raft_consensus.cc:2393] T dd540c72fdb84b1f8fe6e4b21fc4cdab P a704644803cf48b385fe7fb561ace5f2 [term 1 FOLLOWER]: Leader election vote request: Denying vote to candidate d05b1f890b444b1193b46eff49fa0050 in current term 1: Already voted for candidate a704644803cf48b385fe7fb561ace5f2 in this term.
I20260710 11:11:35.810398  9984 ts_tablet_manager.cc:1403] T e77bcaa164f844779f981b438a37cda9 P a704644803cf48b385fe7fb561ace5f2: Time spent bootstrapping tablet: real 0.094s	user 0.001s	sys 0.018s
I20260710 11:11:35.814929  9934 raft_consensus.cc:2468] T ea5385be2c4f47f4b4f3f41e4aa5bc3f P a704644803cf48b385fe7fb561ace5f2 [term 1 FOLLOWER]: Leader election vote request: Granting yes vote for candidate cedbe2eb0ba646d5ab17ada5fc09ad2b in term 1.
I20260710 11:11:35.809114 10012 raft_consensus.cc:515] T e77bcaa164f844779f981b438a37cda9 P d05b1f890b444b1193b46eff49fa0050 [term 1 FOLLOWER]: Starting leader election with config: opid_index: -1 OBSOLETE_local: false peers { permanent_uuid: "d05b1f890b444b1193b46eff49fa0050" member_type: VOTER last_known_addr { host: "127.9.109.65" port: 44431 } } peers { permanent_uuid: "cedbe2eb0ba646d5ab17ada5fc09ad2b" member_type: VOTER last_known_addr { host: "127.9.109.66" port: 37035 } } peers { permanent_uuid: "a704644803cf48b385fe7fb561ace5f2" member_type: VOTER last_known_addr { host: "127.9.109.67" port: 43097 } }
I20260710 11:11:35.815639  9863 tablet_service.cc:1917] Received RequestConsensusVote() RPC: tablet_id: "dd540c72fdb84b1f8fe6e4b21fc4cdab" candidate_uuid: "a704644803cf48b385fe7fb561ace5f2" candidate_term: 1 candidate_status { last_received { term: 0 index: 0 } } ignore_live_leader: false dest_uuid: "cedbe2eb0ba646d5ab17ada5fc09ad2b"
I20260710 11:11:35.816788  9938 tablet_service.cc:1917] Received RequestConsensusVote() RPC: tablet_id: "ea5385be2c4f47f4b4f3f41e4aa5bc3f" candidate_uuid: "d05b1f890b444b1193b46eff49fa0050" candidate_term: 1 candidate_status { last_received { term: 0 index: 0 } } ignore_live_leader: false dest_uuid: "a704644803cf48b385fe7fb561ace5f2" is_pre_election: true
I20260710 11:11:35.816862  9984 raft_consensus.cc:359] T e77bcaa164f844779f981b438a37cda9 P a704644803cf48b385fe7fb561ace5f2 [term 0 FOLLOWER]: Replica starting. Triggering 0 pending ops. Active config: opid_index: -1 OBSOLETE_local: false peers { permanent_uuid: "d05b1f890b444b1193b46eff49fa0050" member_type: VOTER last_known_addr { host: "127.9.109.65" port: 44431 } } peers { permanent_uuid: "cedbe2eb0ba646d5ab17ada5fc09ad2b" member_type: VOTER last_known_addr { host: "127.9.109.66" port: 37035 } } peers { permanent_uuid: "a704644803cf48b385fe7fb561ace5f2" member_type: VOTER last_known_addr { host: "127.9.109.67" port: 43097 } }
I20260710 11:11:35.821900  9938 raft_consensus.cc:2393] T ea5385be2c4f47f4b4f3f41e4aa5bc3f P a704644803cf48b385fe7fb561ace5f2 [term 1 FOLLOWER]: Leader pre-election vote request: Denying vote to candidate d05b1f890b444b1193b46eff49fa0050 in current term 1: Already voted for candidate cedbe2eb0ba646d5ab17ada5fc09ad2b in this term.
I20260710 11:11:35.821988  9987 raft_consensus.cc:515] T 36b7540f27bb496c8e26c20a2a9048e0 P d05b1f890b444b1193b46eff49fa0050 [term 1 FOLLOWER]: Starting leader election with config: opid_index: -1 OBSOLETE_local: false peers { permanent_uuid: "d05b1f890b444b1193b46eff49fa0050" member_type: VOTER last_known_addr { host: "127.9.109.65" port: 44431 } } peers { permanent_uuid: "cedbe2eb0ba646d5ab17ada5fc09ad2b" member_type: VOTER last_known_addr { host: "127.9.109.66" port: 37035 } } peers { permanent_uuid: "a704644803cf48b385fe7fb561ace5f2" member_type: VOTER last_known_addr { host: "127.9.109.67" port: 43097 } }
I20260710 11:11:35.817819  9829 leader_election.cc:304] T ea5385be2c4f47f4b4f3f41e4aa5bc3f P cedbe2eb0ba646d5ab17ada5fc09ad2b [CANDIDATE]: Term 1 election: Election decided. Result: candidate won. Election summary: received 2 responses out of 3 voters: 2 yes votes; 0 no votes. yes voters: a704644803cf48b385fe7fb561ace5f2, cedbe2eb0ba646d5ab17ada5fc09ad2b; no voters: 
I20260710 11:11:35.824337  9987 leader_election.cc:290] T 36b7540f27bb496c8e26c20a2a9048e0 P d05b1f890b444b1193b46eff49fa0050 [CANDIDATE]: Term 1 election: Requested vote from peers cedbe2eb0ba646d5ab17ada5fc09ad2b (127.9.109.66:37035), a704644803cf48b385fe7fb561ace5f2 (127.9.109.67:43097)
I20260710 11:11:35.825028  9789 tablet_service.cc:1917] Received RequestConsensusVote() RPC: tablet_id: "ea5385be2c4f47f4b4f3f41e4aa5bc3f" candidate_uuid: "cedbe2eb0ba646d5ab17ada5fc09ad2b" candidate_term: 1 candidate_status { last_received { term: 0 index: 0 } } ignore_live_leader: false dest_uuid: "d05b1f890b444b1193b46eff49fa0050" is_pre_election: true
I20260710 11:11:35.825234  9987 raft_consensus.cc:2804] T dd540c72fdb84b1f8fe6e4b21fc4cdab P d05b1f890b444b1193b46eff49fa0050 [term 1 FOLLOWER]: Leader election won for term 1
I20260710 11:11:35.825707  9789 raft_consensus.cc:2468] T ea5385be2c4f47f4b4f3f41e4aa5bc3f P d05b1f890b444b1193b46eff49fa0050 [term 0 FOLLOWER]: Leader pre-election vote request: Granting yes vote for candidate cedbe2eb0ba646d5ab17ada5fc09ad2b in term 0.
I20260710 11:11:35.825832  9987 raft_consensus.cc:697] T dd540c72fdb84b1f8fe6e4b21fc4cdab P d05b1f890b444b1193b46eff49fa0050 [term 1 LEADER]: Becoming Leader. State: Replica: d05b1f890b444b1193b46eff49fa0050, State: Running, Role: LEADER
I20260710 11:11:35.826983  9863 raft_consensus.cc:2393] T dd540c72fdb84b1f8fe6e4b21fc4cdab P cedbe2eb0ba646d5ab17ada5fc09ad2b [term 1 FOLLOWER]: Leader election vote request: Denying vote to candidate a704644803cf48b385fe7fb561ace5f2 in current term 1: Already voted for candidate d05b1f890b444b1193b46eff49fa0050 in this term.
I20260710 11:11:35.826853 10011 raft_consensus.cc:515] T 1cc89dbc2f43431c9204aa1e3cc20269 P d05b1f890b444b1193b46eff49fa0050 [term 1 FOLLOWER]: Starting leader election with config: opid_index: -1 OBSOLETE_local: false peers { permanent_uuid: "d05b1f890b444b1193b46eff49fa0050" member_type: VOTER last_known_addr { host: "127.9.109.65" port: 44431 } } peers { permanent_uuid: "cedbe2eb0ba646d5ab17ada5fc09ad2b" member_type: VOTER last_known_addr { host: "127.9.109.66" port: 37035 } } peers { permanent_uuid: "a704644803cf48b385fe7fb561ace5f2" member_type: VOTER last_known_addr { host: "127.9.109.67" port: 43097 } }
I20260710 11:11:35.827179  9789 tablet_service.cc:1917] Received RequestConsensusVote() RPC: tablet_id: "36b7540f27bb496c8e26c20a2a9048e0" candidate_uuid: "cedbe2eb0ba646d5ab17ada5fc09ad2b" candidate_term: 1 candidate_status { last_received { term: 0 index: 0 } } ignore_live_leader: false dest_uuid: "d05b1f890b444b1193b46eff49fa0050" is_pre_election: true
I20260710 11:11:35.827930  9789 raft_consensus.cc:2393] T 36b7540f27bb496c8e26c20a2a9048e0 P d05b1f890b444b1193b46eff49fa0050 [term 1 FOLLOWER]: Leader pre-election vote request: Denying vote to candidate cedbe2eb0ba646d5ab17ada5fc09ad2b in current term 1: Already voted for candidate d05b1f890b444b1193b46eff49fa0050 in this term.
I20260710 11:11:35.828927  9901 leader_election.cc:304] T dd540c72fdb84b1f8fe6e4b21fc4cdab P a704644803cf48b385fe7fb561ace5f2 [CANDIDATE]: Term 1 election: Election decided. Result: candidate lost. Election summary: received 3 responses out of 3 voters: 1 yes votes; 2 no votes. yes voters: a704644803cf48b385fe7fb561ace5f2; no voters: cedbe2eb0ba646d5ab17ada5fc09ad2b, d05b1f890b444b1193b46eff49fa0050
I20260710 11:11:35.830018 10012 leader_election.cc:290] T e77bcaa164f844779f981b438a37cda9 P d05b1f890b444b1193b46eff49fa0050 [CANDIDATE]: Term 1 election: Requested vote from peers cedbe2eb0ba646d5ab17ada5fc09ad2b (127.9.109.66:37035), a704644803cf48b385fe7fb561ace5f2 (127.9.109.67:43097)
I20260710 11:11:35.829960  9789 tablet_service.cc:1917] Received RequestConsensusVote() RPC: tablet_id: "ea5385be2c4f47f4b4f3f41e4aa5bc3f" candidate_uuid: "cedbe2eb0ba646d5ab17ada5fc09ad2b" candidate_term: 1 candidate_status { last_received { term: 0 index: 0 } } ignore_live_leader: false dest_uuid: "d05b1f890b444b1193b46eff49fa0050"
I20260710 11:11:35.830150  9989 raft_consensus.cc:2749] T dd540c72fdb84b1f8fe6e4b21fc4cdab P a704644803cf48b385fe7fb561ace5f2 [term 1 FOLLOWER]: Leader election lost for term 1. Reason: could not achieve majority
I20260710 11:11:35.829097  9986 raft_consensus.cc:2804] T ea5385be2c4f47f4b4f3f41e4aa5bc3f P cedbe2eb0ba646d5ab17ada5fc09ad2b [term 1 FOLLOWER]: Leader election won for term 1
I20260710 11:11:35.830611  9789 raft_consensus.cc:3060] T ea5385be2c4f47f4b4f3f41e4aa5bc3f P d05b1f890b444b1193b46eff49fa0050 [term 0 FOLLOWER]: Advancing to term 1
I20260710 11:11:35.818604  9984 raft_consensus.cc:385] T e77bcaa164f844779f981b438a37cda9 P a704644803cf48b385fe7fb561ace5f2 [term 0 FOLLOWER]: Consensus starting up: Expiring failure detector timer to make a prompt election more likely
I20260710 11:11:35.828953 10011 leader_election.cc:290] T 1cc89dbc2f43431c9204aa1e3cc20269 P d05b1f890b444b1193b46eff49fa0050 [CANDIDATE]: Term 1 election: Requested vote from peers cedbe2eb0ba646d5ab17ada5fc09ad2b (127.9.109.66:37035), a704644803cf48b385fe7fb561ace5f2 (127.9.109.67:43097)
I20260710 11:11:35.832005  9984 raft_consensus.cc:740] T e77bcaa164f844779f981b438a37cda9 P a704644803cf48b385fe7fb561ace5f2 [term 0 FOLLOWER]: Becoming Follower/Learner. State: Replica: a704644803cf48b385fe7fb561ace5f2, State: Initialized, Role: FOLLOWER
I20260710 11:11:35.829454  9754 leader_election.cc:304] T ea5385be2c4f47f4b4f3f41e4aa5bc3f P d05b1f890b444b1193b46eff49fa0050 [CANDIDATE]: Term 1 pre-election: Election decided. Result: candidate lost. Election summary: received 3 responses out of 3 voters: 1 yes votes; 2 no votes. yes voters: d05b1f890b444b1193b46eff49fa0050; no voters: a704644803cf48b385fe7fb561ace5f2, cedbe2eb0ba646d5ab17ada5fc09ad2b
I20260710 11:11:35.826875  9987 consensus_queue.cc:237] T dd540c72fdb84b1f8fe6e4b21fc4cdab P d05b1f890b444b1193b46eff49fa0050 [LEADER]: Queue going to LEADER mode. State: All replicated index: 0, Majority replicated index: 0, Committed index: 0, Last appended: 0.0, Last appended by leader: 0, Current term: 1, Majority size: 2, State: 0, Mode: LEADER, active raft config: opid_index: -1 OBSOLETE_local: false peers { permanent_uuid: "d05b1f890b444b1193b46eff49fa0050" member_type: VOTER last_known_addr { host: "127.9.109.65" port: 44431 } } peers { permanent_uuid: "cedbe2eb0ba646d5ab17ada5fc09ad2b" member_type: VOTER last_known_addr { host: "127.9.109.66" port: 37035 } } peers { permanent_uuid: "a704644803cf48b385fe7fb561ace5f2" member_type: VOTER last_known_addr { host: "127.9.109.67" port: 43097 } }
I20260710 11:11:35.842809  9828 leader_election.cc:304] T 36b7540f27bb496c8e26c20a2a9048e0 P cedbe2eb0ba646d5ab17ada5fc09ad2b [CANDIDATE]: Term 1 pre-election: Election decided. Result: candidate lost. Election summary: received 3 responses out of 3 voters: 1 yes votes; 2 no votes. yes voters: cedbe2eb0ba646d5ab17ada5fc09ad2b; no voters: a704644803cf48b385fe7fb561ace5f2, d05b1f890b444b1193b46eff49fa0050
I20260710 11:11:35.846134  9863 tablet_service.cc:1917] Received RequestConsensusVote() RPC: tablet_id: "36b7540f27bb496c8e26c20a2a9048e0" candidate_uuid: "d05b1f890b444b1193b46eff49fa0050" candidate_term: 1 candidate_status { last_received { term: 0 index: 0 } } ignore_live_leader: false dest_uuid: "cedbe2eb0ba646d5ab17ada5fc09ad2b"
I20260710 11:11:35.846746  9863 raft_consensus.cc:3060] T 36b7540f27bb496c8e26c20a2a9048e0 P cedbe2eb0ba646d5ab17ada5fc09ad2b [term 0 FOLLOWER]: Advancing to term 1
I20260710 11:11:35.854387  9938 tablet_service.cc:1917] Received RequestConsensusVote() RPC: tablet_id: "36b7540f27bb496c8e26c20a2a9048e0" candidate_uuid: "d05b1f890b444b1193b46eff49fa0050" candidate_term: 1 candidate_status { last_received { term: 0 index: 0 } } ignore_live_leader: false dest_uuid: "a704644803cf48b385fe7fb561ace5f2"
I20260710 11:11:35.856554  9864 tablet_service.cc:1917] Received RequestConsensusVote() RPC: tablet_id: "1cc89dbc2f43431c9204aa1e3cc20269" candidate_uuid: "d05b1f890b444b1193b46eff49fa0050" candidate_term: 1 candidate_status { last_received { term: 0 index: 0 } } ignore_live_leader: false dest_uuid: "cedbe2eb0ba646d5ab17ada5fc09ad2b"
I20260710 11:11:35.859232  9934 tablet_service.cc:1917] Received RequestConsensusVote() RPC: tablet_id: "e77bcaa164f844779f981b438a37cda9" candidate_uuid: "d05b1f890b444b1193b46eff49fa0050" candidate_term: 1 candidate_status { last_received { term: 0 index: 0 } } ignore_live_leader: false dest_uuid: "a704644803cf48b385fe7fb561ace5f2"
I20260710 11:11:35.859963  9938 tablet_service.cc:1917] Received RequestConsensusVote() RPC: tablet_id: "1cc89dbc2f43431c9204aa1e3cc20269" candidate_uuid: "d05b1f890b444b1193b46eff49fa0050" candidate_term: 1 candidate_status { last_received { term: 0 index: 0 } } ignore_live_leader: false dest_uuid: "a704644803cf48b385fe7fb561ace5f2"
I20260710 11:11:35.860726  9938 raft_consensus.cc:3060] T 1cc89dbc2f43431c9204aa1e3cc20269 P a704644803cf48b385fe7fb561ace5f2 [term 0 FOLLOWER]: Advancing to term 1
W20260710 11:11:35.868054  9752 leader_election.cc:343] T 1cc89dbc2f43431c9204aa1e3cc20269 P d05b1f890b444b1193b46eff49fa0050 [CANDIDATE]: Term 1 election: Tablet error from VoteRequest() call to peer cedbe2eb0ba646d5ab17ada5fc09ad2b (127.9.109.66:37035): Illegal state: must be running to vote when last-logged opid is not known
I20260710 11:11:35.869874  9864 tablet_service.cc:1917] Received RequestConsensusVote() RPC: tablet_id: "e77bcaa164f844779f981b438a37cda9" candidate_uuid: "d05b1f890b444b1193b46eff49fa0050" candidate_term: 1 candidate_status { last_received { term: 0 index: 0 } } ignore_live_leader: false dest_uuid: "cedbe2eb0ba646d5ab17ada5fc09ad2b"
I20260710 11:11:35.870669  9864 raft_consensus.cc:3060] T e77bcaa164f844779f981b438a37cda9 P cedbe2eb0ba646d5ab17ada5fc09ad2b [term 0 FOLLOWER]: Advancing to term 1
W20260710 11:11:35.875304  9754 leader_election.cc:343] T 36b7540f27bb496c8e26c20a2a9048e0 P d05b1f890b444b1193b46eff49fa0050 [CANDIDATE]: Term 1 election: Tablet error from VoteRequest() call to peer a704644803cf48b385fe7fb561ace5f2 (127.9.109.67:43097): Illegal state: must be running to vote when last-logged opid is not known
I20260710 11:11:35.835888  9984 consensus_queue.cc:260] T e77bcaa164f844779f981b438a37cda9 P a704644803cf48b385fe7fb561ace5f2 [NON_LEADER]: Queue going to NON_LEADER mode. State: All replicated index: 0, Majority replicated index: 0, Committed index: 0, Last appended: 0.0, Last appended by leader: 0, Current term: 0, Majority size: -1, State: 0, Mode: NON_LEADER, active raft config: opid_index: -1 OBSOLETE_local: false peers { permanent_uuid: "d05b1f890b444b1193b46eff49fa0050" member_type: VOTER last_known_addr { host: "127.9.109.65" port: 44431 } } peers { permanent_uuid: "cedbe2eb0ba646d5ab17ada5fc09ad2b" member_type: VOTER last_known_addr { host: "127.9.109.66" port: 37035 } } peers { permanent_uuid: "a704644803cf48b385fe7fb561ace5f2" member_type: VOTER last_known_addr { host: "127.9.109.67" port: 43097 } }
I20260710 11:11:35.896857  9934 raft_consensus.cc:3060] T e77bcaa164f844779f981b438a37cda9 P a704644803cf48b385fe7fb561ace5f2 [term 0 FOLLOWER]: Advancing to term 1
I20260710 11:11:35.907547  9934 raft_consensus.cc:2468] T e77bcaa164f844779f981b438a37cda9 P a704644803cf48b385fe7fb561ace5f2 [term 1 FOLLOWER]: Leader election vote request: Granting yes vote for candidate d05b1f890b444b1193b46eff49fa0050 in term 1.
I20260710 11:11:35.910567  9986 raft_consensus.cc:697] T ea5385be2c4f47f4b4f3f41e4aa5bc3f P cedbe2eb0ba646d5ab17ada5fc09ad2b [term 1 LEADER]: Becoming Leader. State: Replica: cedbe2eb0ba646d5ab17ada5fc09ad2b, State: Running, Role: LEADER
I20260710 11:11:35.911628  9986 consensus_queue.cc:237] T ea5385be2c4f47f4b4f3f41e4aa5bc3f P cedbe2eb0ba646d5ab17ada5fc09ad2b [LEADER]: Queue going to LEADER mode. State: All replicated index: 0, Majority replicated index: 0, Committed index: 0, Last appended: 0.0, Last appended by leader: 0, Current term: 1, Majority size: 2, State: 0, Mode: LEADER, active raft config: opid_index: -1 OBSOLETE_local: false peers { permanent_uuid: "d05b1f890b444b1193b46eff49fa0050" member_type: VOTER last_known_addr { host: "127.9.109.65" port: 44431 } } peers { permanent_uuid: "cedbe2eb0ba646d5ab17ada5fc09ad2b" member_type: VOTER last_known_addr { host: "127.9.109.66" port: 37035 } } peers { permanent_uuid: "a704644803cf48b385fe7fb561ace5f2" member_type: VOTER last_known_addr { host: "127.9.109.67" port: 43097 } }
I20260710 11:11:35.914083  9982 tablet_bootstrap.cc:492] T 9394528fda7d41ab9211735a82485770 P d05b1f890b444b1193b46eff49fa0050: No bootstrap required, opened a new log
I20260710 11:11:35.914587  9982 ts_tablet_manager.cc:1403] T 9394528fda7d41ab9211735a82485770 P d05b1f890b444b1193b46eff49fa0050: Time spent bootstrapping tablet: real 0.178s	user 0.023s	sys 0.029s
I20260710 11:11:35.915163  9984 ts_tablet_manager.cc:1434] T e77bcaa164f844779f981b438a37cda9 P a704644803cf48b385fe7fb561ace5f2: Time spent starting tablet: real 0.104s	user 0.006s	sys 0.001s
I20260710 11:11:35.916189  9984 tablet_bootstrap.cc:492] T 36b7540f27bb496c8e26c20a2a9048e0 P a704644803cf48b385fe7fb561ace5f2: Bootstrap starting.
I20260710 11:11:35.881671  9789 raft_consensus.cc:2468] T ea5385be2c4f47f4b4f3f41e4aa5bc3f P d05b1f890b444b1193b46eff49fa0050 [term 1 FOLLOWER]: Leader election vote request: Granting yes vote for candidate cedbe2eb0ba646d5ab17ada5fc09ad2b in term 1.
I20260710 11:11:35.919986  9981 tablet_bootstrap.cc:492] T 1cc89dbc2f43431c9204aa1e3cc20269 P cedbe2eb0ba646d5ab17ada5fc09ad2b: No bootstrap required, opened a new log
I20260710 11:11:35.920531  9981 ts_tablet_manager.cc:1403] T 1cc89dbc2f43431c9204aa1e3cc20269 P cedbe2eb0ba646d5ab17ada5fc09ad2b: Time spent bootstrapping tablet: real 0.206s	user 0.012s	sys 0.009s
I20260710 11:11:35.920423  9863 raft_consensus.cc:2468] T 36b7540f27bb496c8e26c20a2a9048e0 P cedbe2eb0ba646d5ab17ada5fc09ad2b [term 1 FOLLOWER]: Leader election vote request: Granting yes vote for candidate d05b1f890b444b1193b46eff49fa0050 in term 1.
I20260710 11:11:35.922258 10015 raft_consensus.cc:2749] T ea5385be2c4f47f4b4f3f41e4aa5bc3f P d05b1f890b444b1193b46eff49fa0050 [term 1 FOLLOWER]: Leader pre-election lost for term 1. Reason: could not achieve majority
I20260710 11:11:35.922417  9752 leader_election.cc:304] T 36b7540f27bb496c8e26c20a2a9048e0 P d05b1f890b444b1193b46eff49fa0050 [CANDIDATE]: Term 1 election: Election decided. Result: candidate won. Election summary: received 3 responses out of 3 voters: 2 yes votes; 1 no votes. yes voters: cedbe2eb0ba646d5ab17ada5fc09ad2b, d05b1f890b444b1193b46eff49fa0050; no voters: a704644803cf48b385fe7fb561ace5f2
I20260710 11:11:35.923355 10011 raft_consensus.cc:2804] T 36b7540f27bb496c8e26c20a2a9048e0 P d05b1f890b444b1193b46eff49fa0050 [term 1 FOLLOWER]: Leader election won for term 1
I20260710 11:11:35.923854 10011 raft_consensus.cc:697] T 36b7540f27bb496c8e26c20a2a9048e0 P d05b1f890b444b1193b46eff49fa0050 [term 1 LEADER]: Becoming Leader. State: Replica: d05b1f890b444b1193b46eff49fa0050, State: Running, Role: LEADER
I20260710 11:11:35.924710 10011 consensus_queue.cc:237] T 36b7540f27bb496c8e26c20a2a9048e0 P d05b1f890b444b1193b46eff49fa0050 [LEADER]: Queue going to LEADER mode. State: All replicated index: 0, Majority replicated index: 0, Committed index: 0, Last appended: 0.0, Last appended by leader: 0, Current term: 1, Majority size: 2, State: 0, Mode: LEADER, active raft config: opid_index: -1 OBSOLETE_local: false peers { permanent_uuid: "d05b1f890b444b1193b46eff49fa0050" member_type: VOTER last_known_addr { host: "127.9.109.65" port: 44431 } } peers { permanent_uuid: "cedbe2eb0ba646d5ab17ada5fc09ad2b" member_type: VOTER last_known_addr { host: "127.9.109.66" port: 37035 } } peers { permanent_uuid: "a704644803cf48b385fe7fb561ace5f2" member_type: VOTER last_known_addr { host: "127.9.109.67" port: 43097 } }
I20260710 11:11:35.929351 10018 raft_consensus.cc:2749] T 36b7540f27bb496c8e26c20a2a9048e0 P cedbe2eb0ba646d5ab17ada5fc09ad2b [term 1 FOLLOWER]: Leader pre-election lost for term 1. Reason: could not achieve majority
I20260710 11:11:35.932250  9981 raft_consensus.cc:359] T 1cc89dbc2f43431c9204aa1e3cc20269 P cedbe2eb0ba646d5ab17ada5fc09ad2b [term 0 FOLLOWER]: Replica starting. Triggering 0 pending ops. Active config: opid_index: -1 OBSOLETE_local: false peers { permanent_uuid: "d05b1f890b444b1193b46eff49fa0050" member_type: VOTER last_known_addr { host: "127.9.109.65" port: 44431 } } peers { permanent_uuid: "cedbe2eb0ba646d5ab17ada5fc09ad2b" member_type: VOTER last_known_addr { host: "127.9.109.66" port: 37035 } } peers { permanent_uuid: "a704644803cf48b385fe7fb561ace5f2" member_type: VOTER last_known_addr { host: "127.9.109.67" port: 43097 } }
I20260710 11:11:35.932933  9938 raft_consensus.cc:2468] T 1cc89dbc2f43431c9204aa1e3cc20269 P a704644803cf48b385fe7fb561ace5f2 [term 1 FOLLOWER]: Leader election vote request: Granting yes vote for candidate d05b1f890b444b1193b46eff49fa0050 in term 1.
I20260710 11:11:35.934384  9754 leader_election.cc:304] T 1cc89dbc2f43431c9204aa1e3cc20269 P d05b1f890b444b1193b46eff49fa0050 [CANDIDATE]: Term 1 election: Election decided. Result: candidate won. Election summary: received 3 responses out of 3 voters: 2 yes votes; 1 no votes. yes voters: a704644803cf48b385fe7fb561ace5f2, d05b1f890b444b1193b46eff49fa0050; no voters: cedbe2eb0ba646d5ab17ada5fc09ad2b
W20260710 11:11:35.934971  9828 outbound_call.cc:321] RPC callback for RPC call kudu.consensus.ConsensusService.RequestConsensusVote -> {remote=127.9.109.65:44431, user_credentials={real_user=slave}} blocked reactor thread for 92532.9us
I20260710 11:11:35.935566 10011 raft_consensus.cc:2804] T 1cc89dbc2f43431c9204aa1e3cc20269 P d05b1f890b444b1193b46eff49fa0050 [term 1 FOLLOWER]: Leader election won for term 1
I20260710 11:11:35.936097 10011 raft_consensus.cc:697] T 1cc89dbc2f43431c9204aa1e3cc20269 P d05b1f890b444b1193b46eff49fa0050 [term 1 LEADER]: Becoming Leader. State: Replica: d05b1f890b444b1193b46eff49fa0050, State: Running, Role: LEADER
I20260710 11:11:35.936681  9864 raft_consensus.cc:2468] T e77bcaa164f844779f981b438a37cda9 P cedbe2eb0ba646d5ab17ada5fc09ad2b [term 1 FOLLOWER]: Leader election vote request: Granting yes vote for candidate d05b1f890b444b1193b46eff49fa0050 in term 1.
I20260710 11:11:35.917608  9982 raft_consensus.cc:359] T 9394528fda7d41ab9211735a82485770 P d05b1f890b444b1193b46eff49fa0050 [term 0 FOLLOWER]: Replica starting. Triggering 0 pending ops. Active config: opid_index: -1 OBSOLETE_local: false peers { permanent_uuid: "d05b1f890b444b1193b46eff49fa0050" member_type: VOTER last_known_addr { host: "127.9.109.65" port: 44431 } } peers { permanent_uuid: "cedbe2eb0ba646d5ab17ada5fc09ad2b" member_type: VOTER last_known_addr { host: "127.9.109.66" port: 37035 } } peers { permanent_uuid: "a704644803cf48b385fe7fb561ace5f2" member_type: VOTER last_known_addr { host: "127.9.109.67" port: 43097 } }
I20260710 11:11:35.937364  9982 raft_consensus.cc:385] T 9394528fda7d41ab9211735a82485770 P d05b1f890b444b1193b46eff49fa0050 [term 0 FOLLOWER]: Consensus starting up: Expiring failure detector timer to make a prompt election more likely
I20260710 11:11:35.936966 10011 consensus_queue.cc:237] T 1cc89dbc2f43431c9204aa1e3cc20269 P d05b1f890b444b1193b46eff49fa0050 [LEADER]: Queue going to LEADER mode. State: All replicated index: 0, Majority replicated index: 0, Committed index: 0, Last appended: 0.0, Last appended by leader: 0, Current term: 1, Majority size: 2, State: 0, Mode: LEADER, active raft config: opid_index: -1 OBSOLETE_local: false peers { permanent_uuid: "d05b1f890b444b1193b46eff49fa0050" member_type: VOTER last_known_addr { host: "127.9.109.65" port: 44431 } } peers { permanent_uuid: "cedbe2eb0ba646d5ab17ada5fc09ad2b" member_type: VOTER last_known_addr { host: "127.9.109.66" port: 37035 } } peers { permanent_uuid: "a704644803cf48b385fe7fb561ace5f2" member_type: VOTER last_known_addr { host: "127.9.109.67" port: 43097 } }
I20260710 11:11:35.937688  9982 raft_consensus.cc:740] T 9394528fda7d41ab9211735a82485770 P d05b1f890b444b1193b46eff49fa0050 [term 0 FOLLOWER]: Becoming Follower/Learner. State: Replica: d05b1f890b444b1193b46eff49fa0050, State: Initialized, Role: FOLLOWER
I20260710 11:11:35.937911  9752 leader_election.cc:304] T e77bcaa164f844779f981b438a37cda9 P d05b1f890b444b1193b46eff49fa0050 [CANDIDATE]: Term 1 election: Election decided. Result: candidate won. Election summary: received 2 responses out of 3 voters: 2 yes votes; 0 no votes. yes voters: cedbe2eb0ba646d5ab17ada5fc09ad2b, d05b1f890b444b1193b46eff49fa0050; no voters: 
I20260710 11:11:35.938465  9982 consensus_queue.cc:260] T 9394528fda7d41ab9211735a82485770 P d05b1f890b444b1193b46eff49fa0050 [NON_LEADER]: Queue going to NON_LEADER mode. State: All replicated index: 0, Majority replicated index: 0, Committed index: 0, Last appended: 0.0, Last appended by leader: 0, Current term: 0, Majority size: -1, State: 0, Mode: NON_LEADER, active raft config: opid_index: -1 OBSOLETE_local: false peers { permanent_uuid: "d05b1f890b444b1193b46eff49fa0050" member_type: VOTER last_known_addr { host: "127.9.109.65" port: 44431 } } peers { permanent_uuid: "cedbe2eb0ba646d5ab17ada5fc09ad2b" member_type: VOTER last_known_addr { host: "127.9.109.66" port: 37035 } } peers { permanent_uuid: "a704644803cf48b385fe7fb561ace5f2" member_type: VOTER last_known_addr { host: "127.9.109.67" port: 43097 } }
I20260710 11:11:35.938854 10012 raft_consensus.cc:2804] T e77bcaa164f844779f981b438a37cda9 P d05b1f890b444b1193b46eff49fa0050 [term 1 FOLLOWER]: Leader election won for term 1
I20260710 11:11:35.939431 10012 raft_consensus.cc:697] T e77bcaa164f844779f981b438a37cda9 P d05b1f890b444b1193b46eff49fa0050 [term 1 LEADER]: Becoming Leader. State: Replica: d05b1f890b444b1193b46eff49fa0050, State: Running, Role: LEADER
I20260710 11:11:35.939118  9684 catalog_manager.cc:5697] T ea5385be2c4f47f4b4f3f41e4aa5bc3f P cedbe2eb0ba646d5ab17ada5fc09ad2b reported cstate change: term changed from 0 to 1, leader changed from <none> to cedbe2eb0ba646d5ab17ada5fc09ad2b (127.9.109.66). New cstate: current_term: 1 leader_uuid: "cedbe2eb0ba646d5ab17ada5fc09ad2b" committed_config { opid_index: -1 OBSOLETE_local: false peers { permanent_uuid: "d05b1f890b444b1193b46eff49fa0050" member_type: VOTER last_known_addr { host: "127.9.109.65" port: 44431 } health_report { overall_health: UNKNOWN } } peers { permanent_uuid: "cedbe2eb0ba646d5ab17ada5fc09ad2b" member_type: VOTER last_known_addr { host: "127.9.109.66" port: 37035 } health_report { overall_health: HEALTHY } } peers { permanent_uuid: "a704644803cf48b385fe7fb561ace5f2" member_type: VOTER last_known_addr { host: "127.9.109.67" port: 43097 } health_report { overall_health: UNKNOWN } } }
I20260710 11:11:35.940265 10012 consensus_queue.cc:237] T e77bcaa164f844779f981b438a37cda9 P d05b1f890b444b1193b46eff49fa0050 [LEADER]: Queue going to LEADER mode. State: All replicated index: 0, Majority replicated index: 0, Committed index: 0, Last appended: 0.0, Last appended by leader: 0, Current term: 1, Majority size: 2, State: 0, Mode: LEADER, active raft config: opid_index: -1 OBSOLETE_local: false peers { permanent_uuid: "d05b1f890b444b1193b46eff49fa0050" member_type: VOTER last_known_addr { host: "127.9.109.65" port: 44431 } } peers { permanent_uuid: "cedbe2eb0ba646d5ab17ada5fc09ad2b" member_type: VOTER last_known_addr { host: "127.9.109.66" port: 37035 } } peers { permanent_uuid: "a704644803cf48b385fe7fb561ace5f2" member_type: VOTER last_known_addr { host: "127.9.109.67" port: 43097 } }
I20260710 11:11:35.932999  9981 raft_consensus.cc:385] T 1cc89dbc2f43431c9204aa1e3cc20269 P cedbe2eb0ba646d5ab17ada5fc09ad2b [term 0 FOLLOWER]: Consensus starting up: Expiring failure detector timer to make a prompt election more likely
I20260710 11:11:35.944003  9981 raft_consensus.cc:740] T 1cc89dbc2f43431c9204aa1e3cc20269 P cedbe2eb0ba646d5ab17ada5fc09ad2b [term 0 FOLLOWER]: Becoming Follower/Learner. State: Replica: cedbe2eb0ba646d5ab17ada5fc09ad2b, State: Initialized, Role: FOLLOWER
I20260710 11:11:35.944854  9981 consensus_queue.cc:260] T 1cc89dbc2f43431c9204aa1e3cc20269 P cedbe2eb0ba646d5ab17ada5fc09ad2b [NON_LEADER]: Queue going to NON_LEADER mode. State: All replicated index: 0, Majority replicated index: 0, Committed index: 0, Last appended: 0.0, Last appended by leader: 0, Current term: 0, Majority size: -1, State: 0, Mode: NON_LEADER, active raft config: opid_index: -1 OBSOLETE_local: false peers { permanent_uuid: "d05b1f890b444b1193b46eff49fa0050" member_type: VOTER last_known_addr { host: "127.9.109.65" port: 44431 } } peers { permanent_uuid: "cedbe2eb0ba646d5ab17ada5fc09ad2b" member_type: VOTER last_known_addr { host: "127.9.109.66" port: 37035 } } peers { permanent_uuid: "a704644803cf48b385fe7fb561ace5f2" member_type: VOTER last_known_addr { host: "127.9.109.67" port: 43097 } }
I20260710 11:11:35.949472  9981 ts_tablet_manager.cc:1434] T 1cc89dbc2f43431c9204aa1e3cc20269 P cedbe2eb0ba646d5ab17ada5fc09ad2b: Time spent starting tablet: real 0.029s	user 0.003s	sys 0.005s
I20260710 11:11:35.950719  9982 ts_tablet_manager.cc:1434] T 9394528fda7d41ab9211735a82485770 P d05b1f890b444b1193b46eff49fa0050: Time spent starting tablet: real 0.036s	user 0.006s	sys 0.000s
I20260710 11:11:35.957185  9981 tablet_bootstrap.cc:492] T 9394528fda7d41ab9211735a82485770 P cedbe2eb0ba646d5ab17ada5fc09ad2b: Bootstrap starting.
I20260710 11:11:35.955684  9982 tablet_bootstrap.cc:492] T 24cb2926e6624659b166dafc87eced5e P d05b1f890b444b1193b46eff49fa0050: Bootstrap starting.
I20260710 11:11:35.962385  9984 tablet_bootstrap.cc:654] T 36b7540f27bb496c8e26c20a2a9048e0 P a704644803cf48b385fe7fb561ace5f2: Neither blocks nor log segments found. Creating new log.
I20260710 11:11:35.963848  9982 tablet_bootstrap.cc:654] T 24cb2926e6624659b166dafc87eced5e P d05b1f890b444b1193b46eff49fa0050: Neither blocks nor log segments found. Creating new log.
I20260710 11:11:35.968920  9686 catalog_manager.cc:5697] T dd540c72fdb84b1f8fe6e4b21fc4cdab P d05b1f890b444b1193b46eff49fa0050 reported cstate change: term changed from 0 to 1, leader changed from <none> to d05b1f890b444b1193b46eff49fa0050 (127.9.109.65). New cstate: current_term: 1 leader_uuid: "d05b1f890b444b1193b46eff49fa0050" committed_config { opid_index: -1 OBSOLETE_local: false peers { permanent_uuid: "d05b1f890b444b1193b46eff49fa0050" member_type: VOTER last_known_addr { host: "127.9.109.65" port: 44431 } health_report { overall_health: HEALTHY } } peers { permanent_uuid: "cedbe2eb0ba646d5ab17ada5fc09ad2b" member_type: VOTER last_known_addr { host: "127.9.109.66" port: 37035 } health_report { overall_health: UNKNOWN } } peers { permanent_uuid: "a704644803cf48b385fe7fb561ace5f2" member_type: VOTER last_known_addr { host: "127.9.109.67" port: 43097 } health_report { overall_health: UNKNOWN } } }
I20260710 11:11:35.981279  9981 tablet_bootstrap.cc:654] T 9394528fda7d41ab9211735a82485770 P cedbe2eb0ba646d5ab17ada5fc09ad2b: Neither blocks nor log segments found. Creating new log.
I20260710 11:11:35.981947  9982 tablet_bootstrap.cc:492] T 24cb2926e6624659b166dafc87eced5e P d05b1f890b444b1193b46eff49fa0050: No bootstrap required, opened a new log
I20260710 11:11:35.982792  9982 ts_tablet_manager.cc:1403] T 24cb2926e6624659b166dafc87eced5e P d05b1f890b444b1193b46eff49fa0050: Time spent bootstrapping tablet: real 0.028s	user 0.012s	sys 0.008s
I20260710 11:11:35.987964  9984 tablet_bootstrap.cc:492] T 36b7540f27bb496c8e26c20a2a9048e0 P a704644803cf48b385fe7fb561ace5f2: No bootstrap required, opened a new log
I20260710 11:11:35.988981  9984 ts_tablet_manager.cc:1403] T 36b7540f27bb496c8e26c20a2a9048e0 P a704644803cf48b385fe7fb561ace5f2: Time spent bootstrapping tablet: real 0.073s	user 0.016s	sys 0.006s
I20260710 11:11:35.992483  9981 tablet_bootstrap.cc:492] T 9394528fda7d41ab9211735a82485770 P cedbe2eb0ba646d5ab17ada5fc09ad2b: No bootstrap required, opened a new log
I20260710 11:11:35.992965  9981 ts_tablet_manager.cc:1403] T 9394528fda7d41ab9211735a82485770 P cedbe2eb0ba646d5ab17ada5fc09ad2b: Time spent bootstrapping tablet: real 0.036s	user 0.010s	sys 0.005s
I20260710 11:11:35.995342  9984 raft_consensus.cc:359] T 36b7540f27bb496c8e26c20a2a9048e0 P a704644803cf48b385fe7fb561ace5f2 [term 0 FOLLOWER]: Replica starting. Triggering 0 pending ops. Active config: opid_index: -1 OBSOLETE_local: false peers { permanent_uuid: "d05b1f890b444b1193b46eff49fa0050" member_type: VOTER last_known_addr { host: "127.9.109.65" port: 44431 } } peers { permanent_uuid: "cedbe2eb0ba646d5ab17ada5fc09ad2b" member_type: VOTER last_known_addr { host: "127.9.109.66" port: 37035 } } peers { permanent_uuid: "a704644803cf48b385fe7fb561ace5f2" member_type: VOTER last_known_addr { host: "127.9.109.67" port: 43097 } }
I20260710 11:11:35.996361  9984 raft_consensus.cc:385] T 36b7540f27bb496c8e26c20a2a9048e0 P a704644803cf48b385fe7fb561ace5f2 [term 0 FOLLOWER]: Consensus starting up: Expiring failure detector timer to make a prompt election more likely
