I20260710 11:11:58.682512  5430 raft_consensus.cc:697] T ac95db763cb14e01904a3ae0a92f80a6 P 70b4dcefee30411e9b0a5e2d7de02cfc [term 1 LEADER]: Becoming Leader. State: Replica: 70b4dcefee30411e9b0a5e2d7de02cfc, State: Running, Role: LEADER
I20260710 11:11:58.683446  5351 tablet_bootstrap.cc:492] T 429c6b7060ee4d73b9e1e75a00f856ac P 70b4dcefee30411e9b0a5e2d7de02cfc: No bootstrap required, opened a new log
I20260710 11:11:58.683282  5430 consensus_queue.cc:237] T ac95db763cb14e01904a3ae0a92f80a6 P 70b4dcefee30411e9b0a5e2d7de02cfc [LEADER]: Queue going to LEADER mode. State: All replicated index: 0, Majority replicated index: 0, Committed index: 0, Last appended: 0.0, Last appended by leader: 0, Current term: 1, Majority size: 2, State: 0, Mode: LEADER, active raft config: opid_index: -1 OBSOLETE_local: false peers { permanent_uuid: "70b4dcefee30411e9b0a5e2d7de02cfc" member_type: VOTER last_known_addr { host: "127.3.242.1" port: 46191 } } peers { permanent_uuid: "a2c989a9b15543d3bc3fbcbb11fc4f7f" member_type: VOTER last_known_addr { host: "127.3.242.2" port: 37941 } } peers { permanent_uuid: "2005c25190e24a37a837fa207a4853d7" member_type: VOTER last_known_addr { host: "127.3.242.3" port: 35715 } }
I20260710 11:11:58.683892  5351 ts_tablet_manager.cc:1403] T 429c6b7060ee4d73b9e1e75a00f856ac P 70b4dcefee30411e9b0a5e2d7de02cfc: Time spent bootstrapping tablet: real 0.100s	user 0.026s	sys 0.011s
I20260710 11:11:58.683790  5125 leader_election.cc:304] T 46fd23ee3ab74db7911e200696ef95a2 P 70b4dcefee30411e9b0a5e2d7de02cfc [CANDIDATE]: Term 1 election: Election decided. Result: candidate won. Election summary: received 2 responses out of 3 voters: 2 yes votes; 0 no votes. yes voters: 70b4dcefee30411e9b0a5e2d7de02cfc, a2c989a9b15543d3bc3fbcbb11fc4f7f; no voters: 
I20260710 11:11:58.684675  5429 raft_consensus.cc:2804] T 46fd23ee3ab74db7911e200696ef95a2 P 70b4dcefee30411e9b0a5e2d7de02cfc [term 1 FOLLOWER]: Leader election won for term 1
I20260710 11:11:58.685109  5429 raft_consensus.cc:697] T 46fd23ee3ab74db7911e200696ef95a2 P 70b4dcefee30411e9b0a5e2d7de02cfc [term 1 LEADER]: Becoming Leader. State: Replica: 70b4dcefee30411e9b0a5e2d7de02cfc, State: Running, Role: LEADER
I20260710 11:11:58.686188  5429 consensus_queue.cc:237] T 46fd23ee3ab74db7911e200696ef95a2 P 70b4dcefee30411e9b0a5e2d7de02cfc [LEADER]: Queue going to LEADER mode. State: All replicated index: 0, Majority replicated index: 0, Committed index: 0, Last appended: 0.0, Last appended by leader: 0, Current term: 1, Majority size: 2, State: 0, Mode: LEADER, active raft config: opid_index: -1 OBSOLETE_local: false peers { permanent_uuid: "70b4dcefee30411e9b0a5e2d7de02cfc" member_type: VOTER last_known_addr { host: "127.3.242.1" port: 46191 } } peers { permanent_uuid: "a2c989a9b15543d3bc3fbcbb11fc4f7f" member_type: VOTER last_known_addr { host: "127.3.242.2" port: 37941 } } peers { permanent_uuid: "2005c25190e24a37a837fa207a4853d7" member_type: VOTER last_known_addr { host: "127.3.242.3" port: 35715 } }
I20260710 11:11:58.686429  5306 tablet_service.cc:1917] Received RequestConsensusVote() RPC: tablet_id: "46fd23ee3ab74db7911e200696ef95a2" candidate_uuid: "70b4dcefee30411e9b0a5e2d7de02cfc" candidate_term: 1 candidate_status { last_received { term: 0 index: 0 } } ignore_live_leader: false dest_uuid: "2005c25190e24a37a837fa207a4853d7"
I20260710 11:11:58.686694  5351 raft_consensus.cc:359] T 429c6b7060ee4d73b9e1e75a00f856ac P 70b4dcefee30411e9b0a5e2d7de02cfc [term 0 FOLLOWER]: Replica starting. Triggering 0 pending ops. Active config: opid_index: -1 OBSOLETE_local: false peers { permanent_uuid: "70b4dcefee30411e9b0a5e2d7de02cfc" member_type: VOTER last_known_addr { host: "127.3.242.1" port: 46191 } } peers { permanent_uuid: "a2c989a9b15543d3bc3fbcbb11fc4f7f" member_type: VOTER last_known_addr { host: "127.3.242.2" port: 37941 } } peers { permanent_uuid: "2005c25190e24a37a837fa207a4853d7" member_type: VOTER last_known_addr { host: "127.3.242.3" port: 35715 } }
I20260710 11:11:58.687098  5306 raft_consensus.cc:3060] T 46fd23ee3ab74db7911e200696ef95a2 P 2005c25190e24a37a837fa207a4853d7 [term 0 FOLLOWER]: Advancing to term 1
I20260710 11:11:58.687330  5351 raft_consensus.cc:385] T 429c6b7060ee4d73b9e1e75a00f856ac P 70b4dcefee30411e9b0a5e2d7de02cfc [term 0 FOLLOWER]: Consensus starting up: Expiring failure detector timer to make a prompt election more likely
I20260710 11:11:58.687610  5351 raft_consensus.cc:740] T 429c6b7060ee4d73b9e1e75a00f856ac P 70b4dcefee30411e9b0a5e2d7de02cfc [term 0 FOLLOWER]: Becoming Follower/Learner. State: Replica: 70b4dcefee30411e9b0a5e2d7de02cfc, State: Initialized, Role: FOLLOWER
I20260710 11:11:58.688222  5351 consensus_queue.cc:260] T 429c6b7060ee4d73b9e1e75a00f856ac P 70b4dcefee30411e9b0a5e2d7de02cfc [NON_LEADER]: Queue going to NON_LEADER mode. State: All replicated index: 0, Majority replicated index: 0, Committed index: 0, Last appended: 0.0, Last appended by leader: 0, Current term: 0, Majority size: -1, State: 0, Mode: NON_LEADER, active raft config: opid_index: -1 OBSOLETE_local: false peers { permanent_uuid: "70b4dcefee30411e9b0a5e2d7de02cfc" member_type: VOTER last_known_addr { host: "127.3.242.1" port: 46191 } } peers { permanent_uuid: "a2c989a9b15543d3bc3fbcbb11fc4f7f" member_type: VOTER last_known_addr { host: "127.3.242.2" port: 37941 } } peers { permanent_uuid: "2005c25190e24a37a837fa207a4853d7" member_type: VOTER last_known_addr { host: "127.3.242.3" port: 35715 } }
I20260710 11:11:58.690284  5351 ts_tablet_manager.cc:1434] T 429c6b7060ee4d73b9e1e75a00f856ac P 70b4dcefee30411e9b0a5e2d7de02cfc: Time spent starting tablet: real 0.006s	user 0.002s	sys 0.005s
I20260710 11:11:58.696707  5306 raft_consensus.cc:2468] T 46fd23ee3ab74db7911e200696ef95a2 P 2005c25190e24a37a837fa207a4853d7 [term 1 FOLLOWER]: Leader election vote request: Granting yes vote for candidate 70b4dcefee30411e9b0a5e2d7de02cfc in term 1.
I20260710 11:11:58.701575  5234 tablet_service.cc:1917] Received RequestConsensusVote() RPC: tablet_id: "359f370777bd4c428631ae192779f0f7" candidate_uuid: "70b4dcefee30411e9b0a5e2d7de02cfc" candidate_term: 1 candidate_status { last_received { term: 0 index: 0 } } ignore_live_leader: false dest_uuid: "a2c989a9b15543d3bc3fbcbb11fc4f7f"
I20260710 11:11:58.702399  5305 tablet_service.cc:1917] Received RequestConsensusVote() RPC: tablet_id: "359f370777bd4c428631ae192779f0f7" candidate_uuid: "70b4dcefee30411e9b0a5e2d7de02cfc" candidate_term: 1 candidate_status { last_received { term: 0 index: 0 } } ignore_live_leader: false dest_uuid: "2005c25190e24a37a837fa207a4853d7"
I20260710 11:11:58.702837  5231 tablet_service.cc:1917] Received RequestConsensusVote() RPC: tablet_id: "48e35e523d7349bbbb0b0b4d3c6007f3" candidate_uuid: "70b4dcefee30411e9b0a5e2d7de02cfc" candidate_term: 1 candidate_status { last_received { term: 0 index: 0 } } ignore_live_leader: false dest_uuid: "a2c989a9b15543d3bc3fbcbb11fc4f7f" is_pre_election: true
I20260710 11:11:58.702399  5234 raft_consensus.cc:2393] T 359f370777bd4c428631ae192779f0f7 P a2c989a9b15543d3bc3fbcbb11fc4f7f [term 1 FOLLOWER]: Leader election vote request: Denying vote to candidate 70b4dcefee30411e9b0a5e2d7de02cfc in current term 1: Already voted for candidate a2c989a9b15543d3bc3fbcbb11fc4f7f in this term.
I20260710 11:11:58.705554  5305 tablet_service.cc:1917] Received RequestConsensusVote() RPC: tablet_id: "48e35e523d7349bbbb0b0b4d3c6007f3" candidate_uuid: "70b4dcefee30411e9b0a5e2d7de02cfc" candidate_term: 1 candidate_status { last_received { term: 0 index: 0 } } ignore_live_leader: false dest_uuid: "2005c25190e24a37a837fa207a4853d7" is_pre_election: true
I20260710 11:11:58.677214  5308 raft_consensus.cc:2468] T 359f370777bd4c428631ae192779f0f7 P 2005c25190e24a37a837fa207a4853d7 [term 1 FOLLOWER]: Leader election vote request: Granting yes vote for candidate a2c989a9b15543d3bc3fbcbb11fc4f7f in term 1.
I20260710 11:11:58.706156  5305 raft_consensus.cc:2468] T 48e35e523d7349bbbb0b0b4d3c6007f3 P 2005c25190e24a37a837fa207a4853d7 [term 0 FOLLOWER]: Leader pre-election vote request: Granting yes vote for candidate 70b4dcefee30411e9b0a5e2d7de02cfc in term 0.
I20260710 11:11:58.697690  5233 tablet_service.cc:1917] Received RequestConsensusVote() RPC: tablet_id: "48e35e523d7349bbbb0b0b4d3c6007f3" candidate_uuid: "2005c25190e24a37a837fa207a4853d7" candidate_term: 1 candidate_status { last_received { term: 0 index: 0 } } ignore_live_leader: false dest_uuid: "a2c989a9b15543d3bc3fbcbb11fc4f7f" is_pre_election: true
W20260710 11:11:58.708101  5274 leader_election.cc:343] T 48e35e523d7349bbbb0b0b4d3c6007f3 P 2005c25190e24a37a837fa207a4853d7 [CANDIDATE]: Term 1 pre-election: Tablet error from VoteRequest() call to peer a2c989a9b15543d3bc3fbcbb11fc4f7f (127.3.242.2:37941): Illegal state: must be running to vote when last-logged opid is not known
I20260710 11:11:58.708323  5200 leader_election.cc:304] T 359f370777bd4c428631ae192779f0f7 P a2c989a9b15543d3bc3fbcbb11fc4f7f [CANDIDATE]: Term 1 election: Election decided. Result: candidate won. Election summary: received 2 responses out of 3 voters: 2 yes votes; 0 no votes. yes voters: 2005c25190e24a37a837fa207a4853d7, a2c989a9b15543d3bc3fbcbb11fc4f7f; no voters: 
I20260710 11:11:58.709030  5349 tablet_bootstrap.cc:492] T 429c6b7060ee4d73b9e1e75a00f856ac P a2c989a9b15543d3bc3fbcbb11fc4f7f: No bootstrap required, opened a new log
I20260710 11:11:58.709406  5400 raft_consensus.cc:2804] T 359f370777bd4c428631ae192779f0f7 P a2c989a9b15543d3bc3fbcbb11fc4f7f [term 1 FOLLOWER]: Leader election won for term 1
I20260710 11:11:58.709996  5400 raft_consensus.cc:697] T 359f370777bd4c428631ae192779f0f7 P a2c989a9b15543d3bc3fbcbb11fc4f7f [term 1 LEADER]: Becoming Leader. State: Replica: a2c989a9b15543d3bc3fbcbb11fc4f7f, State: Running, Role: LEADER
I20260710 11:11:58.709583  5349 ts_tablet_manager.cc:1403] T 429c6b7060ee4d73b9e1e75a00f856ac P a2c989a9b15543d3bc3fbcbb11fc4f7f: Time spent bootstrapping tablet: real 0.141s	user 0.011s	sys 0.003s
I20260710 11:11:58.710994  5400 consensus_queue.cc:237] T 359f370777bd4c428631ae192779f0f7 P a2c989a9b15543d3bc3fbcbb11fc4f7f [LEADER]: Queue going to LEADER mode. State: All replicated index: 0, Majority replicated index: 0, Committed index: 0, Last appended: 0.0, Last appended by leader: 0, Current term: 1, Majority size: 2, State: 0, Mode: LEADER, active raft config: opid_index: -1 OBSOLETE_local: false peers { permanent_uuid: "70b4dcefee30411e9b0a5e2d7de02cfc" member_type: VOTER last_known_addr { host: "127.3.242.1" port: 46191 } } peers { permanent_uuid: "a2c989a9b15543d3bc3fbcbb11fc4f7f" member_type: VOTER last_known_addr { host: "127.3.242.2" port: 37941 } } peers { permanent_uuid: "2005c25190e24a37a837fa207a4853d7" member_type: VOTER last_known_addr { host: "127.3.242.3" port: 35715 } }
I20260710 11:11:58.715844  5349 raft_consensus.cc:359] T 429c6b7060ee4d73b9e1e75a00f856ac P a2c989a9b15543d3bc3fbcbb11fc4f7f [term 0 FOLLOWER]: Replica starting. Triggering 0 pending ops. Active config: opid_index: -1 OBSOLETE_local: false peers { permanent_uuid: "70b4dcefee30411e9b0a5e2d7de02cfc" member_type: VOTER last_known_addr { host: "127.3.242.1" port: 46191 } } peers { permanent_uuid: "a2c989a9b15543d3bc3fbcbb11fc4f7f" member_type: VOTER last_known_addr { host: "127.3.242.2" port: 37941 } } peers { permanent_uuid: "2005c25190e24a37a837fa207a4853d7" member_type: VOTER last_known_addr { host: "127.3.242.3" port: 35715 } }
I20260710 11:11:58.716697  5349 raft_consensus.cc:385] T 429c6b7060ee4d73b9e1e75a00f856ac P a2c989a9b15543d3bc3fbcbb11fc4f7f [term 0 FOLLOWER]: Consensus starting up: Expiring failure detector timer to make a prompt election more likely
I20260710 11:11:58.717038  5349 raft_consensus.cc:740] T 429c6b7060ee4d73b9e1e75a00f856ac P a2c989a9b15543d3bc3fbcbb11fc4f7f [term 0 FOLLOWER]: Becoming Follower/Learner. State: Replica: a2c989a9b15543d3bc3fbcbb11fc4f7f, State: Initialized, Role: FOLLOWER
I20260710 11:11:58.718119  5158 tablet_service.cc:1917] Received RequestConsensusVote() RPC: tablet_id: "48e35e523d7349bbbb0b0b4d3c6007f3" candidate_uuid: "2005c25190e24a37a837fa207a4853d7" candidate_term: 1 candidate_status { last_received { term: 0 index: 0 } } ignore_live_leader: false dest_uuid: "70b4dcefee30411e9b0a5e2d7de02cfc" is_pre_election: true
I20260710 11:11:58.718747  5158 raft_consensus.cc:2468] T 48e35e523d7349bbbb0b0b4d3c6007f3 P 70b4dcefee30411e9b0a5e2d7de02cfc [term 0 FOLLOWER]: Leader pre-election vote request: Granting yes vote for candidate 2005c25190e24a37a837fa207a4853d7 in term 0.
I20260710 11:11:58.720438  5349 consensus_queue.cc:260] T 429c6b7060ee4d73b9e1e75a00f856ac P a2c989a9b15543d3bc3fbcbb11fc4f7f [NON_LEADER]: Queue going to NON_LEADER mode. State: All replicated index: 0, Majority replicated index: 0, Committed index: 0, Last appended: 0.0, Last appended by leader: 0, Current term: 0, Majority size: -1, State: 0, Mode: NON_LEADER, active raft config: opid_index: -1 OBSOLETE_local: false peers { permanent_uuid: "70b4dcefee30411e9b0a5e2d7de02cfc" member_type: VOTER last_known_addr { host: "127.3.242.1" port: 46191 } } peers { permanent_uuid: "a2c989a9b15543d3bc3fbcbb11fc4f7f" member_type: VOTER last_known_addr { host: "127.3.242.2" port: 37941 } } peers { permanent_uuid: "2005c25190e24a37a837fa207a4853d7" member_type: VOTER last_known_addr { host: "127.3.242.3" port: 35715 } }
I20260710 11:11:58.721972  5158 tablet_service.cc:1917] Received RequestConsensusVote() RPC: tablet_id: "359f370777bd4c428631ae192779f0f7" candidate_uuid: "a2c989a9b15543d3bc3fbcbb11fc4f7f" candidate_term: 1 candidate_status { last_received { term: 0 index: 0 } } ignore_live_leader: false dest_uuid: "70b4dcefee30411e9b0a5e2d7de02cfc"
I20260710 11:11:58.723017  5158 raft_consensus.cc:2393] T 359f370777bd4c428631ae192779f0f7 P 70b4dcefee30411e9b0a5e2d7de02cfc [term 1 FOLLOWER]: Leader election vote request: Denying vote to candidate a2c989a9b15543d3bc3fbcbb11fc4f7f in current term 1: Already voted for candidate 70b4dcefee30411e9b0a5e2d7de02cfc in this term.
I20260710 11:11:58.724412  5349 ts_tablet_manager.cc:1434] T 429c6b7060ee4d73b9e1e75a00f856ac P a2c989a9b15543d3bc3fbcbb11fc4f7f: Time spent starting tablet: real 0.013s	user 0.006s	sys 0.000s
I20260710 11:11:58.725627  5349 tablet_bootstrap.cc:492] T 48e35e523d7349bbbb0b0b4d3c6007f3 P a2c989a9b15543d3bc3fbcbb11fc4f7f: Bootstrap starting.
I20260710 11:11:58.732724  5349 tablet_bootstrap.cc:654] T 48e35e523d7349bbbb0b0b4d3c6007f3 P a2c989a9b15543d3bc3fbcbb11fc4f7f: Neither blocks nor log segments found. Creating new log.
I20260710 11:11:58.733791  5057 catalog_manager.cc:5697] T 359f370777bd4c428631ae192779f0f7 P a2c989a9b15543d3bc3fbcbb11fc4f7f reported cstate change: term changed from 0 to 1, leader changed from <none> to a2c989a9b15543d3bc3fbcbb11fc4f7f (127.3.242.2). New cstate: current_term: 1 leader_uuid: "a2c989a9b15543d3bc3fbcbb11fc4f7f" committed_config { opid_index: -1 OBSOLETE_local: false peers { permanent_uuid: "70b4dcefee30411e9b0a5e2d7de02cfc" member_type: VOTER last_known_addr { host: "127.3.242.1" port: 46191 } health_report { overall_health: UNKNOWN } } peers { permanent_uuid: "a2c989a9b15543d3bc3fbcbb11fc4f7f" member_type: VOTER last_known_addr { host: "127.3.242.2" port: 37941 } health_report { overall_health: HEALTHY } } peers { permanent_uuid: "2005c25190e24a37a837fa207a4853d7" member_type: VOTER last_known_addr { host: "127.3.242.3" port: 35715 } health_report { overall_health: UNKNOWN } } }
I20260710 11:11:58.737334  5349 tablet_bootstrap.cc:492] T 48e35e523d7349bbbb0b0b4d3c6007f3 P a2c989a9b15543d3bc3fbcbb11fc4f7f: No bootstrap required, opened a new log
I20260710 11:11:58.737795  5349 ts_tablet_manager.cc:1403] T 48e35e523d7349bbbb0b0b4d3c6007f3 P a2c989a9b15543d3bc3fbcbb11fc4f7f: Time spent bootstrapping tablet: real 0.012s	user 0.006s	sys 0.004s
I20260710 11:11:58.740500  5273 leader_election.cc:304] T 48e35e523d7349bbbb0b0b4d3c6007f3 P 2005c25190e24a37a837fa207a4853d7 [CANDIDATE]: Term 1 pre-election: Election decided. Result: candidate won. Election summary: received 3 responses out of 3 voters: 2 yes votes; 1 no votes. yes voters: 2005c25190e24a37a837fa207a4853d7, 70b4dcefee30411e9b0a5e2d7de02cfc; no voters: a2c989a9b15543d3bc3fbcbb11fc4f7f
I20260710 11:11:58.741277  5374 raft_consensus.cc:2804] T 48e35e523d7349bbbb0b0b4d3c6007f3 P 2005c25190e24a37a837fa207a4853d7 [term 0 FOLLOWER]: Leader pre-election won for term 1
I20260710 11:11:58.741667  5374 raft_consensus.cc:493] T 48e35e523d7349bbbb0b0b4d3c6007f3 P 2005c25190e24a37a837fa207a4853d7 [term 0 FOLLOWER]: Starting leader election (no leader contacted us within the election timeout)
I20260710 11:11:58.742004  5374 raft_consensus.cc:3060] T 48e35e523d7349bbbb0b0b4d3c6007f3 P 2005c25190e24a37a837fa207a4853d7 [term 0 FOLLOWER]: Advancing to term 1
I20260710 11:11:58.742455  5349 raft_consensus.cc:359] T 48e35e523d7349bbbb0b0b4d3c6007f3 P a2c989a9b15543d3bc3fbcbb11fc4f7f [term 0 FOLLOWER]: Replica starting. Triggering 0 pending ops. Active config: opid_index: -1 OBSOLETE_local: false peers { permanent_uuid: "70b4dcefee30411e9b0a5e2d7de02cfc" member_type: VOTER last_known_addr { host: "127.3.242.1" port: 46191 } } peers { permanent_uuid: "a2c989a9b15543d3bc3fbcbb11fc4f7f" member_type: VOTER last_known_addr { host: "127.3.242.2" port: 37941 } } peers { permanent_uuid: "2005c25190e24a37a837fa207a4853d7" member_type: VOTER last_known_addr { host: "127.3.242.3" port: 35715 } }
I20260710 11:11:58.743127  5349 raft_consensus.cc:385] T 48e35e523d7349bbbb0b0b4d3c6007f3 P a2c989a9b15543d3bc3fbcbb11fc4f7f [term 0 FOLLOWER]: Consensus starting up: Expiring failure detector timer to make a prompt election more likely
I20260710 11:11:58.743371  5349 raft_consensus.cc:740] T 48e35e523d7349bbbb0b0b4d3c6007f3 P a2c989a9b15543d3bc3fbcbb11fc4f7f [term 0 FOLLOWER]: Becoming Follower/Learner. State: Replica: a2c989a9b15543d3bc3fbcbb11fc4f7f, State: Initialized, Role: FOLLOWER
I20260710 11:11:58.744130  5349 consensus_queue.cc:260] T 48e35e523d7349bbbb0b0b4d3c6007f3 P a2c989a9b15543d3bc3fbcbb11fc4f7f [NON_LEADER]: Queue going to NON_LEADER mode. State: All replicated index: 0, Majority replicated index: 0, Committed index: 0, Last appended: 0.0, Last appended by leader: 0, Current term: 0, Majority size: -1, State: 0, Mode: NON_LEADER, active raft config: opid_index: -1 OBSOLETE_local: false peers { permanent_uuid: "70b4dcefee30411e9b0a5e2d7de02cfc" member_type: VOTER last_known_addr { host: "127.3.242.1" port: 46191 } } peers { permanent_uuid: "a2c989a9b15543d3bc3fbcbb11fc4f7f" member_type: VOTER last_known_addr { host: "127.3.242.2" port: 37941 } } peers { permanent_uuid: "2005c25190e24a37a837fa207a4853d7" member_type: VOTER last_known_addr { host: "127.3.242.3" port: 35715 } }
I20260710 11:11:58.745723  5125 leader_election.cc:304] T 48e35e523d7349bbbb0b0b4d3c6007f3 P 70b4dcefee30411e9b0a5e2d7de02cfc [CANDIDATE]: Term 1 pre-election: Election decided. Result: candidate won. Election summary: received 2 responses out of 3 voters: 2 yes votes; 0 no votes. yes voters: 2005c25190e24a37a837fa207a4853d7, 70b4dcefee30411e9b0a5e2d7de02cfc; no voters: 
I20260710 11:11:58.746390  5349 ts_tablet_manager.cc:1434] T 48e35e523d7349bbbb0b0b4d3c6007f3 P a2c989a9b15543d3bc3fbcbb11fc4f7f: Time spent starting tablet: real 0.008s	user 0.004s	sys 0.001s
I20260710 11:11:58.747146  5430 raft_consensus.cc:2804] T 48e35e523d7349bbbb0b0b4d3c6007f3 P 70b4dcefee30411e9b0a5e2d7de02cfc [term 0 FOLLOWER]: Leader pre-election won for term 1
I20260710 11:11:58.747349  5349 tablet_bootstrap.cc:492] T 469dbecea2694f58b09aab3971cea4d1 P a2c989a9b15543d3bc3fbcbb11fc4f7f: Bootstrap starting.
I20260710 11:11:58.747542  5430 raft_consensus.cc:493] T 48e35e523d7349bbbb0b0b4d3c6007f3 P 70b4dcefee30411e9b0a5e2d7de02cfc [term 0 FOLLOWER]: Starting leader election (no leader contacted us within the election timeout)
I20260710 11:11:58.747892  5430 raft_consensus.cc:3060] T 48e35e523d7349bbbb0b0b4d3c6007f3 P 70b4dcefee30411e9b0a5e2d7de02cfc [term 0 FOLLOWER]: Advancing to term 1
I20260710 11:11:58.748498  5374 raft_consensus.cc:515] T 48e35e523d7349bbbb0b0b4d3c6007f3 P 2005c25190e24a37a837fa207a4853d7 [term 1 FOLLOWER]: Starting leader election with config: opid_index: -1 OBSOLETE_local: false peers { permanent_uuid: "70b4dcefee30411e9b0a5e2d7de02cfc" member_type: VOTER last_known_addr { host: "127.3.242.1" port: 46191 } } peers { permanent_uuid: "a2c989a9b15543d3bc3fbcbb11fc4f7f" member_type: VOTER last_known_addr { host: "127.3.242.2" port: 37941 } } peers { permanent_uuid: "2005c25190e24a37a837fa207a4853d7" member_type: VOTER last_known_addr { host: "127.3.242.3" port: 35715 } }
I20260710 11:11:58.753639  5349 tablet_bootstrap.cc:654] T 469dbecea2694f58b09aab3971cea4d1 P a2c989a9b15543d3bc3fbcbb11fc4f7f: Neither blocks nor log segments found. Creating new log.
I20260710 11:11:58.757843  5430 raft_consensus.cc:515] T 48e35e523d7349bbbb0b0b4d3c6007f3 P 70b4dcefee30411e9b0a5e2d7de02cfc [term 1 FOLLOWER]: Starting leader election with config: opid_index: -1 OBSOLETE_local: false peers { permanent_uuid: "70b4dcefee30411e9b0a5e2d7de02cfc" member_type: VOTER last_known_addr { host: "127.3.242.1" port: 46191 } } peers { permanent_uuid: "a2c989a9b15543d3bc3fbcbb11fc4f7f" member_type: VOTER last_known_addr { host: "127.3.242.2" port: 37941 } } peers { permanent_uuid: "2005c25190e24a37a837fa207a4853d7" member_type: VOTER last_known_addr { host: "127.3.242.3" port: 35715 } }
I20260710 11:11:58.759466  5430 leader_election.cc:290] T 48e35e523d7349bbbb0b0b4d3c6007f3 P 70b4dcefee30411e9b0a5e2d7de02cfc [CANDIDATE]: Term 1 election: Requested vote from peers a2c989a9b15543d3bc3fbcbb11fc4f7f (127.3.242.2:37941), 2005c25190e24a37a837fa207a4853d7 (127.3.242.3:35715)
I20260710 11:11:58.761574  5429 consensus_queue.cc:1048] T 484680d388264718aca9c854d41e14b5 P 70b4dcefee30411e9b0a5e2d7de02cfc [LEADER]: Connected to new peer: Peer: permanent_uuid: "2005c25190e24a37a837fa207a4853d7" member_type: VOTER last_known_addr { host: "127.3.242.3" port: 35715 }, Status: LMP_MISMATCH, Last received: 0.0, Next index: 1, Last known committed idx: 0, Time since last communication: 0.000s
I20260710 11:11:58.763453  5374 leader_election.cc:290] T 48e35e523d7349bbbb0b0b4d3c6007f3 P 2005c25190e24a37a837fa207a4853d7 [CANDIDATE]: Term 1 election: Requested vote from peers 70b4dcefee30411e9b0a5e2d7de02cfc (127.3.242.1:46191), a2c989a9b15543d3bc3fbcbb11fc4f7f (127.3.242.2:37941)
I20260710 11:11:58.764571  5233 tablet_service.cc:1917] Received RequestConsensusVote() RPC: tablet_id: "48e35e523d7349bbbb0b0b4d3c6007f3" candidate_uuid: "2005c25190e24a37a837fa207a4853d7" candidate_term: 1 candidate_status { last_received { term: 0 index: 0 } } ignore_live_leader: false dest_uuid: "a2c989a9b15543d3bc3fbcbb11fc4f7f"
I20260710 11:11:58.765342  5233 raft_consensus.cc:3060] T 48e35e523d7349bbbb0b0b4d3c6007f3 P a2c989a9b15543d3bc3fbcbb11fc4f7f [term 0 FOLLOWER]: Advancing to term 1
W20260710 11:11:58.766656  5125 leader_election.cc:343] T 48e35e523d7349bbbb0b0b4d3c6007f3 P 70b4dcefee30411e9b0a5e2d7de02cfc [CANDIDATE]: Term 1 pre-election: Tablet error from VoteRequest() call to peer a2c989a9b15543d3bc3fbcbb11fc4f7f (127.3.242.2:37941): Illegal state: must be running to vote when last-logged opid is not known
I20260710 11:11:58.767418  5125 leader_election.cc:304] T 359f370777bd4c428631ae192779f0f7 P 70b4dcefee30411e9b0a5e2d7de02cfc [CANDIDATE]: Term 1 election: Election decided. Result: candidate lost. Election summary: received 3 responses out of 3 voters: 1 yes votes; 2 no votes. yes voters: 70b4dcefee30411e9b0a5e2d7de02cfc; no voters: 2005c25190e24a37a837fa207a4853d7, a2c989a9b15543d3bc3fbcbb11fc4f7f
I20260710 11:11:58.768081  5429 raft_consensus.cc:2749] T 359f370777bd4c428631ae192779f0f7 P 70b4dcefee30411e9b0a5e2d7de02cfc [term 1 FOLLOWER]: Leader election lost for term 1. Reason: could not achieve majority
I20260710 11:11:58.771047  5231 tablet_service.cc:1917] Received RequestConsensusVote() RPC: tablet_id: "48e35e523d7349bbbb0b0b4d3c6007f3" candidate_uuid: "70b4dcefee30411e9b0a5e2d7de02cfc" candidate_term: 1 candidate_status { last_received { term: 0 index: 0 } } ignore_live_leader: false dest_uuid: "a2c989a9b15543d3bc3fbcbb11fc4f7f"
I20260710 11:11:58.774048  5233 raft_consensus.cc:2468] T 48e35e523d7349bbbb0b0b4d3c6007f3 P a2c989a9b15543d3bc3fbcbb11fc4f7f [term 1 FOLLOWER]: Leader election vote request: Granting yes vote for candidate 2005c25190e24a37a837fa207a4853d7 in term 1.
I20260710 11:11:58.775277  5274 leader_election.cc:304] T 48e35e523d7349bbbb0b0b4d3c6007f3 P 2005c25190e24a37a837fa207a4853d7 [CANDIDATE]: Term 1 election: Election decided. Result: candidate won. Election summary: received 2 responses out of 3 voters: 2 yes votes; 0 no votes. yes voters: 2005c25190e24a37a837fa207a4853d7, a2c989a9b15543d3bc3fbcbb11fc4f7f; no voters: 
I20260710 11:11:58.776039  5374 raft_consensus.cc:2804] T 48e35e523d7349bbbb0b0b4d3c6007f3 P 2005c25190e24a37a837fa207a4853d7 [term 1 FOLLOWER]: Leader election won for term 1
I20260710 11:11:58.776363  5308 tablet_service.cc:1917] Received RequestConsensusVote() RPC: tablet_id: "48e35e523d7349bbbb0b0b4d3c6007f3" candidate_uuid: "70b4dcefee30411e9b0a5e2d7de02cfc" candidate_term: 1 candidate_status { last_received { term: 0 index: 0 } } ignore_live_leader: false dest_uuid: "2005c25190e24a37a837fa207a4853d7"
I20260710 11:11:58.776494  5374 raft_consensus.cc:697] T 48e35e523d7349bbbb0b0b4d3c6007f3 P 2005c25190e24a37a837fa207a4853d7 [term 1 LEADER]: Becoming Leader. State: Replica: 2005c25190e24a37a837fa207a4853d7, State: Running, Role: LEADER
I20260710 11:11:58.778465  5374 consensus_queue.cc:237] T 48e35e523d7349bbbb0b0b4d3c6007f3 P 2005c25190e24a37a837fa207a4853d7 [LEADER]: Queue going to LEADER mode. State: All replicated index: 0, Majority replicated index: 0, Committed index: 0, Last appended: 0.0, Last appended by leader: 0, Current term: 1, Majority size: 2, State: 0, Mode: LEADER, active raft config: opid_index: -1 OBSOLETE_local: false peers { permanent_uuid: "70b4dcefee30411e9b0a5e2d7de02cfc" member_type: VOTER last_known_addr { host: "127.3.242.1" port: 46191 } } peers { permanent_uuid: "a2c989a9b15543d3bc3fbcbb11fc4f7f" member_type: VOTER last_known_addr { host: "127.3.242.2" port: 37941 } } peers { permanent_uuid: "2005c25190e24a37a837fa207a4853d7" member_type: VOTER last_known_addr { host: "127.3.242.3" port: 35715 } }
I20260710 11:11:58.780248  5158 tablet_service.cc:1917] Received RequestConsensusVote() RPC: tablet_id: "48e35e523d7349bbbb0b0b4d3c6007f3" candidate_uuid: "2005c25190e24a37a837fa207a4853d7" candidate_term: 1 candidate_status { last_received { term: 0 index: 0 } } ignore_live_leader: false dest_uuid: "70b4dcefee30411e9b0a5e2d7de02cfc"
I20260710 11:11:58.780979  5158 raft_consensus.cc:2393] T 48e35e523d7349bbbb0b0b4d3c6007f3 P 70b4dcefee30411e9b0a5e2d7de02cfc [term 1 FOLLOWER]: Leader election vote request: Denying vote to candidate 2005c25190e24a37a837fa207a4853d7 in current term 1: Already voted for candidate 70b4dcefee30411e9b0a5e2d7de02cfc in this term.
I20260710 11:11:58.782968  5056 catalog_manager.cc:5697] T ac95db763cb14e01904a3ae0a92f80a6 P 70b4dcefee30411e9b0a5e2d7de02cfc reported cstate change: term changed from 0 to 1, leader changed from <none> to 70b4dcefee30411e9b0a5e2d7de02cfc (127.3.242.1). New cstate: current_term: 1 leader_uuid: "70b4dcefee30411e9b0a5e2d7de02cfc" committed_config { opid_index: -1 OBSOLETE_local: false peers { permanent_uuid: "70b4dcefee30411e9b0a5e2d7de02cfc" member_type: VOTER last_known_addr { host: "127.3.242.1" port: 46191 } health_report { overall_health: HEALTHY } } peers { permanent_uuid: "a2c989a9b15543d3bc3fbcbb11fc4f7f" member_type: VOTER last_known_addr { host: "127.3.242.2" port: 37941 } health_report { overall_health: UNKNOWN } } peers { permanent_uuid: "2005c25190e24a37a837fa207a4853d7" member_type: VOTER last_known_addr { host: "127.3.242.3" port: 35715 } health_report { overall_health: UNKNOWN } } }
I20260710 11:11:58.784927  5349 tablet_bootstrap.cc:492] T 469dbecea2694f58b09aab3971cea4d1 P a2c989a9b15543d3bc3fbcbb11fc4f7f: No bootstrap required, opened a new log
I20260710 11:11:58.784529  5056 catalog_manager.cc:5697] T e20dce820c414407b90727e7d45e944f P 70b4dcefee30411e9b0a5e2d7de02cfc reported cstate change: term changed from 0 to 1, leader changed from <none> to 70b4dcefee30411e9b0a5e2d7de02cfc (127.3.242.1). New cstate: current_term: 1 leader_uuid: "70b4dcefee30411e9b0a5e2d7de02cfc" committed_config { opid_index: -1 OBSOLETE_local: false peers { permanent_uuid: "70b4dcefee30411e9b0a5e2d7de02cfc" member_type: VOTER last_known_addr { host: "127.3.242.1" port: 46191 } health_report { overall_health: HEALTHY } } peers { permanent_uuid: "a2c989a9b15543d3bc3fbcbb11fc4f7f" member_type: VOTER last_known_addr { host: "127.3.242.2" port: 37941 } health_report { overall_health: UNKNOWN } } peers { permanent_uuid: "2005c25190e24a37a837fa207a4853d7" member_type: VOTER last_known_addr { host: "127.3.242.3" port: 35715 } health_report { overall_health: UNKNOWN } } }
I20260710 11:11:58.786306  5349 ts_tablet_manager.cc:1403] T 469dbecea2694f58b09aab3971cea4d1 P a2c989a9b15543d3bc3fbcbb11fc4f7f: Time spent bootstrapping tablet: real 0.039s	user 0.011s	sys 0.008s
I20260710 11:11:58.786260  5430 consensus_queue.cc:1048] T 484680d388264718aca9c854d41e14b5 P 70b4dcefee30411e9b0a5e2d7de02cfc [LEADER]: Connected to new peer: Peer: permanent_uuid: "a2c989a9b15543d3bc3fbcbb11fc4f7f" member_type: VOTER last_known_addr { host: "127.3.242.2" port: 37941 }, Status: LMP_MISMATCH, Last received: 0.0, Next index: 1, Last known committed idx: 0, Time since last communication: 0.001s
I20260710 11:11:58.789017  5125 leader_election.cc:304] T 48e35e523d7349bbbb0b0b4d3c6007f3 P 70b4dcefee30411e9b0a5e2d7de02cfc [CANDIDATE]: Term 1 election: Election decided. Result: candidate lost. Election summary: received 3 responses out of 3 voters: 1 yes votes; 2 no votes. yes voters: 70b4dcefee30411e9b0a5e2d7de02cfc; no voters: 2005c25190e24a37a837fa207a4853d7, a2c989a9b15543d3bc3fbcbb11fc4f7f
I20260710 11:11:58.788650  5056 catalog_manager.cc:5697] T 46fd23ee3ab74db7911e200696ef95a2 P 70b4dcefee30411e9b0a5e2d7de02cfc reported cstate change: term changed from 0 to 1, leader changed from <none> to 70b4dcefee30411e9b0a5e2d7de02cfc (127.3.242.1). New cstate: current_term: 1 leader_uuid: "70b4dcefee30411e9b0a5e2d7de02cfc" committed_config { opid_index: -1 OBSOLETE_local: false peers { permanent_uuid: "70b4dcefee30411e9b0a5e2d7de02cfc" member_type: VOTER last_known_addr { host: "127.3.242.1" port: 46191 } health_report { overall_health: HEALTHY } } peers { permanent_uuid: "a2c989a9b15543d3bc3fbcbb11fc4f7f" member_type: VOTER last_known_addr { host: "127.3.242.2" port: 37941 } health_report { overall_health: UNKNOWN } } peers { permanent_uuid: "2005c25190e24a37a837fa207a4853d7" member_type: VOTER last_known_addr { host: "127.3.242.3" port: 35715 } health_report { overall_health: UNKNOWN } } }
I20260710 11:11:58.792788  5430 raft_consensus.cc:2749] T 48e35e523d7349bbbb0b0b4d3c6007f3 P 70b4dcefee30411e9b0a5e2d7de02cfc [term 1 FOLLOWER]: Leader election lost for term 1. Reason: could not achieve majority
I20260710 11:11:58.789158  5349 raft_consensus.cc:359] T 469dbecea2694f58b09aab3971cea4d1 P a2c989a9b15543d3bc3fbcbb11fc4f7f [term 0 FOLLOWER]: Replica starting. Triggering 0 pending ops. Active config: opid_index: -1 OBSOLETE_local: false peers { permanent_uuid: "70b4dcefee30411e9b0a5e2d7de02cfc" member_type: VOTER last_known_addr { host: "127.3.242.1" port: 46191 } } peers { permanent_uuid: "a2c989a9b15543d3bc3fbcbb11fc4f7f" member_type: VOTER last_known_addr { host: "127.3.242.2" port: 37941 } } peers { permanent_uuid: "2005c25190e24a37a837fa207a4853d7" member_type: VOTER last_known_addr { host: "127.3.242.3" port: 35715 } }
I20260710 11:11:58.798408  5349 raft_consensus.cc:385] T 469dbecea2694f58b09aab3971cea4d1 P a2c989a9b15543d3bc3fbcbb11fc4f7f [term 0 FOLLOWER]: Consensus starting up: Expiring failure detector timer to make a prompt election more likely
I20260710 11:11:58.798704  5349 raft_consensus.cc:740] T 469dbecea2694f58b09aab3971cea4d1 P a2c989a9b15543d3bc3fbcbb11fc4f7f [term 0 FOLLOWER]: Becoming Follower/Learner. State: Replica: a2c989a9b15543d3bc3fbcbb11fc4f7f, State: Initialized, Role: FOLLOWER
I20260710 11:11:58.799327  5349 consensus_queue.cc:260] T 469dbecea2694f58b09aab3971cea4d1 P a2c989a9b15543d3bc3fbcbb11fc4f7f [NON_LEADER]: Queue going to NON_LEADER mode. State: All replicated index: 0, Majority replicated index: 0, Committed index: 0, Last appended: 0.0, Last appended by leader: 0, Current term: 0, Majority size: -1, State: 0, Mode: NON_LEADER, active raft config: opid_index: -1 OBSOLETE_local: false peers { permanent_uuid: "70b4dcefee30411e9b0a5e2d7de02cfc" member_type: VOTER last_known_addr { host: "127.3.242.1" port: 46191 } } peers { permanent_uuid: "a2c989a9b15543d3bc3fbcbb11fc4f7f" member_type: VOTER last_known_addr { host: "127.3.242.2" port: 37941 } } peers { permanent_uuid: "2005c25190e24a37a837fa207a4853d7" member_type: VOTER last_known_addr { host: "127.3.242.3" port: 35715 } }
I20260710 11:11:58.801339  5349 ts_tablet_manager.cc:1434] T 469dbecea2694f58b09aab3971cea4d1 P a2c989a9b15543d3bc3fbcbb11fc4f7f: Time spent starting tablet: real 0.015s	user 0.004s	sys 0.000s
I20260710 11:11:58.803859  5057 catalog_manager.cc:5697] T 48e35e523d7349bbbb0b0b4d3c6007f3 P 2005c25190e24a37a837fa207a4853d7 reported cstate change: term changed from 0 to 1, leader changed from <none> to 2005c25190e24a37a837fa207a4853d7 (127.3.242.3). New cstate: current_term: 1 leader_uuid: "2005c25190e24a37a837fa207a4853d7" committed_config { opid_index: -1 OBSOLETE_local: false peers { permanent_uuid: "70b4dcefee30411e9b0a5e2d7de02cfc" member_type: VOTER last_known_addr { host: "127.3.242.1" port: 46191 } health_report { overall_health: UNKNOWN } } peers { permanent_uuid: "a2c989a9b15543d3bc3fbcbb11fc4f7f" member_type: VOTER last_known_addr { host: "127.3.242.2" port: 37941 } health_report { overall_health: UNKNOWN } } peers { permanent_uuid: "2005c25190e24a37a837fa207a4853d7" member_type: VOTER last_known_addr { host: "127.3.242.3" port: 35715 } health_report { overall_health: HEALTHY } } }
I20260710 11:11:58.814670  5404 raft_consensus.cc:493] T 469dbecea2694f58b09aab3971cea4d1 P 70b4dcefee30411e9b0a5e2d7de02cfc [term 0 FOLLOWER]: Starting pre-election (no leader contacted us within the election timeout)
I20260710 11:11:58.815383  5404 raft_consensus.cc:515] T 469dbecea2694f58b09aab3971cea4d1 P 70b4dcefee30411e9b0a5e2d7de02cfc [term 0 FOLLOWER]: Starting pre-election with config: opid_index: -1 OBSOLETE_local: false peers { permanent_uuid: "70b4dcefee30411e9b0a5e2d7de02cfc" member_type: VOTER last_known_addr { host: "127.3.242.1" port: 46191 } } peers { permanent_uuid: "a2c989a9b15543d3bc3fbcbb11fc4f7f" member_type: VOTER last_known_addr { host: "127.3.242.2" port: 37941 } } peers { permanent_uuid: "2005c25190e24a37a837fa207a4853d7" member_type: VOTER last_known_addr { host: "127.3.242.3" port: 35715 } }
I20260710 11:11:58.819100  5231 tablet_service.cc:1917] Received RequestConsensusVote() RPC: tablet_id: "469dbecea2694f58b09aab3971cea4d1" candidate_uuid: "70b4dcefee30411e9b0a5e2d7de02cfc" candidate_term: 1 candidate_status { last_received { term: 0 index: 0 } } ignore_live_leader: false dest_uuid: "a2c989a9b15543d3bc3fbcbb11fc4f7f" is_pre_election: true
I20260710 11:11:58.819959  5231 raft_consensus.cc:2468] T 469dbecea2694f58b09aab3971cea4d1 P a2c989a9b15543d3bc3fbcbb11fc4f7f [term 0 FOLLOWER]: Leader pre-election vote request: Granting yes vote for candidate 70b4dcefee30411e9b0a5e2d7de02cfc in term 0.
I20260710 11:11:58.818434  5404 leader_election.cc:290] T 469dbecea2694f58b09aab3971cea4d1 P 70b4dcefee30411e9b0a5e2d7de02cfc [CANDIDATE]: Term 1 pre-election: Requested pre-vote from peers a2c989a9b15543d3bc3fbcbb11fc4f7f (127.3.242.2:37941), 2005c25190e24a37a837fa207a4853d7 (127.3.242.3:35715)
I20260710 11:11:58.822402  5125 leader_election.cc:304] T 469dbecea2694f58b09aab3971cea4d1 P 70b4dcefee30411e9b0a5e2d7de02cfc [CANDIDATE]: Term 1 pre-election: Election decided. Result: candidate won. Election summary: received 2 responses out of 3 voters: 2 yes votes; 0 no votes. yes voters: 70b4dcefee30411e9b0a5e2d7de02cfc, a2c989a9b15543d3bc3fbcbb11fc4f7f; no voters: 
I20260710 11:11:58.823135  5404 raft_consensus.cc:2804] T 469dbecea2694f58b09aab3971cea4d1 P 70b4dcefee30411e9b0a5e2d7de02cfc [term 0 FOLLOWER]: Leader pre-election won for term 1
I20260710 11:11:58.823602  5404 raft_consensus.cc:493] T 469dbecea2694f58b09aab3971cea4d1 P 70b4dcefee30411e9b0a5e2d7de02cfc [term 0 FOLLOWER]: Starting leader election (no leader contacted us within the election timeout)
I20260710 11:11:58.824005  5404 raft_consensus.cc:3060] T 469dbecea2694f58b09aab3971cea4d1 P 70b4dcefee30411e9b0a5e2d7de02cfc [term 0 FOLLOWER]: Advancing to term 1
I20260710 11:11:58.824298  5308 tablet_service.cc:1917] Received RequestConsensusVote() RPC: tablet_id: "469dbecea2694f58b09aab3971cea4d1" candidate_uuid: "70b4dcefee30411e9b0a5e2d7de02cfc" candidate_term: 1 candidate_status { last_received { term: 0 index: 0 } } ignore_live_leader: false dest_uuid: "2005c25190e24a37a837fa207a4853d7" is_pre_election: true
I20260710 11:11:58.824854  5308 raft_consensus.cc:2468] T 469dbecea2694f58b09aab3971cea4d1 P 2005c25190e24a37a837fa207a4853d7 [term 0 FOLLOWER]: Leader pre-election vote request: Granting yes vote for candidate 70b4dcefee30411e9b0a5e2d7de02cfc in term 0.
I20260710 11:11:58.825618  5430 consensus_queue.cc:1048] T 0b81606975d4415ca596559b67783c11 P 70b4dcefee30411e9b0a5e2d7de02cfc [LEADER]: Connected to new peer: Peer: permanent_uuid: "2005c25190e24a37a837fa207a4853d7" member_type: VOTER last_known_addr { host: "127.3.242.3" port: 35715 }, Status: LMP_MISMATCH, Last received: 0.0, Next index: 1, Last known committed idx: 0, Time since last communication: 0.000s
I20260710 11:11:58.841641  5429 consensus_queue.cc:1048] T 0b81606975d4415ca596559b67783c11 P 70b4dcefee30411e9b0a5e2d7de02cfc [LEADER]: Connected to new peer: Peer: permanent_uuid: "a2c989a9b15543d3bc3fbcbb11fc4f7f" member_type: VOTER last_known_addr { host: "127.3.242.2" port: 37941 }, Status: LMP_MISMATCH, Last received: 0.0, Next index: 1, Last known committed idx: 0, Time since last communication: 0.000s
I20260710 11:11:58.845692  5404 raft_consensus.cc:515] T 469dbecea2694f58b09aab3971cea4d1 P 70b4dcefee30411e9b0a5e2d7de02cfc [term 1 FOLLOWER]: Starting leader election with config: opid_index: -1 OBSOLETE_local: false peers { permanent_uuid: "70b4dcefee30411e9b0a5e2d7de02cfc" member_type: VOTER last_known_addr { host: "127.3.242.1" port: 46191 } } peers { permanent_uuid: "a2c989a9b15543d3bc3fbcbb11fc4f7f" member_type: VOTER last_known_addr { host: "127.3.242.2" port: 37941 } } peers { permanent_uuid: "2005c25190e24a37a837fa207a4853d7" member_type: VOTER last_known_addr { host: "127.3.242.3" port: 35715 } }
I20260710 11:11:58.851400  5404 leader_election.cc:290] T 469dbecea2694f58b09aab3971cea4d1 P 70b4dcefee30411e9b0a5e2d7de02cfc [CANDIDATE]: Term 1 election: Requested vote from peers a2c989a9b15543d3bc3fbcbb11fc4f7f (127.3.242.2:37941), 2005c25190e24a37a837fa207a4853d7 (127.3.242.3:35715)
I20260710 11:11:58.853395  5308 tablet_service.cc:1917] Received RequestConsensusVote() RPC: tablet_id: "469dbecea2694f58b09aab3971cea4d1" candidate_uuid: "70b4dcefee30411e9b0a5e2d7de02cfc" candidate_term: 1 candidate_status { last_received { term: 0 index: 0 } } ignore_live_leader: false dest_uuid: "2005c25190e24a37a837fa207a4853d7"
I20260710 11:11:58.854022  5308 raft_consensus.cc:3060] T 469dbecea2694f58b09aab3971cea4d1 P 2005c25190e24a37a837fa207a4853d7 [term 0 FOLLOWER]: Advancing to term 1
I20260710 11:11:58.856207  5233 tablet_service.cc:1917] Received RequestConsensusVote() RPC: tablet_id: "469dbecea2694f58b09aab3971cea4d1" candidate_uuid: "70b4dcefee30411e9b0a5e2d7de02cfc" candidate_term: 1 candidate_status { last_received { term: 0 index: 0 } } ignore_live_leader: false dest_uuid: "a2c989a9b15543d3bc3fbcbb11fc4f7f"
I20260710 11:11:58.856741  5233 raft_consensus.cc:3060] T 469dbecea2694f58b09aab3971cea4d1 P a2c989a9b15543d3bc3fbcbb11fc4f7f [term 0 FOLLOWER]: Advancing to term 1
I20260710 11:11:58.859666  5400 raft_consensus.cc:493] T 429c6b7060ee4d73b9e1e75a00f856ac P a2c989a9b15543d3bc3fbcbb11fc4f7f [term 0 FOLLOWER]: Starting pre-election (no leader contacted us within the election timeout)
I20260710 11:11:58.860113  5400 raft_consensus.cc:515] T 429c6b7060ee4d73b9e1e75a00f856ac P a2c989a9b15543d3bc3fbcbb11fc4f7f [term 0 FOLLOWER]: Starting pre-election with config: opid_index: -1 OBSOLETE_local: false peers { permanent_uuid: "70b4dcefee30411e9b0a5e2d7de02cfc" member_type: VOTER last_known_addr { host: "127.3.242.1" port: 46191 } } peers { permanent_uuid: "a2c989a9b15543d3bc3fbcbb11fc4f7f" member_type: VOTER last_known_addr { host: "127.3.242.2" port: 37941 } } peers { permanent_uuid: "2005c25190e24a37a837fa207a4853d7" member_type: VOTER last_known_addr { host: "127.3.242.3" port: 35715 } }
I20260710 11:11:58.860888  5308 raft_consensus.cc:2468] T 469dbecea2694f58b09aab3971cea4d1 P 2005c25190e24a37a837fa207a4853d7 [term 1 FOLLOWER]: Leader election vote request: Granting yes vote for candidate 70b4dcefee30411e9b0a5e2d7de02cfc in term 1.
I20260710 11:11:58.861971  5125 leader_election.cc:304] T 469dbecea2694f58b09aab3971cea4d1 P 70b4dcefee30411e9b0a5e2d7de02cfc [CANDIDATE]: Term 1 election: Election decided. Result: candidate won. Election summary: received 2 responses out of 3 voters: 2 yes votes; 0 no votes. yes voters: 2005c25190e24a37a837fa207a4853d7, 70b4dcefee30411e9b0a5e2d7de02cfc; no voters: 
I20260710 11:11:58.862191  5400 leader_election.cc:290] T 429c6b7060ee4d73b9e1e75a00f856ac P a2c989a9b15543d3bc3fbcbb11fc4f7f [CANDIDATE]: Term 1 pre-election: Requested pre-vote from peers 70b4dcefee30411e9b0a5e2d7de02cfc (127.3.242.1:46191), 2005c25190e24a37a837fa207a4853d7 (127.3.242.3:35715)
I20260710 11:11:58.863036  5431 raft_consensus.cc:2804] T 469dbecea2694f58b09aab3971cea4d1 P 70b4dcefee30411e9b0a5e2d7de02cfc [term 1 FOLLOWER]: Leader election won for term 1
I20260710 11:11:58.863286  5306 tablet_service.cc:1917] Received RequestConsensusVote() RPC: tablet_id: "429c6b7060ee4d73b9e1e75a00f856ac" candidate_uuid: "a2c989a9b15543d3bc3fbcbb11fc4f7f" candidate_term: 1 candidate_status { last_received { term: 0 index: 0 } } ignore_live_leader: false dest_uuid: "2005c25190e24a37a837fa207a4853d7" is_pre_election: true
I20260710 11:11:58.863479  5431 raft_consensus.cc:697] T 469dbecea2694f58b09aab3971cea4d1 P 70b4dcefee30411e9b0a5e2d7de02cfc [term 1 LEADER]: Becoming Leader. State: Replica: 70b4dcefee30411e9b0a5e2d7de02cfc, State: Running, Role: LEADER
I20260710 11:11:58.863796  5158 tablet_service.cc:1917] Received RequestConsensusVote() RPC: tablet_id: "429c6b7060ee4d73b9e1e75a00f856ac" candidate_uuid: "a2c989a9b15543d3bc3fbcbb11fc4f7f" candidate_term: 1 candidate_status { last_received { term: 0 index: 0 } } ignore_live_leader: false dest_uuid: "70b4dcefee30411e9b0a5e2d7de02cfc" is_pre_election: true
I20260710 11:11:58.863896  5306 raft_consensus.cc:2468] T 429c6b7060ee4d73b9e1e75a00f856ac P 2005c25190e24a37a837fa207a4853d7 [term 0 FOLLOWER]: Leader pre-election vote request: Granting yes vote for candidate a2c989a9b15543d3bc3fbcbb11fc4f7f in term 0.
I20260710 11:11:58.864184  5233 raft_consensus.cc:2468] T 469dbecea2694f58b09aab3971cea4d1 P a2c989a9b15543d3bc3fbcbb11fc4f7f [term 1 FOLLOWER]: Leader election vote request: Granting yes vote for candidate 70b4dcefee30411e9b0a5e2d7de02cfc in term 1.
I20260710 11:11:58.864388  5431 consensus_queue.cc:237] T 469dbecea2694f58b09aab3971cea4d1 P 70b4dcefee30411e9b0a5e2d7de02cfc [LEADER]: Queue going to LEADER mode. State: All replicated index: 0, Majority replicated index: 0, Committed index: 0, Last appended: 0.0, Last appended by leader: 0, Current term: 1, Majority size: 2, State: 0, Mode: LEADER, active raft config: opid_index: -1 OBSOLETE_local: false peers { permanent_uuid: "70b4dcefee30411e9b0a5e2d7de02cfc" member_type: VOTER last_known_addr { host: "127.3.242.1" port: 46191 } } peers { permanent_uuid: "a2c989a9b15543d3bc3fbcbb11fc4f7f" member_type: VOTER last_known_addr { host: "127.3.242.2" port: 37941 } } peers { permanent_uuid: "2005c25190e24a37a837fa207a4853d7" member_type: VOTER last_known_addr { host: "127.3.242.3" port: 35715 } }
I20260710 11:11:58.865164  5200 leader_election.cc:304] T 429c6b7060ee4d73b9e1e75a00f856ac P a2c989a9b15543d3bc3fbcbb11fc4f7f [CANDIDATE]: Term 1 pre-election: Election decided. Result: candidate won. Election summary: received 2 responses out of 3 voters: 2 yes votes; 0 no votes. yes voters: 2005c25190e24a37a837fa207a4853d7, a2c989a9b15543d3bc3fbcbb11fc4f7f; no voters: 
I20260710 11:11:58.865991  5400 raft_consensus.cc:2804] T 429c6b7060ee4d73b9e1e75a00f856ac P a2c989a9b15543d3bc3fbcbb11fc4f7f [term 0 FOLLOWER]: Leader pre-election won for term 1
I20260710 11:11:58.864419  5158 raft_consensus.cc:2468] T 429c6b7060ee4d73b9e1e75a00f856ac P 70b4dcefee30411e9b0a5e2d7de02cfc [term 0 FOLLOWER]: Leader pre-election vote request: Granting yes vote for candidate a2c989a9b15543d3bc3fbcbb11fc4f7f in term 0.
I20260710 11:11:58.866349  5400 raft_consensus.cc:493] T 429c6b7060ee4d73b9e1e75a00f856ac P a2c989a9b15543d3bc3fbcbb11fc4f7f [term 0 FOLLOWER]: Starting leader election (no leader contacted us within the election timeout)
I20260710 11:11:58.868521  5400 raft_consensus.cc:3060] T 429c6b7060ee4d73b9e1e75a00f856ac P a2c989a9b15543d3bc3fbcbb11fc4f7f [term 0 FOLLOWER]: Advancing to term 1
W20260710 11:11:58.874373  5105 auto_rebalancer.cc:288] Could not retrieve cluster info: Service unavailable: Tablet not running
I20260710 11:11:58.874945  5400 raft_consensus.cc:515] T 429c6b7060ee4d73b9e1e75a00f856ac P a2c989a9b15543d3bc3fbcbb11fc4f7f [term 1 FOLLOWER]: Starting leader election with config: opid_index: -1 OBSOLETE_local: false peers { permanent_uuid: "70b4dcefee30411e9b0a5e2d7de02cfc" member_type: VOTER last_known_addr { host: "127.3.242.1" port: 46191 } } peers { permanent_uuid: "a2c989a9b15543d3bc3fbcbb11fc4f7f" member_type: VOTER last_known_addr { host: "127.3.242.2" port: 37941 } } peers { permanent_uuid: "2005c25190e24a37a837fa207a4853d7" member_type: VOTER last_known_addr { host: "127.3.242.3" port: 35715 } }
I20260710 11:11:58.877846  5158 tablet_service.cc:1917] Received RequestConsensusVote() RPC: tablet_id: "429c6b7060ee4d73b9e1e75a00f856ac" candidate_uuid: "a2c989a9b15543d3bc3fbcbb11fc4f7f" candidate_term: 1 candidate_status { last_received { term: 0 index: 0 } } ignore_live_leader: false dest_uuid: "70b4dcefee30411e9b0a5e2d7de02cfc"
I20260710 11:11:58.878226  5400 leader_election.cc:290] T 429c6b7060ee4d73b9e1e75a00f856ac P a2c989a9b15543d3bc3fbcbb11fc4f7f [CANDIDATE]: Term 1 election: Requested vote from peers 70b4dcefee30411e9b0a5e2d7de02cfc (127.3.242.1:46191), 2005c25190e24a37a837fa207a4853d7 (127.3.242.3:35715)
I20260710 11:11:58.878613  5158 raft_consensus.cc:3060] T 429c6b7060ee4d73b9e1e75a00f856ac P 70b4dcefee30411e9b0a5e2d7de02cfc [term 0 FOLLOWER]: Advancing to term 1
I20260710 11:11:58.878883  5308 tablet_service.cc:1917] Received RequestConsensusVote() RPC: tablet_id: "429c6b7060ee4d73b9e1e75a00f856ac" candidate_uuid: "a2c989a9b15543d3bc3fbcbb11fc4f7f" candidate_term: 1 candidate_status { last_received { term: 0 index: 0 } } ignore_live_leader: false dest_uuid: "2005c25190e24a37a837fa207a4853d7"
I20260710 11:11:58.879719  5308 raft_consensus.cc:3060] T 429c6b7060ee4d73b9e1e75a00f856ac P 2005c25190e24a37a837fa207a4853d7 [term 0 FOLLOWER]: Advancing to term 1
I20260710 11:11:58.885426  5056 catalog_manager.cc:5697] T 469dbecea2694f58b09aab3971cea4d1 P 70b4dcefee30411e9b0a5e2d7de02cfc reported cstate change: term changed from 0 to 1, leader changed from <none> to 70b4dcefee30411e9b0a5e2d7de02cfc (127.3.242.1). New cstate: current_term: 1 leader_uuid: "70b4dcefee30411e9b0a5e2d7de02cfc" committed_config { opid_index: -1 OBSOLETE_local: false peers { permanent_uuid: "70b4dcefee30411e9b0a5e2d7de02cfc" member_type: VOTER last_known_addr { host: "127.3.242.1" port: 46191 } health_report { overall_health: HEALTHY } } peers { permanent_uuid: "a2c989a9b15543d3bc3fbcbb11fc4f7f" member_type: VOTER last_known_addr { host: "127.3.242.2" port: 37941 } health_report { overall_health: UNKNOWN } } peers { permanent_uuid: "2005c25190e24a37a837fa207a4853d7" member_type: VOTER last_known_addr { host: "127.3.242.3" port: 35715 } health_report { overall_health: UNKNOWN } } }
I20260710 11:11:58.889083  5308 raft_consensus.cc:2468] T 429c6b7060ee4d73b9e1e75a00f856ac P 2005c25190e24a37a837fa207a4853d7 [term 1 FOLLOWER]: Leader election vote request: Granting yes vote for candidate a2c989a9b15543d3bc3fbcbb11fc4f7f in term 1.
I20260710 11:11:58.890673  5200 leader_election.cc:304] T 429c6b7060ee4d73b9e1e75a00f856ac P a2c989a9b15543d3bc3fbcbb11fc4f7f [CANDIDATE]: Term 1 election: Election decided. Result: candidate won. Election summary: received 2 responses out of 3 voters: 2 yes votes; 0 no votes. yes voters: 2005c25190e24a37a837fa207a4853d7, a2c989a9b15543d3bc3fbcbb11fc4f7f; no voters: 
I20260710 11:11:58.891582  5400 raft_consensus.cc:2804] T 429c6b7060ee4d73b9e1e75a00f856ac P a2c989a9b15543d3bc3fbcbb11fc4f7f [term 1 FOLLOWER]: Leader election won for term 1
I20260710 11:11:58.892089  5400 raft_consensus.cc:697] T 429c6b7060ee4d73b9e1e75a00f856ac P a2c989a9b15543d3bc3fbcbb11fc4f7f [term 1 LEADER]: Becoming Leader. State: Replica: a2c989a9b15543d3bc3fbcbb11fc4f7f, State: Running, Role: LEADER
