I20260710 11:12:07.035688 12607 raft_consensus.cc:2955] T 234fd68ea93343c0a694b035699bc905 P 1ddf558ccb9d4f5dbae86694e46c9b57 [term 1 FOLLOWER]: Committing config change with OpId 1.3: config changed from index 2 to 3, c935bf053409447fa3080bbe9afbe598 (127.11.49.196) changed from NON_VOTER to VOTER. New config: { opid_index: 3 OBSOLETE_local: false peers { permanent_uuid: "1ddf558ccb9d4f5dbae86694e46c9b57" member_type: VOTER last_known_addr { host: "127.11.49.193" port: 37677 } } peers { permanent_uuid: "b1bdcac1192e4008bac5d12cc332774b" member_type: VOTER last_known_addr { host: "127.11.49.194" port: 36687 } } peers { permanent_uuid: "f72e1a6205014a41bdf1d6ab1900a163" member_type: VOTER last_known_addr { host: "127.11.49.195" port: 33291 } attrs { replace: true } } peers { permanent_uuid: "c935bf053409447fa3080bbe9afbe598" member_type: VOTER last_known_addr { host: "127.11.49.196" port: 45133 } attrs { promote: false } } }
I20260710 11:12:07.037919 13207 consensus_queue.cc:1048] T 44ade497eec94b2781f30cc675d892cc P b1bdcac1192e4008bac5d12cc332774b [LEADER]: Connected to new peer: Peer: permanent_uuid: "c935bf053409447fa3080bbe9afbe598" member_type: VOTER last_known_addr { host: "127.11.49.196" port: 45133 } attrs { promote: false }, Status: LMP_MISMATCH, Last received: 0.0, Next index: 3, Last known committed idx: 2, Time since last communication: 0.000s
I20260710 11:12:07.040530 12508 catalog_manager.cc:5697] T bc580ba60d914930bd18c6206941b847 P 1ddf558ccb9d4f5dbae86694e46c9b57 reported cstate change: config changed from index 3 to 4, VOTER b1bdcac1192e4008bac5d12cc332774b (127.11.49.194) evicted. New cstate: current_term: 1 leader_uuid: "1ddf558ccb9d4f5dbae86694e46c9b57" committed_config { opid_index: 4 OBSOLETE_local: false peers { permanent_uuid: "1ddf558ccb9d4f5dbae86694e46c9b57" member_type: VOTER last_known_addr { host: "127.11.49.193" port: 37677 } health_report { overall_health: HEALTHY } } peers { permanent_uuid: "f72e1a6205014a41bdf1d6ab1900a163" member_type: VOTER last_known_addr { host: "127.11.49.195" port: 33291 } health_report { overall_health: HEALTHY } } peers { permanent_uuid: "c935bf053409447fa3080bbe9afbe598" member_type: VOTER last_known_addr { host: "127.11.49.196" port: 45133 } attrs { promote: false } health_report { overall_health: HEALTHY } } }
I20260710 11:12:07.056592 12680 consensus_queue.cc:237] T 234fd68ea93343c0a694b035699bc905 P b1bdcac1192e4008bac5d12cc332774b [LEADER]: Queue going to LEADER mode. State: All replicated index: 0, Majority replicated index: 3, Committed index: 3, Last appended: 1.3, Last appended by leader: 0, Current term: 1, Majority size: 2, State: 0, Mode: LEADER, active raft config: opid_index: 4 OBSOLETE_local: false peers { permanent_uuid: "1ddf558ccb9d4f5dbae86694e46c9b57" member_type: VOTER last_known_addr { host: "127.11.49.193" port: 37677 } } peers { permanent_uuid: "b1bdcac1192e4008bac5d12cc332774b" member_type: VOTER last_known_addr { host: "127.11.49.194" port: 36687 } } peers { permanent_uuid: "c935bf053409447fa3080bbe9afbe598" member_type: VOTER last_known_addr { host: "127.11.49.196" port: 45133 } attrs { promote: false } }
I20260710 11:12:07.063336 12673 tablet_service.cc:1558] Processing DeleteTablet for tablet bc580ba60d914930bd18c6206941b847 with delete_type TABLET_DATA_TOMBSTONED (TS b1bdcac1192e4008bac5d12cc332774b not found in new config with opid_index 4) from {username='slave'} at 127.0.0.1:56474
I20260710 11:12:07.068727 12610 raft_consensus.cc:1275] T 234fd68ea93343c0a694b035699bc905 P 1ddf558ccb9d4f5dbae86694e46c9b57 [term 1 FOLLOWER]: Refusing update from remote peer b1bdcac1192e4008bac5d12cc332774b: Log matching property violated. Preceding OpId in replica: term: 1 index: 3. Preceding OpId from leader: term: 1 index: 4. (index mismatch)
I20260710 11:12:07.071333 12754 raft_consensus.cc:2955] T 44ade497eec94b2781f30cc675d892cc P f72e1a6205014a41bdf1d6ab1900a163 [term 1 FOLLOWER]: Committing config change with OpId 1.3: config changed from index 2 to 3, c935bf053409447fa3080bbe9afbe598 (127.11.49.196) changed from NON_VOTER to VOTER. New config: { opid_index: 3 OBSOLETE_local: false peers { permanent_uuid: "1ddf558ccb9d4f5dbae86694e46c9b57" member_type: VOTER last_known_addr { host: "127.11.49.193" port: 37677 } attrs { replace: true } } peers { permanent_uuid: "b1bdcac1192e4008bac5d12cc332774b" member_type: VOTER last_known_addr { host: "127.11.49.194" port: 36687 } } peers { permanent_uuid: "f72e1a6205014a41bdf1d6ab1900a163" member_type: VOTER last_known_addr { host: "127.11.49.195" port: 33291 } } peers { permanent_uuid: "c935bf053409447fa3080bbe9afbe598" member_type: VOTER last_known_addr { host: "127.11.49.196" port: 45133 } attrs { promote: false } } }
I20260710 11:12:07.069694 13161 raft_consensus.cc:2955] T 44ade497eec94b2781f30cc675d892cc P b1bdcac1192e4008bac5d12cc332774b [term 1 LEADER]: Committing config change with OpId 1.3: config changed from index 2 to 3, c935bf053409447fa3080bbe9afbe598 (127.11.49.196) changed from NON_VOTER to VOTER. New config: { opid_index: 3 OBSOLETE_local: false peers { permanent_uuid: "1ddf558ccb9d4f5dbae86694e46c9b57" member_type: VOTER last_known_addr { host: "127.11.49.193" port: 37677 } attrs { replace: true } } peers { permanent_uuid: "b1bdcac1192e4008bac5d12cc332774b" member_type: VOTER last_known_addr { host: "127.11.49.194" port: 36687 } } peers { permanent_uuid: "f72e1a6205014a41bdf1d6ab1900a163" member_type: VOTER last_known_addr { host: "127.11.49.195" port: 33291 } } peers { permanent_uuid: "c935bf053409447fa3080bbe9afbe598" member_type: VOTER last_known_addr { host: "127.11.49.196" port: 45133 } attrs { promote: false } } }
I20260710 11:12:07.074548 13216 tablet_replica.cc:333] T bc580ba60d914930bd18c6206941b847 P b1bdcac1192e4008bac5d12cc332774b: stopping tablet replica
I20260710 11:12:07.079084 13216 raft_consensus.cc:2243] T bc580ba60d914930bd18c6206941b847 P b1bdcac1192e4008bac5d12cc332774b [term 1 FOLLOWER]: Raft consensus shutting down.
I20260710 11:12:07.079802 13216 raft_consensus.cc:2272] T bc580ba60d914930bd18c6206941b847 P b1bdcac1192e4008bac5d12cc332774b [term 1 FOLLOWER]: Raft consensus is shut down!
I20260710 11:12:07.087775 13216 ts_tablet_manager.cc:1916] T bc580ba60d914930bd18c6206941b847 P b1bdcac1192e4008bac5d12cc332774b: Deleting tablet data with delete state TABLET_DATA_TOMBSTONED
I20260710 11:12:07.088459 13209 consensus_queue.cc:1048] T 234fd68ea93343c0a694b035699bc905 P b1bdcac1192e4008bac5d12cc332774b [LEADER]: Connected to new peer: Peer: permanent_uuid: "1ddf558ccb9d4f5dbae86694e46c9b57" member_type: VOTER last_known_addr { host: "127.11.49.193" port: 37677 }, Status: LMP_MISMATCH, Last received: 0.0, Next index: 4, Last known committed idx: 3, Time since last communication: 0.000s
I20260710 11:12:07.091073 13035 raft_consensus.cc:1275] T 234fd68ea93343c0a694b035699bc905 P c935bf053409447fa3080bbe9afbe598 [term 1 FOLLOWER]: Refusing update from remote peer b1bdcac1192e4008bac5d12cc332774b: Log matching property violated. Preceding OpId in replica: term: 1 index: 3. Preceding OpId from leader: term: 1 index: 4. (index mismatch)
I20260710 11:12:07.097039 13207 raft_consensus.cc:2955] T 234fd68ea93343c0a694b035699bc905 P b1bdcac1192e4008bac5d12cc332774b [term 1 LEADER]: Committing config change with OpId 1.4: config changed from index 3 to 4, VOTER f72e1a6205014a41bdf1d6ab1900a163 (127.11.49.195) evicted. New config: { opid_index: 4 OBSOLETE_local: false peers { permanent_uuid: "1ddf558ccb9d4f5dbae86694e46c9b57" member_type: VOTER last_known_addr { host: "127.11.49.193" port: 37677 } } peers { permanent_uuid: "b1bdcac1192e4008bac5d12cc332774b" member_type: VOTER last_known_addr { host: "127.11.49.194" port: 36687 } } peers { permanent_uuid: "c935bf053409447fa3080bbe9afbe598" member_type: VOTER last_known_addr { host: "127.11.49.196" port: 45133 } attrs { promote: false } } }
I20260710 11:12:07.097559 12509 catalog_manager.cc:5697] T 44ade497eec94b2781f30cc675d892cc P f72e1a6205014a41bdf1d6ab1900a163 reported cstate change: config changed from index 2 to 3, c935bf053409447fa3080bbe9afbe598 (127.11.49.196) changed from NON_VOTER to VOTER. New cstate: current_term: 1 leader_uuid: "b1bdcac1192e4008bac5d12cc332774b" committed_config { opid_index: 3 OBSOLETE_local: false peers { permanent_uuid: "1ddf558ccb9d4f5dbae86694e46c9b57" member_type: VOTER last_known_addr { host: "127.11.49.193" port: 37677 } attrs { replace: true } } peers { permanent_uuid: "b1bdcac1192e4008bac5d12cc332774b" member_type: VOTER last_known_addr { host: "127.11.49.194" port: 36687 } } peers { permanent_uuid: "f72e1a6205014a41bdf1d6ab1900a163" member_type: VOTER last_known_addr { host: "127.11.49.195" port: 33291 } } peers { permanent_uuid: "c935bf053409447fa3080bbe9afbe598" member_type: VOTER last_known_addr { host: "127.11.49.196" port: 45133 } attrs { promote: false } } }
I20260710 11:12:07.099838 12610 raft_consensus.cc:2955] T 234fd68ea93343c0a694b035699bc905 P 1ddf558ccb9d4f5dbae86694e46c9b57 [term 1 FOLLOWER]: Committing config change with OpId 1.4: config changed from index 3 to 4, VOTER f72e1a6205014a41bdf1d6ab1900a163 (127.11.49.195) evicted. New config: { opid_index: 4 OBSOLETE_local: false peers { permanent_uuid: "1ddf558ccb9d4f5dbae86694e46c9b57" member_type: VOTER last_known_addr { host: "127.11.49.193" port: 37677 } } peers { permanent_uuid: "b1bdcac1192e4008bac5d12cc332774b" member_type: VOTER last_known_addr { host: "127.11.49.194" port: 36687 } } peers { permanent_uuid: "c935bf053409447fa3080bbe9afbe598" member_type: VOTER last_known_addr { host: "127.11.49.196" port: 45133 } attrs { promote: false } } }
I20260710 11:12:07.105566 13035 raft_consensus.cc:2955] T 44ade497eec94b2781f30cc675d892cc P c935bf053409447fa3080bbe9afbe598 [term 1 FOLLOWER]: Committing config change with OpId 1.3: config changed from index 2 to 3, c935bf053409447fa3080bbe9afbe598 (127.11.49.196) changed from NON_VOTER to VOTER. New config: { opid_index: 3 OBSOLETE_local: false peers { permanent_uuid: "1ddf558ccb9d4f5dbae86694e46c9b57" member_type: VOTER last_known_addr { host: "127.11.49.193" port: 37677 } attrs { replace: true } } peers { permanent_uuid: "b1bdcac1192e4008bac5d12cc332774b" member_type: VOTER last_known_addr { host: "127.11.49.194" port: 36687 } } peers { permanent_uuid: "f72e1a6205014a41bdf1d6ab1900a163" member_type: VOTER last_known_addr { host: "127.11.49.195" port: 33291 } } peers { permanent_uuid: "c935bf053409447fa3080bbe9afbe598" member_type: VOTER last_known_addr { host: "127.11.49.196" port: 45133 } attrs { promote: false } } }
I20260710 11:12:07.109894 13209 consensus_queue.cc:1048] T 234fd68ea93343c0a694b035699bc905 P b1bdcac1192e4008bac5d12cc332774b [LEADER]: Connected to new peer: Peer: permanent_uuid: "c935bf053409447fa3080bbe9afbe598" member_type: VOTER last_known_addr { host: "127.11.49.196" port: 45133 } attrs { promote: false }, Status: LMP_MISMATCH, Last received: 0.0, Next index: 4, Last known committed idx: 3, Time since last communication: 0.000s
I20260710 11:12:07.111519 13216 ts_tablet_manager.cc:1929] T bc580ba60d914930bd18c6206941b847 P b1bdcac1192e4008bac5d12cc332774b: tablet deleted with delete type TABLET_DATA_TOMBSTONED: last-logged OpId 1.3
I20260710 11:12:07.111929 13216 log.cc:1199] T bc580ba60d914930bd18c6206941b847 P b1bdcac1192e4008bac5d12cc332774b: Deleting WAL directory at /tmp/dist-test-taskKc652J/test-tmp/auto_leader_rebalancer-test.0.LeaderRebalancerTest.AddTserver.1783681890186477-11463-0/minicluster-data/ts-1-root/wals/bc580ba60d914930bd18c6206941b847
I20260710 11:12:07.112701 12494 catalog_manager.cc:5210] ChangeConfig:REMOVE_PEER RPC for tablet 234fd68ea93343c0a694b035699bc905 with cas_config_opid_index 3: ChangeConfig:REMOVE_PEER succeeded (attempt 1)
I20260710 11:12:07.113714 12494 catalog_manager.cc:5028] TS b1bdcac1192e4008bac5d12cc332774b (127.11.49.194:36687): tablet bc580ba60d914930bd18c6206941b847 (table test-workload [id=b051eaae33f7467bb10f244da56d57fd]) successfully deleted
I20260710 11:12:07.113560 12508 catalog_manager.cc:5697] T 234fd68ea93343c0a694b035699bc905 P 1ddf558ccb9d4f5dbae86694e46c9b57 reported cstate change: config changed from index 3 to 4, VOTER f72e1a6205014a41bdf1d6ab1900a163 (127.11.49.195) evicted. New cstate: current_term: 1 leader_uuid: "b1bdcac1192e4008bac5d12cc332774b" committed_config { opid_index: 4 OBSOLETE_local: false peers { permanent_uuid: "1ddf558ccb9d4f5dbae86694e46c9b57" member_type: VOTER last_known_addr { host: "127.11.49.193" port: 37677 } } peers { permanent_uuid: "b1bdcac1192e4008bac5d12cc332774b" member_type: VOTER last_known_addr { host: "127.11.49.194" port: 36687 } } peers { permanent_uuid: "c935bf053409447fa3080bbe9afbe598" member_type: VOTER last_known_addr { host: "127.11.49.196" port: 45133 } attrs { promote: false } } }
I20260710 11:12:07.115868 13036 raft_consensus.cc:2955] T 234fd68ea93343c0a694b035699bc905 P c935bf053409447fa3080bbe9afbe598 [term 1 FOLLOWER]: Committing config change with OpId 1.4: config changed from index 3 to 4, VOTER f72e1a6205014a41bdf1d6ab1900a163 (127.11.49.195) evicted. New config: { opid_index: 4 OBSOLETE_local: false peers { permanent_uuid: "1ddf558ccb9d4f5dbae86694e46c9b57" member_type: VOTER last_known_addr { host: "127.11.49.193" port: 37677 } } peers { permanent_uuid: "b1bdcac1192e4008bac5d12cc332774b" member_type: VOTER last_known_addr { host: "127.11.49.194" port: 36687 } } peers { permanent_uuid: "c935bf053409447fa3080bbe9afbe598" member_type: VOTER last_known_addr { host: "127.11.49.196" port: 45133 } attrs { promote: false } } }
I20260710 11:12:07.128235 12680 consensus_queue.cc:237] T 44ade497eec94b2781f30cc675d892cc P b1bdcac1192e4008bac5d12cc332774b [LEADER]: Queue going to LEADER mode. State: All replicated index: 0, Majority replicated index: 3, Committed index: 3, Last appended: 1.3, Last appended by leader: 0, Current term: 1, Majority size: 2, State: 0, Mode: LEADER, active raft config: opid_index: 4 OBSOLETE_local: false peers { permanent_uuid: "b1bdcac1192e4008bac5d12cc332774b" member_type: VOTER last_known_addr { host: "127.11.49.194" port: 36687 } } peers { permanent_uuid: "f72e1a6205014a41bdf1d6ab1900a163" member_type: VOTER last_known_addr { host: "127.11.49.195" port: 33291 } } peers { permanent_uuid: "c935bf053409447fa3080bbe9afbe598" member_type: VOTER last_known_addr { host: "127.11.49.196" port: 45133 } attrs { promote: false } }
I20260710 11:12:07.121994 12610 raft_consensus.cc:2955] T 44ade497eec94b2781f30cc675d892cc P 1ddf558ccb9d4f5dbae86694e46c9b57 [term 1 FOLLOWER]: Committing config change with OpId 1.3: config changed from index 2 to 3, c935bf053409447fa3080bbe9afbe598 (127.11.49.196) changed from NON_VOTER to VOTER. New config: { opid_index: 3 OBSOLETE_local: false peers { permanent_uuid: "1ddf558ccb9d4f5dbae86694e46c9b57" member_type: VOTER last_known_addr { host: "127.11.49.193" port: 37677 } attrs { replace: true } } peers { permanent_uuid: "b1bdcac1192e4008bac5d12cc332774b" member_type: VOTER last_known_addr { host: "127.11.49.194" port: 36687 } } peers { permanent_uuid: "f72e1a6205014a41bdf1d6ab1900a163" member_type: VOTER last_known_addr { host: "127.11.49.195" port: 33291 } } peers { permanent_uuid: "c935bf053409447fa3080bbe9afbe598" member_type: VOTER last_known_addr { host: "127.11.49.196" port: 45133 } attrs { promote: false } } }
I20260710 11:12:07.136605 12749 tablet_service.cc:1558] Processing DeleteTablet for tablet 234fd68ea93343c0a694b035699bc905 with delete_type TABLET_DATA_TOMBSTONED (TS f72e1a6205014a41bdf1d6ab1900a163 not found in new config with opid_index 4) from {username='slave'} at 127.0.0.1:57544
I20260710 11:12:07.138342 13036 raft_consensus.cc:1275] T 44ade497eec94b2781f30cc675d892cc P c935bf053409447fa3080bbe9afbe598 [term 1 FOLLOWER]: Refusing update from remote peer b1bdcac1192e4008bac5d12cc332774b: Log matching property violated. Preceding OpId in replica: term: 1 index: 3. Preceding OpId from leader: term: 1 index: 4. (index mismatch)
I20260710 11:12:07.140426 12754 raft_consensus.cc:1275] T 44ade497eec94b2781f30cc675d892cc P f72e1a6205014a41bdf1d6ab1900a163 [term 1 FOLLOWER]: Refusing update from remote peer b1bdcac1192e4008bac5d12cc332774b: Log matching property violated. Preceding OpId in replica: term: 1 index: 3. Preceding OpId from leader: term: 1 index: 4. (index mismatch)
I20260710 11:12:07.144102 13217 tablet_replica.cc:333] T 234fd68ea93343c0a694b035699bc905 P f72e1a6205014a41bdf1d6ab1900a163: stopping tablet replica
I20260710 11:12:07.145112 13217 raft_consensus.cc:2243] T 234fd68ea93343c0a694b035699bc905 P f72e1a6205014a41bdf1d6ab1900a163 [term 1 FOLLOWER]: Raft consensus shutting down.
I20260710 11:12:07.145563 13207 consensus_queue.cc:1048] T 44ade497eec94b2781f30cc675d892cc P b1bdcac1192e4008bac5d12cc332774b [LEADER]: Connected to new peer: Peer: permanent_uuid: "f72e1a6205014a41bdf1d6ab1900a163" member_type: VOTER last_known_addr { host: "127.11.49.195" port: 33291 }, Status: LMP_MISMATCH, Last received: 0.0, Next index: 4, Last known committed idx: 3, Time since last communication: 0.000s
I20260710 11:12:07.147303 13207 consensus_queue.cc:1048] T 44ade497eec94b2781f30cc675d892cc P b1bdcac1192e4008bac5d12cc332774b [LEADER]: Connected to new peer: Peer: permanent_uuid: "c935bf053409447fa3080bbe9afbe598" member_type: VOTER last_known_addr { host: "127.11.49.196" port: 45133 } attrs { promote: false }, Status: LMP_MISMATCH, Last received: 0.0, Next index: 4, Last known committed idx: 3, Time since last communication: 0.002s
I20260710 11:12:07.152421 13217 raft_consensus.cc:2272] T 234fd68ea93343c0a694b035699bc905 P f72e1a6205014a41bdf1d6ab1900a163 [term 1 FOLLOWER]: Raft consensus is shut down!
I20260710 11:12:07.155875 13217 ts_tablet_manager.cc:1916] T 234fd68ea93343c0a694b035699bc905 P f72e1a6205014a41bdf1d6ab1900a163: Deleting tablet data with delete state TABLET_DATA_TOMBSTONED
I20260710 11:12:07.155081 13208 raft_consensus.cc:2955] T 44ade497eec94b2781f30cc675d892cc P b1bdcac1192e4008bac5d12cc332774b [term 1 LEADER]: Committing config change with OpId 1.4: config changed from index 3 to 4, VOTER 1ddf558ccb9d4f5dbae86694e46c9b57 (127.11.49.193) evicted. New config: { opid_index: 4 OBSOLETE_local: false peers { permanent_uuid: "b1bdcac1192e4008bac5d12cc332774b" member_type: VOTER last_known_addr { host: "127.11.49.194" port: 36687 } } peers { permanent_uuid: "f72e1a6205014a41bdf1d6ab1900a163" member_type: VOTER last_known_addr { host: "127.11.49.195" port: 33291 } } peers { permanent_uuid: "c935bf053409447fa3080bbe9afbe598" member_type: VOTER last_known_addr { host: "127.11.49.196" port: 45133 } attrs { promote: false } } }
I20260710 11:12:07.158504 13036 raft_consensus.cc:2955] T 44ade497eec94b2781f30cc675d892cc P c935bf053409447fa3080bbe9afbe598 [term 1 FOLLOWER]: Committing config change with OpId 1.4: config changed from index 3 to 4, VOTER 1ddf558ccb9d4f5dbae86694e46c9b57 (127.11.49.193) evicted. New config: { opid_index: 4 OBSOLETE_local: false peers { permanent_uuid: "b1bdcac1192e4008bac5d12cc332774b" member_type: VOTER last_known_addr { host: "127.11.49.194" port: 36687 } } peers { permanent_uuid: "f72e1a6205014a41bdf1d6ab1900a163" member_type: VOTER last_known_addr { host: "127.11.49.195" port: 33291 } } peers { permanent_uuid: "c935bf053409447fa3080bbe9afbe598" member_type: VOTER last_known_addr { host: "127.11.49.196" port: 45133 } attrs { promote: false } } }
I20260710 11:12:07.158937 12754 raft_consensus.cc:2955] T 44ade497eec94b2781f30cc675d892cc P f72e1a6205014a41bdf1d6ab1900a163 [term 1 FOLLOWER]: Committing config change with OpId 1.4: config changed from index 3 to 4, VOTER 1ddf558ccb9d4f5dbae86694e46c9b57 (127.11.49.193) evicted. New config: { opid_index: 4 OBSOLETE_local: false peers { permanent_uuid: "b1bdcac1192e4008bac5d12cc332774b" member_type: VOTER last_known_addr { host: "127.11.49.194" port: 36687 } } peers { permanent_uuid: "f72e1a6205014a41bdf1d6ab1900a163" member_type: VOTER last_known_addr { host: "127.11.49.195" port: 33291 } } peers { permanent_uuid: "c935bf053409447fa3080bbe9afbe598" member_type: VOTER last_known_addr { host: "127.11.49.196" port: 45133 } attrs { promote: false } } }
I20260710 11:12:07.164538 12494 catalog_manager.cc:5210] ChangeConfig:REMOVE_PEER RPC for tablet 44ade497eec94b2781f30cc675d892cc with cas_config_opid_index 3: ChangeConfig:REMOVE_PEER succeeded (attempt 1)
I20260710 11:12:07.169384 12508 catalog_manager.cc:5697] T 44ade497eec94b2781f30cc675d892cc P b1bdcac1192e4008bac5d12cc332774b reported cstate change: config changed from index 3 to 4, VOTER 1ddf558ccb9d4f5dbae86694e46c9b57 (127.11.49.193) evicted. New cstate: current_term: 1 leader_uuid: "b1bdcac1192e4008bac5d12cc332774b" committed_config { opid_index: 4 OBSOLETE_local: false peers { permanent_uuid: "b1bdcac1192e4008bac5d12cc332774b" member_type: VOTER last_known_addr { host: "127.11.49.194" port: 36687 } health_report { overall_health: HEALTHY } } peers { permanent_uuid: "f72e1a6205014a41bdf1d6ab1900a163" member_type: VOTER last_known_addr { host: "127.11.49.195" port: 33291 } health_report { overall_health: HEALTHY } } peers { permanent_uuid: "c935bf053409447fa3080bbe9afbe598" member_type: VOTER last_known_addr { host: "127.11.49.196" port: 45133 } attrs { promote: false } health_report { overall_health: HEALTHY } } }
I20260710 11:12:07.175959 13184 raft_consensus.cc:1064] T c5ae6d51863042ebada1265b8ece9ba1 P 1ddf558ccb9d4f5dbae86694e46c9b57: attempting to promote NON_VOTER c935bf053409447fa3080bbe9afbe598 to VOTER
I20260710 11:12:07.178483 13184 consensus_queue.cc:237] T c5ae6d51863042ebada1265b8ece9ba1 P 1ddf558ccb9d4f5dbae86694e46c9b57 [LEADER]: Queue going to LEADER mode. State: All replicated index: 0, Majority replicated index: 2, Committed index: 2, Last appended: 1.2, Last appended by leader: 0, Current term: 1, Majority size: 3, State: 0, Mode: LEADER, active raft config: opid_index: 3 OBSOLETE_local: false peers { permanent_uuid: "1ddf558ccb9d4f5dbae86694e46c9b57" member_type: VOTER last_known_addr { host: "127.11.49.193" port: 37677 } } peers { permanent_uuid: "b1bdcac1192e4008bac5d12cc332774b" member_type: VOTER last_known_addr { host: "127.11.49.194" port: 36687 } attrs { replace: true } } peers { permanent_uuid: "f72e1a6205014a41bdf1d6ab1900a163" member_type: VOTER last_known_addr { host: "127.11.49.195" port: 33291 } } peers { permanent_uuid: "c935bf053409447fa3080bbe9afbe598" member_type: VOTER last_known_addr { host: "127.11.49.196" port: 45133 } attrs { promote: false } }
I20260710 11:12:07.179734 12601 tablet_service.cc:1558] Processing DeleteTablet for tablet 44ade497eec94b2781f30cc675d892cc with delete_type TABLET_DATA_TOMBSTONED (TS 1ddf558ccb9d4f5dbae86694e46c9b57 not found in new config with opid_index 4) from {username='slave'} at 127.0.0.1:47038
I20260710 11:12:07.193079 13218 tablet_replica.cc:333] T 44ade497eec94b2781f30cc675d892cc P 1ddf558ccb9d4f5dbae86694e46c9b57: stopping tablet replica
I20260710 11:12:07.203179 12680 raft_consensus.cc:1275] T c5ae6d51863042ebada1265b8ece9ba1 P b1bdcac1192e4008bac5d12cc332774b [term 1 FOLLOWER]: Refusing update from remote peer 1ddf558ccb9d4f5dbae86694e46c9b57: Log matching property violated. Preceding OpId in replica: term: 1 index: 2. Preceding OpId from leader: term: 1 index: 3. (index mismatch)
I20260710 11:12:07.203666 13036 raft_consensus.cc:1275] T c5ae6d51863042ebada1265b8ece9ba1 P c935bf053409447fa3080bbe9afbe598 [term 1 LEARNER]: Refusing update from remote peer 1ddf558ccb9d4f5dbae86694e46c9b57: Log matching property violated. Preceding OpId in replica: term: 1 index: 2. Preceding OpId from leader: term: 1 index: 3. (index mismatch)
I20260710 11:12:07.204524 13184 consensus_queue.cc:1048] T c5ae6d51863042ebada1265b8ece9ba1 P 1ddf558ccb9d4f5dbae86694e46c9b57 [LEADER]: Connected to new peer: Peer: permanent_uuid: "b1bdcac1192e4008bac5d12cc332774b" member_type: VOTER last_known_addr { host: "127.11.49.194" port: 36687 } attrs { replace: true }, Status: LMP_MISMATCH, Last received: 0.0, Next index: 3, Last known committed idx: 2, Time since last communication: 0.000s
I20260710 11:12:07.204864 12754 raft_consensus.cc:1275] T c5ae6d51863042ebada1265b8ece9ba1 P f72e1a6205014a41bdf1d6ab1900a163 [term 1 FOLLOWER]: Refusing update from remote peer 1ddf558ccb9d4f5dbae86694e46c9b57: Log matching property violated. Preceding OpId in replica: term: 1 index: 2. Preceding OpId from leader: term: 1 index: 3. (index mismatch)
I20260710 11:12:07.205616 13190 consensus_queue.cc:1048] T c5ae6d51863042ebada1265b8ece9ba1 P 1ddf558ccb9d4f5dbae86694e46c9b57 [LEADER]: Connected to new peer: Peer: permanent_uuid: "c935bf053409447fa3080bbe9afbe598" member_type: VOTER last_known_addr { host: "127.11.49.196" port: 45133 } attrs { promote: false }, Status: LMP_MISMATCH, Last received: 0.0, Next index: 3, Last known committed idx: 2, Time since last communication: 0.001s
I20260710 11:12:07.206386 13217 ts_tablet_manager.cc:1929] T 234fd68ea93343c0a694b035699bc905 P f72e1a6205014a41bdf1d6ab1900a163: tablet deleted with delete type TABLET_DATA_TOMBSTONED: last-logged OpId 1.3
I20260710 11:12:07.206415 13193 consensus_queue.cc:1048] T c5ae6d51863042ebada1265b8ece9ba1 P 1ddf558ccb9d4f5dbae86694e46c9b57 [LEADER]: Connected to new peer: Peer: permanent_uuid: "f72e1a6205014a41bdf1d6ab1900a163" member_type: VOTER last_known_addr { host: "127.11.49.195" port: 33291 }, Status: LMP_MISMATCH, Last received: 0.0, Next index: 3, Last known committed idx: 2, Time since last communication: 0.000s
I20260710 11:12:07.206936 13218 raft_consensus.cc:2243] T 44ade497eec94b2781f30cc675d892cc P 1ddf558ccb9d4f5dbae86694e46c9b57 [term 1 FOLLOWER]: Raft consensus shutting down.
I20260710 11:12:07.207639 13218 raft_consensus.cc:2272] T 44ade497eec94b2781f30cc675d892cc P 1ddf558ccb9d4f5dbae86694e46c9b57 [term 1 FOLLOWER]: Raft consensus is shut down!
I20260710 11:12:07.212514 13218 ts_tablet_manager.cc:1916] T 44ade497eec94b2781f30cc675d892cc P 1ddf558ccb9d4f5dbae86694e46c9b57: Deleting tablet data with delete state TABLET_DATA_TOMBSTONED
I20260710 11:12:07.206969 13217 log.cc:1199] T 234fd68ea93343c0a694b035699bc905 P f72e1a6205014a41bdf1d6ab1900a163: Deleting WAL directory at /tmp/dist-test-taskKc652J/test-tmp/auto_leader_rebalancer-test.0.LeaderRebalancerTest.AddTserver.1783681890186477-11463-0/minicluster-data/ts-2-root/wals/234fd68ea93343c0a694b035699bc905
I20260710 11:12:07.219614 12494 catalog_manager.cc:5028] TS f72e1a6205014a41bdf1d6ab1900a163 (127.11.49.195:33291): tablet 234fd68ea93343c0a694b035699bc905 (table test-workload [id=b051eaae33f7467bb10f244da56d57fd]) successfully deleted
I20260710 11:12:07.231720 13218 ts_tablet_manager.cc:1929] T 44ade497eec94b2781f30cc675d892cc P 1ddf558ccb9d4f5dbae86694e46c9b57: tablet deleted with delete type TABLET_DATA_TOMBSTONED: last-logged OpId 1.3
I20260710 11:12:07.232298 13218 log.cc:1199] T 44ade497eec94b2781f30cc675d892cc P 1ddf558ccb9d4f5dbae86694e46c9b57: Deleting WAL directory at /tmp/dist-test-taskKc652J/test-tmp/auto_leader_rebalancer-test.0.LeaderRebalancerTest.AddTserver.1783681890186477-11463-0/minicluster-data/ts-0-root/wals/44ade497eec94b2781f30cc675d892cc
I20260710 11:12:07.234128 12493 catalog_manager.cc:5028] TS 1ddf558ccb9d4f5dbae86694e46c9b57 (127.11.49.193:37677): tablet 44ade497eec94b2781f30cc675d892cc (table test-workload [id=b051eaae33f7467bb10f244da56d57fd]) successfully deleted
I20260710 11:12:07.238339 13190 raft_consensus.cc:2955] T c5ae6d51863042ebada1265b8ece9ba1 P 1ddf558ccb9d4f5dbae86694e46c9b57 [term 1 LEADER]: Committing config change with OpId 1.3: config changed from index 2 to 3, c935bf053409447fa3080bbe9afbe598 (127.11.49.196) changed from NON_VOTER to VOTER. New config: { opid_index: 3 OBSOLETE_local: false peers { permanent_uuid: "1ddf558ccb9d4f5dbae86694e46c9b57" member_type: VOTER last_known_addr { host: "127.11.49.193" port: 37677 } } peers { permanent_uuid: "b1bdcac1192e4008bac5d12cc332774b" member_type: VOTER last_known_addr { host: "127.11.49.194" port: 36687 } attrs { replace: true } } peers { permanent_uuid: "f72e1a6205014a41bdf1d6ab1900a163" member_type: VOTER last_known_addr { host: "127.11.49.195" port: 33291 } } peers { permanent_uuid: "c935bf053409447fa3080bbe9afbe598" member_type: VOTER last_known_addr { host: "127.11.49.196" port: 45133 } attrs { promote: false } } }
I20260710 11:12:07.240137 13036 raft_consensus.cc:2955] T c5ae6d51863042ebada1265b8ece9ba1 P c935bf053409447fa3080bbe9afbe598 [term 1 FOLLOWER]: Committing config change with OpId 1.3: config changed from index 2 to 3, c935bf053409447fa3080bbe9afbe598 (127.11.49.196) changed from NON_VOTER to VOTER. New config: { opid_index: 3 OBSOLETE_local: false peers { permanent_uuid: "1ddf558ccb9d4f5dbae86694e46c9b57" member_type: VOTER last_known_addr { host: "127.11.49.193" port: 37677 } } peers { permanent_uuid: "b1bdcac1192e4008bac5d12cc332774b" member_type: VOTER last_known_addr { host: "127.11.49.194" port: 36687 } attrs { replace: true } } peers { permanent_uuid: "f72e1a6205014a41bdf1d6ab1900a163" member_type: VOTER last_known_addr { host: "127.11.49.195" port: 33291 } } peers { permanent_uuid: "c935bf053409447fa3080bbe9afbe598" member_type: VOTER last_known_addr { host: "127.11.49.196" port: 45133 } attrs { promote: false } } }
I20260710 11:12:07.241492 12754 raft_consensus.cc:2955] T c5ae6d51863042ebada1265b8ece9ba1 P f72e1a6205014a41bdf1d6ab1900a163 [term 1 FOLLOWER]: Committing config change with OpId 1.3: config changed from index 2 to 3, c935bf053409447fa3080bbe9afbe598 (127.11.49.196) changed from NON_VOTER to VOTER. New config: { opid_index: 3 OBSOLETE_local: false peers { permanent_uuid: "1ddf558ccb9d4f5dbae86694e46c9b57" member_type: VOTER last_known_addr { host: "127.11.49.193" port: 37677 } } peers { permanent_uuid: "b1bdcac1192e4008bac5d12cc332774b" member_type: VOTER last_known_addr { host: "127.11.49.194" port: 36687 } attrs { replace: true } } peers { permanent_uuid: "f72e1a6205014a41bdf1d6ab1900a163" member_type: VOTER last_known_addr { host: "127.11.49.195" port: 33291 } } peers { permanent_uuid: "c935bf053409447fa3080bbe9afbe598" member_type: VOTER last_known_addr { host: "127.11.49.196" port: 45133 } attrs { promote: false } } }
I20260710 11:12:07.253667 12509 catalog_manager.cc:5697] T c5ae6d51863042ebada1265b8ece9ba1 P c935bf053409447fa3080bbe9afbe598 reported cstate change: config changed from index 2 to 3, c935bf053409447fa3080bbe9afbe598 (127.11.49.196) changed from NON_VOTER to VOTER. New cstate: current_term: 1 leader_uuid: "1ddf558ccb9d4f5dbae86694e46c9b57" committed_config { opid_index: 3 OBSOLETE_local: false peers { permanent_uuid: "1ddf558ccb9d4f5dbae86694e46c9b57" member_type: VOTER last_known_addr { host: "127.11.49.193" port: 37677 } } peers { permanent_uuid: "b1bdcac1192e4008bac5d12cc332774b" member_type: VOTER last_known_addr { host: "127.11.49.194" port: 36687 } attrs { replace: true } } peers { permanent_uuid: "f72e1a6205014a41bdf1d6ab1900a163" member_type: VOTER last_known_addr { host: "127.11.49.195" port: 33291 } } peers { permanent_uuid: "c935bf053409447fa3080bbe9afbe598" member_type: VOTER last_known_addr { host: "127.11.49.196" port: 45133 } attrs { promote: false } } }
I20260710 11:12:07.254063 12680 raft_consensus.cc:2955] T c5ae6d51863042ebada1265b8ece9ba1 P b1bdcac1192e4008bac5d12cc332774b [term 1 FOLLOWER]: Committing config change with OpId 1.3: config changed from index 2 to 3, c935bf053409447fa3080bbe9afbe598 (127.11.49.196) changed from NON_VOTER to VOTER. New config: { opid_index: 3 OBSOLETE_local: false peers { permanent_uuid: "1ddf558ccb9d4f5dbae86694e46c9b57" member_type: VOTER last_known_addr { host: "127.11.49.193" port: 37677 } } peers { permanent_uuid: "b1bdcac1192e4008bac5d12cc332774b" member_type: VOTER last_known_addr { host: "127.11.49.194" port: 36687 } attrs { replace: true } } peers { permanent_uuid: "f72e1a6205014a41bdf1d6ab1900a163" member_type: VOTER last_known_addr { host: "127.11.49.195" port: 33291 } } peers { permanent_uuid: "c935bf053409447fa3080bbe9afbe598" member_type: VOTER last_known_addr { host: "127.11.49.196" port: 45133 } attrs { promote: false } } }
I20260710 11:12:07.269972 12610 consensus_queue.cc:237] T c5ae6d51863042ebada1265b8ece9ba1 P 1ddf558ccb9d4f5dbae86694e46c9b57 [LEADER]: Queue going to LEADER mode. State: All replicated index: 0, Majority replicated index: 3, Committed index: 3, Last appended: 1.3, Last appended by leader: 0, Current term: 1, Majority size: 2, State: 0, Mode: LEADER, active raft config: opid_index: 4 OBSOLETE_local: false peers { permanent_uuid: "1ddf558ccb9d4f5dbae86694e46c9b57" member_type: VOTER last_known_addr { host: "127.11.49.193" port: 37677 } } peers { permanent_uuid: "f72e1a6205014a41bdf1d6ab1900a163" member_type: VOTER last_known_addr { host: "127.11.49.195" port: 33291 } } peers { permanent_uuid: "c935bf053409447fa3080bbe9afbe598" member_type: VOTER last_known_addr { host: "127.11.49.196" port: 45133 } attrs { promote: false } }
I20260710 11:12:07.274828 12754 raft_consensus.cc:1275] T c5ae6d51863042ebada1265b8ece9ba1 P f72e1a6205014a41bdf1d6ab1900a163 [term 1 FOLLOWER]: Refusing update from remote peer 1ddf558ccb9d4f5dbae86694e46c9b57: Log matching property violated. Preceding OpId in replica: term: 1 index: 3. Preceding OpId from leader: term: 1 index: 4. (index mismatch)
I20260710 11:12:07.275144 13036 raft_consensus.cc:1275] T c5ae6d51863042ebada1265b8ece9ba1 P c935bf053409447fa3080bbe9afbe598 [term 1 FOLLOWER]: Refusing update from remote peer 1ddf558ccb9d4f5dbae86694e46c9b57: Log matching property violated. Preceding OpId in replica: term: 1 index: 3. Preceding OpId from leader: term: 1 index: 4. (index mismatch)
I20260710 11:12:07.276252 13193 consensus_queue.cc:1048] T c5ae6d51863042ebada1265b8ece9ba1 P 1ddf558ccb9d4f5dbae86694e46c9b57 [LEADER]: Connected to new peer: Peer: permanent_uuid: "f72e1a6205014a41bdf1d6ab1900a163" member_type: VOTER last_known_addr { host: "127.11.49.195" port: 33291 }, Status: LMP_MISMATCH, Last received: 0.0, Next index: 4, Last known committed idx: 3, Time since last communication: 0.000s
I20260710 11:12:07.277060 13190 consensus_queue.cc:1048] T c5ae6d51863042ebada1265b8ece9ba1 P 1ddf558ccb9d4f5dbae86694e46c9b57 [LEADER]: Connected to new peer: Peer: permanent_uuid: "c935bf053409447fa3080bbe9afbe598" member_type: VOTER last_known_addr { host: "127.11.49.196" port: 45133 } attrs { promote: false }, Status: LMP_MISMATCH, Last received: 0.0, Next index: 4, Last known committed idx: 3, Time since last communication: 0.000s
I20260710 11:12:07.286721 13184 raft_consensus.cc:2955] T c5ae6d51863042ebada1265b8ece9ba1 P 1ddf558ccb9d4f5dbae86694e46c9b57 [term 1 LEADER]: Committing config change with OpId 1.4: config changed from index 3 to 4, VOTER b1bdcac1192e4008bac5d12cc332774b (127.11.49.194) evicted. New config: { opid_index: 4 OBSOLETE_local: false peers { permanent_uuid: "1ddf558ccb9d4f5dbae86694e46c9b57" member_type: VOTER last_known_addr { host: "127.11.49.193" port: 37677 } } peers { permanent_uuid: "f72e1a6205014a41bdf1d6ab1900a163" member_type: VOTER last_known_addr { host: "127.11.49.195" port: 33291 } } peers { permanent_uuid: "c935bf053409447fa3080bbe9afbe598" member_type: VOTER last_known_addr { host: "127.11.49.196" port: 45133 } attrs { promote: false } } }
I20260710 11:12:07.288861 12754 raft_consensus.cc:2955] T c5ae6d51863042ebada1265b8ece9ba1 P f72e1a6205014a41bdf1d6ab1900a163 [term 1 FOLLOWER]: Committing config change with OpId 1.4: config changed from index 3 to 4, VOTER b1bdcac1192e4008bac5d12cc332774b (127.11.49.194) evicted. New config: { opid_index: 4 OBSOLETE_local: false peers { permanent_uuid: "1ddf558ccb9d4f5dbae86694e46c9b57" member_type: VOTER last_known_addr { host: "127.11.49.193" port: 37677 } } peers { permanent_uuid: "f72e1a6205014a41bdf1d6ab1900a163" member_type: VOTER last_known_addr { host: "127.11.49.195" port: 33291 } } peers { permanent_uuid: "c935bf053409447fa3080bbe9afbe598" member_type: VOTER last_known_addr { host: "127.11.49.196" port: 45133 } attrs { promote: false } } }
I20260710 11:12:07.293659 13036 raft_consensus.cc:2955] T c5ae6d51863042ebada1265b8ece9ba1 P c935bf053409447fa3080bbe9afbe598 [term 1 FOLLOWER]: Committing config change with OpId 1.4: config changed from index 3 to 4, VOTER b1bdcac1192e4008bac5d12cc332774b (127.11.49.194) evicted. New config: { opid_index: 4 OBSOLETE_local: false peers { permanent_uuid: "1ddf558ccb9d4f5dbae86694e46c9b57" member_type: VOTER last_known_addr { host: "127.11.49.193" port: 37677 } } peers { permanent_uuid: "f72e1a6205014a41bdf1d6ab1900a163" member_type: VOTER last_known_addr { host: "127.11.49.195" port: 33291 } } peers { permanent_uuid: "c935bf053409447fa3080bbe9afbe598" member_type: VOTER last_known_addr { host: "127.11.49.196" port: 45133 } attrs { promote: false } } }
I20260710 11:12:07.296979 12493 catalog_manager.cc:5210] ChangeConfig:REMOVE_PEER RPC for tablet c5ae6d51863042ebada1265b8ece9ba1 with cas_config_opid_index 3: ChangeConfig:REMOVE_PEER succeeded (attempt 1)
I20260710 11:12:07.302075 12506 catalog_manager.cc:5697] T c5ae6d51863042ebada1265b8ece9ba1 P f72e1a6205014a41bdf1d6ab1900a163 reported cstate change: config changed from index 3 to 4, VOTER b1bdcac1192e4008bac5d12cc332774b (127.11.49.194) evicted. New cstate: current_term: 1 leader_uuid: "1ddf558ccb9d4f5dbae86694e46c9b57" committed_config { opid_index: 4 OBSOLETE_local: false peers { permanent_uuid: "1ddf558ccb9d4f5dbae86694e46c9b57" member_type: VOTER last_known_addr { host: "127.11.49.193" port: 37677 } } peers { permanent_uuid: "f72e1a6205014a41bdf1d6ab1900a163" member_type: VOTER last_known_addr { host: "127.11.49.195" port: 33291 } } peers { permanent_uuid: "c935bf053409447fa3080bbe9afbe598" member_type: VOTER last_known_addr { host: "127.11.49.196" port: 45133 } attrs { promote: false } } }
I20260710 11:12:07.312700 12673 tablet_service.cc:1558] Processing DeleteTablet for tablet c5ae6d51863042ebada1265b8ece9ba1 with delete_type TABLET_DATA_TOMBSTONED (TS b1bdcac1192e4008bac5d12cc332774b not found in new config with opid_index 4) from {username='slave'} at 127.0.0.1:56474
I20260710 11:12:07.313691 13216 tablet_replica.cc:333] T c5ae6d51863042ebada1265b8ece9ba1 P b1bdcac1192e4008bac5d12cc332774b: stopping tablet replica
I20260710 11:12:07.314523 13216 raft_consensus.cc:2243] T c5ae6d51863042ebada1265b8ece9ba1 P b1bdcac1192e4008bac5d12cc332774b [term 1 FOLLOWER]: Raft consensus shutting down.
I20260710 11:12:07.315215 13216 raft_consensus.cc:2272] T c5ae6d51863042ebada1265b8ece9ba1 P b1bdcac1192e4008bac5d12cc332774b [term 1 FOLLOWER]: Raft consensus is shut down!
I20260710 11:12:07.317662 13216 ts_tablet_manager.cc:1916] T c5ae6d51863042ebada1265b8ece9ba1 P b1bdcac1192e4008bac5d12cc332774b: Deleting tablet data with delete state TABLET_DATA_TOMBSTONED
I20260710 11:12:07.329154 13216 ts_tablet_manager.cc:1929] T c5ae6d51863042ebada1265b8ece9ba1 P b1bdcac1192e4008bac5d12cc332774b: tablet deleted with delete type TABLET_DATA_TOMBSTONED: last-logged OpId 1.3
I20260710 11:12:07.329495 13216 log.cc:1199] T c5ae6d51863042ebada1265b8ece9ba1 P b1bdcac1192e4008bac5d12cc332774b: Deleting WAL directory at /tmp/dist-test-taskKc652J/test-tmp/auto_leader_rebalancer-test.0.LeaderRebalancerTest.AddTserver.1783681890186477-11463-0/minicluster-data/ts-1-root/wals/c5ae6d51863042ebada1265b8ece9ba1
I20260710 11:12:07.330612 12494 catalog_manager.cc:5028] TS b1bdcac1192e4008bac5d12cc332774b (127.11.49.194:36687): tablet c5ae6d51863042ebada1265b8ece9ba1 (table test-workload [id=b051eaae33f7467bb10f244da56d57fd]) successfully deleted
I20260710 11:12:08.346494 12680 consensus_queue.cc:237] T 1944fdf0b4b541f29d071eee59faebe8 P b1bdcac1192e4008bac5d12cc332774b [LEADER]: Queue going to LEADER mode. State: All replicated index: 0, Majority replicated index: 1, Committed index: 1, Last appended: 1.1, Last appended by leader: 0, Current term: 1, Majority size: 2, State: 0, Mode: LEADER, active raft config: opid_index: 2 OBSOLETE_local: false peers { permanent_uuid: "1ddf558ccb9d4f5dbae86694e46c9b57" member_type: VOTER last_known_addr { host: "127.11.49.193" port: 37677 } } peers { permanent_uuid: "b1bdcac1192e4008bac5d12cc332774b" member_type: VOTER last_known_addr { host: "127.11.49.194" port: 36687 } } peers { permanent_uuid: "f72e1a6205014a41bdf1d6ab1900a163" member_type: VOTER last_known_addr { host: "127.11.49.195" port: 33291 } attrs { replace: true } } peers { permanent_uuid: "c935bf053409447fa3080bbe9afbe598" member_type: NON_VOTER last_known_addr { host: "127.11.49.196" port: 45133 } attrs { promote: true } }
I20260710 11:12:08.352672 12607 raft_consensus.cc:1275] T 1944fdf0b4b541f29d071eee59faebe8 P 1ddf558ccb9d4f5dbae86694e46c9b57 [term 1 FOLLOWER]: Refusing update from remote peer b1bdcac1192e4008bac5d12cc332774b: Log matching property violated. Preceding OpId in replica: term: 1 index: 1. Preceding OpId from leader: term: 1 index: 2. (index mismatch)
I20260710 11:12:08.352752 12754 raft_consensus.cc:1275] T 1944fdf0b4b541f29d071eee59faebe8 P f72e1a6205014a41bdf1d6ab1900a163 [term 1 FOLLOWER]: Refusing update from remote peer b1bdcac1192e4008bac5d12cc332774b: Log matching property violated. Preceding OpId in replica: term: 1 index: 1. Preceding OpId from leader: term: 1 index: 2. (index mismatch)
I20260710 11:12:08.354082 13161 consensus_queue.cc:1048] T 1944fdf0b4b541f29d071eee59faebe8 P b1bdcac1192e4008bac5d12cc332774b [LEADER]: Connected to new peer: Peer: permanent_uuid: "f72e1a6205014a41bdf1d6ab1900a163" member_type: VOTER last_known_addr { host: "127.11.49.195" port: 33291 } attrs { replace: true }, Status: LMP_MISMATCH, Last received: 0.0, Next index: 2, Last known committed idx: 1, Time since last communication: 0.000s
I20260710 11:12:08.354827 13225 consensus_queue.cc:1048] T 1944fdf0b4b541f29d071eee59faebe8 P b1bdcac1192e4008bac5d12cc332774b [LEADER]: Connected to new peer: Peer: permanent_uuid: "1ddf558ccb9d4f5dbae86694e46c9b57" member_type: VOTER last_known_addr { host: "127.11.49.193" port: 37677 }, Status: LMP_MISMATCH, Last received: 0.0, Next index: 2, Last known committed idx: 1, Time since last communication: 0.000s
W20260710 11:12:08.357059 12652 consensus_peers.cc:597] T 1944fdf0b4b541f29d071eee59faebe8 P b1bdcac1192e4008bac5d12cc332774b -> Peer c935bf053409447fa3080bbe9afbe598 (127.11.49.196:45133): Couldn't send request to peer c935bf053409447fa3080bbe9afbe598. Error code: TABLET_NOT_FOUND (6). Status: Not found: Tablet not found: 1944fdf0b4b541f29d071eee59faebe8. This is attempt 1: this message will repeat every 5th retry.
I20260710 11:12:08.362112 13161 raft_consensus.cc:2955] T 1944fdf0b4b541f29d071eee59faebe8 P b1bdcac1192e4008bac5d12cc332774b [term 1 LEADER]: Committing config change with OpId 1.2: config changed from index -1 to 2, NON_VOTER c935bf053409447fa3080bbe9afbe598 (127.11.49.196) added. New config: { opid_index: 2 OBSOLETE_local: false peers { permanent_uuid: "1ddf558ccb9d4f5dbae86694e46c9b57" member_type: VOTER last_known_addr { host: "127.11.49.193" port: 37677 } } peers { permanent_uuid: "b1bdcac1192e4008bac5d12cc332774b" member_type: VOTER last_known_addr { host: "127.11.49.194" port: 36687 } } peers { permanent_uuid: "f72e1a6205014a41bdf1d6ab1900a163" member_type: VOTER last_known_addr { host: "127.11.49.195" port: 33291 } attrs { replace: true } } peers { permanent_uuid: "c935bf053409447fa3080bbe9afbe598" member_type: NON_VOTER last_known_addr { host: "127.11.49.196" port: 45133 } attrs { promote: true } } }
I20260710 11:12:08.363783 12754 raft_consensus.cc:2955] T 1944fdf0b4b541f29d071eee59faebe8 P f72e1a6205014a41bdf1d6ab1900a163 [term 1 FOLLOWER]: Committing config change with OpId 1.2: config changed from index -1 to 2, NON_VOTER c935bf053409447fa3080bbe9afbe598 (127.11.49.196) added. New config: { opid_index: 2 OBSOLETE_local: false peers { permanent_uuid: "1ddf558ccb9d4f5dbae86694e46c9b57" member_type: VOTER last_known_addr { host: "127.11.49.193" port: 37677 } } peers { permanent_uuid: "b1bdcac1192e4008bac5d12cc332774b" member_type: VOTER last_known_addr { host: "127.11.49.194" port: 36687 } } peers { permanent_uuid: "f72e1a6205014a41bdf1d6ab1900a163" member_type: VOTER last_known_addr { host: "127.11.49.195" port: 33291 } attrs { replace: true } } peers { permanent_uuid: "c935bf053409447fa3080bbe9afbe598" member_type: NON_VOTER last_known_addr { host: "127.11.49.196" port: 45133 } attrs { promote: true } } }
I20260710 11:12:08.366814 12607 raft_consensus.cc:2955] T 1944fdf0b4b541f29d071eee59faebe8 P 1ddf558ccb9d4f5dbae86694e46c9b57 [term 1 FOLLOWER]: Committing config change with OpId 1.2: config changed from index -1 to 2, NON_VOTER c935bf053409447fa3080bbe9afbe598 (127.11.49.196) added. New config: { opid_index: 2 OBSOLETE_local: false peers { permanent_uuid: "1ddf558ccb9d4f5dbae86694e46c9b57" member_type: VOTER last_known_addr { host: "127.11.49.193" port: 37677 } } peers { permanent_uuid: "b1bdcac1192e4008bac5d12cc332774b" member_type: VOTER last_known_addr { host: "127.11.49.194" port: 36687 } } peers { permanent_uuid: "f72e1a6205014a41bdf1d6ab1900a163" member_type: VOTER last_known_addr { host: "127.11.49.195" port: 33291 } attrs { replace: true } } peers { permanent_uuid: "c935bf053409447fa3080bbe9afbe598" member_type: NON_VOTER last_known_addr { host: "127.11.49.196" port: 45133 } attrs { promote: true } } }
I20260710 11:12:08.374898 12506 catalog_manager.cc:5697] T 1944fdf0b4b541f29d071eee59faebe8 P b1bdcac1192e4008bac5d12cc332774b reported cstate change: config changed from index -1 to 2, NON_VOTER c935bf053409447fa3080bbe9afbe598 (127.11.49.196) added. New cstate: current_term: 1 leader_uuid: "b1bdcac1192e4008bac5d12cc332774b" committed_config { opid_index: 2 OBSOLETE_local: false peers { permanent_uuid: "1ddf558ccb9d4f5dbae86694e46c9b57" member_type: VOTER last_known_addr { host: "127.11.49.193" port: 37677 } health_report { overall_health: HEALTHY } } peers { permanent_uuid: "b1bdcac1192e4008bac5d12cc332774b" member_type: VOTER last_known_addr { host: "127.11.49.194" port: 36687 } health_report { overall_health: HEALTHY } } peers { permanent_uuid: "f72e1a6205014a41bdf1d6ab1900a163" member_type: VOTER last_known_addr { host: "127.11.49.195" port: 33291 } attrs { replace: true } health_report { overall_health: HEALTHY } } peers { permanent_uuid: "c935bf053409447fa3080bbe9afbe598" member_type: NON_VOTER last_known_addr { host: "127.11.49.196" port: 45133 } attrs { promote: true } health_report { overall_health: UNKNOWN } } }
I20260710 11:12:08.380257 12754 consensus_queue.cc:237] T 36680d27edf943a6b0a66b26966fc90d P f72e1a6205014a41bdf1d6ab1900a163 [LEADER]: Queue going to LEADER mode. State: All replicated index: 0, Majority replicated index: 1, Committed index: 1, Last appended: 1.1, Last appended by leader: 0, Current term: 1, Majority size: 2, State: 0, Mode: LEADER, active raft config: opid_index: 2 OBSOLETE_local: false peers { permanent_uuid: "1ddf558ccb9d4f5dbae86694e46c9b57" member_type: VOTER last_known_addr { host: "127.11.49.193" port: 37677 } } peers { permanent_uuid: "b1bdcac1192e4008bac5d12cc332774b" member_type: VOTER last_known_addr { host: "127.11.49.194" port: 36687 } attrs { replace: true } } peers { permanent_uuid: "f72e1a6205014a41bdf1d6ab1900a163" member_type: VOTER last_known_addr { host: "127.11.49.195" port: 33291 } } peers { permanent_uuid: "c935bf053409447fa3080bbe9afbe598" member_type: NON_VOTER last_known_addr { host: "127.11.49.196" port: 45133 } attrs { promote: true } }
W20260710 11:12:08.387346 12726 consensus_peers.cc:597] T 36680d27edf943a6b0a66b26966fc90d P f72e1a6205014a41bdf1d6ab1900a163 -> Peer c935bf053409447fa3080bbe9afbe598 (127.11.49.196:45133): Couldn't send request to peer c935bf053409447fa3080bbe9afbe598. Error code: TABLET_NOT_FOUND (6). Status: Not found: Tablet not found: 36680d27edf943a6b0a66b26966fc90d. This is attempt 1: this message will repeat every 5th retry.
I20260710 11:12:08.387468 12686 raft_consensus.cc:1275] T 36680d27edf943a6b0a66b26966fc90d P b1bdcac1192e4008bac5d12cc332774b [term 1 FOLLOWER]: Refusing update from remote peer f72e1a6205014a41bdf1d6ab1900a163: Log matching property violated. Preceding OpId in replica: term: 1 index: 1. Preceding OpId from leader: term: 1 index: 2. (index mismatch)
I20260710 11:12:08.388805 12607 raft_consensus.cc:1275] T 36680d27edf943a6b0a66b26966fc90d P 1ddf558ccb9d4f5dbae86694e46c9b57 [term 1 FOLLOWER]: Refusing update from remote peer f72e1a6205014a41bdf1d6ab1900a163: Log matching property violated. Preceding OpId in replica: term: 1 index: 1. Preceding OpId from leader: term: 1 index: 2. (index mismatch)
I20260710 11:12:08.389910 13133 consensus_queue.cc:1048] T 36680d27edf943a6b0a66b26966fc90d P f72e1a6205014a41bdf1d6ab1900a163 [LEADER]: Connected to new peer: Peer: permanent_uuid: "b1bdcac1192e4008bac5d12cc332774b" member_type: VOTER last_known_addr { host: "127.11.49.194" port: 36687 } attrs { replace: true }, Status: LMP_MISMATCH, Last received: 0.0, Next index: 2, Last known committed idx: 1, Time since last communication: 0.001s
I20260710 11:12:08.391238 13223 consensus_queue.cc:1048] T 36680d27edf943a6b0a66b26966fc90d P f72e1a6205014a41bdf1d6ab1900a163 [LEADER]: Connected to new peer: Peer: permanent_uuid: "1ddf558ccb9d4f5dbae86694e46c9b57" member_type: VOTER last_known_addr { host: "127.11.49.193" port: 37677 }, Status: LMP_MISMATCH, Last received: 0.0, Next index: 2, Last known committed idx: 1, Time since last communication: 0.000s
