I20260710 11:11:28.647382 16759 tablet_bootstrap.cc:492] T f15235ecce114d9c95b9977f5d769840 P 9cf2f97150434430b4525d9956d0417b: No bootstrap required, opened a new log
I20260710 11:11:28.647821 16759 ts_tablet_manager.cc:1403] T f15235ecce114d9c95b9977f5d769840 P 9cf2f97150434430b4525d9956d0417b: Time spent bootstrapping tablet: real 0.134s	user 0.013s	sys 0.039s
I20260710 11:11:28.650631 16766 raft_consensus.cc:515] T 2f879a5554114a0b87ab506cb3dda629 P ac37bfc716b64b1e88475440d7e1eea6 [term 1 FOLLOWER]: Starting leader election with config: opid_index: -1 OBSOLETE_local: false peers { permanent_uuid: "0bae623f59354af489038a0c4b0f1db9" member_type: VOTER last_known_addr { host: "127.16.11.131" port: 40045 } } peers { permanent_uuid: "9cf2f97150434430b4525d9956d0417b" member_type: VOTER last_known_addr { host: "127.16.11.130" port: 45215 } } peers { permanent_uuid: "ac37bfc716b64b1e88475440d7e1eea6" member_type: VOTER last_known_addr { host: "127.16.11.129" port: 42901 } }
I20260710 11:11:28.649967 16459 catalog_manager.cc:5697] T f2dc143410bf4785abc326e91da33f59 P 9cf2f97150434430b4525d9956d0417b reported cstate change: term changed from 0 to 1, leader changed from <none> to 9cf2f97150434430b4525d9956d0417b (127.16.11.130). New cstate: current_term: 1 leader_uuid: "9cf2f97150434430b4525d9956d0417b" committed_config { opid_index: -1 OBSOLETE_local: false peers { permanent_uuid: "ac37bfc716b64b1e88475440d7e1eea6" member_type: VOTER last_known_addr { host: "127.16.11.129" port: 42901 } health_report { overall_health: UNKNOWN } } peers { permanent_uuid: "9cf2f97150434430b4525d9956d0417b" member_type: VOTER last_known_addr { host: "127.16.11.130" port: 45215 } health_report { overall_health: HEALTHY } } peers { permanent_uuid: "0bae623f59354af489038a0c4b0f1db9" member_type: VOTER last_known_addr { host: "127.16.11.131" port: 40045 } health_report { overall_health: UNKNOWN } } }
I20260710 11:11:28.654636 16766 leader_election.cc:290] T 2f879a5554114a0b87ab506cb3dda629 P ac37bfc716b64b1e88475440d7e1eea6 [CANDIDATE]: Term 1 election: Requested vote from peers 0bae623f59354af489038a0c4b0f1db9 (127.16.11.131:40045), 9cf2f97150434430b4525d9956d0417b (127.16.11.130:45215)
I20260710 11:11:28.643745 16765 raft_consensus.cc:515] T 2f879a5554114a0b87ab506cb3dda629 P 0bae623f59354af489038a0c4b0f1db9 [term 1 FOLLOWER]: Starting leader election with config: opid_index: -1 OBSOLETE_local: false peers { permanent_uuid: "0bae623f59354af489038a0c4b0f1db9" member_type: VOTER last_known_addr { host: "127.16.11.131" port: 40045 } } peers { permanent_uuid: "9cf2f97150434430b4525d9956d0417b" member_type: VOTER last_known_addr { host: "127.16.11.130" port: 45215 } } peers { permanent_uuid: "ac37bfc716b64b1e88475440d7e1eea6" member_type: VOTER last_known_addr { host: "127.16.11.129" port: 42901 } }
I20260710 11:11:28.655442 16641 tablet_service.cc:1917] Received RequestConsensusVote() RPC: tablet_id: "2f879a5554114a0b87ab506cb3dda629" candidate_uuid: "ac37bfc716b64b1e88475440d7e1eea6" candidate_term: 1 candidate_status { last_received { term: 0 index: 0 } } ignore_live_leader: false dest_uuid: "9cf2f97150434430b4525d9956d0417b"
I20260710 11:11:28.656349 16641 raft_consensus.cc:3060] T 2f879a5554114a0b87ab506cb3dda629 P 9cf2f97150434430b4525d9956d0417b [term 0 FOLLOWER]: Advancing to term 1
I20260710 11:11:28.655442 16713 tablet_service.cc:1917] Received RequestConsensusVote() RPC: tablet_id: "2f879a5554114a0b87ab506cb3dda629" candidate_uuid: "ac37bfc716b64b1e88475440d7e1eea6" candidate_term: 1 candidate_status { last_received { term: 0 index: 0 } } ignore_live_leader: false dest_uuid: "0bae623f59354af489038a0c4b0f1db9"
I20260710 11:11:28.657691 16715 raft_consensus.cc:2393] T 2f879a5554114a0b87ab506cb3dda629 P 0bae623f59354af489038a0c4b0f1db9 [term 1 FOLLOWER]: Leader pre-election vote request: Denying vote to candidate ac37bfc716b64b1e88475440d7e1eea6 in current term 1: Already voted for candidate 0bae623f59354af489038a0c4b0f1db9 in this term.
I20260710 11:11:28.661085 16758 ts_tablet_manager.cc:1434] T 88c2c9a4cc4d44049fba8a8979120137 P 0bae623f59354af489038a0c4b0f1db9: Time spent starting tablet: real 0.078s	user 0.006s	sys 0.006s
I20260710 11:11:28.662609 16714 raft_consensus.cc:2468] T fab25bea44ba431f9ba149d3d18ded96 P 0bae623f59354af489038a0c4b0f1db9 [term 1 FOLLOWER]: Leader election vote request: Granting yes vote for candidate 9cf2f97150434430b4525d9956d0417b in term 1.
I20260710 11:11:28.665117 16765 leader_election.cc:290] T 2f879a5554114a0b87ab506cb3dda629 P 0bae623f59354af489038a0c4b0f1db9 [CANDIDATE]: Term 1 election: Requested vote from peers 9cf2f97150434430b4525d9956d0417b (127.16.11.130:45215), ac37bfc716b64b1e88475440d7e1eea6 (127.16.11.129:42901)
I20260710 11:11:28.665730 16605 leader_election.cc:304] T fab25bea44ba431f9ba149d3d18ded96 P 9cf2f97150434430b4525d9956d0417b [CANDIDATE]: Term 1 election: Election decided. Result: candidate won. Election summary: received 3 responses out of 3 voters: 2 yes votes; 1 no votes. yes voters: 0bae623f59354af489038a0c4b0f1db9, 9cf2f97150434430b4525d9956d0417b; no voters: ac37bfc716b64b1e88475440d7e1eea6
I20260710 11:11:28.668059 16640 tablet_service.cc:1917] Received RequestConsensusVote() RPC: tablet_id: "2f879a5554114a0b87ab506cb3dda629" candidate_uuid: "0bae623f59354af489038a0c4b0f1db9" candidate_term: 1 candidate_status { last_received { term: 0 index: 0 } } ignore_live_leader: false dest_uuid: "9cf2f97150434430b4525d9956d0417b"
I20260710 11:11:28.668694 16566 tablet_service.cc:1917] Received RequestConsensusVote() RPC: tablet_id: "2f879a5554114a0b87ab506cb3dda629" candidate_uuid: "0bae623f59354af489038a0c4b0f1db9" candidate_term: 1 candidate_status { last_received { term: 0 index: 0 } } ignore_live_leader: false dest_uuid: "ac37bfc716b64b1e88475440d7e1eea6"
I20260710 11:11:28.663630 16759 raft_consensus.cc:359] T f15235ecce114d9c95b9977f5d769840 P 9cf2f97150434430b4525d9956d0417b [term 0 FOLLOWER]: Replica starting. Triggering 0 pending ops. Active config: opid_index: -1 OBSOLETE_local: false peers { permanent_uuid: "ac37bfc716b64b1e88475440d7e1eea6" member_type: VOTER last_known_addr { host: "127.16.11.129" port: 42901 } } peers { permanent_uuid: "9cf2f97150434430b4525d9956d0417b" member_type: VOTER last_known_addr { host: "127.16.11.130" port: 45215 } } peers { permanent_uuid: "0bae623f59354af489038a0c4b0f1db9" member_type: VOTER last_known_addr { host: "127.16.11.131" port: 40045 } }
I20260710 11:11:28.670002 16759 raft_consensus.cc:385] T f15235ecce114d9c95b9977f5d769840 P 9cf2f97150434430b4525d9956d0417b [term 0 FOLLOWER]: Consensus starting up: Expiring failure detector timer to make a prompt election more likely
I20260710 11:11:28.670317 16759 raft_consensus.cc:740] T f15235ecce114d9c95b9977f5d769840 P 9cf2f97150434430b4525d9956d0417b [term 0 FOLLOWER]: Becoming Follower/Learner. State: Replica: 9cf2f97150434430b4525d9956d0417b, State: Initialized, Role: FOLLOWER
I20260710 11:11:28.669993 16566 raft_consensus.cc:2393] T 2f879a5554114a0b87ab506cb3dda629 P ac37bfc716b64b1e88475440d7e1eea6 [term 1 FOLLOWER]: Leader election vote request: Denying vote to candidate 0bae623f59354af489038a0c4b0f1db9 in current term 1: Already voted for candidate ac37bfc716b64b1e88475440d7e1eea6 in this term.
I20260710 11:11:28.667707 16779 raft_consensus.cc:2804] T fab25bea44ba431f9ba149d3d18ded96 P 9cf2f97150434430b4525d9956d0417b [term 1 FOLLOWER]: Leader election won for term 1
I20260710 11:11:28.671078 16759 consensus_queue.cc:260] T f15235ecce114d9c95b9977f5d769840 P 9cf2f97150434430b4525d9956d0417b [NON_LEADER]: Queue going to NON_LEADER mode. State: All replicated index: 0, Majority replicated index: 0, Committed index: 0, Last appended: 0.0, Last appended by leader: 0, Current term: 0, Majority size: -1, State: 0, Mode: NON_LEADER, active raft config: opid_index: -1 OBSOLETE_local: false peers { permanent_uuid: "ac37bfc716b64b1e88475440d7e1eea6" member_type: VOTER last_known_addr { host: "127.16.11.129" port: 42901 } } peers { permanent_uuid: "9cf2f97150434430b4525d9956d0417b" member_type: VOTER last_known_addr { host: "127.16.11.130" port: 45215 } } peers { permanent_uuid: "0bae623f59354af489038a0c4b0f1db9" member_type: VOTER last_known_addr { host: "127.16.11.131" port: 40045 } }
I20260710 11:11:28.672147 16679 leader_election.cc:304] T 2f879a5554114a0b87ab506cb3dda629 P 0bae623f59354af489038a0c4b0f1db9 [CANDIDATE]: Term 1 election: Election decided. Result: candidate lost. Election summary: received 3 responses out of 3 voters: 1 yes votes; 2 no votes. yes voters: 0bae623f59354af489038a0c4b0f1db9; no voters: 9cf2f97150434430b4525d9956d0417b, ac37bfc716b64b1e88475440d7e1eea6
I20260710 11:11:28.673334 16765 raft_consensus.cc:2749] T 2f879a5554114a0b87ab506cb3dda629 P 0bae623f59354af489038a0c4b0f1db9 [term 1 FOLLOWER]: Leader election lost for term 1. Reason: could not achieve majority
I20260710 11:11:28.674333 16760 tablet_bootstrap.cc:492] T fab25bea44ba431f9ba149d3d18ded96 P ac37bfc716b64b1e88475440d7e1eea6: No bootstrap required, opened a new log
I20260710 11:11:28.672268 16779 raft_consensus.cc:697] T fab25bea44ba431f9ba149d3d18ded96 P 9cf2f97150434430b4525d9956d0417b [term 1 LEADER]: Becoming Leader. State: Replica: 9cf2f97150434430b4525d9956d0417b, State: Running, Role: LEADER
I20260710 11:11:28.674754 16760 ts_tablet_manager.cc:1403] T fab25bea44ba431f9ba149d3d18ded96 P ac37bfc716b64b1e88475440d7e1eea6: Time spent bootstrapping tablet: real 0.100s	user 0.026s	sys 0.009s
I20260710 11:11:28.675211 16779 consensus_queue.cc:237] T fab25bea44ba431f9ba149d3d18ded96 P 9cf2f97150434430b4525d9956d0417b [LEADER]: Queue going to LEADER mode. State: All replicated index: 0, Majority replicated index: 0, Committed index: 0, Last appended: 0.0, Last appended by leader: 0, Current term: 1, Majority size: 2, State: 0, Mode: LEADER, active raft config: opid_index: -1 OBSOLETE_local: false peers { permanent_uuid: "ac37bfc716b64b1e88475440d7e1eea6" member_type: VOTER last_known_addr { host: "127.16.11.129" port: 42901 } } peers { permanent_uuid: "9cf2f97150434430b4525d9956d0417b" member_type: VOTER last_known_addr { host: "127.16.11.130" port: 45215 } } peers { permanent_uuid: "0bae623f59354af489038a0c4b0f1db9" member_type: VOTER last_known_addr { host: "127.16.11.131" port: 40045 } }
I20260710 11:11:28.675997 16759 ts_tablet_manager.cc:1434] T f15235ecce114d9c95b9977f5d769840 P 9cf2f97150434430b4525d9956d0417b: Time spent starting tablet: real 0.028s	user 0.009s	sys 0.000s
I20260710 11:11:28.678476 16759 tablet_bootstrap.cc:492] T 88c2c9a4cc4d44049fba8a8979120137 P 9cf2f97150434430b4525d9956d0417b: Bootstrap starting.
I20260710 11:11:28.678608 16758 tablet_bootstrap.cc:492] T 8b248a0e16eb43b291a6277d73a519f0 P 0bae623f59354af489038a0c4b0f1db9: Bootstrap starting.
I20260710 11:11:28.683094 16760 raft_consensus.cc:359] T fab25bea44ba431f9ba149d3d18ded96 P ac37bfc716b64b1e88475440d7e1eea6 [term 0 FOLLOWER]: Replica starting. Triggering 0 pending ops. Active config: opid_index: -1 OBSOLETE_local: false peers { permanent_uuid: "ac37bfc716b64b1e88475440d7e1eea6" member_type: VOTER last_known_addr { host: "127.16.11.129" port: 42901 } } peers { permanent_uuid: "9cf2f97150434430b4525d9956d0417b" member_type: VOTER last_known_addr { host: "127.16.11.130" port: 45215 } } peers { permanent_uuid: "0bae623f59354af489038a0c4b0f1db9" member_type: VOTER last_known_addr { host: "127.16.11.131" port: 40045 } }
I20260710 11:11:28.681401 16641 raft_consensus.cc:2468] T 2f879a5554114a0b87ab506cb3dda629 P 9cf2f97150434430b4525d9956d0417b [term 1 FOLLOWER]: Leader election vote request: Granting yes vote for candidate ac37bfc716b64b1e88475440d7e1eea6 in term 1.
I20260710 11:11:28.686113 16531 leader_election.cc:304] T 2f879a5554114a0b87ab506cb3dda629 P ac37bfc716b64b1e88475440d7e1eea6 [CANDIDATE]: Term 1 election: Election decided. Result: candidate won. Election summary: received 3 responses out of 3 voters: 2 yes votes; 1 no votes. yes voters: 9cf2f97150434430b4525d9956d0417b, ac37bfc716b64b1e88475440d7e1eea6; no voters: 0bae623f59354af489038a0c4b0f1db9
I20260710 11:11:28.687913 16759 tablet_bootstrap.cc:654] T 88c2c9a4cc4d44049fba8a8979120137 P 9cf2f97150434430b4525d9956d0417b: Neither blocks nor log segments found. Creating new log.
I20260710 11:11:28.688356 16766 raft_consensus.cc:2804] T 2f879a5554114a0b87ab506cb3dda629 P ac37bfc716b64b1e88475440d7e1eea6 [term 1 FOLLOWER]: Leader election won for term 1
I20260710 11:11:28.684815 16760 raft_consensus.cc:385] T fab25bea44ba431f9ba149d3d18ded96 P ac37bfc716b64b1e88475440d7e1eea6 [term 0 FOLLOWER]: Consensus starting up: Expiring failure detector timer to make a prompt election more likely
I20260710 11:11:28.689095 16760 raft_consensus.cc:740] T fab25bea44ba431f9ba149d3d18ded96 P ac37bfc716b64b1e88475440d7e1eea6 [term 0 FOLLOWER]: Becoming Follower/Learner. State: Replica: ac37bfc716b64b1e88475440d7e1eea6, State: Initialized, Role: FOLLOWER
I20260710 11:11:28.691285 16765 raft_consensus.cc:493] T 86bf558787d54a9eabed8080ef691d0f P 0bae623f59354af489038a0c4b0f1db9 [term 0 FOLLOWER]: Starting pre-election (no leader contacted us within the election timeout)
I20260710 11:11:28.695552 16765 raft_consensus.cc:515] T 86bf558787d54a9eabed8080ef691d0f P 0bae623f59354af489038a0c4b0f1db9 [term 0 FOLLOWER]: Starting pre-election with config: opid_index: -1 OBSOLETE_local: false peers { permanent_uuid: "ac37bfc716b64b1e88475440d7e1eea6" member_type: VOTER last_known_addr { host: "127.16.11.129" port: 42901 } } peers { permanent_uuid: "9cf2f97150434430b4525d9956d0417b" member_type: VOTER last_known_addr { host: "127.16.11.130" port: 45215 } } peers { permanent_uuid: "0bae623f59354af489038a0c4b0f1db9" member_type: VOTER last_known_addr { host: "127.16.11.131" port: 40045 } }
I20260710 11:11:28.698159 16760 consensus_queue.cc:260] T fab25bea44ba431f9ba149d3d18ded96 P ac37bfc716b64b1e88475440d7e1eea6 [NON_LEADER]: Queue going to NON_LEADER mode. State: All replicated index: 0, Majority replicated index: 0, Committed index: 0, Last appended: 0.0, Last appended by leader: 0, Current term: 0, Majority size: -1, State: 0, Mode: NON_LEADER, active raft config: opid_index: -1 OBSOLETE_local: false peers { permanent_uuid: "ac37bfc716b64b1e88475440d7e1eea6" member_type: VOTER last_known_addr { host: "127.16.11.129" port: 42901 } } peers { permanent_uuid: "9cf2f97150434430b4525d9956d0417b" member_type: VOTER last_known_addr { host: "127.16.11.130" port: 45215 } } peers { permanent_uuid: "0bae623f59354af489038a0c4b0f1db9" member_type: VOTER last_known_addr { host: "127.16.11.131" port: 40045 } }
I20260710 11:11:28.699288 16765 leader_election.cc:290] T 86bf558787d54a9eabed8080ef691d0f P 0bae623f59354af489038a0c4b0f1db9 [CANDIDATE]: Term 1 pre-election: Requested pre-vote from peers ac37bfc716b64b1e88475440d7e1eea6 (127.16.11.129:42901), 9cf2f97150434430b4525d9956d0417b (127.16.11.130:45215)
I20260710 11:11:28.700574 16641 tablet_service.cc:1917] Received RequestConsensusVote() RPC: tablet_id: "86bf558787d54a9eabed8080ef691d0f" candidate_uuid: "0bae623f59354af489038a0c4b0f1db9" candidate_term: 1 candidate_status { last_received { term: 0 index: 0 } } ignore_live_leader: false dest_uuid: "9cf2f97150434430b4525d9956d0417b" is_pre_election: true
I20260710 11:11:28.700938 16566 tablet_service.cc:1917] Received RequestConsensusVote() RPC: tablet_id: "86bf558787d54a9eabed8080ef691d0f" candidate_uuid: "0bae623f59354af489038a0c4b0f1db9" candidate_term: 1 candidate_status { last_received { term: 0 index: 0 } } ignore_live_leader: false dest_uuid: "ac37bfc716b64b1e88475440d7e1eea6" is_pre_election: true
I20260710 11:11:28.695837 16766 raft_consensus.cc:697] T 2f879a5554114a0b87ab506cb3dda629 P ac37bfc716b64b1e88475440d7e1eea6 [term 1 LEADER]: Becoming Leader. State: Replica: ac37bfc716b64b1e88475440d7e1eea6, State: Running, Role: LEADER
W20260710 11:11:28.703359 16680 leader_election.cc:343] T 86bf558787d54a9eabed8080ef691d0f P 0bae623f59354af489038a0c4b0f1db9 [CANDIDATE]: Term 1 pre-election: Tablet error from VoteRequest() call to peer 9cf2f97150434430b4525d9956d0417b (127.16.11.130:45215): Illegal state: must be running to vote when last-logged opid is not known
W20260710 11:11:28.704111 16679 leader_election.cc:343] T 86bf558787d54a9eabed8080ef691d0f P 0bae623f59354af489038a0c4b0f1db9 [CANDIDATE]: Term 1 pre-election: Tablet error from VoteRequest() call to peer ac37bfc716b64b1e88475440d7e1eea6 (127.16.11.129:42901): Illegal state: must be running to vote when last-logged opid is not known
I20260710 11:11:28.705997 16766 consensus_queue.cc:237] T 2f879a5554114a0b87ab506cb3dda629 P ac37bfc716b64b1e88475440d7e1eea6 [LEADER]: Queue going to LEADER mode. State: All replicated index: 0, Majority replicated index: 0, Committed index: 0, Last appended: 0.0, Last appended by leader: 0, Current term: 1, Majority size: 2, State: 0, Mode: LEADER, active raft config: opid_index: -1 OBSOLETE_local: false peers { permanent_uuid: "0bae623f59354af489038a0c4b0f1db9" member_type: VOTER last_known_addr { host: "127.16.11.131" port: 40045 } } peers { permanent_uuid: "9cf2f97150434430b4525d9956d0417b" member_type: VOTER last_known_addr { host: "127.16.11.130" port: 45215 } } peers { permanent_uuid: "ac37bfc716b64b1e88475440d7e1eea6" member_type: VOTER last_known_addr { host: "127.16.11.129" port: 42901 } }
I20260710 11:11:28.717103 16758 tablet_bootstrap.cc:654] T 8b248a0e16eb43b291a6277d73a519f0 P 0bae623f59354af489038a0c4b0f1db9: Neither blocks nor log segments found. Creating new log.
I20260710 11:11:28.718222 16679 leader_election.cc:304] T 86bf558787d54a9eabed8080ef691d0f P 0bae623f59354af489038a0c4b0f1db9 [CANDIDATE]: Term 1 pre-election: Election decided. Result: candidate lost. Election summary: received 3 responses out of 3 voters: 1 yes votes; 2 no votes. yes voters: 0bae623f59354af489038a0c4b0f1db9; no voters: 9cf2f97150434430b4525d9956d0417b, ac37bfc716b64b1e88475440d7e1eea6
I20260710 11:11:28.719575 16765 raft_consensus.cc:2749] T 86bf558787d54a9eabed8080ef691d0f P 0bae623f59354af489038a0c4b0f1db9 [term 0 FOLLOWER]: Leader pre-election lost for term 1. Reason: could not achieve majority
I20260710 11:11:28.730230 16794 raft_consensus.cc:493] T 62681f7c1578412a9efdbbe2f8ef2bdd P ac37bfc716b64b1e88475440d7e1eea6 [term 0 FOLLOWER]: Starting pre-election (no leader contacted us within the election timeout)
I20260710 11:11:28.730684 16794 raft_consensus.cc:515] T 62681f7c1578412a9efdbbe2f8ef2bdd P ac37bfc716b64b1e88475440d7e1eea6 [term 0 FOLLOWER]: Starting pre-election with config: opid_index: -1 OBSOLETE_local: false peers { permanent_uuid: "ac37bfc716b64b1e88475440d7e1eea6" member_type: VOTER last_known_addr { host: "127.16.11.129" port: 42901 } } peers { permanent_uuid: "9cf2f97150434430b4525d9956d0417b" member_type: VOTER last_known_addr { host: "127.16.11.130" port: 45215 } } peers { permanent_uuid: "0bae623f59354af489038a0c4b0f1db9" member_type: VOTER last_known_addr { host: "127.16.11.131" port: 40045 } }
I20260710 11:11:28.740337 16794 leader_election.cc:290] T 62681f7c1578412a9efdbbe2f8ef2bdd P ac37bfc716b64b1e88475440d7e1eea6 [CANDIDATE]: Term 1 pre-election: Requested pre-vote from peers 9cf2f97150434430b4525d9956d0417b (127.16.11.130:45215), 0bae623f59354af489038a0c4b0f1db9 (127.16.11.131:40045)
I20260710 11:11:28.741065 16641 tablet_service.cc:1917] Received RequestConsensusVote() RPC: tablet_id: "62681f7c1578412a9efdbbe2f8ef2bdd" candidate_uuid: "ac37bfc716b64b1e88475440d7e1eea6" candidate_term: 1 candidate_status { last_received { term: 0 index: 0 } } ignore_live_leader: false dest_uuid: "9cf2f97150434430b4525d9956d0417b" is_pre_election: true
I20260710 11:11:28.741740 16760 ts_tablet_manager.cc:1434] T fab25bea44ba431f9ba149d3d18ded96 P ac37bfc716b64b1e88475440d7e1eea6: Time spent starting tablet: real 0.067s	user 0.012s	sys 0.010s
I20260710 11:11:28.742779 16760 tablet_bootstrap.cc:492] T 88c2c9a4cc4d44049fba8a8979120137 P ac37bfc716b64b1e88475440d7e1eea6: Bootstrap starting.
W20260710 11:11:28.742751 16531 leader_election.cc:343] T 62681f7c1578412a9efdbbe2f8ef2bdd P ac37bfc716b64b1e88475440d7e1eea6 [CANDIDATE]: Term 1 pre-election: Tablet error from VoteRequest() call to peer 9cf2f97150434430b4525d9956d0417b (127.16.11.130:45215): Illegal state: must be running to vote when last-logged opid is not known
I20260710 11:11:28.745357 16714 tablet_service.cc:1917] Received RequestConsensusVote() RPC: tablet_id: "62681f7c1578412a9efdbbe2f8ef2bdd" candidate_uuid: "ac37bfc716b64b1e88475440d7e1eea6" candidate_term: 1 candidate_status { last_received { term: 0 index: 0 } } ignore_live_leader: false dest_uuid: "0bae623f59354af489038a0c4b0f1db9" is_pre_election: true
I20260710 11:11:28.762104 16792 raft_consensus.cc:493] T 8b248a0e16eb43b291a6277d73a519f0 P ac37bfc716b64b1e88475440d7e1eea6 [term 0 FOLLOWER]: Starting pre-election (no leader contacted us within the election timeout)
I20260710 11:11:28.762595 16792 raft_consensus.cc:515] T 8b248a0e16eb43b291a6277d73a519f0 P ac37bfc716b64b1e88475440d7e1eea6 [term 0 FOLLOWER]: Starting pre-election with config: opid_index: -1 OBSOLETE_local: false peers { permanent_uuid: "ac37bfc716b64b1e88475440d7e1eea6" member_type: VOTER last_known_addr { host: "127.16.11.129" port: 42901 } } peers { permanent_uuid: "9cf2f97150434430b4525d9956d0417b" member_type: VOTER last_known_addr { host: "127.16.11.130" port: 45215 } } peers { permanent_uuid: "0bae623f59354af489038a0c4b0f1db9" member_type: VOTER last_known_addr { host: "127.16.11.131" port: 40045 } }
W20260710 11:11:28.769023 16530 leader_election.cc:343] T 62681f7c1578412a9efdbbe2f8ef2bdd P ac37bfc716b64b1e88475440d7e1eea6 [CANDIDATE]: Term 1 pre-election: Tablet error from VoteRequest() call to peer 0bae623f59354af489038a0c4b0f1db9 (127.16.11.131:40045): Illegal state: must be running to vote when last-logged opid is not known
I20260710 11:11:28.770293 16530 leader_election.cc:304] T 62681f7c1578412a9efdbbe2f8ef2bdd P ac37bfc716b64b1e88475440d7e1eea6 [CANDIDATE]: Term 1 pre-election: Election decided. Result: candidate lost. Election summary: received 3 responses out of 3 voters: 1 yes votes; 2 no votes. yes voters: ac37bfc716b64b1e88475440d7e1eea6; no voters: 0bae623f59354af489038a0c4b0f1db9, 9cf2f97150434430b4525d9956d0417b
I20260710 11:11:28.774016 16792 leader_election.cc:290] T 8b248a0e16eb43b291a6277d73a519f0 P ac37bfc716b64b1e88475440d7e1eea6 [CANDIDATE]: Term 1 pre-election: Requested pre-vote from peers 9cf2f97150434430b4525d9956d0417b (127.16.11.130:45215), 0bae623f59354af489038a0c4b0f1db9 (127.16.11.131:40045)
I20260710 11:11:28.774941 16714 tablet_service.cc:1917] Received RequestConsensusVote() RPC: tablet_id: "8b248a0e16eb43b291a6277d73a519f0" candidate_uuid: "ac37bfc716b64b1e88475440d7e1eea6" candidate_term: 1 candidate_status { last_received { term: 0 index: 0 } } ignore_live_leader: false dest_uuid: "0bae623f59354af489038a0c4b0f1db9" is_pre_election: true
I20260710 11:11:28.775588 16641 tablet_service.cc:1917] Received RequestConsensusVote() RPC: tablet_id: "8b248a0e16eb43b291a6277d73a519f0" candidate_uuid: "ac37bfc716b64b1e88475440d7e1eea6" candidate_term: 1 candidate_status { last_received { term: 0 index: 0 } } ignore_live_leader: false dest_uuid: "9cf2f97150434430b4525d9956d0417b" is_pre_election: true
W20260710 11:11:28.776180 16530 leader_election.cc:343] T 8b248a0e16eb43b291a6277d73a519f0 P ac37bfc716b64b1e88475440d7e1eea6 [CANDIDATE]: Term 1 pre-election: Tablet error from VoteRequest() call to peer 0bae623f59354af489038a0c4b0f1db9 (127.16.11.131:40045): Illegal state: must be running to vote when last-logged opid is not known
I20260710 11:11:28.776151 16641 raft_consensus.cc:2468] T 8b248a0e16eb43b291a6277d73a519f0 P 9cf2f97150434430b4525d9956d0417b [term 0 FOLLOWER]: Leader pre-election vote request: Granting yes vote for candidate ac37bfc716b64b1e88475440d7e1eea6 in term 0.
I20260710 11:11:28.777709 16531 leader_election.cc:304] T 8b248a0e16eb43b291a6277d73a519f0 P ac37bfc716b64b1e88475440d7e1eea6 [CANDIDATE]: Term 1 pre-election: Election decided. Result: candidate won. Election summary: received 3 responses out of 3 voters: 2 yes votes; 1 no votes. yes voters: 9cf2f97150434430b4525d9956d0417b, ac37bfc716b64b1e88475440d7e1eea6; no voters: 0bae623f59354af489038a0c4b0f1db9
I20260710 11:11:28.779803 16760 tablet_bootstrap.cc:654] T 88c2c9a4cc4d44049fba8a8979120137 P ac37bfc716b64b1e88475440d7e1eea6: Neither blocks nor log segments found. Creating new log.
I20260710 11:11:28.773238 16766 raft_consensus.cc:2749] T 62681f7c1578412a9efdbbe2f8ef2bdd P ac37bfc716b64b1e88475440d7e1eea6 [term 0 FOLLOWER]: Leader pre-election lost for term 1. Reason: could not achieve majority
I20260710 11:11:28.784081 16766 raft_consensus.cc:2804] T 8b248a0e16eb43b291a6277d73a519f0 P ac37bfc716b64b1e88475440d7e1eea6 [term 0 FOLLOWER]: Leader pre-election won for term 1
I20260710 11:11:28.784441 16766 raft_consensus.cc:493] T 8b248a0e16eb43b291a6277d73a519f0 P ac37bfc716b64b1e88475440d7e1eea6 [term 0 FOLLOWER]: Starting leader election (no leader contacted us within the election timeout)
I20260710 11:11:28.784785 16766 raft_consensus.cc:3060] T 8b248a0e16eb43b291a6277d73a519f0 P ac37bfc716b64b1e88475440d7e1eea6 [term 0 FOLLOWER]: Advancing to term 1
I20260710 11:11:28.785557 16460 catalog_manager.cc:5697] T 2f879a5554114a0b87ab506cb3dda629 P ac37bfc716b64b1e88475440d7e1eea6 reported cstate change: term changed from 0 to 1, leader changed from <none> to ac37bfc716b64b1e88475440d7e1eea6 (127.16.11.129). New cstate: current_term: 1 leader_uuid: "ac37bfc716b64b1e88475440d7e1eea6" committed_config { opid_index: -1 OBSOLETE_local: false peers { permanent_uuid: "0bae623f59354af489038a0c4b0f1db9" member_type: VOTER last_known_addr { host: "127.16.11.131" port: 40045 } health_report { overall_health: UNKNOWN } } peers { permanent_uuid: "9cf2f97150434430b4525d9956d0417b" member_type: VOTER last_known_addr { host: "127.16.11.130" port: 45215 } health_report { overall_health: UNKNOWN } } peers { permanent_uuid: "ac37bfc716b64b1e88475440d7e1eea6" member_type: VOTER last_known_addr { host: "127.16.11.129" port: 42901 } health_report { overall_health: HEALTHY } } }
I20260710 11:11:28.790982 16759 tablet_bootstrap.cc:492] T 88c2c9a4cc4d44049fba8a8979120137 P 9cf2f97150434430b4525d9956d0417b: No bootstrap required, opened a new log
I20260710 11:11:28.791426 16759 ts_tablet_manager.cc:1403] T 88c2c9a4cc4d44049fba8a8979120137 P 9cf2f97150434430b4525d9956d0417b: Time spent bootstrapping tablet: real 0.113s	user 0.019s	sys 0.037s
I20260710 11:11:28.794075 16758 tablet_bootstrap.cc:492] T 8b248a0e16eb43b291a6277d73a519f0 P 0bae623f59354af489038a0c4b0f1db9: No bootstrap required, opened a new log
I20260710 11:11:28.794464 16759 raft_consensus.cc:359] T 88c2c9a4cc4d44049fba8a8979120137 P 9cf2f97150434430b4525d9956d0417b [term 0 FOLLOWER]: Replica starting. Triggering 0 pending ops. Active config: opid_index: -1 OBSOLETE_local: false peers { permanent_uuid: "ac37bfc716b64b1e88475440d7e1eea6" member_type: VOTER last_known_addr { host: "127.16.11.129" port: 42901 } } peers { permanent_uuid: "9cf2f97150434430b4525d9956d0417b" member_type: VOTER last_known_addr { host: "127.16.11.130" port: 45215 } } peers { permanent_uuid: "0bae623f59354af489038a0c4b0f1db9" member_type: VOTER last_known_addr { host: "127.16.11.131" port: 40045 } }
I20260710 11:11:28.795341 16759 raft_consensus.cc:385] T 88c2c9a4cc4d44049fba8a8979120137 P 9cf2f97150434430b4525d9956d0417b [term 0 FOLLOWER]: Consensus starting up: Expiring failure detector timer to make a prompt election more likely
I20260710 11:11:28.794502 16758 ts_tablet_manager.cc:1403] T 8b248a0e16eb43b291a6277d73a519f0 P 0bae623f59354af489038a0c4b0f1db9: Time spent bootstrapping tablet: real 0.116s	user 0.009s	sys 0.015s
I20260710 11:11:28.795830 16759 raft_consensus.cc:740] T 88c2c9a4cc4d44049fba8a8979120137 P 9cf2f97150434430b4525d9956d0417b [term 0 FOLLOWER]: Becoming Follower/Learner. State: Replica: 9cf2f97150434430b4525d9956d0417b, State: Initialized, Role: FOLLOWER
I20260710 11:11:28.796663 16766 raft_consensus.cc:515] T 8b248a0e16eb43b291a6277d73a519f0 P ac37bfc716b64b1e88475440d7e1eea6 [term 1 FOLLOWER]: Starting leader election with config: opid_index: -1 OBSOLETE_local: false peers { permanent_uuid: "ac37bfc716b64b1e88475440d7e1eea6" member_type: VOTER last_known_addr { host: "127.16.11.129" port: 42901 } } peers { permanent_uuid: "9cf2f97150434430b4525d9956d0417b" member_type: VOTER last_known_addr { host: "127.16.11.130" port: 45215 } } peers { permanent_uuid: "0bae623f59354af489038a0c4b0f1db9" member_type: VOTER last_known_addr { host: "127.16.11.131" port: 40045 } }
I20260710 11:11:28.798875 16759 consensus_queue.cc:260] T 88c2c9a4cc4d44049fba8a8979120137 P 9cf2f97150434430b4525d9956d0417b [NON_LEADER]: Queue going to NON_LEADER mode. State: All replicated index: 0, Majority replicated index: 0, Committed index: 0, Last appended: 0.0, Last appended by leader: 0, Current term: 0, Majority size: -1, State: 0, Mode: NON_LEADER, active raft config: opid_index: -1 OBSOLETE_local: false peers { permanent_uuid: "ac37bfc716b64b1e88475440d7e1eea6" member_type: VOTER last_known_addr { host: "127.16.11.129" port: 42901 } } peers { permanent_uuid: "9cf2f97150434430b4525d9956d0417b" member_type: VOTER last_known_addr { host: "127.16.11.130" port: 45215 } } peers { permanent_uuid: "0bae623f59354af489038a0c4b0f1db9" member_type: VOTER last_known_addr { host: "127.16.11.131" port: 40045 } }
I20260710 11:11:28.801286 16759 ts_tablet_manager.cc:1434] T 88c2c9a4cc4d44049fba8a8979120137 P 9cf2f97150434430b4525d9956d0417b: Time spent starting tablet: real 0.010s	user 0.008s	sys 0.000s
I20260710 11:11:28.801630 16641 tablet_service.cc:1917] Received RequestConsensusVote() RPC: tablet_id: "8b248a0e16eb43b291a6277d73a519f0" candidate_uuid: "ac37bfc716b64b1e88475440d7e1eea6" candidate_term: 1 candidate_status { last_received { term: 0 index: 0 } } ignore_live_leader: false dest_uuid: "9cf2f97150434430b4525d9956d0417b"
I20260710 11:11:28.802177 16641 raft_consensus.cc:3060] T 8b248a0e16eb43b291a6277d73a519f0 P 9cf2f97150434430b4525d9956d0417b [term 0 FOLLOWER]: Advancing to term 1
I20260710 11:11:28.803010 16760 tablet_bootstrap.cc:492] T 88c2c9a4cc4d44049fba8a8979120137 P ac37bfc716b64b1e88475440d7e1eea6: No bootstrap required, opened a new log
I20260710 11:11:28.803434 16760 ts_tablet_manager.cc:1403] T 88c2c9a4cc4d44049fba8a8979120137 P ac37bfc716b64b1e88475440d7e1eea6: Time spent bootstrapping tablet: real 0.061s	user 0.011s	sys 0.003s
I20260710 11:11:28.806595 16759 tablet_bootstrap.cc:492] T 62681f7c1578412a9efdbbe2f8ef2bdd P 9cf2f97150434430b4525d9956d0417b: Bootstrap starting.
I20260710 11:11:28.808347 16641 raft_consensus.cc:2468] T 8b248a0e16eb43b291a6277d73a519f0 P 9cf2f97150434430b4525d9956d0417b [term 1 FOLLOWER]: Leader election vote request: Granting yes vote for candidate ac37bfc716b64b1e88475440d7e1eea6 in term 1.
I20260710 11:11:28.809412 16531 leader_election.cc:304] T 8b248a0e16eb43b291a6277d73a519f0 P ac37bfc716b64b1e88475440d7e1eea6 [CANDIDATE]: Term 1 election: Election decided. Result: candidate won. Election summary: received 2 responses out of 3 voters: 2 yes votes; 0 no votes. yes voters: 9cf2f97150434430b4525d9956d0417b, ac37bfc716b64b1e88475440d7e1eea6; no voters: 
I20260710 11:11:28.810350 16792 raft_consensus.cc:2804] T 8b248a0e16eb43b291a6277d73a519f0 P ac37bfc716b64b1e88475440d7e1eea6 [term 1 FOLLOWER]: Leader election won for term 1
I20260710 11:11:28.810947 16792 raft_consensus.cc:697] T 8b248a0e16eb43b291a6277d73a519f0 P ac37bfc716b64b1e88475440d7e1eea6 [term 1 LEADER]: Becoming Leader. State: Replica: ac37bfc716b64b1e88475440d7e1eea6, State: Running, Role: LEADER
I20260710 11:11:28.810678 16760 raft_consensus.cc:359] T 88c2c9a4cc4d44049fba8a8979120137 P ac37bfc716b64b1e88475440d7e1eea6 [term 0 FOLLOWER]: Replica starting. Triggering 0 pending ops. Active config: opid_index: -1 OBSOLETE_local: false peers { permanent_uuid: "ac37bfc716b64b1e88475440d7e1eea6" member_type: VOTER last_known_addr { host: "127.16.11.129" port: 42901 } } peers { permanent_uuid: "9cf2f97150434430b4525d9956d0417b" member_type: VOTER last_known_addr { host: "127.16.11.130" port: 45215 } } peers { permanent_uuid: "0bae623f59354af489038a0c4b0f1db9" member_type: VOTER last_known_addr { host: "127.16.11.131" port: 40045 } }
I20260710 11:11:28.811450 16760 raft_consensus.cc:385] T 88c2c9a4cc4d44049fba8a8979120137 P ac37bfc716b64b1e88475440d7e1eea6 [term 0 FOLLOWER]: Consensus starting up: Expiring failure detector timer to make a prompt election more likely
I20260710 11:11:28.811750 16760 raft_consensus.cc:740] T 88c2c9a4cc4d44049fba8a8979120137 P ac37bfc716b64b1e88475440d7e1eea6 [term 0 FOLLOWER]: Becoming Follower/Learner. State: Replica: ac37bfc716b64b1e88475440d7e1eea6, State: Initialized, Role: FOLLOWER
I20260710 11:11:28.811758 16792 consensus_queue.cc:237] T 8b248a0e16eb43b291a6277d73a519f0 P ac37bfc716b64b1e88475440d7e1eea6 [LEADER]: Queue going to LEADER mode. State: All replicated index: 0, Majority replicated index: 0, Committed index: 0, Last appended: 0.0, Last appended by leader: 0, Current term: 1, Majority size: 2, State: 0, Mode: LEADER, active raft config: opid_index: -1 OBSOLETE_local: false peers { permanent_uuid: "ac37bfc716b64b1e88475440d7e1eea6" member_type: VOTER last_known_addr { host: "127.16.11.129" port: 42901 } } peers { permanent_uuid: "9cf2f97150434430b4525d9956d0417b" member_type: VOTER last_known_addr { host: "127.16.11.130" port: 45215 } } peers { permanent_uuid: "0bae623f59354af489038a0c4b0f1db9" member_type: VOTER last_known_addr { host: "127.16.11.131" port: 40045 } }
I20260710 11:11:28.813140 16766 leader_election.cc:290] T 8b248a0e16eb43b291a6277d73a519f0 P ac37bfc716b64b1e88475440d7e1eea6 [CANDIDATE]: Term 1 election: Requested vote from peers 9cf2f97150434430b4525d9956d0417b (127.16.11.130:45215), 0bae623f59354af489038a0c4b0f1db9 (127.16.11.131:40045)
I20260710 11:11:28.814749 16714 tablet_service.cc:1917] Received RequestConsensusVote() RPC: tablet_id: "8b248a0e16eb43b291a6277d73a519f0" candidate_uuid: "ac37bfc716b64b1e88475440d7e1eea6" candidate_term: 1 candidate_status { last_received { term: 0 index: 0 } } ignore_live_leader: false dest_uuid: "0bae623f59354af489038a0c4b0f1db9"
I20260710 11:11:28.815836 16760 consensus_queue.cc:260] T 88c2c9a4cc4d44049fba8a8979120137 P ac37bfc716b64b1e88475440d7e1eea6 [NON_LEADER]: Queue going to NON_LEADER mode. State: All replicated index: 0, Majority replicated index: 0, Committed index: 0, Last appended: 0.0, Last appended by leader: 0, Current term: 0, Majority size: -1, State: 0, Mode: NON_LEADER, active raft config: opid_index: -1 OBSOLETE_local: false peers { permanent_uuid: "ac37bfc716b64b1e88475440d7e1eea6" member_type: VOTER last_known_addr { host: "127.16.11.129" port: 42901 } } peers { permanent_uuid: "9cf2f97150434430b4525d9956d0417b" member_type: VOTER last_known_addr { host: "127.16.11.130" port: 45215 } } peers { permanent_uuid: "0bae623f59354af489038a0c4b0f1db9" member_type: VOTER last_known_addr { host: "127.16.11.131" port: 40045 } }
I20260710 11:11:28.821583 16759 tablet_bootstrap.cc:654] T 62681f7c1578412a9efdbbe2f8ef2bdd P 9cf2f97150434430b4525d9956d0417b: Neither blocks nor log segments found. Creating new log.
I20260710 11:11:28.824115 16760 ts_tablet_manager.cc:1434] T 88c2c9a4cc4d44049fba8a8979120137 P ac37bfc716b64b1e88475440d7e1eea6: Time spent starting tablet: real 0.020s	user 0.008s	sys 0.000s
W20260710 11:11:28.828595 16530 leader_election.cc:343] T 8b248a0e16eb43b291a6277d73a519f0 P ac37bfc716b64b1e88475440d7e1eea6 [CANDIDATE]: Term 1 election: Tablet error from VoteRequest() call to peer 0bae623f59354af489038a0c4b0f1db9 (127.16.11.131:40045): Illegal state: must be running to vote when last-logged opid is not known
I20260710 11:11:28.828539 16758 raft_consensus.cc:359] T 8b248a0e16eb43b291a6277d73a519f0 P 0bae623f59354af489038a0c4b0f1db9 [term 0 FOLLOWER]: Replica starting. Triggering 0 pending ops. Active config: opid_index: -1 OBSOLETE_local: false peers { permanent_uuid: "ac37bfc716b64b1e88475440d7e1eea6" member_type: VOTER last_known_addr { host: "127.16.11.129" port: 42901 } } peers { permanent_uuid: "9cf2f97150434430b4525d9956d0417b" member_type: VOTER last_known_addr { host: "127.16.11.130" port: 45215 } } peers { permanent_uuid: "0bae623f59354af489038a0c4b0f1db9" member_type: VOTER last_known_addr { host: "127.16.11.131" port: 40045 } }
I20260710 11:11:28.829279 16758 raft_consensus.cc:385] T 8b248a0e16eb43b291a6277d73a519f0 P 0bae623f59354af489038a0c4b0f1db9 [term 0 FOLLOWER]: Consensus starting up: Expiring failure detector timer to make a prompt election more likely
I20260710 11:11:28.829569 16758 raft_consensus.cc:740] T 8b248a0e16eb43b291a6277d73a519f0 P 0bae623f59354af489038a0c4b0f1db9 [term 0 FOLLOWER]: Becoming Follower/Learner. State: Replica: 0bae623f59354af489038a0c4b0f1db9, State: Initialized, Role: FOLLOWER
I20260710 11:11:28.830029 16760 tablet_bootstrap.cc:492] T 3a13aab6a02049339889eef58331ec52 P ac37bfc716b64b1e88475440d7e1eea6: Bootstrap starting.
I20260710 11:11:28.834491 16758 consensus_queue.cc:260] T 8b248a0e16eb43b291a6277d73a519f0 P 0bae623f59354af489038a0c4b0f1db9 [NON_LEADER]: Queue going to NON_LEADER mode. State: All replicated index: 0, Majority replicated index: 0, Committed index: 0, Last appended: 0.0, Last appended by leader: 0, Current term: 0, Majority size: -1, State: 0, Mode: NON_LEADER, active raft config: opid_index: -1 OBSOLETE_local: false peers { permanent_uuid: "ac37bfc716b64b1e88475440d7e1eea6" member_type: VOTER last_known_addr { host: "127.16.11.129" port: 42901 } } peers { permanent_uuid: "9cf2f97150434430b4525d9956d0417b" member_type: VOTER last_known_addr { host: "127.16.11.130" port: 45215 } } peers { permanent_uuid: "0bae623f59354af489038a0c4b0f1db9" member_type: VOTER last_known_addr { host: "127.16.11.131" port: 40045 } }
I20260710 11:11:28.846709 16758 ts_tablet_manager.cc:1434] T 8b248a0e16eb43b291a6277d73a519f0 P 0bae623f59354af489038a0c4b0f1db9: Time spent starting tablet: real 0.050s	user 0.008s	sys 0.003s
I20260710 11:11:28.849562 16463 catalog_manager.cc:5697] T fab25bea44ba431f9ba149d3d18ded96 P 9cf2f97150434430b4525d9956d0417b reported cstate change: term changed from 0 to 1, leader changed from <none> to 9cf2f97150434430b4525d9956d0417b (127.16.11.130). New cstate: current_term: 1 leader_uuid: "9cf2f97150434430b4525d9956d0417b" committed_config { opid_index: -1 OBSOLETE_local: false peers { permanent_uuid: "ac37bfc716b64b1e88475440d7e1eea6" member_type: VOTER last_known_addr { host: "127.16.11.129" port: 42901 } health_report { overall_health: UNKNOWN } } peers { permanent_uuid: "9cf2f97150434430b4525d9956d0417b" member_type: VOTER last_known_addr { host: "127.16.11.130" port: 45215 } health_report { overall_health: HEALTHY } } peers { permanent_uuid: "0bae623f59354af489038a0c4b0f1db9" member_type: VOTER last_known_addr { host: "127.16.11.131" port: 40045 } health_report { overall_health: UNKNOWN } } }
I20260710 11:11:28.851763 16760 tablet_bootstrap.cc:654] T 3a13aab6a02049339889eef58331ec52 P ac37bfc716b64b1e88475440d7e1eea6: Neither blocks nor log segments found. Creating new log.
I20260710 11:11:28.855232 16792 raft_consensus.cc:493] T fab25bea44ba431f9ba149d3d18ded96 P ac37bfc716b64b1e88475440d7e1eea6 [term 0 FOLLOWER]: Starting pre-election (no leader contacted us within the election timeout)
I20260710 11:11:28.855839 16758 tablet_bootstrap.cc:492] T f2dc143410bf4785abc326e91da33f59 P 0bae623f59354af489038a0c4b0f1db9: Bootstrap starting.
I20260710 11:11:28.855655 16792 raft_consensus.cc:515] T fab25bea44ba431f9ba149d3d18ded96 P ac37bfc716b64b1e88475440d7e1eea6 [term 0 FOLLOWER]: Starting pre-election with config: opid_index: -1 OBSOLETE_local: false peers { permanent_uuid: "ac37bfc716b64b1e88475440d7e1eea6" member_type: VOTER last_known_addr { host: "127.16.11.129" port: 42901 } } peers { permanent_uuid: "9cf2f97150434430b4525d9956d0417b" member_type: VOTER last_known_addr { host: "127.16.11.130" port: 45215 } } peers { permanent_uuid: "0bae623f59354af489038a0c4b0f1db9" member_type: VOTER last_known_addr { host: "127.16.11.131" port: 40045 } }
I20260710 11:11:28.857673 16792 leader_election.cc:290] T fab25bea44ba431f9ba149d3d18ded96 P ac37bfc716b64b1e88475440d7e1eea6 [CANDIDATE]: Term 1 pre-election: Requested pre-vote from peers 9cf2f97150434430b4525d9956d0417b (127.16.11.130:45215), 0bae623f59354af489038a0c4b0f1db9 (127.16.11.131:40045)
I20260710 11:11:28.859900 16714 tablet_service.cc:1917] Received RequestConsensusVote() RPC: tablet_id: "fab25bea44ba431f9ba149d3d18ded96" candidate_uuid: "ac37bfc716b64b1e88475440d7e1eea6" candidate_term: 1 candidate_status { last_received { term: 0 index: 0 } } ignore_live_leader: false dest_uuid: "0bae623f59354af489038a0c4b0f1db9" is_pre_election: true
I20260710 11:11:28.860636 16641 tablet_service.cc:1917] Received RequestConsensusVote() RPC: tablet_id: "fab25bea44ba431f9ba149d3d18ded96" candidate_uuid: "ac37bfc716b64b1e88475440d7e1eea6" candidate_term: 1 candidate_status { last_received { term: 0 index: 0 } } ignore_live_leader: false dest_uuid: "9cf2f97150434430b4525d9956d0417b" is_pre_election: true
I20260710 11:11:28.861162 16759 tablet_bootstrap.cc:492] T 62681f7c1578412a9efdbbe2f8ef2bdd P 9cf2f97150434430b4525d9956d0417b: No bootstrap required, opened a new log
I20260710 11:11:28.860663 16714 raft_consensus.cc:2393] T fab25bea44ba431f9ba149d3d18ded96 P 0bae623f59354af489038a0c4b0f1db9 [term 1 FOLLOWER]: Leader pre-election vote request: Denying vote to candidate ac37bfc716b64b1e88475440d7e1eea6 in current term 1: Already voted for candidate 9cf2f97150434430b4525d9956d0417b in this term.
I20260710 11:11:28.864064 16530 leader_election.cc:304] T fab25bea44ba431f9ba149d3d18ded96 P ac37bfc716b64b1e88475440d7e1eea6 [CANDIDATE]: Term 1 pre-election: Election decided. Result: candidate lost. Election summary: received 3 responses out of 3 voters: 1 yes votes; 2 no votes. yes voters: ac37bfc716b64b1e88475440d7e1eea6; no voters: 0bae623f59354af489038a0c4b0f1db9, 9cf2f97150434430b4525d9956d0417b
I20260710 11:11:28.869628 16460 catalog_manager.cc:5697] T 8b248a0e16eb43b291a6277d73a519f0 P ac37bfc716b64b1e88475440d7e1eea6 reported cstate change: term changed from 0 to 1, leader changed from <none> to ac37bfc716b64b1e88475440d7e1eea6 (127.16.11.129). New cstate: current_term: 1 leader_uuid: "ac37bfc716b64b1e88475440d7e1eea6" committed_config { opid_index: -1 OBSOLETE_local: false peers { permanent_uuid: "ac37bfc716b64b1e88475440d7e1eea6" member_type: VOTER last_known_addr { host: "127.16.11.129" port: 42901 } health_report { overall_health: HEALTHY } } peers { permanent_uuid: "9cf2f97150434430b4525d9956d0417b" member_type: VOTER last_known_addr { host: "127.16.11.130" port: 45215 } health_report { overall_health: UNKNOWN } } peers { permanent_uuid: "0bae623f59354af489038a0c4b0f1db9" member_type: VOTER last_known_addr { host: "127.16.11.131" port: 40045 } health_report { overall_health: UNKNOWN } } }
I20260710 11:11:28.881765 16759 ts_tablet_manager.cc:1403] T 62681f7c1578412a9efdbbe2f8ef2bdd P 9cf2f97150434430b4525d9956d0417b: Time spent bootstrapping tablet: real 0.075s	user 0.010s	sys 0.027s
I20260710 11:11:28.881794 16792 raft_consensus.cc:3060] T fab25bea44ba431f9ba149d3d18ded96 P ac37bfc716b64b1e88475440d7e1eea6 [term 0 FOLLOWER]: Advancing to term 1
I20260710 11:11:28.884326 16759 raft_consensus.cc:359] T 62681f7c1578412a9efdbbe2f8ef2bdd P 9cf2f97150434430b4525d9956d0417b [term 0 FOLLOWER]: Replica starting. Triggering 0 pending ops. Active config: opid_index: -1 OBSOLETE_local: false peers { permanent_uuid: "ac37bfc716b64b1e88475440d7e1eea6" member_type: VOTER last_known_addr { host: "127.16.11.129" port: 42901 } } peers { permanent_uuid: "9cf2f97150434430b4525d9956d0417b" member_type: VOTER last_known_addr { host: "127.16.11.130" port: 45215 } } peers { permanent_uuid: "0bae623f59354af489038a0c4b0f1db9" member_type: VOTER last_known_addr { host: "127.16.11.131" port: 40045 } }
I20260710 11:11:28.885035 16759 raft_consensus.cc:385] T 62681f7c1578412a9efdbbe2f8ef2bdd P 9cf2f97150434430b4525d9956d0417b [term 0 FOLLOWER]: Consensus starting up: Expiring failure detector timer to make a prompt election more likely
I20260710 11:11:28.885401 16759 raft_consensus.cc:740] T 62681f7c1578412a9efdbbe2f8ef2bdd P 9cf2f97150434430b4525d9956d0417b [term 0 FOLLOWER]: Becoming Follower/Learner. State: Replica: 9cf2f97150434430b4525d9956d0417b, State: Initialized, Role: FOLLOWER
I20260710 11:11:28.886101 16759 consensus_queue.cc:260] T 62681f7c1578412a9efdbbe2f8ef2bdd P 9cf2f97150434430b4525d9956d0417b [NON_LEADER]: Queue going to NON_LEADER mode. State: All replicated index: 0, Majority replicated index: 0, Committed index: 0, Last appended: 0.0, Last appended by leader: 0, Current term: 0, Majority size: -1, State: 0, Mode: NON_LEADER, active raft config: opid_index: -1 OBSOLETE_local: false peers { permanent_uuid: "ac37bfc716b64b1e88475440d7e1eea6" member_type: VOTER last_known_addr { host: "127.16.11.129" port: 42901 } } peers { permanent_uuid: "9cf2f97150434430b4525d9956d0417b" member_type: VOTER last_known_addr { host: "127.16.11.130" port: 45215 } } peers { permanent_uuid: "0bae623f59354af489038a0c4b0f1db9" member_type: VOTER last_known_addr { host: "127.16.11.131" port: 40045 } }
I20260710 11:11:28.888013 16760 tablet_bootstrap.cc:492] T 3a13aab6a02049339889eef58331ec52 P ac37bfc716b64b1e88475440d7e1eea6: No bootstrap required, opened a new log
I20260710 11:11:28.888124 16759 ts_tablet_manager.cc:1434] T 62681f7c1578412a9efdbbe2f8ef2bdd P 9cf2f97150434430b4525d9956d0417b: Time spent starting tablet: real 0.006s	user 0.004s	sys 0.000s
I20260710 11:11:28.888490 16760 ts_tablet_manager.cc:1403] T 3a13aab6a02049339889eef58331ec52 P ac37bfc716b64b1e88475440d7e1eea6: Time spent bootstrapping tablet: real 0.059s	user 0.015s	sys 0.004s
I20260710 11:11:28.889115 16759 tablet_bootstrap.cc:492] T 86bf558787d54a9eabed8080ef691d0f P 9cf2f97150434430b4525d9956d0417b: Bootstrap starting.
I20260710 11:11:28.891386 16760 raft_consensus.cc:359] T 3a13aab6a02049339889eef58331ec52 P ac37bfc716b64b1e88475440d7e1eea6 [term 0 FOLLOWER]: Replica starting. Triggering 0 pending ops. Active config: opid_index: -1 OBSOLETE_local: false peers { permanent_uuid: "ac37bfc716b64b1e88475440d7e1eea6" member_type: VOTER last_known_addr { host: "127.16.11.129" port: 42901 } } peers { permanent_uuid: "9cf2f97150434430b4525d9956d0417b" member_type: VOTER last_known_addr { host: "127.16.11.130" port: 45215 } } peers { permanent_uuid: "0bae623f59354af489038a0c4b0f1db9" member_type: VOTER last_known_addr { host: "127.16.11.131" port: 40045 } }
I20260710 11:11:28.891917 16760 raft_consensus.cc:385] T 3a13aab6a02049339889eef58331ec52 P ac37bfc716b64b1e88475440d7e1eea6 [term 0 FOLLOWER]: Consensus starting up: Expiring failure detector timer to make a prompt election more likely
I20260710 11:11:28.892181 16760 raft_consensus.cc:740] T 3a13aab6a02049339889eef58331ec52 P ac37bfc716b64b1e88475440d7e1eea6 [term 0 FOLLOWER]: Becoming Follower/Learner. State: Replica: ac37bfc716b64b1e88475440d7e1eea6, State: Initialized, Role: FOLLOWER
I20260710 11:11:28.893505 16760 consensus_queue.cc:260] T 3a13aab6a02049339889eef58331ec52 P ac37bfc716b64b1e88475440d7e1eea6 [NON_LEADER]: Queue going to NON_LEADER mode. State: All replicated index: 0, Majority replicated index: 0, Committed index: 0, Last appended: 0.0, Last appended by leader: 0, Current term: 0, Majority size: -1, State: 0, Mode: NON_LEADER, active raft config: opid_index: -1 OBSOLETE_local: false peers { permanent_uuid: "ac37bfc716b64b1e88475440d7e1eea6" member_type: VOTER last_known_addr { host: "127.16.11.129" port: 42901 } } peers { permanent_uuid: "9cf2f97150434430b4525d9956d0417b" member_type: VOTER last_known_addr { host: "127.16.11.130" port: 45215 } } peers { permanent_uuid: "0bae623f59354af489038a0c4b0f1db9" member_type: VOTER last_known_addr { host: "127.16.11.131" port: 40045 } }
I20260710 11:11:28.894662 16779 raft_consensus.cc:493] T 3a13aab6a02049339889eef58331ec52 P 9cf2f97150434430b4525d9956d0417b [term 0 FOLLOWER]: Starting pre-election (no leader contacted us within the election timeout)
I20260710 11:11:28.895087 16779 raft_consensus.cc:515] T 3a13aab6a02049339889eef58331ec52 P 9cf2f97150434430b4525d9956d0417b [term 0 FOLLOWER]: Starting pre-election with config: opid_index: -1 OBSOLETE_local: false peers { permanent_uuid: "ac37bfc716b64b1e88475440d7e1eea6" member_type: VOTER last_known_addr { host: "127.16.11.129" port: 42901 } } peers { permanent_uuid: "9cf2f97150434430b4525d9956d0417b" member_type: VOTER last_known_addr { host: "127.16.11.130" port: 45215 } } peers { permanent_uuid: "0bae623f59354af489038a0c4b0f1db9" member_type: VOTER last_known_addr { host: "127.16.11.131" port: 40045 } }
I20260710 11:11:28.896953 16779 leader_election.cc:290] T 3a13aab6a02049339889eef58331ec52 P 9cf2f97150434430b4525d9956d0417b [CANDIDATE]: Term 1 pre-election: Requested pre-vote from peers ac37bfc716b64b1e88475440d7e1eea6 (127.16.11.129:42901), 0bae623f59354af489038a0c4b0f1db9 (127.16.11.131:40045)
I20260710 11:11:28.898615 16566 tablet_service.cc:1917] Received RequestConsensusVote() RPC: tablet_id: "3a13aab6a02049339889eef58331ec52" candidate_uuid: "9cf2f97150434430b4525d9956d0417b" candidate_term: 1 candidate_status { last_received { term: 0 index: 0 } } ignore_live_leader: false dest_uuid: "ac37bfc716b64b1e88475440d7e1eea6" is_pre_election: true
I20260710 11:11:28.899205 16566 raft_consensus.cc:2468] T 3a13aab6a02049339889eef58331ec52 P ac37bfc716b64b1e88475440d7e1eea6 [term 0 FOLLOWER]: Leader pre-election vote request: Granting yes vote for candidate 9cf2f97150434430b4525d9956d0417b in term 0.
I20260710 11:11:28.900803 16758 tablet_bootstrap.cc:654] T f2dc143410bf4785abc326e91da33f59 P 0bae623f59354af489038a0c4b0f1db9: Neither blocks nor log segments found. Creating new log.
