I20260710 11:11:33.138682 22080 consensus_queue.cc:260] T 41069d5f69cd4cc2a550d4a32652fd10 P b85fcea255e1481eab2912e6aeb80cbc [NON_LEADER]: Queue going to NON_LEADER mode. State: All replicated index: 0, Majority replicated index: 3, Committed index: 3, Last appended: 4.3, Last appended by leader: 3, Current term: 4, Majority size: -1, State: 0, Mode: NON_LEADER, active raft config: opid_index: -1 OBSOLETE_local: false peers { permanent_uuid: "62bd4ced23ac44d7813c54e76db71e27" member_type: VOTER last_known_addr { host: "127.21.73.1" port: 33181 } } peers { permanent_uuid: "771e035debd7414eb973c8e592b749e6" member_type: VOTER last_known_addr { host: "127.21.73.2" port: 44083 } } peers { permanent_uuid: "b85fcea255e1481eab2912e6aeb80cbc" member_type: VOTER last_known_addr { host: "127.21.73.3" port: 40783 } }
I20260710 11:11:33.139544 22080 raft_consensus.cc:3060] T 41069d5f69cd4cc2a550d4a32652fd10 P b85fcea255e1481eab2912e6aeb80cbc [term 4 FOLLOWER]: Advancing to term 5
I20260710 11:11:33.143805 21931 raft_consensus.cc:2468] T 41069d5f69cd4cc2a550d4a32652fd10 P 62bd4ced23ac44d7813c54e76db71e27 [term 5 FOLLOWER]: Leader election vote request: Granting yes vote for candidate 771e035debd7414eb973c8e592b749e6 in term 5.
I20260710 11:11:33.143801 22080 raft_consensus.cc:2468] T 41069d5f69cd4cc2a550d4a32652fd10 P b85fcea255e1481eab2912e6aeb80cbc [term 5 FOLLOWER]: Leader election vote request: Granting yes vote for candidate 771e035debd7414eb973c8e592b749e6 in term 5.
I20260710 11:11:33.145171 21971 leader_election.cc:304] T 41069d5f69cd4cc2a550d4a32652fd10 P 771e035debd7414eb973c8e592b749e6 [CANDIDATE]: Term 5 election: Election decided. Result: candidate won. Election summary: received 2 responses out of 3 voters: 2 yes votes; 0 no votes. yes voters: 62bd4ced23ac44d7813c54e76db71e27, 771e035debd7414eb973c8e592b749e6; no voters: 
I20260710 11:11:33.146111 22215 raft_consensus.cc:2804] T 41069d5f69cd4cc2a550d4a32652fd10 P 771e035debd7414eb973c8e592b749e6 [term 5 FOLLOWER]: Leader election won for term 5
I20260710 11:11:33.149626 22215 raft_consensus.cc:697] T 41069d5f69cd4cc2a550d4a32652fd10 P 771e035debd7414eb973c8e592b749e6 [term 5 LEADER]: Becoming Leader. State: Replica: 771e035debd7414eb973c8e592b749e6, State: Running, Role: LEADER
I20260710 11:11:33.150545 22215 consensus_queue.cc:237] T 41069d5f69cd4cc2a550d4a32652fd10 P 771e035debd7414eb973c8e592b749e6 [LEADER]: Queue going to LEADER mode. State: All replicated index: 0, Majority replicated index: 3, Committed index: 3, Last appended: 4.3, Last appended by leader: 3, Current term: 5, Majority size: 2, State: 0, Mode: LEADER, active raft config: opid_index: -1 OBSOLETE_local: false peers { permanent_uuid: "62bd4ced23ac44d7813c54e76db71e27" member_type: VOTER last_known_addr { host: "127.21.73.1" port: 33181 } } peers { permanent_uuid: "771e035debd7414eb973c8e592b749e6" member_type: VOTER last_known_addr { host: "127.21.73.2" port: 44083 } } peers { permanent_uuid: "b85fcea255e1481eab2912e6aeb80cbc" member_type: VOTER last_known_addr { host: "127.21.73.3" port: 40783 } }
I20260710 11:11:33.170781 21827 catalog_manager.cc:5697] T 41069d5f69cd4cc2a550d4a32652fd10 P 771e035debd7414eb973c8e592b749e6 reported cstate change: term changed from 4 to 5, leader changed from b85fcea255e1481eab2912e6aeb80cbc (127.21.73.3) to 771e035debd7414eb973c8e592b749e6 (127.21.73.2). New cstate: current_term: 5 leader_uuid: "771e035debd7414eb973c8e592b749e6" committed_config { opid_index: -1 OBSOLETE_local: false peers { permanent_uuid: "62bd4ced23ac44d7813c54e76db71e27" member_type: VOTER last_known_addr { host: "127.21.73.1" port: 33181 } health_report { overall_health: UNKNOWN } } peers { permanent_uuid: "771e035debd7414eb973c8e592b749e6" member_type: VOTER last_known_addr { host: "127.21.73.2" port: 44083 } health_report { overall_health: HEALTHY } } peers { permanent_uuid: "b85fcea255e1481eab2912e6aeb80cbc" member_type: VOTER last_known_addr { host: "127.21.73.3" port: 40783 } health_report { overall_health: UNKNOWN } } }
I20260710 11:11:33.199244 22234 raft_consensus.cc:993] T 8de0049268f14a56a53612a81a51c55d P b85fcea255e1481eab2912e6aeb80cbc: : Instructing follower 771e035debd7414eb973c8e592b749e6 to start an election
I20260710 11:11:33.199752 22214 raft_consensus.cc:1081] T 8de0049268f14a56a53612a81a51c55d P b85fcea255e1481eab2912e6aeb80cbc [term 3 LEADER]: Signalling peer 771e035debd7414eb973c8e592b749e6 to start an election
I20260710 11:11:33.201349 22005 tablet_service.cc:2044] Received Run Leader Election RPC: tablet_id: "8de0049268f14a56a53612a81a51c55d"
dest_uuid: "771e035debd7414eb973c8e592b749e6"
 from {username='slave'} at 127.0.0.1:53780
I20260710 11:11:33.201903 22005 raft_consensus.cc:493] T 8de0049268f14a56a53612a81a51c55d P 771e035debd7414eb973c8e592b749e6 [term 3 FOLLOWER]: Starting forced leader election (received explicit request)
I20260710 11:11:33.202258 22005 raft_consensus.cc:3060] T 8de0049268f14a56a53612a81a51c55d P 771e035debd7414eb973c8e592b749e6 [term 3 FOLLOWER]: Advancing to term 4
I20260710 11:11:33.208968 22005 raft_consensus.cc:515] T 8de0049268f14a56a53612a81a51c55d P 771e035debd7414eb973c8e592b749e6 [term 4 FOLLOWER]: Starting forced leader election with config: opid_index: -1 OBSOLETE_local: false peers { permanent_uuid: "62bd4ced23ac44d7813c54e76db71e27" member_type: VOTER last_known_addr { host: "127.21.73.1" port: 33181 } } peers { permanent_uuid: "771e035debd7414eb973c8e592b749e6" member_type: VOTER last_known_addr { host: "127.21.73.2" port: 44083 } } peers { permanent_uuid: "b85fcea255e1481eab2912e6aeb80cbc" member_type: VOTER last_known_addr { host: "127.21.73.3" port: 40783 } }
I20260710 11:11:33.211202 22005 leader_election.cc:290] T 8de0049268f14a56a53612a81a51c55d P 771e035debd7414eb973c8e592b749e6 [CANDIDATE]: Term 4 election: Requested vote from peers 62bd4ced23ac44d7813c54e76db71e27 (127.21.73.1:33181), b85fcea255e1481eab2912e6aeb80cbc (127.21.73.3:40783)
I20260710 11:11:33.211498 21931 tablet_service.cc:1917] Received RequestConsensusVote() RPC: tablet_id: "8de0049268f14a56a53612a81a51c55d" candidate_uuid: "771e035debd7414eb973c8e592b749e6" candidate_term: 4 candidate_status { last_received { term: 3 index: 3 } } ignore_live_leader: true dest_uuid: "62bd4ced23ac44d7813c54e76db71e27"
I20260710 11:11:33.211764 22080 tablet_service.cc:1917] Received RequestConsensusVote() RPC: tablet_id: "8de0049268f14a56a53612a81a51c55d" candidate_uuid: "771e035debd7414eb973c8e592b749e6" candidate_term: 4 candidate_status { last_received { term: 3 index: 3 } } ignore_live_leader: true dest_uuid: "b85fcea255e1481eab2912e6aeb80cbc"
I20260710 11:11:33.212087 21931 raft_consensus.cc:3060] T 8de0049268f14a56a53612a81a51c55d P 62bd4ced23ac44d7813c54e76db71e27 [term 3 FOLLOWER]: Advancing to term 4
I20260710 11:11:33.212270 22080 raft_consensus.cc:3055] T 8de0049268f14a56a53612a81a51c55d P b85fcea255e1481eab2912e6aeb80cbc [term 3 LEADER]: Stepping down as leader of term 3
I20260710 11:11:33.212581 22080 raft_consensus.cc:740] T 8de0049268f14a56a53612a81a51c55d P b85fcea255e1481eab2912e6aeb80cbc [term 3 LEADER]: Becoming Follower/Learner. State: Replica: b85fcea255e1481eab2912e6aeb80cbc, State: Running, Role: LEADER
I20260710 11:11:33.213327 22080 consensus_queue.cc:260] T 8de0049268f14a56a53612a81a51c55d P b85fcea255e1481eab2912e6aeb80cbc [NON_LEADER]: Queue going to NON_LEADER mode. State: All replicated index: 0, Majority replicated index: 3, Committed index: 3, Last appended: 3.3, Last appended by leader: 3, Current term: 3, Majority size: -1, State: 0, Mode: NON_LEADER, active raft config: opid_index: -1 OBSOLETE_local: false peers { permanent_uuid: "62bd4ced23ac44d7813c54e76db71e27" member_type: VOTER last_known_addr { host: "127.21.73.1" port: 33181 } } peers { permanent_uuid: "771e035debd7414eb973c8e592b749e6" member_type: VOTER last_known_addr { host: "127.21.73.2" port: 44083 } } peers { permanent_uuid: "b85fcea255e1481eab2912e6aeb80cbc" member_type: VOTER last_known_addr { host: "127.21.73.3" port: 40783 } }
I20260710 11:11:33.214480 22080 raft_consensus.cc:3060] T 8de0049268f14a56a53612a81a51c55d P b85fcea255e1481eab2912e6aeb80cbc [term 3 FOLLOWER]: Advancing to term 4
I20260710 11:11:33.217898 21931 raft_consensus.cc:2468] T 8de0049268f14a56a53612a81a51c55d P 62bd4ced23ac44d7813c54e76db71e27 [term 4 FOLLOWER]: Leader election vote request: Granting yes vote for candidate 771e035debd7414eb973c8e592b749e6 in term 4.
I20260710 11:11:33.218863 21971 leader_election.cc:304] T 8de0049268f14a56a53612a81a51c55d P 771e035debd7414eb973c8e592b749e6 [CANDIDATE]: Term 4 election: Election decided. Result: candidate won. Election summary: received 2 responses out of 3 voters: 2 yes votes; 0 no votes. yes voters: 62bd4ced23ac44d7813c54e76db71e27, 771e035debd7414eb973c8e592b749e6; no voters: 
I20260710 11:11:33.219672 22236 raft_consensus.cc:2804] T 8de0049268f14a56a53612a81a51c55d P 771e035debd7414eb973c8e592b749e6 [term 4 FOLLOWER]: Leader election won for term 4
I20260710 11:11:33.220193 22236 raft_consensus.cc:697] T 8de0049268f14a56a53612a81a51c55d P 771e035debd7414eb973c8e592b749e6 [term 4 LEADER]: Becoming Leader. State: Replica: 771e035debd7414eb973c8e592b749e6, State: Running, Role: LEADER
I20260710 11:11:33.220474 22080 raft_consensus.cc:2468] T 8de0049268f14a56a53612a81a51c55d P b85fcea255e1481eab2912e6aeb80cbc [term 4 FOLLOWER]: Leader election vote request: Granting yes vote for candidate 771e035debd7414eb973c8e592b749e6 in term 4.
I20260710 11:11:33.221120 22236 consensus_queue.cc:237] T 8de0049268f14a56a53612a81a51c55d P 771e035debd7414eb973c8e592b749e6 [LEADER]: Queue going to LEADER mode. State: All replicated index: 0, Majority replicated index: 3, Committed index: 3, Last appended: 3.3, Last appended by leader: 3, Current term: 4, Majority size: 2, State: 0, Mode: LEADER, active raft config: opid_index: -1 OBSOLETE_local: false peers { permanent_uuid: "62bd4ced23ac44d7813c54e76db71e27" member_type: VOTER last_known_addr { host: "127.21.73.1" port: 33181 } } peers { permanent_uuid: "771e035debd7414eb973c8e592b749e6" member_type: VOTER last_known_addr { host: "127.21.73.2" port: 44083 } } peers { permanent_uuid: "b85fcea255e1481eab2912e6aeb80cbc" member_type: VOTER last_known_addr { host: "127.21.73.3" port: 40783 } }
I20260710 11:11:33.229300 22242 raft_consensus.cc:993] T 9ca16d1621b44bba9283f4186e4df28a P 62bd4ced23ac44d7813c54e76db71e27: : Instructing follower 771e035debd7414eb973c8e592b749e6 to start an election
I20260710 11:11:33.228503 21827 catalog_manager.cc:5697] T 8de0049268f14a56a53612a81a51c55d P 771e035debd7414eb973c8e592b749e6 reported cstate change: term changed from 3 to 4, leader changed from b85fcea255e1481eab2912e6aeb80cbc (127.21.73.3) to 771e035debd7414eb973c8e592b749e6 (127.21.73.2). New cstate: current_term: 4 leader_uuid: "771e035debd7414eb973c8e592b749e6" committed_config { opid_index: -1 OBSOLETE_local: false peers { permanent_uuid: "62bd4ced23ac44d7813c54e76db71e27" member_type: VOTER last_known_addr { host: "127.21.73.1" port: 33181 } health_report { overall_health: UNKNOWN } } peers { permanent_uuid: "771e035debd7414eb973c8e592b749e6" member_type: VOTER last_known_addr { host: "127.21.73.2" port: 44083 } health_report { overall_health: HEALTHY } } peers { permanent_uuid: "b85fcea255e1481eab2912e6aeb80cbc" member_type: VOTER last_known_addr { host: "127.21.73.3" port: 40783 } health_report { overall_health: UNKNOWN } } }
I20260710 11:11:33.229826 22161 raft_consensus.cc:1081] T 9ca16d1621b44bba9283f4186e4df28a P 62bd4ced23ac44d7813c54e76db71e27 [term 2 LEADER]: Signalling peer 771e035debd7414eb973c8e592b749e6 to start an election
I20260710 11:11:33.234581 22005 tablet_service.cc:2044] Received Run Leader Election RPC: tablet_id: "9ca16d1621b44bba9283f4186e4df28a"
dest_uuid: "771e035debd7414eb973c8e592b749e6"
 from {username='slave'} at 127.0.0.1:53796
I20260710 11:11:33.235016 22005 raft_consensus.cc:493] T 9ca16d1621b44bba9283f4186e4df28a P 771e035debd7414eb973c8e592b749e6 [term 2 FOLLOWER]: Starting forced leader election (received explicit request)
I20260710 11:11:33.235301 22005 raft_consensus.cc:3060] T 9ca16d1621b44bba9283f4186e4df28a P 771e035debd7414eb973c8e592b749e6 [term 2 FOLLOWER]: Advancing to term 3
I20260710 11:11:33.240239 22005 raft_consensus.cc:515] T 9ca16d1621b44bba9283f4186e4df28a P 771e035debd7414eb973c8e592b749e6 [term 3 FOLLOWER]: Starting forced leader election with config: opid_index: -1 OBSOLETE_local: false peers { permanent_uuid: "b85fcea255e1481eab2912e6aeb80cbc" member_type: VOTER last_known_addr { host: "127.21.73.3" port: 40783 } } peers { permanent_uuid: "62bd4ced23ac44d7813c54e76db71e27" member_type: VOTER last_known_addr { host: "127.21.73.1" port: 33181 } } peers { permanent_uuid: "771e035debd7414eb973c8e592b749e6" member_type: VOTER last_known_addr { host: "127.21.73.2" port: 44083 } }
I20260710 11:11:33.241609 22242 raft_consensus.cc:993] T 0d5408b12ed44c57a893f3799d8029db P 62bd4ced23ac44d7813c54e76db71e27: : Instructing follower 771e035debd7414eb973c8e592b749e6 to start an election
I20260710 11:11:33.242077 22161 raft_consensus.cc:1081] T 0d5408b12ed44c57a893f3799d8029db P 62bd4ced23ac44d7813c54e76db71e27 [term 2 LEADER]: Signalling peer 771e035debd7414eb973c8e592b749e6 to start an election
I20260710 11:11:33.242738 22005 leader_election.cc:290] T 9ca16d1621b44bba9283f4186e4df28a P 771e035debd7414eb973c8e592b749e6 [CANDIDATE]: Term 3 election: Requested vote from peers b85fcea255e1481eab2912e6aeb80cbc (127.21.73.3:40783), 62bd4ced23ac44d7813c54e76db71e27 (127.21.73.1:33181)
I20260710 11:11:33.242595 22080 tablet_service.cc:1917] Received RequestConsensusVote() RPC: tablet_id: "9ca16d1621b44bba9283f4186e4df28a" candidate_uuid: "771e035debd7414eb973c8e592b749e6" candidate_term: 3 candidate_status { last_received { term: 2 index: 2 } } ignore_live_leader: true dest_uuid: "b85fcea255e1481eab2912e6aeb80cbc"
I20260710 11:11:33.243283 22080 raft_consensus.cc:3060] T 9ca16d1621b44bba9283f4186e4df28a P b85fcea255e1481eab2912e6aeb80cbc [term 2 FOLLOWER]: Advancing to term 3
I20260710 11:11:33.244210 21931 tablet_service.cc:1917] Received RequestConsensusVote() RPC: tablet_id: "9ca16d1621b44bba9283f4186e4df28a" candidate_uuid: "771e035debd7414eb973c8e592b749e6" candidate_term: 3 candidate_status { last_received { term: 2 index: 2 } } ignore_live_leader: true dest_uuid: "62bd4ced23ac44d7813c54e76db71e27"
I20260710 11:11:33.244686 21931 raft_consensus.cc:3055] T 9ca16d1621b44bba9283f4186e4df28a P 62bd4ced23ac44d7813c54e76db71e27 [term 2 LEADER]: Stepping down as leader of term 2
I20260710 11:11:33.244751 22005 tablet_service.cc:2044] Received Run Leader Election RPC: tablet_id: "0d5408b12ed44c57a893f3799d8029db"
dest_uuid: "771e035debd7414eb973c8e592b749e6"
 from {username='slave'} at 127.0.0.1:53796
I20260710 11:11:33.245021 21931 raft_consensus.cc:740] T 9ca16d1621b44bba9283f4186e4df28a P 62bd4ced23ac44d7813c54e76db71e27 [term 2 LEADER]: Becoming Follower/Learner. State: Replica: 62bd4ced23ac44d7813c54e76db71e27, State: Running, Role: LEADER
I20260710 11:11:33.245481 22005 raft_consensus.cc:493] T 0d5408b12ed44c57a893f3799d8029db P 771e035debd7414eb973c8e592b749e6 [term 2 FOLLOWER]: Starting forced leader election (received explicit request)
I20260710 11:11:33.245942 22005 raft_consensus.cc:3060] T 0d5408b12ed44c57a893f3799d8029db P 771e035debd7414eb973c8e592b749e6 [term 2 FOLLOWER]: Advancing to term 3
I20260710 11:11:33.245838 21931 consensus_queue.cc:260] T 9ca16d1621b44bba9283f4186e4df28a P 62bd4ced23ac44d7813c54e76db71e27 [NON_LEADER]: Queue going to NON_LEADER mode. State: All replicated index: 0, Majority replicated index: 2, Committed index: 2, Last appended: 2.2, Last appended by leader: 2, Current term: 2, Majority size: -1, State: 0, Mode: NON_LEADER, active raft config: opid_index: -1 OBSOLETE_local: false peers { permanent_uuid: "b85fcea255e1481eab2912e6aeb80cbc" member_type: VOTER last_known_addr { host: "127.21.73.3" port: 40783 } } peers { permanent_uuid: "62bd4ced23ac44d7813c54e76db71e27" member_type: VOTER last_known_addr { host: "127.21.73.1" port: 33181 } } peers { permanent_uuid: "771e035debd7414eb973c8e592b749e6" member_type: VOTER last_known_addr { host: "127.21.73.2" port: 44083 } }
I20260710 11:11:33.247017 21931 raft_consensus.cc:3060] T 9ca16d1621b44bba9283f4186e4df28a P 62bd4ced23ac44d7813c54e76db71e27 [term 2 FOLLOWER]: Advancing to term 3
I20260710 11:11:33.249396 22080 raft_consensus.cc:2468] T 9ca16d1621b44bba9283f4186e4df28a P b85fcea255e1481eab2912e6aeb80cbc [term 3 FOLLOWER]: Leader election vote request: Granting yes vote for candidate 771e035debd7414eb973c8e592b749e6 in term 3.
I20260710 11:11:33.250442 21972 leader_election.cc:304] T 9ca16d1621b44bba9283f4186e4df28a P 771e035debd7414eb973c8e592b749e6 [CANDIDATE]: Term 3 election: Election decided. Result: candidate won. Election summary: received 2 responses out of 3 voters: 2 yes votes; 0 no votes. yes voters: 771e035debd7414eb973c8e592b749e6, b85fcea255e1481eab2912e6aeb80cbc; no voters: 
I20260710 11:11:33.251250 22236 raft_consensus.cc:2804] T 9ca16d1621b44bba9283f4186e4df28a P 771e035debd7414eb973c8e592b749e6 [term 3 FOLLOWER]: Leader election won for term 3
I20260710 11:11:33.251698 22236 raft_consensus.cc:697] T 9ca16d1621b44bba9283f4186e4df28a P 771e035debd7414eb973c8e592b749e6 [term 3 LEADER]: Becoming Leader. State: Replica: 771e035debd7414eb973c8e592b749e6, State: Running, Role: LEADER
I20260710 11:11:33.252422 22236 consensus_queue.cc:237] T 9ca16d1621b44bba9283f4186e4df28a P 771e035debd7414eb973c8e592b749e6 [LEADER]: Queue going to LEADER mode. State: All replicated index: 0, Majority replicated index: 2, Committed index: 2, Last appended: 2.2, Last appended by leader: 2, Current term: 3, Majority size: 2, State: 0, Mode: LEADER, active raft config: opid_index: -1 OBSOLETE_local: false peers { permanent_uuid: "b85fcea255e1481eab2912e6aeb80cbc" member_type: VOTER last_known_addr { host: "127.21.73.3" port: 40783 } } peers { permanent_uuid: "62bd4ced23ac44d7813c54e76db71e27" member_type: VOTER last_known_addr { host: "127.21.73.1" port: 33181 } } peers { permanent_uuid: "771e035debd7414eb973c8e592b749e6" member_type: VOTER last_known_addr { host: "127.21.73.2" port: 44083 } }
I20260710 11:11:33.252919 22005 raft_consensus.cc:515] T 0d5408b12ed44c57a893f3799d8029db P 771e035debd7414eb973c8e592b749e6 [term 3 FOLLOWER]: Starting forced leader election with config: opid_index: -1 OBSOLETE_local: false peers { permanent_uuid: "62bd4ced23ac44d7813c54e76db71e27" member_type: VOTER last_known_addr { host: "127.21.73.1" port: 33181 } } peers { permanent_uuid: "771e035debd7414eb973c8e592b749e6" member_type: VOTER last_known_addr { host: "127.21.73.2" port: 44083 } } peers { permanent_uuid: "b85fcea255e1481eab2912e6aeb80cbc" member_type: VOTER last_known_addr { host: "127.21.73.3" port: 40783 } }
I20260710 11:11:33.254209 21931 raft_consensus.cc:2468] T 9ca16d1621b44bba9283f4186e4df28a P 62bd4ced23ac44d7813c54e76db71e27 [term 3 FOLLOWER]: Leader election vote request: Granting yes vote for candidate 771e035debd7414eb973c8e592b749e6 in term 3.
I20260710 11:11:33.255788 21929 tablet_service.cc:1917] Received RequestConsensusVote() RPC: tablet_id: "0d5408b12ed44c57a893f3799d8029db" candidate_uuid: "771e035debd7414eb973c8e592b749e6" candidate_term: 3 candidate_status { last_received { term: 2 index: 2 } } ignore_live_leader: true dest_uuid: "62bd4ced23ac44d7813c54e76db71e27"
I20260710 11:11:33.256384 22005 leader_election.cc:290] T 0d5408b12ed44c57a893f3799d8029db P 771e035debd7414eb973c8e592b749e6 [CANDIDATE]: Term 3 election: Requested vote from peers 62bd4ced23ac44d7813c54e76db71e27 (127.21.73.1:33181), b85fcea255e1481eab2912e6aeb80cbc (127.21.73.3:40783)
I20260710 11:11:33.256500 21929 raft_consensus.cc:3055] T 0d5408b12ed44c57a893f3799d8029db P 62bd4ced23ac44d7813c54e76db71e27 [term 2 LEADER]: Stepping down as leader of term 2
I20260710 11:11:33.256958 21929 raft_consensus.cc:740] T 0d5408b12ed44c57a893f3799d8029db P 62bd4ced23ac44d7813c54e76db71e27 [term 2 LEADER]: Becoming Follower/Learner. State: Replica: 62bd4ced23ac44d7813c54e76db71e27, State: Running, Role: LEADER
I20260710 11:11:33.257946 21929 consensus_queue.cc:260] T 0d5408b12ed44c57a893f3799d8029db P 62bd4ced23ac44d7813c54e76db71e27 [NON_LEADER]: Queue going to NON_LEADER mode. State: All replicated index: 0, Majority replicated index: 2, Committed index: 2, Last appended: 2.2, Last appended by leader: 2, Current term: 2, Majority size: -1, State: 0, Mode: NON_LEADER, active raft config: opid_index: -1 OBSOLETE_local: false peers { permanent_uuid: "62bd4ced23ac44d7813c54e76db71e27" member_type: VOTER last_known_addr { host: "127.21.73.1" port: 33181 } } peers { permanent_uuid: "771e035debd7414eb973c8e592b749e6" member_type: VOTER last_known_addr { host: "127.21.73.2" port: 44083 } } peers { permanent_uuid: "b85fcea255e1481eab2912e6aeb80cbc" member_type: VOTER last_known_addr { host: "127.21.73.3" port: 40783 } }
I20260710 11:11:33.260308 21929 raft_consensus.cc:3060] T 0d5408b12ed44c57a893f3799d8029db P 62bd4ced23ac44d7813c54e76db71e27 [term 2 FOLLOWER]: Advancing to term 3
I20260710 11:11:33.264194 22080 tablet_service.cc:1917] Received RequestConsensusVote() RPC: tablet_id: "0d5408b12ed44c57a893f3799d8029db" candidate_uuid: "771e035debd7414eb973c8e592b749e6" candidate_term: 3 candidate_status { last_received { term: 2 index: 2 } } ignore_live_leader: true dest_uuid: "b85fcea255e1481eab2912e6aeb80cbc"
I20260710 11:11:33.264781 22080 raft_consensus.cc:3060] T 0d5408b12ed44c57a893f3799d8029db P b85fcea255e1481eab2912e6aeb80cbc [term 2 FOLLOWER]: Advancing to term 3
I20260710 11:11:33.265600 21827 catalog_manager.cc:5697] T 9ca16d1621b44bba9283f4186e4df28a P 771e035debd7414eb973c8e592b749e6 reported cstate change: term changed from 2 to 3, leader changed from 62bd4ced23ac44d7813c54e76db71e27 (127.21.73.1) to 771e035debd7414eb973c8e592b749e6 (127.21.73.2). New cstate: current_term: 3 leader_uuid: "771e035debd7414eb973c8e592b749e6" committed_config { opid_index: -1 OBSOLETE_local: false peers { permanent_uuid: "b85fcea255e1481eab2912e6aeb80cbc" member_type: VOTER last_known_addr { host: "127.21.73.3" port: 40783 } health_report { overall_health: UNKNOWN } } peers { permanent_uuid: "62bd4ced23ac44d7813c54e76db71e27" member_type: VOTER last_known_addr { host: "127.21.73.1" port: 33181 } health_report { overall_health: UNKNOWN } } peers { permanent_uuid: "771e035debd7414eb973c8e592b749e6" member_type: VOTER last_known_addr { host: "127.21.73.2" port: 44083 } health_report { overall_health: HEALTHY } } }
I20260710 11:11:33.270398 21929 raft_consensus.cc:2468] T 0d5408b12ed44c57a893f3799d8029db P 62bd4ced23ac44d7813c54e76db71e27 [term 3 FOLLOWER]: Leader election vote request: Granting yes vote for candidate 771e035debd7414eb973c8e592b749e6 in term 3.
I20260710 11:11:33.272054 21971 leader_election.cc:304] T 0d5408b12ed44c57a893f3799d8029db P 771e035debd7414eb973c8e592b749e6 [CANDIDATE]: Term 3 election: Election decided. Result: candidate won. Election summary: received 2 responses out of 3 voters: 2 yes votes; 0 no votes. yes voters: 62bd4ced23ac44d7813c54e76db71e27, 771e035debd7414eb973c8e592b749e6; no voters: 
I20260710 11:11:33.273407 22236 raft_consensus.cc:2804] T 0d5408b12ed44c57a893f3799d8029db P 771e035debd7414eb973c8e592b749e6 [term 3 FOLLOWER]: Leader election won for term 3
I20260710 11:11:33.273973 22236 raft_consensus.cc:697] T 0d5408b12ed44c57a893f3799d8029db P 771e035debd7414eb973c8e592b749e6 [term 3 LEADER]: Becoming Leader. State: Replica: 771e035debd7414eb973c8e592b749e6, State: Running, Role: LEADER
I20260710 11:11:33.274369 22080 raft_consensus.cc:2468] T 0d5408b12ed44c57a893f3799d8029db P b85fcea255e1481eab2912e6aeb80cbc [term 3 FOLLOWER]: Leader election vote request: Granting yes vote for candidate 771e035debd7414eb973c8e592b749e6 in term 3.
I20260710 11:11:33.274878 22236 consensus_queue.cc:237] T 0d5408b12ed44c57a893f3799d8029db P 771e035debd7414eb973c8e592b749e6 [LEADER]: Queue going to LEADER mode. State: All replicated index: 0, Majority replicated index: 2, Committed index: 2, Last appended: 2.2, Last appended by leader: 2, Current term: 3, Majority size: 2, State: 0, Mode: LEADER, active raft config: opid_index: -1 OBSOLETE_local: false peers { permanent_uuid: "62bd4ced23ac44d7813c54e76db71e27" member_type: VOTER last_known_addr { host: "127.21.73.1" port: 33181 } } peers { permanent_uuid: "771e035debd7414eb973c8e592b749e6" member_type: VOTER last_known_addr { host: "127.21.73.2" port: 44083 } } peers { permanent_uuid: "b85fcea255e1481eab2912e6aeb80cbc" member_type: VOTER last_known_addr { host: "127.21.73.3" port: 40783 } }
I20260710 11:11:33.283224 21827 catalog_manager.cc:5697] T 0d5408b12ed44c57a893f3799d8029db P 771e035debd7414eb973c8e592b749e6 reported cstate change: term changed from 2 to 3, leader changed from 62bd4ced23ac44d7813c54e76db71e27 (127.21.73.1) to 771e035debd7414eb973c8e592b749e6 (127.21.73.2). New cstate: current_term: 3 leader_uuid: "771e035debd7414eb973c8e592b749e6" committed_config { opid_index: -1 OBSOLETE_local: false peers { permanent_uuid: "62bd4ced23ac44d7813c54e76db71e27" member_type: VOTER last_known_addr { host: "127.21.73.1" port: 33181 } health_report { overall_health: UNKNOWN } } peers { permanent_uuid: "771e035debd7414eb973c8e592b749e6" member_type: VOTER last_known_addr { host: "127.21.73.2" port: 44083 } health_report { overall_health: HEALTHY } } peers { permanent_uuid: "b85fcea255e1481eab2912e6aeb80cbc" member_type: VOTER last_known_addr { host: "127.21.73.3" port: 40783 } health_report { overall_health: UNKNOWN } } }
I20260710 11:11:33.388650 22242 raft_consensus.cc:993] T a9d0aa2cf48c4a139e27acc0af2c609a P 62bd4ced23ac44d7813c54e76db71e27: : Instructing follower 771e035debd7414eb973c8e592b749e6 to start an election
I20260710 11:11:33.389066 22161 raft_consensus.cc:1081] T a9d0aa2cf48c4a139e27acc0af2c609a P 62bd4ced23ac44d7813c54e76db71e27 [term 2 LEADER]: Signalling peer 771e035debd7414eb973c8e592b749e6 to start an election
I20260710 11:11:33.390717 22005 tablet_service.cc:2044] Received Run Leader Election RPC: tablet_id: "a9d0aa2cf48c4a139e27acc0af2c609a"
dest_uuid: "771e035debd7414eb973c8e592b749e6"
 from {username='slave'} at 127.0.0.1:53796
I20260710 11:11:33.391240 22005 raft_consensus.cc:493] T a9d0aa2cf48c4a139e27acc0af2c609a P 771e035debd7414eb973c8e592b749e6 [term 2 FOLLOWER]: Starting forced leader election (received explicit request)
I20260710 11:11:33.391551 22005 raft_consensus.cc:3060] T a9d0aa2cf48c4a139e27acc0af2c609a P 771e035debd7414eb973c8e592b749e6 [term 2 FOLLOWER]: Advancing to term 3
I20260710 11:11:33.395979 22005 raft_consensus.cc:515] T a9d0aa2cf48c4a139e27acc0af2c609a P 771e035debd7414eb973c8e592b749e6 [term 3 FOLLOWER]: Starting forced leader election with config: opid_index: -1 OBSOLETE_local: false peers { permanent_uuid: "62bd4ced23ac44d7813c54e76db71e27" member_type: VOTER last_known_addr { host: "127.21.73.1" port: 33181 } } peers { permanent_uuid: "771e035debd7414eb973c8e592b749e6" member_type: VOTER last_known_addr { host: "127.21.73.2" port: 44083 } } peers { permanent_uuid: "b85fcea255e1481eab2912e6aeb80cbc" member_type: VOTER last_known_addr { host: "127.21.73.3" port: 40783 } }
I20260710 11:11:33.397506 22005 leader_election.cc:290] T a9d0aa2cf48c4a139e27acc0af2c609a P 771e035debd7414eb973c8e592b749e6 [CANDIDATE]: Term 3 election: Requested vote from peers 62bd4ced23ac44d7813c54e76db71e27 (127.21.73.1:33181), b85fcea255e1481eab2912e6aeb80cbc (127.21.73.3:40783)
I20260710 11:11:33.398487 22078 tablet_service.cc:1917] Received RequestConsensusVote() RPC: tablet_id: "a9d0aa2cf48c4a139e27acc0af2c609a" candidate_uuid: "771e035debd7414eb973c8e592b749e6" candidate_term: 3 candidate_status { last_received { term: 2 index: 2 } } ignore_live_leader: true dest_uuid: "b85fcea255e1481eab2912e6aeb80cbc"
I20260710 11:11:33.398474 21929 tablet_service.cc:1917] Received RequestConsensusVote() RPC: tablet_id: "a9d0aa2cf48c4a139e27acc0af2c609a" candidate_uuid: "771e035debd7414eb973c8e592b749e6" candidate_term: 3 candidate_status { last_received { term: 2 index: 2 } } ignore_live_leader: true dest_uuid: "62bd4ced23ac44d7813c54e76db71e27"
I20260710 11:11:33.399264 22078 raft_consensus.cc:3060] T a9d0aa2cf48c4a139e27acc0af2c609a P b85fcea255e1481eab2912e6aeb80cbc [term 2 FOLLOWER]: Advancing to term 3
I20260710 11:11:33.399399 21929 raft_consensus.cc:3055] T a9d0aa2cf48c4a139e27acc0af2c609a P 62bd4ced23ac44d7813c54e76db71e27 [term 2 LEADER]: Stepping down as leader of term 2
I20260710 11:11:33.399767 21929 raft_consensus.cc:740] T a9d0aa2cf48c4a139e27acc0af2c609a P 62bd4ced23ac44d7813c54e76db71e27 [term 2 LEADER]: Becoming Follower/Learner. State: Replica: 62bd4ced23ac44d7813c54e76db71e27, State: Running, Role: LEADER
I20260710 11:11:33.400602 21929 consensus_queue.cc:260] T a9d0aa2cf48c4a139e27acc0af2c609a P 62bd4ced23ac44d7813c54e76db71e27 [NON_LEADER]: Queue going to NON_LEADER mode. State: All replicated index: 0, Majority replicated index: 2, Committed index: 2, Last appended: 2.2, Last appended by leader: 2, Current term: 2, Majority size: -1, State: 0, Mode: NON_LEADER, active raft config: opid_index: -1 OBSOLETE_local: false peers { permanent_uuid: "62bd4ced23ac44d7813c54e76db71e27" member_type: VOTER last_known_addr { host: "127.21.73.1" port: 33181 } } peers { permanent_uuid: "771e035debd7414eb973c8e592b749e6" member_type: VOTER last_known_addr { host: "127.21.73.2" port: 44083 } } peers { permanent_uuid: "b85fcea255e1481eab2912e6aeb80cbc" member_type: VOTER last_known_addr { host: "127.21.73.3" port: 40783 } }
I20260710 11:11:33.401897 21929 raft_consensus.cc:3060] T a9d0aa2cf48c4a139e27acc0af2c609a P 62bd4ced23ac44d7813c54e76db71e27 [term 2 FOLLOWER]: Advancing to term 3
I20260710 11:11:33.405897 22078 raft_consensus.cc:2468] T a9d0aa2cf48c4a139e27acc0af2c609a P b85fcea255e1481eab2912e6aeb80cbc [term 3 FOLLOWER]: Leader election vote request: Granting yes vote for candidate 771e035debd7414eb973c8e592b749e6 in term 3.
I20260710 11:11:33.407166 21972 leader_election.cc:304] T a9d0aa2cf48c4a139e27acc0af2c609a P 771e035debd7414eb973c8e592b749e6 [CANDIDATE]: Term 3 election: Election decided. Result: candidate won. Election summary: received 2 responses out of 3 voters: 2 yes votes; 0 no votes. yes voters: 771e035debd7414eb973c8e592b749e6, b85fcea255e1481eab2912e6aeb80cbc; no voters: 
I20260710 11:11:33.408130 22236 raft_consensus.cc:2804] T a9d0aa2cf48c4a139e27acc0af2c609a P 771e035debd7414eb973c8e592b749e6 [term 3 FOLLOWER]: Leader election won for term 3
I20260710 11:11:33.408842 21929 raft_consensus.cc:2468] T a9d0aa2cf48c4a139e27acc0af2c609a P 62bd4ced23ac44d7813c54e76db71e27 [term 3 FOLLOWER]: Leader election vote request: Granting yes vote for candidate 771e035debd7414eb973c8e592b749e6 in term 3.
I20260710 11:11:33.409826 22236 raft_consensus.cc:697] T a9d0aa2cf48c4a139e27acc0af2c609a P 771e035debd7414eb973c8e592b749e6 [term 3 LEADER]: Becoming Leader. State: Replica: 771e035debd7414eb973c8e592b749e6, State: Running, Role: LEADER
I20260710 11:11:33.410820 22236 consensus_queue.cc:237] T a9d0aa2cf48c4a139e27acc0af2c609a P 771e035debd7414eb973c8e592b749e6 [LEADER]: Queue going to LEADER mode. State: All replicated index: 0, Majority replicated index: 2, Committed index: 2, Last appended: 2.2, Last appended by leader: 2, Current term: 3, Majority size: 2, State: 0, Mode: LEADER, active raft config: opid_index: -1 OBSOLETE_local: false peers { permanent_uuid: "62bd4ced23ac44d7813c54e76db71e27" member_type: VOTER last_known_addr { host: "127.21.73.1" port: 33181 } } peers { permanent_uuid: "771e035debd7414eb973c8e592b749e6" member_type: VOTER last_known_addr { host: "127.21.73.2" port: 44083 } } peers { permanent_uuid: "b85fcea255e1481eab2912e6aeb80cbc" member_type: VOTER last_known_addr { host: "127.21.73.3" port: 40783 } }
I20260710 11:11:33.419000 21827 catalog_manager.cc:5697] T a9d0aa2cf48c4a139e27acc0af2c609a P 771e035debd7414eb973c8e592b749e6 reported cstate change: term changed from 2 to 3, leader changed from 62bd4ced23ac44d7813c54e76db71e27 (127.21.73.1) to 771e035debd7414eb973c8e592b749e6 (127.21.73.2). New cstate: current_term: 3 leader_uuid: "771e035debd7414eb973c8e592b749e6" committed_config { opid_index: -1 OBSOLETE_local: false peers { permanent_uuid: "62bd4ced23ac44d7813c54e76db71e27" member_type: VOTER last_known_addr { host: "127.21.73.1" port: 33181 } health_report { overall_health: UNKNOWN } } peers { permanent_uuid: "771e035debd7414eb973c8e592b749e6" member_type: VOTER last_known_addr { host: "127.21.73.2" port: 44083 } health_report { overall_health: HEALTHY } } peers { permanent_uuid: "b85fcea255e1481eab2912e6aeb80cbc" member_type: VOTER last_known_addr { host: "127.21.73.3" port: 40783 } health_report { overall_health: UNKNOWN } } }
I20260710 11:11:33.576293 22078 raft_consensus.cc:1275] T 41069d5f69cd4cc2a550d4a32652fd10 P b85fcea255e1481eab2912e6aeb80cbc [term 5 FOLLOWER]: Refusing update from remote peer 771e035debd7414eb973c8e592b749e6: Log matching property violated. Preceding OpId in replica: term: 4 index: 3. Preceding OpId from leader: term: 5 index: 4. (index mismatch)
I20260710 11:11:33.577474 22236 consensus_queue.cc:1048] T 41069d5f69cd4cc2a550d4a32652fd10 P 771e035debd7414eb973c8e592b749e6 [LEADER]: Connected to new peer: Peer: permanent_uuid: "b85fcea255e1481eab2912e6aeb80cbc" member_type: VOTER last_known_addr { host: "127.21.73.3" port: 40783 }, Status: LMP_MISMATCH, Last received: 0.0, Next index: 4, Last known committed idx: 3, Time since last communication: 0.000s
I20260710 11:11:33.586668 21929 raft_consensus.cc:1275] T 41069d5f69cd4cc2a550d4a32652fd10 P 62bd4ced23ac44d7813c54e76db71e27 [term 5 FOLLOWER]: Refusing update from remote peer 771e035debd7414eb973c8e592b749e6: Log matching property violated. Preceding OpId in replica: term: 4 index: 3. Preceding OpId from leader: term: 5 index: 4. (index mismatch)
I20260710 11:11:33.588198 22236 consensus_queue.cc:1048] T 41069d5f69cd4cc2a550d4a32652fd10 P 771e035debd7414eb973c8e592b749e6 [LEADER]: Connected to new peer: Peer: permanent_uuid: "62bd4ced23ac44d7813c54e76db71e27" member_type: VOTER last_known_addr { host: "127.21.73.1" port: 33181 }, Status: LMP_MISMATCH, Last received: 0.0, Next index: 4, Last known committed idx: 3, Time since last communication: 0.000s
I20260710 11:11:33.704137 21929 raft_consensus.cc:1275] T 8de0049268f14a56a53612a81a51c55d P 62bd4ced23ac44d7813c54e76db71e27 [term 4 FOLLOWER]: Refusing update from remote peer 771e035debd7414eb973c8e592b749e6: Log matching property violated. Preceding OpId in replica: term: 3 index: 3. Preceding OpId from leader: term: 4 index: 4. (index mismatch)
I20260710 11:11:33.705408 22215 consensus_queue.cc:1048] T 8de0049268f14a56a53612a81a51c55d P 771e035debd7414eb973c8e592b749e6 [LEADER]: Connected to new peer: Peer: permanent_uuid: "62bd4ced23ac44d7813c54e76db71e27" member_type: VOTER last_known_addr { host: "127.21.73.1" port: 33181 }, Status: LMP_MISMATCH, Last received: 0.0, Next index: 4, Last known committed idx: 3, Time since last communication: 0.000s
I20260710 11:11:33.714864 22078 raft_consensus.cc:1275] T 8de0049268f14a56a53612a81a51c55d P b85fcea255e1481eab2912e6aeb80cbc [term 4 FOLLOWER]: Refusing update from remote peer 771e035debd7414eb973c8e592b749e6: Log matching property violated. Preceding OpId in replica: term: 3 index: 3. Preceding OpId from leader: term: 4 index: 4. (index mismatch)
I20260710 11:11:33.716583 22238 consensus_queue.cc:1048] T 8de0049268f14a56a53612a81a51c55d P 771e035debd7414eb973c8e592b749e6 [LEADER]: Connected to new peer: Peer: permanent_uuid: "b85fcea255e1481eab2912e6aeb80cbc" member_type: VOTER last_known_addr { host: "127.21.73.3" port: 40783 }, Status: LMP_MISMATCH, Last received: 0.0, Next index: 4, Last known committed idx: 3, Time since last communication: 0.000s
I20260710 11:11:33.741614 21929 raft_consensus.cc:1275] T 9ca16d1621b44bba9283f4186e4df28a P 62bd4ced23ac44d7813c54e76db71e27 [term 3 FOLLOWER]: Refusing update from remote peer 771e035debd7414eb973c8e592b749e6: Log matching property violated. Preceding OpId in replica: term: 2 index: 2. Preceding OpId from leader: term: 3 index: 3. (index mismatch)
I20260710 11:11:33.742702 22238 consensus_queue.cc:1048] T 9ca16d1621b44bba9283f4186e4df28a P 771e035debd7414eb973c8e592b749e6 [LEADER]: Connected to new peer: Peer: permanent_uuid: "62bd4ced23ac44d7813c54e76db71e27" member_type: VOTER last_known_addr { host: "127.21.73.1" port: 33181 }, Status: LMP_MISMATCH, Last received: 0.0, Next index: 3, Last known committed idx: 2, Time since last communication: 0.000s
I20260710 11:11:33.751652 22078 raft_consensus.cc:1275] T 9ca16d1621b44bba9283f4186e4df28a P b85fcea255e1481eab2912e6aeb80cbc [term 3 FOLLOWER]: Refusing update from remote peer 771e035debd7414eb973c8e592b749e6: Log matching property violated. Preceding OpId in replica: term: 2 index: 2. Preceding OpId from leader: term: 3 index: 3. (index mismatch)
I20260710 11:11:33.753500 22252 consensus_queue.cc:1048] T 9ca16d1621b44bba9283f4186e4df28a P 771e035debd7414eb973c8e592b749e6 [LEADER]: Connected to new peer: Peer: permanent_uuid: "b85fcea255e1481eab2912e6aeb80cbc" member_type: VOTER last_known_addr { host: "127.21.73.3" port: 40783 }, Status: LMP_MISMATCH, Last received: 0.0, Next index: 3, Last known committed idx: 2, Time since last communication: 0.000s
I20260710 11:11:33.800832 22078 raft_consensus.cc:1275] T 0d5408b12ed44c57a893f3799d8029db P b85fcea255e1481eab2912e6aeb80cbc [term 3 FOLLOWER]: Refusing update from remote peer 771e035debd7414eb973c8e592b749e6: Log matching property violated. Preceding OpId in replica: term: 2 index: 2. Preceding OpId from leader: term: 3 index: 3. (index mismatch)
I20260710 11:11:33.801996 22252 consensus_queue.cc:1048] T 0d5408b12ed44c57a893f3799d8029db P 771e035debd7414eb973c8e592b749e6 [LEADER]: Connected to new peer: Peer: permanent_uuid: "b85fcea255e1481eab2912e6aeb80cbc" member_type: VOTER last_known_addr { host: "127.21.73.3" port: 40783 }, Status: LMP_MISMATCH, Last received: 0.0, Next index: 3, Last known committed idx: 2, Time since last communication: 0.000s
I20260710 11:11:33.809981 21929 raft_consensus.cc:1275] T 0d5408b12ed44c57a893f3799d8029db P 62bd4ced23ac44d7813c54e76db71e27 [term 3 FOLLOWER]: Refusing update from remote peer 771e035debd7414eb973c8e592b749e6: Log matching property violated. Preceding OpId in replica: term: 2 index: 2. Preceding OpId from leader: term: 3 index: 3. (index mismatch)
I20260710 11:11:33.811403 22236 consensus_queue.cc:1048] T 0d5408b12ed44c57a893f3799d8029db P 771e035debd7414eb973c8e592b749e6 [LEADER]: Connected to new peer: Peer: permanent_uuid: "62bd4ced23ac44d7813c54e76db71e27" member_type: VOTER last_known_addr { host: "127.21.73.1" port: 33181 }, Status: LMP_MISMATCH, Last received: 0.0, Next index: 3, Last known committed idx: 2, Time since last communication: 0.000s
I20260710 11:11:33.831611 21929 raft_consensus.cc:1275] T a9d0aa2cf48c4a139e27acc0af2c609a P 62bd4ced23ac44d7813c54e76db71e27 [term 3 FOLLOWER]: Refusing update from remote peer 771e035debd7414eb973c8e592b749e6: Log matching property violated. Preceding OpId in replica: term: 2 index: 2. Preceding OpId from leader: term: 3 index: 3. (index mismatch)
I20260710 11:11:33.832769 22236 consensus_queue.cc:1048] T a9d0aa2cf48c4a139e27acc0af2c609a P 771e035debd7414eb973c8e592b749e6 [LEADER]: Connected to new peer: Peer: permanent_uuid: "62bd4ced23ac44d7813c54e76db71e27" member_type: VOTER last_known_addr { host: "127.21.73.1" port: 33181 }, Status: LMP_MISMATCH, Last received: 0.0, Next index: 3, Last known committed idx: 2, Time since last communication: 0.000s
I20260710 11:11:33.840618 22078 raft_consensus.cc:1275] T a9d0aa2cf48c4a139e27acc0af2c609a P b85fcea255e1481eab2912e6aeb80cbc [term 3 FOLLOWER]: Refusing update from remote peer 771e035debd7414eb973c8e592b749e6: Log matching property violated. Preceding OpId in replica: term: 2 index: 2. Preceding OpId from leader: term: 3 index: 3. (index mismatch)
I20260710 11:11:33.842399 22252 consensus_queue.cc:1048] T a9d0aa2cf48c4a139e27acc0af2c609a P 771e035debd7414eb973c8e592b749e6 [LEADER]: Connected to new peer: Peer: permanent_uuid: "b85fcea255e1481eab2912e6aeb80cbc" member_type: VOTER last_known_addr { host: "127.21.73.3" port: 40783 }, Status: LMP_MISMATCH, Last received: 0.0, Next index: 3, Last known committed idx: 2, Time since last communication: 0.000s
I20260710 11:11:36.074761 21796 auto_leader_rebalancer.cc:141] leader rebalance for table test-workload
I20260710 11:11:36.082140 22005 tablet_service.cc:2072] Received LeaderStepDown RPC: tablet_id: "24626e06f76842f9bbc8d765b7226400"
dest_uuid: "771e035debd7414eb973c8e592b749e6"
mode: GRACEFUL
new_leader_uuid: "b85fcea255e1481eab2912e6aeb80cbc"
 from {username='slave'} at 127.0.0.1:49362
I20260710 11:11:36.083165 22005 raft_consensus.cc:606] T 24626e06f76842f9bbc8d765b7226400 P 771e035debd7414eb973c8e592b749e6 [term 2 LEADER]: Received request to transfer leadership to TS b85fcea255e1481eab2912e6aeb80cbc
I20260710 11:11:36.086050 22005 tablet_service.cc:2072] Received LeaderStepDown RPC: tablet_id: "41069d5f69cd4cc2a550d4a32652fd10"
dest_uuid: "771e035debd7414eb973c8e592b749e6"
mode: GRACEFUL
new_leader_uuid: "b85fcea255e1481eab2912e6aeb80cbc"
 from {username='slave'} at 127.0.0.1:49362
I20260710 11:11:36.086611 22005 raft_consensus.cc:606] T 41069d5f69cd4cc2a550d4a32652fd10 P 771e035debd7414eb973c8e592b749e6 [term 5 LEADER]: Received request to transfer leadership to TS b85fcea255e1481eab2912e6aeb80cbc
I20260710 11:11:36.089094 22005 tablet_service.cc:2072] Received LeaderStepDown RPC: tablet_id: "5c2a8f2d69a54fb792b290e33d52b68a"
dest_uuid: "771e035debd7414eb973c8e592b749e6"
mode: GRACEFUL
new_leader_uuid: "62bd4ced23ac44d7813c54e76db71e27"
 from {username='slave'} at 127.0.0.1:49362
I20260710 11:11:36.089643 22005 raft_consensus.cc:606] T 5c2a8f2d69a54fb792b290e33d52b68a P 771e035debd7414eb973c8e592b749e6 [term 2 LEADER]: Received request to transfer leadership to TS 62bd4ced23ac44d7813c54e76db71e27
I20260710 11:11:36.092023 22005 tablet_service.cc:2072] Received LeaderStepDown RPC: tablet_id: "9ca16d1621b44bba9283f4186e4df28a"
dest_uuid: "771e035debd7414eb973c8e592b749e6"
mode: GRACEFUL
new_leader_uuid: "62bd4ced23ac44d7813c54e76db71e27"
 from {username='slave'} at 127.0.0.1:49362
I20260710 11:11:36.092453 22005 raft_consensus.cc:606] T 9ca16d1621b44bba9283f4186e4df28a P 771e035debd7414eb973c8e592b749e6 [term 3 LEADER]: Received request to transfer leadership to TS 62bd4ced23ac44d7813c54e76db71e27
I20260710 11:11:36.094780 22005 tablet_service.cc:2072] Received LeaderStepDown RPC: tablet_id: "a9d0aa2cf48c4a139e27acc0af2c609a"
dest_uuid: "771e035debd7414eb973c8e592b749e6"
mode: GRACEFUL
new_leader_uuid: "62bd4ced23ac44d7813c54e76db71e27"
 from {username='slave'} at 127.0.0.1:49362
I20260710 11:11:36.095333 22005 raft_consensus.cc:606] T a9d0aa2cf48c4a139e27acc0af2c609a P 771e035debd7414eb973c8e592b749e6 [term 3 LEADER]: Received request to transfer leadership to TS 62bd4ced23ac44d7813c54e76db71e27
I20260710 11:11:36.096588 21796 auto_leader_rebalancer.cc:452] table: test-workload, leader rebalance finish, leader transfer count: 5
I20260710 11:11:36.097031 21796 auto_leader_rebalancer.cc:527] All tables' leader rebalancing finished this round
I20260710 11:11:36.248659 22259 raft_consensus.cc:993] T 5c2a8f2d69a54fb792b290e33d52b68a P 771e035debd7414eb973c8e592b749e6: : Instructing follower 62bd4ced23ac44d7813c54e76db71e27 to start an election
I20260710 11:11:36.249176 22252 raft_consensus.cc:1081] T 5c2a8f2d69a54fb792b290e33d52b68a P 771e035debd7414eb973c8e592b749e6 [term 2 LEADER]: Signalling peer 62bd4ced23ac44d7813c54e76db71e27 to start an election
I20260710 11:11:36.250679 21931 tablet_service.cc:2044] Received Run Leader Election RPC: tablet_id: "5c2a8f2d69a54fb792b290e33d52b68a"
dest_uuid: "62bd4ced23ac44d7813c54e76db71e27"
 from {username='slave'} at 127.0.0.1:53852
I20260710 11:11:36.251075 21931 raft_consensus.cc:493] T 5c2a8f2d69a54fb792b290e33d52b68a P 62bd4ced23ac44d7813c54e76db71e27 [term 2 FOLLOWER]: Starting forced leader election (received explicit request)
I20260710 11:11:36.251338 21931 raft_consensus.cc:3060] T 5c2a8f2d69a54fb792b290e33d52b68a P 62bd4ced23ac44d7813c54e76db71e27 [term 2 FOLLOWER]: Advancing to term 3
I20260710 11:11:36.255892 21931 raft_consensus.cc:515] T 5c2a8f2d69a54fb792b290e33d52b68a P 62bd4ced23ac44d7813c54e76db71e27 [term 3 FOLLOWER]: Starting forced leader election with config: opid_index: -1 OBSOLETE_local: false peers { permanent_uuid: "62bd4ced23ac44d7813c54e76db71e27" member_type: VOTER last_known_addr { host: "127.21.73.1" port: 33181 } } peers { permanent_uuid: "771e035debd7414eb973c8e592b749e6" member_type: VOTER last_known_addr { host: "127.21.73.2" port: 44083 } } peers { permanent_uuid: "b85fcea255e1481eab2912e6aeb80cbc" member_type: VOTER last_known_addr { host: "127.21.73.3" port: 40783 } }
I20260710 11:11:36.257328 21931 leader_election.cc:290] T 5c2a8f2d69a54fb792b290e33d52b68a P 62bd4ced23ac44d7813c54e76db71e27 [CANDIDATE]: Term 3 election: Requested vote from peers 771e035debd7414eb973c8e592b749e6 (127.21.73.2:44083), b85fcea255e1481eab2912e6aeb80cbc (127.21.73.3:40783)
I20260710 11:11:36.258215 22005 tablet_service.cc:1917] Received RequestConsensusVote() RPC: tablet_id: "5c2a8f2d69a54fb792b290e33d52b68a" candidate_uuid: "62bd4ced23ac44d7813c54e76db71e27" candidate_term: 3 candidate_status { last_received { term: 2 index: 2 } } ignore_live_leader: true dest_uuid: "771e035debd7414eb973c8e592b749e6"
I20260710 11:11:36.258708 22080 tablet_service.cc:1917] Received RequestConsensusVote() RPC: tablet_id: "5c2a8f2d69a54fb792b290e33d52b68a" candidate_uuid: "62bd4ced23ac44d7813c54e76db71e27" candidate_term: 3 candidate_status { last_received { term: 2 index: 2 } } ignore_live_leader: true dest_uuid: "b85fcea255e1481eab2912e6aeb80cbc"
I20260710 11:11:36.258914 22005 raft_consensus.cc:3055] T 5c2a8f2d69a54fb792b290e33d52b68a P 771e035debd7414eb973c8e592b749e6 [term 2 LEADER]: Stepping down as leader of term 2
I20260710 11:11:36.259250 22080 raft_consensus.cc:3060] T 5c2a8f2d69a54fb792b290e33d52b68a P b85fcea255e1481eab2912e6aeb80cbc [term 2 FOLLOWER]: Advancing to term 3
I20260710 11:11:36.259292 22005 raft_consensus.cc:740] T 5c2a8f2d69a54fb792b290e33d52b68a P 771e035debd7414eb973c8e592b749e6 [term 2 LEADER]: Becoming Follower/Learner. State: Replica: 771e035debd7414eb973c8e592b749e6, State: Running, Role: LEADER
I20260710 11:11:36.260211 22005 consensus_queue.cc:260] T 5c2a8f2d69a54fb792b290e33d52b68a P 771e035debd7414eb973c8e592b749e6 [NON_LEADER]: Queue going to NON_LEADER mode. State: All replicated index: 0, Majority replicated index: 2, Committed index: 2, Last appended: 2.2, Last appended by leader: 2, Current term: 2, Majority size: -1, State: 0, Mode: NON_LEADER, active raft config: opid_index: -1 OBSOLETE_local: false peers { permanent_uuid: "62bd4ced23ac44d7813c54e76db71e27" member_type: VOTER last_known_addr { host: "127.21.73.1" port: 33181 } } peers { permanent_uuid: "771e035debd7414eb973c8e592b749e6" member_type: VOTER last_known_addr { host: "127.21.73.2" port: 44083 } } peers { permanent_uuid: "b85fcea255e1481eab2912e6aeb80cbc" member_type: VOTER last_known_addr { host: "127.21.73.3" port: 40783 } }
I20260710 11:11:36.261516 22005 raft_consensus.cc:3060] T 5c2a8f2d69a54fb792b290e33d52b68a P 771e035debd7414eb973c8e592b749e6 [term 2 FOLLOWER]: Advancing to term 3
I20260710 11:11:36.262102 22252 raft_consensus.cc:993] T a9d0aa2cf48c4a139e27acc0af2c609a P 771e035debd7414eb973c8e592b749e6: : Instructing follower 62bd4ced23ac44d7813c54e76db71e27 to start an election
I20260710 11:11:36.262583 22252 raft_consensus.cc:1081] T a9d0aa2cf48c4a139e27acc0af2c609a P 771e035debd7414eb973c8e592b749e6 [term 3 LEADER]: Signalling peer 62bd4ced23ac44d7813c54e76db71e27 to start an election
I20260710 11:11:36.264039 21931 tablet_service.cc:2044] Received Run Leader Election RPC: tablet_id: "a9d0aa2cf48c4a139e27acc0af2c609a"
dest_uuid: "62bd4ced23ac44d7813c54e76db71e27"
 from {username='slave'} at 127.0.0.1:53852
I20260710 11:11:36.264649 21931 raft_consensus.cc:493] T a9d0aa2cf48c4a139e27acc0af2c609a P 62bd4ced23ac44d7813c54e76db71e27 [term 3 FOLLOWER]: Starting forced leader election (received explicit request)
I20260710 11:11:36.264956 21931 raft_consensus.cc:3060] T a9d0aa2cf48c4a139e27acc0af2c609a P 62bd4ced23ac44d7813c54e76db71e27 [term 3 FOLLOWER]: Advancing to term 4
I20260710 11:11:36.265789 22080 raft_consensus.cc:2468] T 5c2a8f2d69a54fb792b290e33d52b68a P b85fcea255e1481eab2912e6aeb80cbc [term 3 FOLLOWER]: Leader election vote request: Granting yes vote for candidate 62bd4ced23ac44d7813c54e76db71e27 in term 3.
I20260710 11:11:36.266988 22005 raft_consensus.cc:2468] T 5c2a8f2d69a54fb792b290e33d52b68a P 771e035debd7414eb973c8e592b749e6 [term 3 FOLLOWER]: Leader election vote request: Granting yes vote for candidate 62bd4ced23ac44d7813c54e76db71e27 in term 3.
I20260710 11:11:36.267156 21897 leader_election.cc:304] T 5c2a8f2d69a54fb792b290e33d52b68a P 62bd4ced23ac44d7813c54e76db71e27 [CANDIDATE]: Term 3 election: Election decided. Result: candidate won. Election summary: received 2 responses out of 3 voters: 2 yes votes; 0 no votes. yes voters: 62bd4ced23ac44d7813c54e76db71e27, b85fcea255e1481eab2912e6aeb80cbc; no voters: 
I20260710 11:11:36.268864 22260 raft_consensus.cc:2804] T 5c2a8f2d69a54fb792b290e33d52b68a P 62bd4ced23ac44d7813c54e76db71e27 [term 3 FOLLOWER]: Leader election won for term 3
I20260710 11:11:36.269798 22260 raft_consensus.cc:697] T 5c2a8f2d69a54fb792b290e33d52b68a P 62bd4ced23ac44d7813c54e76db71e27 [term 3 LEADER]: Becoming Leader. State: Replica: 62bd4ced23ac44d7813c54e76db71e27, State: Running, Role: LEADER
