I20260710 11:11:50.836653 23094 raft_consensus.cc:359] T d7bda294ec4948339947e6b728613e6d P 334ec2815bcb47f480d4bc5de95587a5 [term 0 FOLLOWER]: Replica starting. Triggering 0 pending ops. Active config: opid_index: -1 OBSOLETE_local: false peers { permanent_uuid: "3b255913682149b0a307556925747926" member_type: VOTER last_known_addr { host: "127.21.73.1" port: 33989 } } peers { permanent_uuid: "334ec2815bcb47f480d4bc5de95587a5" member_type: VOTER last_known_addr { host: "127.21.73.2" port: 35717 } } peers { permanent_uuid: "4dd562dc1536491b97930b8b05f9eaa7" member_type: VOTER last_known_addr { host: "127.21.73.3" port: 46043 } }
I20260710 11:11:50.837349 23094 raft_consensus.cc:385] T d7bda294ec4948339947e6b728613e6d P 334ec2815bcb47f480d4bc5de95587a5 [term 0 FOLLOWER]: Consensus starting up: Expiring failure detector timer to make a prompt election more likely
I20260710 11:11:50.837672 23094 raft_consensus.cc:740] T d7bda294ec4948339947e6b728613e6d P 334ec2815bcb47f480d4bc5de95587a5 [term 0 FOLLOWER]: Becoming Follower/Learner. State: Replica: 334ec2815bcb47f480d4bc5de95587a5, State: Initialized, Role: FOLLOWER
I20260710 11:11:50.838272 23097 tablet_bootstrap.cc:654] T 2d595a2a7ccd41ed84e6556c48f3bcbe P 3b255913682149b0a307556925747926: Neither blocks nor log segments found. Creating new log.
I20260710 11:11:50.844663 23094 consensus_queue.cc:260] T d7bda294ec4948339947e6b728613e6d P 334ec2815bcb47f480d4bc5de95587a5 [NON_LEADER]: Queue going to NON_LEADER mode. State: All replicated index: 0, Majority replicated index: 0, Committed index: 0, Last appended: 0.0, Last appended by leader: 0, Current term: 0, Majority size: -1, State: 0, Mode: NON_LEADER, active raft config: opid_index: -1 OBSOLETE_local: false peers { permanent_uuid: "3b255913682149b0a307556925747926" member_type: VOTER last_known_addr { host: "127.21.73.1" port: 33989 } } peers { permanent_uuid: "334ec2815bcb47f480d4bc5de95587a5" member_type: VOTER last_known_addr { host: "127.21.73.2" port: 35717 } } peers { permanent_uuid: "4dd562dc1536491b97930b8b05f9eaa7" member_type: VOTER last_known_addr { host: "127.21.73.3" port: 46043 } }
I20260710 11:11:50.828986 23093 ts_tablet_manager.cc:1403] T e09a4de37e774b5594326f565fb71665 P 4dd562dc1536491b97930b8b05f9eaa7: Time spent bootstrapping tablet: real 0.055s	user 0.020s	sys 0.026s
I20260710 11:11:50.848774 23094 ts_tablet_manager.cc:1434] T d7bda294ec4948339947e6b728613e6d P 334ec2815bcb47f480d4bc5de95587a5: Time spent starting tablet: real 0.017s	user 0.008s	sys 0.000s
I20260710 11:11:50.849661 23132 raft_consensus.cc:493] T 2d595a2a7ccd41ed84e6556c48f3bcbe P 334ec2815bcb47f480d4bc5de95587a5 [term 0 FOLLOWER]: Starting pre-election (no leader contacted us within the election timeout)
I20260710 11:11:50.850242 23132 raft_consensus.cc:515] T 2d595a2a7ccd41ed84e6556c48f3bcbe P 334ec2815bcb47f480d4bc5de95587a5 [term 0 FOLLOWER]: Starting pre-election with config: opid_index: -1 OBSOLETE_local: false peers { permanent_uuid: "3b255913682149b0a307556925747926" member_type: VOTER last_known_addr { host: "127.21.73.1" port: 33989 } } peers { permanent_uuid: "334ec2815bcb47f480d4bc5de95587a5" member_type: VOTER last_known_addr { host: "127.21.73.2" port: 35717 } } peers { permanent_uuid: "4dd562dc1536491b97930b8b05f9eaa7" member_type: VOTER last_known_addr { host: "127.21.73.3" port: 46043 } }
I20260710 11:11:50.853688 22904 tablet_service.cc:1917] Received RequestConsensusVote() RPC: tablet_id: "2d595a2a7ccd41ed84e6556c48f3bcbe" candidate_uuid: "334ec2815bcb47f480d4bc5de95587a5" candidate_term: 1 candidate_status { last_received { term: 0 index: 0 } } ignore_live_leader: false dest_uuid: "3b255913682149b0a307556925747926" is_pre_election: true
I20260710 11:11:50.853619 23093 raft_consensus.cc:359] T e09a4de37e774b5594326f565fb71665 P 4dd562dc1536491b97930b8b05f9eaa7 [term 0 FOLLOWER]: Replica starting. Triggering 0 pending ops. Active config: opid_index: -1 OBSOLETE_local: false peers { permanent_uuid: "3b255913682149b0a307556925747926" member_type: VOTER last_known_addr { host: "127.21.73.1" port: 33989 } } peers { permanent_uuid: "334ec2815bcb47f480d4bc5de95587a5" member_type: VOTER last_known_addr { host: "127.21.73.2" port: 35717 } } peers { permanent_uuid: "4dd562dc1536491b97930b8b05f9eaa7" member_type: VOTER last_known_addr { host: "127.21.73.3" port: 46043 } }
I20260710 11:11:50.854437 23093 raft_consensus.cc:385] T e09a4de37e774b5594326f565fb71665 P 4dd562dc1536491b97930b8b05f9eaa7 [term 0 FOLLOWER]: Consensus starting up: Expiring failure detector timer to make a prompt election more likely
I20260710 11:11:50.854768 23093 raft_consensus.cc:740] T e09a4de37e774b5594326f565fb71665 P 4dd562dc1536491b97930b8b05f9eaa7 [term 0 FOLLOWER]: Becoming Follower/Learner. State: Replica: 4dd562dc1536491b97930b8b05f9eaa7, State: Initialized, Role: FOLLOWER
W20260710 11:11:50.855059 22943 leader_election.cc:343] T 2d595a2a7ccd41ed84e6556c48f3bcbe P 334ec2815bcb47f480d4bc5de95587a5 [CANDIDATE]: Term 1 pre-election: Tablet error from VoteRequest() call to peer 3b255913682149b0a307556925747926 (127.21.73.1:33989): Illegal state: must be running to vote when last-logged opid is not known
I20260710 11:11:50.855562 23093 consensus_queue.cc:260] T e09a4de37e774b5594326f565fb71665 P 4dd562dc1536491b97930b8b05f9eaa7 [NON_LEADER]: Queue going to NON_LEADER mode. State: All replicated index: 0, Majority replicated index: 0, Committed index: 0, Last appended: 0.0, Last appended by leader: 0, Current term: 0, Majority size: -1, State: 0, Mode: NON_LEADER, active raft config: opid_index: -1 OBSOLETE_local: false peers { permanent_uuid: "3b255913682149b0a307556925747926" member_type: VOTER last_known_addr { host: "127.21.73.1" port: 33989 } } peers { permanent_uuid: "334ec2815bcb47f480d4bc5de95587a5" member_type: VOTER last_known_addr { host: "127.21.73.2" port: 35717 } } peers { permanent_uuid: "4dd562dc1536491b97930b8b05f9eaa7" member_type: VOTER last_known_addr { host: "127.21.73.3" port: 46043 } }
I20260710 11:11:50.857772 23093 ts_tablet_manager.cc:1434] T e09a4de37e774b5594326f565fb71665 P 4dd562dc1536491b97930b8b05f9eaa7: Time spent starting tablet: real 0.012s	user 0.004s	sys 0.003s
I20260710 11:11:50.858634 23093 tablet_bootstrap.cc:492] T d508a9f1156d4f0e8f5935410ca98e28 P 4dd562dc1536491b97930b8b05f9eaa7: Bootstrap starting.
I20260710 11:11:50.868009 23053 tablet_service.cc:1917] Received RequestConsensusVote() RPC: tablet_id: "2d595a2a7ccd41ed84e6556c48f3bcbe" candidate_uuid: "334ec2815bcb47f480d4bc5de95587a5" candidate_term: 1 candidate_status { last_received { term: 0 index: 0 } } ignore_live_leader: false dest_uuid: "4dd562dc1536491b97930b8b05f9eaa7" is_pre_election: true
I20260710 11:11:50.869395 23099 raft_consensus.cc:493] T b2c98c4a0028483e9363c256777ad0b9 P 4dd562dc1536491b97930b8b05f9eaa7 [term 0 FOLLOWER]: Starting pre-election (no leader contacted us within the election timeout)
W20260710 11:11:50.869899 22945 leader_election.cc:343] T 2d595a2a7ccd41ed84e6556c48f3bcbe P 334ec2815bcb47f480d4bc5de95587a5 [CANDIDATE]: Term 1 pre-election: Tablet error from VoteRequest() call to peer 4dd562dc1536491b97930b8b05f9eaa7 (127.21.73.3:46043): Illegal state: must be running to vote when last-logged opid is not known
I20260710 11:11:50.870028 23099 raft_consensus.cc:515] T b2c98c4a0028483e9363c256777ad0b9 P 4dd562dc1536491b97930b8b05f9eaa7 [term 0 FOLLOWER]: Starting pre-election with config: opid_index: -1 OBSOLETE_local: false peers { permanent_uuid: "3b255913682149b0a307556925747926" member_type: VOTER last_known_addr { host: "127.21.73.1" port: 33989 } } peers { permanent_uuid: "334ec2815bcb47f480d4bc5de95587a5" member_type: VOTER last_known_addr { host: "127.21.73.2" port: 35717 } } peers { permanent_uuid: "4dd562dc1536491b97930b8b05f9eaa7" member_type: VOTER last_known_addr { host: "127.21.73.3" port: 46043 } }
I20260710 11:11:50.870579 22945 leader_election.cc:304] T 2d595a2a7ccd41ed84e6556c48f3bcbe P 334ec2815bcb47f480d4bc5de95587a5 [CANDIDATE]: Term 1 pre-election: Election decided. Result: candidate lost. Election summary: received 3 responses out of 3 voters: 1 yes votes; 2 no votes. yes voters: 334ec2815bcb47f480d4bc5de95587a5; no voters: 3b255913682149b0a307556925747926, 4dd562dc1536491b97930b8b05f9eaa7
I20260710 11:11:50.872047 23132 leader_election.cc:290] T 2d595a2a7ccd41ed84e6556c48f3bcbe P 334ec2815bcb47f480d4bc5de95587a5 [CANDIDATE]: Term 1 pre-election: Requested pre-vote from peers 3b255913682149b0a307556925747926 (127.21.73.1:33989), 4dd562dc1536491b97930b8b05f9eaa7 (127.21.73.3:46043)
I20260710 11:11:50.872607 23099 leader_election.cc:290] T b2c98c4a0028483e9363c256777ad0b9 P 4dd562dc1536491b97930b8b05f9eaa7 [CANDIDATE]: Term 1 pre-election: Requested pre-vote from peers 3b255913682149b0a307556925747926 (127.21.73.1:33989), 334ec2815bcb47f480d4bc5de95587a5 (127.21.73.2:35717)
I20260710 11:11:50.872763 23132 raft_consensus.cc:493] T b2c98c4a0028483e9363c256777ad0b9 P 334ec2815bcb47f480d4bc5de95587a5 [term 0 FOLLOWER]: Starting pre-election (no leader contacted us within the election timeout)
I20260710 11:11:50.874183 23093 tablet_bootstrap.cc:654] T d508a9f1156d4f0e8f5935410ca98e28 P 4dd562dc1536491b97930b8b05f9eaa7: Neither blocks nor log segments found. Creating new log.
I20260710 11:11:50.874183 22979 tablet_service.cc:1917] Received RequestConsensusVote() RPC: tablet_id: "b2c98c4a0028483e9363c256777ad0b9" candidate_uuid: "4dd562dc1536491b97930b8b05f9eaa7" candidate_term: 1 candidate_status { last_received { term: 0 index: 0 } } ignore_live_leader: false dest_uuid: "334ec2815bcb47f480d4bc5de95587a5" is_pre_election: true
I20260710 11:11:50.873461 23132 raft_consensus.cc:515] T b2c98c4a0028483e9363c256777ad0b9 P 334ec2815bcb47f480d4bc5de95587a5 [term 0 FOLLOWER]: Starting pre-election with config: opid_index: -1 OBSOLETE_local: false peers { permanent_uuid: "3b255913682149b0a307556925747926" member_type: VOTER last_known_addr { host: "127.21.73.1" port: 33989 } } peers { permanent_uuid: "334ec2815bcb47f480d4bc5de95587a5" member_type: VOTER last_known_addr { host: "127.21.73.2" port: 35717 } } peers { permanent_uuid: "4dd562dc1536491b97930b8b05f9eaa7" member_type: VOTER last_known_addr { host: "127.21.73.3" port: 46043 } }
I20260710 11:11:50.875304 22904 tablet_service.cc:1917] Received RequestConsensusVote() RPC: tablet_id: "b2c98c4a0028483e9363c256777ad0b9" candidate_uuid: "4dd562dc1536491b97930b8b05f9eaa7" candidate_term: 1 candidate_status { last_received { term: 0 index: 0 } } ignore_live_leader: false dest_uuid: "3b255913682149b0a307556925747926" is_pre_election: true
W20260710 11:11:50.876809 23017 leader_election.cc:343] T b2c98c4a0028483e9363c256777ad0b9 P 4dd562dc1536491b97930b8b05f9eaa7 [CANDIDATE]: Term 1 pre-election: Tablet error from VoteRequest() call to peer 3b255913682149b0a307556925747926 (127.21.73.1:33989): Illegal state: must be running to vote when last-logged opid is not known
I20260710 11:11:50.878098 22979 raft_consensus.cc:2468] T b2c98c4a0028483e9363c256777ad0b9 P 334ec2815bcb47f480d4bc5de95587a5 [term 0 FOLLOWER]: Leader pre-election vote request: Granting yes vote for candidate 4dd562dc1536491b97930b8b05f9eaa7 in term 0.
I20260710 11:11:50.880980 23132 leader_election.cc:290] T b2c98c4a0028483e9363c256777ad0b9 P 334ec2815bcb47f480d4bc5de95587a5 [CANDIDATE]: Term 1 pre-election: Requested pre-vote from peers 3b255913682149b0a307556925747926 (127.21.73.1:33989), 4dd562dc1536491b97930b8b05f9eaa7 (127.21.73.3:46043)
I20260710 11:11:50.881615 23132 raft_consensus.cc:2749] T 2d595a2a7ccd41ed84e6556c48f3bcbe P 334ec2815bcb47f480d4bc5de95587a5 [term 0 FOLLOWER]: Leader pre-election lost for term 1. Reason: could not achieve majority
I20260710 11:11:50.881949 22904 tablet_service.cc:1917] Received RequestConsensusVote() RPC: tablet_id: "b2c98c4a0028483e9363c256777ad0b9" candidate_uuid: "334ec2815bcb47f480d4bc5de95587a5" candidate_term: 1 candidate_status { last_received { term: 0 index: 0 } } ignore_live_leader: false dest_uuid: "3b255913682149b0a307556925747926" is_pre_election: true
W20260710 11:11:50.883643 22943 leader_election.cc:343] T b2c98c4a0028483e9363c256777ad0b9 P 334ec2815bcb47f480d4bc5de95587a5 [CANDIDATE]: Term 1 pre-election: Tablet error from VoteRequest() call to peer 3b255913682149b0a307556925747926 (127.21.73.1:33989): Illegal state: must be running to vote when last-logged opid is not known
I20260710 11:11:50.884613 23094 tablet_bootstrap.cc:492] T 44d85b4da6ef4c6082f5e965146e04db P 334ec2815bcb47f480d4bc5de95587a5: Bootstrap starting.
I20260710 11:11:50.885044 23017 leader_election.cc:304] T b2c98c4a0028483e9363c256777ad0b9 P 4dd562dc1536491b97930b8b05f9eaa7 [CANDIDATE]: Term 1 pre-election: Election decided. Result: candidate won. Election summary: received 3 responses out of 3 voters: 2 yes votes; 1 no votes. yes voters: 334ec2815bcb47f480d4bc5de95587a5, 4dd562dc1536491b97930b8b05f9eaa7; no voters: 3b255913682149b0a307556925747926
I20260710 11:11:50.886390 23099 raft_consensus.cc:2804] T b2c98c4a0028483e9363c256777ad0b9 P 4dd562dc1536491b97930b8b05f9eaa7 [term 0 FOLLOWER]: Leader pre-election won for term 1
I20260710 11:11:50.886839 23099 raft_consensus.cc:493] T b2c98c4a0028483e9363c256777ad0b9 P 4dd562dc1536491b97930b8b05f9eaa7 [term 0 FOLLOWER]: Starting leader election (no leader contacted us within the election timeout)
I20260710 11:11:50.887221 23099 raft_consensus.cc:3060] T b2c98c4a0028483e9363c256777ad0b9 P 4dd562dc1536491b97930b8b05f9eaa7 [term 0 FOLLOWER]: Advancing to term 1
I20260710 11:11:50.894479 23053 tablet_service.cc:1917] Received RequestConsensusVote() RPC: tablet_id: "b2c98c4a0028483e9363c256777ad0b9" candidate_uuid: "334ec2815bcb47f480d4bc5de95587a5" candidate_term: 1 candidate_status { last_received { term: 0 index: 0 } } ignore_live_leader: false dest_uuid: "4dd562dc1536491b97930b8b05f9eaa7" is_pre_election: true
I20260710 11:11:50.898828 23099 raft_consensus.cc:515] T b2c98c4a0028483e9363c256777ad0b9 P 4dd562dc1536491b97930b8b05f9eaa7 [term 1 FOLLOWER]: Starting leader election with config: opid_index: -1 OBSOLETE_local: false peers { permanent_uuid: "3b255913682149b0a307556925747926" member_type: VOTER last_known_addr { host: "127.21.73.1" port: 33989 } } peers { permanent_uuid: "334ec2815bcb47f480d4bc5de95587a5" member_type: VOTER last_known_addr { host: "127.21.73.2" port: 35717 } } peers { permanent_uuid: "4dd562dc1536491b97930b8b05f9eaa7" member_type: VOTER last_known_addr { host: "127.21.73.3" port: 46043 } }
I20260710 11:11:50.902427 22799 catalog_manager.cc:5697] T 7271376f48eb482283dc6481e13fe3cb P 334ec2815bcb47f480d4bc5de95587a5 reported cstate change: term changed from 0 to 1, leader changed from <none> to 334ec2815bcb47f480d4bc5de95587a5 (127.21.73.2). New cstate: current_term: 1 leader_uuid: "334ec2815bcb47f480d4bc5de95587a5" committed_config { opid_index: -1 OBSOLETE_local: false peers { permanent_uuid: "3b255913682149b0a307556925747926" member_type: VOTER last_known_addr { host: "127.21.73.1" port: 33989 } health_report { overall_health: UNKNOWN } } peers { permanent_uuid: "334ec2815bcb47f480d4bc5de95587a5" member_type: VOTER last_known_addr { host: "127.21.73.2" port: 35717 } health_report { overall_health: HEALTHY } } peers { permanent_uuid: "4dd562dc1536491b97930b8b05f9eaa7" member_type: VOTER last_known_addr { host: "127.21.73.3" port: 46043 } health_report { overall_health: UNKNOWN } } }
I20260710 11:11:50.904723 23053 raft_consensus.cc:2393] T b2c98c4a0028483e9363c256777ad0b9 P 4dd562dc1536491b97930b8b05f9eaa7 [term 1 FOLLOWER]: Leader pre-election vote request: Denying vote to candidate 334ec2815bcb47f480d4bc5de95587a5 in current term 1: Already voted for candidate 4dd562dc1536491b97930b8b05f9eaa7 in this term.
I20260710 11:11:50.904826 23094 tablet_bootstrap.cc:654] T 44d85b4da6ef4c6082f5e965146e04db P 334ec2815bcb47f480d4bc5de95587a5: Neither blocks nor log segments found. Creating new log.
I20260710 11:11:50.906648 22945 leader_election.cc:304] T b2c98c4a0028483e9363c256777ad0b9 P 334ec2815bcb47f480d4bc5de95587a5 [CANDIDATE]: Term 1 pre-election: Election decided. Result: candidate lost. Election summary: received 3 responses out of 3 voters: 1 yes votes; 2 no votes. yes voters: 334ec2815bcb47f480d4bc5de95587a5; no voters: 3b255913682149b0a307556925747926, 4dd562dc1536491b97930b8b05f9eaa7
I20260710 11:11:50.907017 22904 tablet_service.cc:1917] Received RequestConsensusVote() RPC: tablet_id: "b2c98c4a0028483e9363c256777ad0b9" candidate_uuid: "4dd562dc1536491b97930b8b05f9eaa7" candidate_term: 1 candidate_status { last_received { term: 0 index: 0 } } ignore_live_leader: false dest_uuid: "3b255913682149b0a307556925747926"
I20260710 11:11:50.907740 23098 raft_consensus.cc:3060] T b2c98c4a0028483e9363c256777ad0b9 P 334ec2815bcb47f480d4bc5de95587a5 [term 0 FOLLOWER]: Advancing to term 1
I20260710 11:11:50.908926 23097 tablet_bootstrap.cc:492] T 2d595a2a7ccd41ed84e6556c48f3bcbe P 3b255913682149b0a307556925747926: No bootstrap required, opened a new log
W20260710 11:11:50.908835 23017 leader_election.cc:343] T b2c98c4a0028483e9363c256777ad0b9 P 4dd562dc1536491b97930b8b05f9eaa7 [CANDIDATE]: Term 1 election: Tablet error from VoteRequest() call to peer 3b255913682149b0a307556925747926 (127.21.73.1:33989): Illegal state: must be running to vote when last-logged opid is not known
I20260710 11:11:50.909525 23097 ts_tablet_manager.cc:1403] T 2d595a2a7ccd41ed84e6556c48f3bcbe P 3b255913682149b0a307556925747926: Time spent bootstrapping tablet: real 0.078s	user 0.050s	sys 0.020s
I20260710 11:11:50.911659 22979 tablet_service.cc:1917] Received RequestConsensusVote() RPC: tablet_id: "b2c98c4a0028483e9363c256777ad0b9" candidate_uuid: "4dd562dc1536491b97930b8b05f9eaa7" candidate_term: 1 candidate_status { last_received { term: 0 index: 0 } } ignore_live_leader: false dest_uuid: "334ec2815bcb47f480d4bc5de95587a5"
I20260710 11:11:50.912600 23099 leader_election.cc:290] T b2c98c4a0028483e9363c256777ad0b9 P 4dd562dc1536491b97930b8b05f9eaa7 [CANDIDATE]: Term 1 election: Requested vote from peers 3b255913682149b0a307556925747926 (127.21.73.1:33989), 334ec2815bcb47f480d4bc5de95587a5 (127.21.73.2:35717)
I20260710 11:11:50.912443 23097 raft_consensus.cc:359] T 2d595a2a7ccd41ed84e6556c48f3bcbe P 3b255913682149b0a307556925747926 [term 0 FOLLOWER]: Replica starting. Triggering 0 pending ops. Active config: opid_index: -1 OBSOLETE_local: false peers { permanent_uuid: "3b255913682149b0a307556925747926" member_type: VOTER last_known_addr { host: "127.21.73.1" port: 33989 } } peers { permanent_uuid: "334ec2815bcb47f480d4bc5de95587a5" member_type: VOTER last_known_addr { host: "127.21.73.2" port: 35717 } } peers { permanent_uuid: "4dd562dc1536491b97930b8b05f9eaa7" member_type: VOTER last_known_addr { host: "127.21.73.3" port: 46043 } }
I20260710 11:11:50.914546 23098 raft_consensus.cc:2749] T b2c98c4a0028483e9363c256777ad0b9 P 334ec2815bcb47f480d4bc5de95587a5 [term 1 FOLLOWER]: Leader pre-election lost for term 1. Reason: could not achieve majority
I20260710 11:11:50.914634 23097 raft_consensus.cc:385] T 2d595a2a7ccd41ed84e6556c48f3bcbe P 3b255913682149b0a307556925747926 [term 0 FOLLOWER]: Consensus starting up: Expiring failure detector timer to make a prompt election more likely
I20260710 11:11:50.915136 23097 raft_consensus.cc:740] T 2d595a2a7ccd41ed84e6556c48f3bcbe P 3b255913682149b0a307556925747926 [term 0 FOLLOWER]: Becoming Follower/Learner. State: Replica: 3b255913682149b0a307556925747926, State: Initialized, Role: FOLLOWER
I20260710 11:11:50.916023 23093 tablet_bootstrap.cc:492] T d508a9f1156d4f0e8f5935410ca98e28 P 4dd562dc1536491b97930b8b05f9eaa7: No bootstrap required, opened a new log
I20260710 11:11:50.916530 23093 ts_tablet_manager.cc:1403] T d508a9f1156d4f0e8f5935410ca98e28 P 4dd562dc1536491b97930b8b05f9eaa7: Time spent bootstrapping tablet: real 0.058s	user 0.012s	sys 0.022s
I20260710 11:11:50.915987 23097 consensus_queue.cc:260] T 2d595a2a7ccd41ed84e6556c48f3bcbe P 3b255913682149b0a307556925747926 [NON_LEADER]: Queue going to NON_LEADER mode. State: All replicated index: 0, Majority replicated index: 0, Committed index: 0, Last appended: 0.0, Last appended by leader: 0, Current term: 0, Majority size: -1, State: 0, Mode: NON_LEADER, active raft config: opid_index: -1 OBSOLETE_local: false peers { permanent_uuid: "3b255913682149b0a307556925747926" member_type: VOTER last_known_addr { host: "127.21.73.1" port: 33989 } } peers { permanent_uuid: "334ec2815bcb47f480d4bc5de95587a5" member_type: VOTER last_known_addr { host: "127.21.73.2" port: 35717 } } peers { permanent_uuid: "4dd562dc1536491b97930b8b05f9eaa7" member_type: VOTER last_known_addr { host: "127.21.73.3" port: 46043 } }
I20260710 11:11:50.917057 23094 tablet_bootstrap.cc:492] T 44d85b4da6ef4c6082f5e965146e04db P 334ec2815bcb47f480d4bc5de95587a5: No bootstrap required, opened a new log
I20260710 11:11:50.919013 23093 raft_consensus.cc:359] T d508a9f1156d4f0e8f5935410ca98e28 P 4dd562dc1536491b97930b8b05f9eaa7 [term 0 FOLLOWER]: Replica starting. Triggering 0 pending ops. Active config: opid_index: -1 OBSOLETE_local: false peers { permanent_uuid: "3b255913682149b0a307556925747926" member_type: VOTER last_known_addr { host: "127.21.73.1" port: 33989 } } peers { permanent_uuid: "334ec2815bcb47f480d4bc5de95587a5" member_type: VOTER last_known_addr { host: "127.21.73.2" port: 35717 } } peers { permanent_uuid: "4dd562dc1536491b97930b8b05f9eaa7" member_type: VOTER last_known_addr { host: "127.21.73.3" port: 46043 } }
I20260710 11:11:50.919627 23093 raft_consensus.cc:385] T d508a9f1156d4f0e8f5935410ca98e28 P 4dd562dc1536491b97930b8b05f9eaa7 [term 0 FOLLOWER]: Consensus starting up: Expiring failure detector timer to make a prompt election more likely
I20260710 11:11:50.919876 23093 raft_consensus.cc:740] T d508a9f1156d4f0e8f5935410ca98e28 P 4dd562dc1536491b97930b8b05f9eaa7 [term 0 FOLLOWER]: Becoming Follower/Learner. State: Replica: 4dd562dc1536491b97930b8b05f9eaa7, State: Initialized, Role: FOLLOWER
I20260710 11:11:50.920609 23093 consensus_queue.cc:260] T d508a9f1156d4f0e8f5935410ca98e28 P 4dd562dc1536491b97930b8b05f9eaa7 [NON_LEADER]: Queue going to NON_LEADER mode. State: All replicated index: 0, Majority replicated index: 0, Committed index: 0, Last appended: 0.0, Last appended by leader: 0, Current term: 0, Majority size: -1, State: 0, Mode: NON_LEADER, active raft config: opid_index: -1 OBSOLETE_local: false peers { permanent_uuid: "3b255913682149b0a307556925747926" member_type: VOTER last_known_addr { host: "127.21.73.1" port: 33989 } } peers { permanent_uuid: "334ec2815bcb47f480d4bc5de95587a5" member_type: VOTER last_known_addr { host: "127.21.73.2" port: 35717 } } peers { permanent_uuid: "4dd562dc1536491b97930b8b05f9eaa7" member_type: VOTER last_known_addr { host: "127.21.73.3" port: 46043 } }
I20260710 11:11:50.921624 23097 ts_tablet_manager.cc:1434] T 2d595a2a7ccd41ed84e6556c48f3bcbe P 3b255913682149b0a307556925747926: Time spent starting tablet: real 0.012s	user 0.005s	sys 0.002s
I20260710 11:11:50.922598 23097 tablet_bootstrap.cc:492] T 9e8c1097164c457d8b4059fc4a4b5c34 P 3b255913682149b0a307556925747926: Bootstrap starting.
I20260710 11:11:50.928845 23097 tablet_bootstrap.cc:654] T 9e8c1097164c457d8b4059fc4a4b5c34 P 3b255913682149b0a307556925747926: Neither blocks nor log segments found. Creating new log.
I20260710 11:11:50.929819 23093 ts_tablet_manager.cc:1434] T d508a9f1156d4f0e8f5935410ca98e28 P 4dd562dc1536491b97930b8b05f9eaa7: Time spent starting tablet: real 0.013s	user 0.006s	sys 0.001s
I20260710 11:11:50.931910 22979 raft_consensus.cc:2468] T b2c98c4a0028483e9363c256777ad0b9 P 334ec2815bcb47f480d4bc5de95587a5 [term 1 FOLLOWER]: Leader election vote request: Granting yes vote for candidate 4dd562dc1536491b97930b8b05f9eaa7 in term 1.
I20260710 11:11:50.931962 23094 ts_tablet_manager.cc:1403] T 44d85b4da6ef4c6082f5e965146e04db P 334ec2815bcb47f480d4bc5de95587a5: Time spent bootstrapping tablet: real 0.048s	user 0.009s	sys 0.003s
I20260710 11:11:50.933367 23099 raft_consensus.cc:493] T d7bda294ec4948339947e6b728613e6d P 4dd562dc1536491b97930b8b05f9eaa7 [term 0 FOLLOWER]: Starting pre-election (no leader contacted us within the election timeout)
I20260710 11:11:50.933655 23017 leader_election.cc:304] T b2c98c4a0028483e9363c256777ad0b9 P 4dd562dc1536491b97930b8b05f9eaa7 [CANDIDATE]: Term 1 election: Election decided. Result: candidate won. Election summary: received 3 responses out of 3 voters: 2 yes votes; 1 no votes. yes voters: 334ec2815bcb47f480d4bc5de95587a5, 4dd562dc1536491b97930b8b05f9eaa7; no voters: 3b255913682149b0a307556925747926
I20260710 11:11:50.933957 23099 raft_consensus.cc:515] T d7bda294ec4948339947e6b728613e6d P 4dd562dc1536491b97930b8b05f9eaa7 [term 0 FOLLOWER]: Starting pre-election with config: opid_index: -1 OBSOLETE_local: false peers { permanent_uuid: "3b255913682149b0a307556925747926" member_type: VOTER last_known_addr { host: "127.21.73.1" port: 33989 } } peers { permanent_uuid: "334ec2815bcb47f480d4bc5de95587a5" member_type: VOTER last_known_addr { host: "127.21.73.2" port: 35717 } } peers { permanent_uuid: "4dd562dc1536491b97930b8b05f9eaa7" member_type: VOTER last_known_addr { host: "127.21.73.3" port: 46043 } }
I20260710 11:11:50.935704 23101 raft_consensus.cc:493] T d7bda294ec4948339947e6b728613e6d P 3b255913682149b0a307556925747926 [term 0 FOLLOWER]: Starting pre-election (no leader contacted us within the election timeout)
I20260710 11:11:50.936321 23099 leader_election.cc:290] T d7bda294ec4948339947e6b728613e6d P 4dd562dc1536491b97930b8b05f9eaa7 [CANDIDATE]: Term 1 pre-election: Requested pre-vote from peers 3b255913682149b0a307556925747926 (127.21.73.1:33989), 334ec2815bcb47f480d4bc5de95587a5 (127.21.73.2:35717)
I20260710 11:11:50.936139 23101 raft_consensus.cc:515] T d7bda294ec4948339947e6b728613e6d P 3b255913682149b0a307556925747926 [term 0 FOLLOWER]: Starting pre-election with config: opid_index: -1 OBSOLETE_local: false peers { permanent_uuid: "3b255913682149b0a307556925747926" member_type: VOTER last_known_addr { host: "127.21.73.1" port: 33989 } } peers { permanent_uuid: "334ec2815bcb47f480d4bc5de95587a5" member_type: VOTER last_known_addr { host: "127.21.73.2" port: 35717 } } peers { permanent_uuid: "4dd562dc1536491b97930b8b05f9eaa7" member_type: VOTER last_known_addr { host: "127.21.73.3" port: 46043 } }
I20260710 11:11:50.936743 23099 raft_consensus.cc:493] T e09a4de37e774b5594326f565fb71665 P 4dd562dc1536491b97930b8b05f9eaa7 [term 0 FOLLOWER]: Starting pre-election (no leader contacted us within the election timeout)
I20260710 11:11:50.937150 23099 raft_consensus.cc:515] T e09a4de37e774b5594326f565fb71665 P 4dd562dc1536491b97930b8b05f9eaa7 [term 0 FOLLOWER]: Starting pre-election with config: opid_index: -1 OBSOLETE_local: false peers { permanent_uuid: "3b255913682149b0a307556925747926" member_type: VOTER last_known_addr { host: "127.21.73.1" port: 33989 } } peers { permanent_uuid: "334ec2815bcb47f480d4bc5de95587a5" member_type: VOTER last_known_addr { host: "127.21.73.2" port: 35717 } } peers { permanent_uuid: "4dd562dc1536491b97930b8b05f9eaa7" member_type: VOTER last_known_addr { host: "127.21.73.3" port: 46043 } }
I20260710 11:11:50.938158 23101 leader_election.cc:290] T d7bda294ec4948339947e6b728613e6d P 3b255913682149b0a307556925747926 [CANDIDATE]: Term 1 pre-election: Requested pre-vote from peers 334ec2815bcb47f480d4bc5de95587a5 (127.21.73.2:35717), 4dd562dc1536491b97930b8b05f9eaa7 (127.21.73.3:46043)
I20260710 11:11:50.939016 23146 raft_consensus.cc:2804] T b2c98c4a0028483e9363c256777ad0b9 P 4dd562dc1536491b97930b8b05f9eaa7 [term 1 FOLLOWER]: Leader election won for term 1
I20260710 11:11:50.939105 23099 leader_election.cc:290] T e09a4de37e774b5594326f565fb71665 P 4dd562dc1536491b97930b8b05f9eaa7 [CANDIDATE]: Term 1 pre-election: Requested pre-vote from peers 3b255913682149b0a307556925747926 (127.21.73.1:33989), 334ec2815bcb47f480d4bc5de95587a5 (127.21.73.2:35717)
I20260710 11:11:50.938185 23094 raft_consensus.cc:359] T 44d85b4da6ef4c6082f5e965146e04db P 334ec2815bcb47f480d4bc5de95587a5 [term 0 FOLLOWER]: Replica starting. Triggering 0 pending ops. Active config: opid_index: -1 OBSOLETE_local: false peers { permanent_uuid: "3b255913682149b0a307556925747926" member_type: VOTER last_known_addr { host: "127.21.73.1" port: 33989 } } peers { permanent_uuid: "334ec2815bcb47f480d4bc5de95587a5" member_type: VOTER last_known_addr { host: "127.21.73.2" port: 35717 } } peers { permanent_uuid: "4dd562dc1536491b97930b8b05f9eaa7" member_type: VOTER last_known_addr { host: "127.21.73.3" port: 46043 } }
I20260710 11:11:50.939873 22904 tablet_service.cc:1917] Received RequestConsensusVote() RPC: tablet_id: "d7bda294ec4948339947e6b728613e6d" candidate_uuid: "4dd562dc1536491b97930b8b05f9eaa7" candidate_term: 1 candidate_status { last_received { term: 0 index: 0 } } ignore_live_leader: false dest_uuid: "3b255913682149b0a307556925747926" is_pre_election: true
I20260710 11:11:50.939853 22979 tablet_service.cc:1917] Received RequestConsensusVote() RPC: tablet_id: "d7bda294ec4948339947e6b728613e6d" candidate_uuid: "3b255913682149b0a307556925747926" candidate_term: 1 candidate_status { last_received { term: 0 index: 0 } } ignore_live_leader: false dest_uuid: "334ec2815bcb47f480d4bc5de95587a5" is_pre_election: true
I20260710 11:11:50.940613 22904 raft_consensus.cc:2468] T d7bda294ec4948339947e6b728613e6d P 3b255913682149b0a307556925747926 [term 0 FOLLOWER]: Leader pre-election vote request: Granting yes vote for candidate 4dd562dc1536491b97930b8b05f9eaa7 in term 0.
I20260710 11:11:50.940363 23094 raft_consensus.cc:385] T 44d85b4da6ef4c6082f5e965146e04db P 334ec2815bcb47f480d4bc5de95587a5 [term 0 FOLLOWER]: Consensus starting up: Expiring failure detector timer to make a prompt election more likely
I20260710 11:11:50.941169 23094 raft_consensus.cc:740] T 44d85b4da6ef4c6082f5e965146e04db P 334ec2815bcb47f480d4bc5de95587a5 [term 0 FOLLOWER]: Becoming Follower/Learner. State: Replica: 334ec2815bcb47f480d4bc5de95587a5, State: Initialized, Role: FOLLOWER
I20260710 11:11:50.941645 22978 tablet_service.cc:1917] Received RequestConsensusVote() RPC: tablet_id: "d7bda294ec4948339947e6b728613e6d" candidate_uuid: "4dd562dc1536491b97930b8b05f9eaa7" candidate_term: 1 candidate_status { last_received { term: 0 index: 0 } } ignore_live_leader: false dest_uuid: "334ec2815bcb47f480d4bc5de95587a5" is_pre_election: true
I20260710 11:11:50.941926 23094 consensus_queue.cc:260] T 44d85b4da6ef4c6082f5e965146e04db P 334ec2815bcb47f480d4bc5de95587a5 [NON_LEADER]: Queue going to NON_LEADER mode. State: All replicated index: 0, Majority replicated index: 0, Committed index: 0, Last appended: 0.0, Last appended by leader: 0, Current term: 0, Majority size: -1, State: 0, Mode: NON_LEADER, active raft config: opid_index: -1 OBSOLETE_local: false peers { permanent_uuid: "3b255913682149b0a307556925747926" member_type: VOTER last_known_addr { host: "127.21.73.1" port: 33989 } } peers { permanent_uuid: "334ec2815bcb47f480d4bc5de95587a5" member_type: VOTER last_known_addr { host: "127.21.73.2" port: 35717 } } peers { permanent_uuid: "4dd562dc1536491b97930b8b05f9eaa7" member_type: VOTER last_known_addr { host: "127.21.73.3" port: 46043 } }
I20260710 11:11:50.943436 23053 tablet_service.cc:1917] Received RequestConsensusVote() RPC: tablet_id: "d7bda294ec4948339947e6b728613e6d" candidate_uuid: "3b255913682149b0a307556925747926" candidate_term: 1 candidate_status { last_received { term: 0 index: 0 } } ignore_live_leader: false dest_uuid: "4dd562dc1536491b97930b8b05f9eaa7" is_pre_election: true
I20260710 11:11:50.943912 23094 ts_tablet_manager.cc:1434] T 44d85b4da6ef4c6082f5e965146e04db P 334ec2815bcb47f480d4bc5de95587a5: Time spent starting tablet: real 0.011s	user 0.004s	sys 0.000s
I20260710 11:11:50.940800 22979 raft_consensus.cc:2468] T d7bda294ec4948339947e6b728613e6d P 334ec2815bcb47f480d4bc5de95587a5 [term 0 FOLLOWER]: Leader pre-election vote request: Granting yes vote for candidate 3b255913682149b0a307556925747926 in term 0.
I20260710 11:11:50.943995 23053 raft_consensus.cc:2468] T d7bda294ec4948339947e6b728613e6d P 4dd562dc1536491b97930b8b05f9eaa7 [term 0 FOLLOWER]: Leader pre-election vote request: Granting yes vote for candidate 3b255913682149b0a307556925747926 in term 0.
I20260710 11:11:50.944923 23093 tablet_bootstrap.cc:492] T 44d85b4da6ef4c6082f5e965146e04db P 4dd562dc1536491b97930b8b05f9eaa7: Bootstrap starting.
I20260710 11:11:50.944034 22978 tablet_service.cc:1917] Received RequestConsensusVote() RPC: tablet_id: "e09a4de37e774b5594326f565fb71665" candidate_uuid: "4dd562dc1536491b97930b8b05f9eaa7" candidate_term: 1 candidate_status { last_received { term: 0 index: 0 } } ignore_live_leader: false dest_uuid: "334ec2815bcb47f480d4bc5de95587a5" is_pre_election: true
I20260710 11:11:50.945751 23094 tablet_bootstrap.cc:492] T c7c9b52d34344831afdb839b81e54b5c P 334ec2815bcb47f480d4bc5de95587a5: Bootstrap starting.
I20260710 11:11:50.945027 23017 leader_election.cc:304] T d7bda294ec4948339947e6b728613e6d P 4dd562dc1536491b97930b8b05f9eaa7 [CANDIDATE]: Term 1 pre-election: Election decided. Result: candidate won. Election summary: received 3 responses out of 3 voters: 2 yes votes; 1 no votes. yes voters: 3b255913682149b0a307556925747926, 4dd562dc1536491b97930b8b05f9eaa7; no voters: 334ec2815bcb47f480d4bc5de95587a5
I20260710 11:11:50.949506 23124 raft_consensus.cc:2804] T d7bda294ec4948339947e6b728613e6d P 4dd562dc1536491b97930b8b05f9eaa7 [term 0 FOLLOWER]: Leader pre-election won for term 1
I20260710 11:11:50.945052 22868 leader_election.cc:304] T d7bda294ec4948339947e6b728613e6d P 3b255913682149b0a307556925747926 [CANDIDATE]: Term 1 pre-election: Election decided. Result: candidate won. Election summary: received 2 responses out of 3 voters: 2 yes votes; 0 no votes. yes voters: 334ec2815bcb47f480d4bc5de95587a5, 3b255913682149b0a307556925747926; no voters: 
I20260710 11:11:50.949951 23124 raft_consensus.cc:493] T d7bda294ec4948339947e6b728613e6d P 4dd562dc1536491b97930b8b05f9eaa7 [term 0 FOLLOWER]: Starting leader election (no leader contacted us within the election timeout)
I20260710 11:11:50.950294 23124 raft_consensus.cc:3060] T d7bda294ec4948339947e6b728613e6d P 4dd562dc1536491b97930b8b05f9eaa7 [term 0 FOLLOWER]: Advancing to term 1
I20260710 11:11:50.950430 23101 raft_consensus.cc:2804] T d7bda294ec4948339947e6b728613e6d P 3b255913682149b0a307556925747926 [term 0 FOLLOWER]: Leader pre-election won for term 1
I20260710 11:11:50.950785 23101 raft_consensus.cc:493] T d7bda294ec4948339947e6b728613e6d P 3b255913682149b0a307556925747926 [term 0 FOLLOWER]: Starting leader election (no leader contacted us within the election timeout)
I20260710 11:11:50.951131 23101 raft_consensus.cc:3060] T d7bda294ec4948339947e6b728613e6d P 3b255913682149b0a307556925747926 [term 0 FOLLOWER]: Advancing to term 1
I20260710 11:11:50.954191 23094 tablet_bootstrap.cc:654] T c7c9b52d34344831afdb839b81e54b5c P 334ec2815bcb47f480d4bc5de95587a5: Neither blocks nor log segments found. Creating new log.
I20260710 11:11:50.957469 23124 raft_consensus.cc:515] T d7bda294ec4948339947e6b728613e6d P 4dd562dc1536491b97930b8b05f9eaa7 [term 1 FOLLOWER]: Starting leader election with config: opid_index: -1 OBSOLETE_local: false peers { permanent_uuid: "3b255913682149b0a307556925747926" member_type: VOTER last_known_addr { host: "127.21.73.1" port: 33989 } } peers { permanent_uuid: "334ec2815bcb47f480d4bc5de95587a5" member_type: VOTER last_known_addr { host: "127.21.73.2" port: 35717 } } peers { permanent_uuid: "4dd562dc1536491b97930b8b05f9eaa7" member_type: VOTER last_known_addr { host: "127.21.73.3" port: 46043 } }
I20260710 11:11:50.945333 22904 tablet_service.cc:1917] Received RequestConsensusVote() RPC: tablet_id: "e09a4de37e774b5594326f565fb71665" candidate_uuid: "4dd562dc1536491b97930b8b05f9eaa7" candidate_term: 1 candidate_status { last_received { term: 0 index: 0 } } ignore_live_leader: false dest_uuid: "3b255913682149b0a307556925747926" is_pre_election: true
W20260710 11:11:50.958256 22833 debug-util.cc:398] Leaking SignalData structure 0x7b0800038840 after lost signal to thread 21799
I20260710 11:11:50.958659 22904 raft_consensus.cc:2468] T e09a4de37e774b5594326f565fb71665 P 3b255913682149b0a307556925747926 [term 0 FOLLOWER]: Leader pre-election vote request: Granting yes vote for candidate 4dd562dc1536491b97930b8b05f9eaa7 in term 0.
I20260710 11:11:50.958901 23093 tablet_bootstrap.cc:654] T 44d85b4da6ef4c6082f5e965146e04db P 4dd562dc1536491b97930b8b05f9eaa7: Neither blocks nor log segments found. Creating new log.
W20260710 11:11:50.959143 22833 debug-util.cc:398] Leaking SignalData structure 0x7b080003bf20 after lost signal to thread 22836
I20260710 11:11:50.959503 23124 leader_election.cc:290] T d7bda294ec4948339947e6b728613e6d P 4dd562dc1536491b97930b8b05f9eaa7 [CANDIDATE]: Term 1 election: Requested vote from peers 3b255913682149b0a307556925747926 (127.21.73.1:33989), 334ec2815bcb47f480d4bc5de95587a5 (127.21.73.2:35717)
I20260710 11:11:50.961977 22904 tablet_service.cc:1917] Received RequestConsensusVote() RPC: tablet_id: "d7bda294ec4948339947e6b728613e6d" candidate_uuid: "4dd562dc1536491b97930b8b05f9eaa7" candidate_term: 1 candidate_status { last_received { term: 0 index: 0 } } ignore_live_leader: false dest_uuid: "3b255913682149b0a307556925747926"
W20260710 11:11:50.963608 23017 leader_election.cc:343] T e09a4de37e774b5594326f565fb71665 P 4dd562dc1536491b97930b8b05f9eaa7 [CANDIDATE]: Term 1 pre-election: Tablet error from VoteRequest() call to peer 334ec2815bcb47f480d4bc5de95587a5 (127.21.73.2:35717): Illegal state: must be running to vote when last-logged opid is not known
I20260710 11:11:50.963557 22978 tablet_service.cc:1917] Received RequestConsensusVote() RPC: tablet_id: "d7bda294ec4948339947e6b728613e6d" candidate_uuid: "4dd562dc1536491b97930b8b05f9eaa7" candidate_term: 1 candidate_status { last_received { term: 0 index: 0 } } ignore_live_leader: false dest_uuid: "334ec2815bcb47f480d4bc5de95587a5"
I20260710 11:11:50.964277 22978 raft_consensus.cc:3060] T d7bda294ec4948339947e6b728613e6d P 334ec2815bcb47f480d4bc5de95587a5 [term 0 FOLLOWER]: Advancing to term 1
I20260710 11:11:50.940634 23146 raft_consensus.cc:697] T b2c98c4a0028483e9363c256777ad0b9 P 4dd562dc1536491b97930b8b05f9eaa7 [term 1 LEADER]: Becoming Leader. State: Replica: 4dd562dc1536491b97930b8b05f9eaa7, State: Running, Role: LEADER
I20260710 11:11:50.965605 23146 consensus_queue.cc:237] T b2c98c4a0028483e9363c256777ad0b9 P 4dd562dc1536491b97930b8b05f9eaa7 [LEADER]: Queue going to LEADER mode. State: All replicated index: 0, Majority replicated index: 0, Committed index: 0, Last appended: 0.0, Last appended by leader: 0, Current term: 1, Majority size: 2, State: 0, Mode: LEADER, active raft config: opid_index: -1 OBSOLETE_local: false peers { permanent_uuid: "3b255913682149b0a307556925747926" member_type: VOTER last_known_addr { host: "127.21.73.1" port: 33989 } } peers { permanent_uuid: "334ec2815bcb47f480d4bc5de95587a5" member_type: VOTER last_known_addr { host: "127.21.73.2" port: 35717 } } peers { permanent_uuid: "4dd562dc1536491b97930b8b05f9eaa7" member_type: VOTER last_known_addr { host: "127.21.73.3" port: 46043 } }
I20260710 11:11:50.964347 23017 leader_election.cc:304] T e09a4de37e774b5594326f565fb71665 P 4dd562dc1536491b97930b8b05f9eaa7 [CANDIDATE]: Term 1 pre-election: Election decided. Result: candidate won. Election summary: received 3 responses out of 3 voters: 2 yes votes; 1 no votes. yes voters: 3b255913682149b0a307556925747926, 4dd562dc1536491b97930b8b05f9eaa7; no voters: 334ec2815bcb47f480d4bc5de95587a5
I20260710 11:11:50.969317 23124 raft_consensus.cc:2804] T e09a4de37e774b5594326f565fb71665 P 4dd562dc1536491b97930b8b05f9eaa7 [term 0 FOLLOWER]: Leader pre-election won for term 1
I20260710 11:11:50.969707 23124 raft_consensus.cc:493] T e09a4de37e774b5594326f565fb71665 P 4dd562dc1536491b97930b8b05f9eaa7 [term 0 FOLLOWER]: Starting leader election (no leader contacted us within the election timeout)
I20260710 11:11:50.970046 23124 raft_consensus.cc:3060] T e09a4de37e774b5594326f565fb71665 P 4dd562dc1536491b97930b8b05f9eaa7 [term 0 FOLLOWER]: Advancing to term 1
I20260710 11:11:50.972205 22978 raft_consensus.cc:2468] T d7bda294ec4948339947e6b728613e6d P 334ec2815bcb47f480d4bc5de95587a5 [term 1 FOLLOWER]: Leader election vote request: Granting yes vote for candidate 4dd562dc1536491b97930b8b05f9eaa7 in term 1.
I20260710 11:11:50.963042 23101 raft_consensus.cc:515] T d7bda294ec4948339947e6b728613e6d P 3b255913682149b0a307556925747926 [term 1 FOLLOWER]: Starting leader election with config: opid_index: -1 OBSOLETE_local: false peers { permanent_uuid: "3b255913682149b0a307556925747926" member_type: VOTER last_known_addr { host: "127.21.73.1" port: 33989 } } peers { permanent_uuid: "334ec2815bcb47f480d4bc5de95587a5" member_type: VOTER last_known_addr { host: "127.21.73.2" port: 35717 } } peers { permanent_uuid: "4dd562dc1536491b97930b8b05f9eaa7" member_type: VOTER last_known_addr { host: "127.21.73.3" port: 46043 } }
I20260710 11:11:50.973839 22904 raft_consensus.cc:2393] T d7bda294ec4948339947e6b728613e6d P 3b255913682149b0a307556925747926 [term 1 FOLLOWER]: Leader election vote request: Denying vote to candidate 4dd562dc1536491b97930b8b05f9eaa7 in current term 1: Already voted for candidate 3b255913682149b0a307556925747926 in this term.
I20260710 11:11:50.974788 23101 leader_election.cc:290] T d7bda294ec4948339947e6b728613e6d P 3b255913682149b0a307556925747926 [CANDIDATE]: Term 1 election: Requested vote from peers 334ec2815bcb47f480d4bc5de95587a5 (127.21.73.2:35717), 4dd562dc1536491b97930b8b05f9eaa7 (127.21.73.3:46043)
I20260710 11:11:50.976166 23053 tablet_service.cc:1917] Received RequestConsensusVote() RPC: tablet_id: "d7bda294ec4948339947e6b728613e6d" candidate_uuid: "3b255913682149b0a307556925747926" candidate_term: 1 candidate_status { last_received { term: 0 index: 0 } } ignore_live_leader: false dest_uuid: "4dd562dc1536491b97930b8b05f9eaa7"
I20260710 11:11:50.976899 23053 raft_consensus.cc:2393] T d7bda294ec4948339947e6b728613e6d P 4dd562dc1536491b97930b8b05f9eaa7 [term 1 FOLLOWER]: Leader election vote request: Denying vote to candidate 3b255913682149b0a307556925747926 in current term 1: Already voted for candidate 4dd562dc1536491b97930b8b05f9eaa7 in this term.
I20260710 11:11:50.976512 22978 tablet_service.cc:1917] Received RequestConsensusVote() RPC: tablet_id: "d7bda294ec4948339947e6b728613e6d" candidate_uuid: "3b255913682149b0a307556925747926" candidate_term: 1 candidate_status { last_received { term: 0 index: 0 } } ignore_live_leader: false dest_uuid: "334ec2815bcb47f480d4bc5de95587a5"
I20260710 11:11:50.977933 22978 raft_consensus.cc:2393] T d7bda294ec4948339947e6b728613e6d P 334ec2815bcb47f480d4bc5de95587a5 [term 1 FOLLOWER]: Leader election vote request: Denying vote to candidate 3b255913682149b0a307556925747926 in current term 1: Already voted for candidate 4dd562dc1536491b97930b8b05f9eaa7 in this term.
I20260710 11:11:50.977833 23017 leader_election.cc:304] T d7bda294ec4948339947e6b728613e6d P 4dd562dc1536491b97930b8b05f9eaa7 [CANDIDATE]: Term 1 election: Election decided. Result: candidate won. Election summary: received 2 responses out of 3 voters: 2 yes votes; 0 no votes. yes voters: 334ec2815bcb47f480d4bc5de95587a5, 4dd562dc1536491b97930b8b05f9eaa7; no voters: 
I20260710 11:11:50.978701 23099 raft_consensus.cc:2804] T d7bda294ec4948339947e6b728613e6d P 4dd562dc1536491b97930b8b05f9eaa7 [term 1 FOLLOWER]: Leader election won for term 1
I20260710 11:11:50.987222 23099 raft_consensus.cc:697] T d7bda294ec4948339947e6b728613e6d P 4dd562dc1536491b97930b8b05f9eaa7 [term 1 LEADER]: Becoming Leader. State: Replica: 4dd562dc1536491b97930b8b05f9eaa7, State: Running, Role: LEADER
I20260710 11:11:50.988241 22870 leader_election.cc:304] T d7bda294ec4948339947e6b728613e6d P 3b255913682149b0a307556925747926 [CANDIDATE]: Term 1 election: Election decided. Result: candidate lost. Election summary: received 3 responses out of 3 voters: 1 yes votes; 2 no votes. yes voters: 3b255913682149b0a307556925747926; no voters: 334ec2815bcb47f480d4bc5de95587a5, 4dd562dc1536491b97930b8b05f9eaa7
I20260710 11:11:50.991976 23124 raft_consensus.cc:515] T e09a4de37e774b5594326f565fb71665 P 4dd562dc1536491b97930b8b05f9eaa7 [term 1 FOLLOWER]: Starting leader election with config: opid_index: -1 OBSOLETE_local: false peers { permanent_uuid: "3b255913682149b0a307556925747926" member_type: VOTER last_known_addr { host: "127.21.73.1" port: 33989 } } peers { permanent_uuid: "334ec2815bcb47f480d4bc5de95587a5" member_type: VOTER last_known_addr { host: "127.21.73.2" port: 35717 } } peers { permanent_uuid: "4dd562dc1536491b97930b8b05f9eaa7" member_type: VOTER last_known_addr { host: "127.21.73.3" port: 46043 } }
I20260710 11:11:50.992149 23101 raft_consensus.cc:2749] T d7bda294ec4948339947e6b728613e6d P 3b255913682149b0a307556925747926 [term 1 FOLLOWER]: Leader election lost for term 1. Reason: could not achieve majority
I20260710 11:11:50.995291 23097 tablet_bootstrap.cc:492] T 9e8c1097164c457d8b4059fc4a4b5c34 P 3b255913682149b0a307556925747926: No bootstrap required, opened a new log
I20260710 11:11:50.995813 23097 ts_tablet_manager.cc:1403] T 9e8c1097164c457d8b4059fc4a4b5c34 P 3b255913682149b0a307556925747926: Time spent bootstrapping tablet: real 0.073s	user 0.010s	sys 0.017s
I20260710 11:11:50.997004 23093 tablet_bootstrap.cc:492] T 44d85b4da6ef4c6082f5e965146e04db P 4dd562dc1536491b97930b8b05f9eaa7: No bootstrap required, opened a new log
I20260710 11:11:50.997505 23093 ts_tablet_manager.cc:1403] T 44d85b4da6ef4c6082f5e965146e04db P 4dd562dc1536491b97930b8b05f9eaa7: Time spent bootstrapping tablet: real 0.053s	user 0.017s	sys 0.025s
I20260710 11:11:51.000226 23093 raft_consensus.cc:359] T 44d85b4da6ef4c6082f5e965146e04db P 4dd562dc1536491b97930b8b05f9eaa7 [term 0 FOLLOWER]: Replica starting. Triggering 0 pending ops. Active config: opid_index: -1 OBSOLETE_local: false peers { permanent_uuid: "3b255913682149b0a307556925747926" member_type: VOTER last_known_addr { host: "127.21.73.1" port: 33989 } } peers { permanent_uuid: "334ec2815bcb47f480d4bc5de95587a5" member_type: VOTER last_known_addr { host: "127.21.73.2" port: 35717 } } peers { permanent_uuid: "4dd562dc1536491b97930b8b05f9eaa7" member_type: VOTER last_known_addr { host: "127.21.73.3" port: 46043 } }
I20260710 11:11:51.000902 23093 raft_consensus.cc:385] T 44d85b4da6ef4c6082f5e965146e04db P 4dd562dc1536491b97930b8b05f9eaa7 [term 0 FOLLOWER]: Consensus starting up: Expiring failure detector timer to make a prompt election more likely
I20260710 11:11:51.001230 23093 raft_consensus.cc:740] T 44d85b4da6ef4c6082f5e965146e04db P 4dd562dc1536491b97930b8b05f9eaa7 [term 0 FOLLOWER]: Becoming Follower/Learner. State: Replica: 4dd562dc1536491b97930b8b05f9eaa7, State: Initialized, Role: FOLLOWER
I20260710 11:11:51.000972 22799 catalog_manager.cc:5697] T b2c98c4a0028483e9363c256777ad0b9 P 4dd562dc1536491b97930b8b05f9eaa7 reported cstate change: term changed from 0 to 1, leader changed from <none> to 4dd562dc1536491b97930b8b05f9eaa7 (127.21.73.3). New cstate: current_term: 1 leader_uuid: "4dd562dc1536491b97930b8b05f9eaa7" committed_config { opid_index: -1 OBSOLETE_local: false peers { permanent_uuid: "3b255913682149b0a307556925747926" member_type: VOTER last_known_addr { host: "127.21.73.1" port: 33989 } health_report { overall_health: UNKNOWN } } peers { permanent_uuid: "334ec2815bcb47f480d4bc5de95587a5" member_type: VOTER last_known_addr { host: "127.21.73.2" port: 35717 } health_report { overall_health: UNKNOWN } } peers { permanent_uuid: "4dd562dc1536491b97930b8b05f9eaa7" member_type: VOTER last_known_addr { host: "127.21.73.3" port: 46043 } health_report { overall_health: HEALTHY } } }
I20260710 11:11:51.001955 23093 consensus_queue.cc:260] T 44d85b4da6ef4c6082f5e965146e04db P 4dd562dc1536491b97930b8b05f9eaa7 [NON_LEADER]: Queue going to NON_LEADER mode. State: All replicated index: 0, Majority replicated index: 0, Committed index: 0, Last appended: 0.0, Last appended by leader: 0, Current term: 0, Majority size: -1, State: 0, Mode: NON_LEADER, active raft config: opid_index: -1 OBSOLETE_local: false peers { permanent_uuid: "3b255913682149b0a307556925747926" member_type: VOTER last_known_addr { host: "127.21.73.1" port: 33989 } } peers { permanent_uuid: "334ec2815bcb47f480d4bc5de95587a5" member_type: VOTER last_known_addr { host: "127.21.73.2" port: 35717 } } peers { permanent_uuid: "4dd562dc1536491b97930b8b05f9eaa7" member_type: VOTER last_known_addr { host: "127.21.73.3" port: 46043 } }
I20260710 11:11:51.003554 22904 tablet_service.cc:1917] Received RequestConsensusVote() RPC: tablet_id: "e09a4de37e774b5594326f565fb71665" candidate_uuid: "4dd562dc1536491b97930b8b05f9eaa7" candidate_term: 1 candidate_status { last_received { term: 0 index: 0 } } ignore_live_leader: false dest_uuid: "3b255913682149b0a307556925747926"
I20260710 11:11:51.004140 22904 raft_consensus.cc:3060] T e09a4de37e774b5594326f565fb71665 P 3b255913682149b0a307556925747926 [term 0 FOLLOWER]: Advancing to term 1
I20260710 11:11:51.004300 23093 ts_tablet_manager.cc:1434] T 44d85b4da6ef4c6082f5e965146e04db P 4dd562dc1536491b97930b8b05f9eaa7: Time spent starting tablet: real 0.006s	user 0.005s	sys 0.000s
I20260710 11:11:51.005247 23093 tablet_bootstrap.cc:492] T 2bcb20179ac7498595225a23b92a6351 P 4dd562dc1536491b97930b8b05f9eaa7: Bootstrap starting.
