I20260710 11:11:27.869472 23248 tablet_service.cc:1917] Received RequestConsensusVote() RPC: tablet_id: "f6e258115c0845faa09af299c51c73a0" candidate_uuid: "4e25edaadaf840d0bc791bf9117d4e10" candidate_term: 1 candidate_status { last_received { term: 0 index: 0 } } ignore_live_leader: false dest_uuid: "92c19c290a7045449b2a009d37803d15" is_pre_election: true
I20260710 11:11:27.870051 23248 raft_consensus.cc:2468] T f6e258115c0845faa09af299c51c73a0 P 92c19c290a7045449b2a009d37803d15 [term 0 FOLLOWER]: Leader pre-election vote request: Granting yes vote for candidate 4e25edaadaf840d0bc791bf9117d4e10 in term 0.
I20260710 11:11:27.870546 23461 leader_election.cc:290] T dd1af815d2ad401ca38b990f5540dadd P 92c19c290a7045449b2a009d37803d15 [CANDIDATE]: Term 1 pre-election: Requested pre-vote from peers 4e25edaadaf840d0bc791bf9117d4e10 (127.22.146.66:41785), 4c420699d82b49e1a73b92c45f783f31 (127.22.146.67:41135)
I20260710 11:11:27.871140 23289 leader_election.cc:304] T f6e258115c0845faa09af299c51c73a0 P 4e25edaadaf840d0bc791bf9117d4e10 [CANDIDATE]: Term 1 pre-election: Election decided. Result: candidate won. Election summary: received 2 responses out of 3 voters: 2 yes votes; 0 no votes. yes voters: 4e25edaadaf840d0bc791bf9117d4e10, 92c19c290a7045449b2a009d37803d15; no voters: 
I20260710 11:11:27.872215 23323 tablet_service.cc:1917] Received RequestConsensusVote() RPC: tablet_id: "dd1af815d2ad401ca38b990f5540dadd" candidate_uuid: "92c19c290a7045449b2a009d37803d15" candidate_term: 1 candidate_status { last_received { term: 0 index: 0 } } ignore_live_leader: false dest_uuid: "4e25edaadaf840d0bc791bf9117d4e10" is_pre_election: true
I20260710 11:11:27.872442 23446 raft_consensus.cc:2804] T f6e258115c0845faa09af299c51c73a0 P 4e25edaadaf840d0bc791bf9117d4e10 [term 0 FOLLOWER]: Leader pre-election won for term 1
I20260710 11:11:27.872815 23446 raft_consensus.cc:493] T f6e258115c0845faa09af299c51c73a0 P 4e25edaadaf840d0bc791bf9117d4e10 [term 0 FOLLOWER]: Starting leader election (no leader contacted us within the election timeout)
I20260710 11:11:27.873167 23446 raft_consensus.cc:3060] T f6e258115c0845faa09af299c51c73a0 P 4e25edaadaf840d0bc791bf9117d4e10 [term 0 FOLLOWER]: Advancing to term 1
I20260710 11:11:27.873102 23397 tablet_service.cc:1917] Received RequestConsensusVote() RPC: tablet_id: "dd1af815d2ad401ca38b990f5540dadd" candidate_uuid: "92c19c290a7045449b2a009d37803d15" candidate_term: 1 candidate_status { last_received { term: 0 index: 0 } } ignore_live_leader: false dest_uuid: "4c420699d82b49e1a73b92c45f783f31" is_pre_election: true
I20260710 11:11:27.873785 23397 raft_consensus.cc:2468] T dd1af815d2ad401ca38b990f5540dadd P 4c420699d82b49e1a73b92c45f783f31 [term 0 FOLLOWER]: Leader pre-election vote request: Granting yes vote for candidate 92c19c290a7045449b2a009d37803d15 in term 0.
I20260710 11:11:27.872790 23323 raft_consensus.cc:2468] T dd1af815d2ad401ca38b990f5540dadd P 4e25edaadaf840d0bc791bf9117d4e10 [term 0 FOLLOWER]: Leader pre-election vote request: Granting yes vote for candidate 92c19c290a7045449b2a009d37803d15 in term 0.
I20260710 11:11:27.874944 23215 leader_election.cc:304] T dd1af815d2ad401ca38b990f5540dadd P 92c19c290a7045449b2a009d37803d15 [CANDIDATE]: Term 1 pre-election: Election decided. Result: candidate won. Election summary: received 2 responses out of 3 voters: 2 yes votes; 0 no votes. yes voters: 4e25edaadaf840d0bc791bf9117d4e10, 92c19c290a7045449b2a009d37803d15; no voters: 
I20260710 11:11:27.875633 23398 tablet_service.cc:1917] Received RequestConsensusVote() RPC: tablet_id: "f6e258115c0845faa09af299c51c73a0" candidate_uuid: "4e25edaadaf840d0bc791bf9117d4e10" candidate_term: 1 candidate_status { last_received { term: 0 index: 0 } } ignore_live_leader: false dest_uuid: "4c420699d82b49e1a73b92c45f783f31" is_pre_election: true
I20260710 11:11:27.876116 23461 raft_consensus.cc:2804] T dd1af815d2ad401ca38b990f5540dadd P 92c19c290a7045449b2a009d37803d15 [term 0 FOLLOWER]: Leader pre-election won for term 1
I20260710 11:11:27.876262 23398 raft_consensus.cc:2468] T f6e258115c0845faa09af299c51c73a0 P 4c420699d82b49e1a73b92c45f783f31 [term 0 FOLLOWER]: Leader pre-election vote request: Granting yes vote for candidate 4e25edaadaf840d0bc791bf9117d4e10 in term 0.
I20260710 11:11:27.876502 23461 raft_consensus.cc:493] T dd1af815d2ad401ca38b990f5540dadd P 92c19c290a7045449b2a009d37803d15 [term 0 FOLLOWER]: Starting leader election (no leader contacted us within the election timeout)
I20260710 11:11:27.876859 23461 raft_consensus.cc:3060] T dd1af815d2ad401ca38b990f5540dadd P 92c19c290a7045449b2a009d37803d15 [term 0 FOLLOWER]: Advancing to term 1
I20260710 11:11:27.879768 23446 raft_consensus.cc:515] T f6e258115c0845faa09af299c51c73a0 P 4e25edaadaf840d0bc791bf9117d4e10 [term 1 FOLLOWER]: Starting leader election with config: opid_index: -1 OBSOLETE_local: false peers { permanent_uuid: "92c19c290a7045449b2a009d37803d15" member_type: VOTER last_known_addr { host: "127.22.146.65" port: 35749 } } peers { permanent_uuid: "4e25edaadaf840d0bc791bf9117d4e10" member_type: VOTER last_known_addr { host: "127.22.146.66" port: 41785 } } peers { permanent_uuid: "4c420699d82b49e1a73b92c45f783f31" member_type: VOTER last_known_addr { host: "127.22.146.67" port: 41135 } }
I20260710 11:11:27.881650 23446 leader_election.cc:290] T f6e258115c0845faa09af299c51c73a0 P 4e25edaadaf840d0bc791bf9117d4e10 [CANDIDATE]: Term 1 election: Requested vote from peers 92c19c290a7045449b2a009d37803d15 (127.22.146.65:35749), 4c420699d82b49e1a73b92c45f783f31 (127.22.146.67:41135)
I20260710 11:11:27.881405 23461 raft_consensus.cc:515] T dd1af815d2ad401ca38b990f5540dadd P 92c19c290a7045449b2a009d37803d15 [term 1 FOLLOWER]: Starting leader election with config: opid_index: -1 OBSOLETE_local: false peers { permanent_uuid: "92c19c290a7045449b2a009d37803d15" member_type: VOTER last_known_addr { host: "127.22.146.65" port: 35749 } } peers { permanent_uuid: "4e25edaadaf840d0bc791bf9117d4e10" member_type: VOTER last_known_addr { host: "127.22.146.66" port: 41785 } } peers { permanent_uuid: "4c420699d82b49e1a73b92c45f783f31" member_type: VOTER last_known_addr { host: "127.22.146.67" port: 41135 } }
I20260710 11:11:27.882740 23248 tablet_service.cc:1917] Received RequestConsensusVote() RPC: tablet_id: "f6e258115c0845faa09af299c51c73a0" candidate_uuid: "4e25edaadaf840d0bc791bf9117d4e10" candidate_term: 1 candidate_status { last_received { term: 0 index: 0 } } ignore_live_leader: false dest_uuid: "92c19c290a7045449b2a009d37803d15"
I20260710 11:11:27.882849 23398 tablet_service.cc:1917] Received RequestConsensusVote() RPC: tablet_id: "f6e258115c0845faa09af299c51c73a0" candidate_uuid: "4e25edaadaf840d0bc791bf9117d4e10" candidate_term: 1 candidate_status { last_received { term: 0 index: 0 } } ignore_live_leader: false dest_uuid: "4c420699d82b49e1a73b92c45f783f31"
I20260710 11:11:27.883175 23248 raft_consensus.cc:3060] T f6e258115c0845faa09af299c51c73a0 P 92c19c290a7045449b2a009d37803d15 [term 0 FOLLOWER]: Advancing to term 1
I20260710 11:11:27.883472 23398 raft_consensus.cc:3060] T f6e258115c0845faa09af299c51c73a0 P 4c420699d82b49e1a73b92c45f783f31 [term 0 FOLLOWER]: Advancing to term 1
I20260710 11:11:27.884151 23461 leader_election.cc:290] T dd1af815d2ad401ca38b990f5540dadd P 92c19c290a7045449b2a009d37803d15 [CANDIDATE]: Term 1 election: Requested vote from peers 4e25edaadaf840d0bc791bf9117d4e10 (127.22.146.66:41785), 4c420699d82b49e1a73b92c45f783f31 (127.22.146.67:41135)
I20260710 11:11:27.888504 23397 tablet_service.cc:1917] Received RequestConsensusVote() RPC: tablet_id: "dd1af815d2ad401ca38b990f5540dadd" candidate_uuid: "92c19c290a7045449b2a009d37803d15" candidate_term: 1 candidate_status { last_received { term: 0 index: 0 } } ignore_live_leader: false dest_uuid: "4c420699d82b49e1a73b92c45f783f31"
I20260710 11:11:27.889024 23397 raft_consensus.cc:3060] T dd1af815d2ad401ca38b990f5540dadd P 4c420699d82b49e1a73b92c45f783f31 [term 0 FOLLOWER]: Advancing to term 1
I20260710 11:11:27.889137 23323 tablet_service.cc:1917] Received RequestConsensusVote() RPC: tablet_id: "dd1af815d2ad401ca38b990f5540dadd" candidate_uuid: "92c19c290a7045449b2a009d37803d15" candidate_term: 1 candidate_status { last_received { term: 0 index: 0 } } ignore_live_leader: false dest_uuid: "4e25edaadaf840d0bc791bf9117d4e10"
I20260710 11:11:27.889647 23323 raft_consensus.cc:3060] T dd1af815d2ad401ca38b990f5540dadd P 4e25edaadaf840d0bc791bf9117d4e10 [term 0 FOLLOWER]: Advancing to term 1
I20260710 11:11:27.889973 23398 raft_consensus.cc:2468] T f6e258115c0845faa09af299c51c73a0 P 4c420699d82b49e1a73b92c45f783f31 [term 1 FOLLOWER]: Leader election vote request: Granting yes vote for candidate 4e25edaadaf840d0bc791bf9117d4e10 in term 1.
I20260710 11:11:27.891022 23290 leader_election.cc:304] T f6e258115c0845faa09af299c51c73a0 P 4e25edaadaf840d0bc791bf9117d4e10 [CANDIDATE]: Term 1 election: Election decided. Result: candidate won. Election summary: received 2 responses out of 3 voters: 2 yes votes; 0 no votes. yes voters: 4c420699d82b49e1a73b92c45f783f31, 4e25edaadaf840d0bc791bf9117d4e10; no voters: 
I20260710 11:11:27.891776 23446 raft_consensus.cc:2804] T f6e258115c0845faa09af299c51c73a0 P 4e25edaadaf840d0bc791bf9117d4e10 [term 1 FOLLOWER]: Leader election won for term 1
I20260710 11:11:27.892223 23446 raft_consensus.cc:697] T f6e258115c0845faa09af299c51c73a0 P 4e25edaadaf840d0bc791bf9117d4e10 [term 1 LEADER]: Becoming Leader. State: Replica: 4e25edaadaf840d0bc791bf9117d4e10, State: Running, Role: LEADER
I20260710 11:11:27.893478 23446 consensus_queue.cc:237] T f6e258115c0845faa09af299c51c73a0 P 4e25edaadaf840d0bc791bf9117d4e10 [LEADER]: Queue going to LEADER mode. State: All replicated index: 0, Majority replicated index: 0, Committed index: 0, Last appended: 0.0, Last appended by leader: 0, Current term: 1, Majority size: 2, State: 0, Mode: LEADER, active raft config: opid_index: -1 OBSOLETE_local: false peers { permanent_uuid: "92c19c290a7045449b2a009d37803d15" member_type: VOTER last_known_addr { host: "127.22.146.65" port: 35749 } } peers { permanent_uuid: "4e25edaadaf840d0bc791bf9117d4e10" member_type: VOTER last_known_addr { host: "127.22.146.66" port: 41785 } } peers { permanent_uuid: "4c420699d82b49e1a73b92c45f783f31" member_type: VOTER last_known_addr { host: "127.22.146.67" port: 41135 } }
I20260710 11:11:27.895205 23397 raft_consensus.cc:2468] T dd1af815d2ad401ca38b990f5540dadd P 4c420699d82b49e1a73b92c45f783f31 [term 1 FOLLOWER]: Leader election vote request: Granting yes vote for candidate 92c19c290a7045449b2a009d37803d15 in term 1.
I20260710 11:11:27.895344 23323 raft_consensus.cc:2468] T dd1af815d2ad401ca38b990f5540dadd P 4e25edaadaf840d0bc791bf9117d4e10 [term 1 FOLLOWER]: Leader election vote request: Granting yes vote for candidate 92c19c290a7045449b2a009d37803d15 in term 1.
I20260710 11:11:27.896250 23215 leader_election.cc:304] T dd1af815d2ad401ca38b990f5540dadd P 92c19c290a7045449b2a009d37803d15 [CANDIDATE]: Term 1 election: Election decided. Result: candidate won. Election summary: received 2 responses out of 3 voters: 2 yes votes; 0 no votes. yes voters: 4e25edaadaf840d0bc791bf9117d4e10, 92c19c290a7045449b2a009d37803d15; no voters: 
I20260710 11:11:27.897455 23461 raft_consensus.cc:2804] T dd1af815d2ad401ca38b990f5540dadd P 92c19c290a7045449b2a009d37803d15 [term 1 FOLLOWER]: Leader election won for term 1
I20260710 11:11:27.897714 23248 raft_consensus.cc:2468] T f6e258115c0845faa09af299c51c73a0 P 92c19c290a7045449b2a009d37803d15 [term 1 FOLLOWER]: Leader election vote request: Granting yes vote for candidate 4e25edaadaf840d0bc791bf9117d4e10 in term 1.
I20260710 11:11:27.898557 23461 raft_consensus.cc:697] T dd1af815d2ad401ca38b990f5540dadd P 92c19c290a7045449b2a009d37803d15 [term 1 LEADER]: Becoming Leader. State: Replica: 92c19c290a7045449b2a009d37803d15, State: Running, Role: LEADER
I20260710 11:11:27.899315 23461 consensus_queue.cc:237] T dd1af815d2ad401ca38b990f5540dadd P 92c19c290a7045449b2a009d37803d15 [LEADER]: Queue going to LEADER mode. State: All replicated index: 0, Majority replicated index: 0, Committed index: 0, Last appended: 0.0, Last appended by leader: 0, Current term: 1, Majority size: 2, State: 0, Mode: LEADER, active raft config: opid_index: -1 OBSOLETE_local: false peers { permanent_uuid: "92c19c290a7045449b2a009d37803d15" member_type: VOTER last_known_addr { host: "127.22.146.65" port: 35749 } } peers { permanent_uuid: "4e25edaadaf840d0bc791bf9117d4e10" member_type: VOTER last_known_addr { host: "127.22.146.66" port: 41785 } } peers { permanent_uuid: "4c420699d82b49e1a73b92c45f783f31" member_type: VOTER last_known_addr { host: "127.22.146.67" port: 41135 } }
I20260710 11:11:27.904913 23145 catalog_manager.cc:5697] T f6e258115c0845faa09af299c51c73a0 P 4e25edaadaf840d0bc791bf9117d4e10 reported cstate change: term changed from 0 to 1, leader changed from <none> to 4e25edaadaf840d0bc791bf9117d4e10 (127.22.146.66). New cstate: current_term: 1 leader_uuid: "4e25edaadaf840d0bc791bf9117d4e10" committed_config { opid_index: -1 OBSOLETE_local: false peers { permanent_uuid: "92c19c290a7045449b2a009d37803d15" member_type: VOTER last_known_addr { host: "127.22.146.65" port: 35749 } health_report { overall_health: UNKNOWN } } peers { permanent_uuid: "4e25edaadaf840d0bc791bf9117d4e10" member_type: VOTER last_known_addr { host: "127.22.146.66" port: 41785 } health_report { overall_health: HEALTHY } } peers { permanent_uuid: "4c420699d82b49e1a73b92c45f783f31" member_type: VOTER last_known_addr { host: "127.22.146.67" port: 41135 } health_report { overall_health: UNKNOWN } } }
I20260710 11:11:27.907395 23144 catalog_manager.cc:5697] T dd1af815d2ad401ca38b990f5540dadd P 92c19c290a7045449b2a009d37803d15 reported cstate change: term changed from 0 to 1, leader changed from <none> to 92c19c290a7045449b2a009d37803d15 (127.22.146.65). New cstate: current_term: 1 leader_uuid: "92c19c290a7045449b2a009d37803d15" committed_config { opid_index: -1 OBSOLETE_local: false peers { permanent_uuid: "92c19c290a7045449b2a009d37803d15" member_type: VOTER last_known_addr { host: "127.22.146.65" port: 35749 } health_report { overall_health: HEALTHY } } peers { permanent_uuid: "4e25edaadaf840d0bc791bf9117d4e10" member_type: VOTER last_known_addr { host: "127.22.146.66" port: 41785 } health_report { overall_health: UNKNOWN } } peers { permanent_uuid: "4c420699d82b49e1a73b92c45f783f31" member_type: VOTER last_known_addr { host: "127.22.146.67" port: 41135 } health_report { overall_health: UNKNOWN } } }
I20260710 11:11:27.928858 23452 consensus_queue.cc:1048] T e6ed2b20b7d348a09911d175401e44d9 P 4c420699d82b49e1a73b92c45f783f31 [LEADER]: Connected to new peer: Peer: permanent_uuid: "92c19c290a7045449b2a009d37803d15" member_type: VOTER last_known_addr { host: "127.22.146.65" port: 35749 }, Status: LMP_MISMATCH, Last received: 0.0, Next index: 1, Last known committed idx: 0, Time since last communication: 0.000s
I20260710 11:11:27.938633 23452 consensus_queue.cc:1048] T e6ed2b20b7d348a09911d175401e44d9 P 4c420699d82b49e1a73b92c45f783f31 [LEADER]: Connected to new peer: Peer: permanent_uuid: "4e25edaadaf840d0bc791bf9117d4e10" member_type: VOTER last_known_addr { host: "127.22.146.66" port: 41785 }, Status: LMP_MISMATCH, Last received: 0.0, Next index: 1, Last known committed idx: 0, Time since last communication: 0.000s
I20260710 11:11:28.035923 23323 tablet_service.cc:2072] Received LeaderStepDown RPC: tablet_id: "356400c8579d4e1fa4edc3b64b99257a"
dest_uuid: "4e25edaadaf840d0bc791bf9117d4e10"
mode: GRACEFUL
new_leader_uuid: "92c19c290a7045449b2a009d37803d15"
 from {username='slave'} at 127.0.0.1:41298
I20260710 11:11:28.036473 23323 raft_consensus.cc:606] T 356400c8579d4e1fa4edc3b64b99257a P 4e25edaadaf840d0bc791bf9117d4e10 [term 1 LEADER]: Received request to transfer leadership to TS 92c19c290a7045449b2a009d37803d15
I20260710 11:11:28.041787 23323 tablet_service.cc:2072] Received LeaderStepDown RPC: tablet_id: "e886f802bdeb4a18ba596e15b05ee44f"
dest_uuid: "4e25edaadaf840d0bc791bf9117d4e10"
mode: GRACEFUL
new_leader_uuid: "92c19c290a7045449b2a009d37803d15"
 from {username='slave'} at 127.0.0.1:41298
I20260710 11:11:28.042418 23323 raft_consensus.cc:606] T e886f802bdeb4a18ba596e15b05ee44f P 4e25edaadaf840d0bc791bf9117d4e10 [term 1 LEADER]: Received request to transfer leadership to TS 92c19c290a7045449b2a009d37803d15
I20260710 11:11:28.043486 23504 consensus_queue.cc:1048] T 842765533de448d5b95eeb9b99334c7f P 4c420699d82b49e1a73b92c45f783f31 [LEADER]: Connected to new peer: Peer: permanent_uuid: "92c19c290a7045449b2a009d37803d15" member_type: VOTER last_known_addr { host: "127.22.146.65" port: 35749 }, Status: LMP_MISMATCH, Last received: 0.0, Next index: 1, Last known committed idx: 0, Time since last communication: 0.001s
I20260710 11:11:28.056639 23469 consensus_queue.cc:1048] T 842765533de448d5b95eeb9b99334c7f P 4c420699d82b49e1a73b92c45f783f31 [LEADER]: Connected to new peer: Peer: permanent_uuid: "4e25edaadaf840d0bc791bf9117d4e10" member_type: VOTER last_known_addr { host: "127.22.146.66" port: 41785 }, Status: LMP_MISMATCH, Last received: 0.0, Next index: 1, Last known committed idx: 0, Time since last communication: 0.001s
I20260710 11:11:28.075744 23397 tablet_service.cc:2072] Received LeaderStepDown RPC: tablet_id: "e6ed2b20b7d348a09911d175401e44d9"
dest_uuid: "4c420699d82b49e1a73b92c45f783f31"
mode: GRACEFUL
new_leader_uuid: "92c19c290a7045449b2a009d37803d15"
 from {username='slave'} at 127.0.0.1:51120
I20260710 11:11:28.076336 23397 raft_consensus.cc:606] T e6ed2b20b7d348a09911d175401e44d9 P 4c420699d82b49e1a73b92c45f783f31 [term 1 LEADER]: Received request to transfer leadership to TS 92c19c290a7045449b2a009d37803d15
I20260710 11:11:28.081808 23323 tablet_service.cc:2072] Received LeaderStepDown RPC: tablet_id: "f6e258115c0845faa09af299c51c73a0"
dest_uuid: "4e25edaadaf840d0bc791bf9117d4e10"
mode: GRACEFUL
new_leader_uuid: "92c19c290a7045449b2a009d37803d15"
 from {username='slave'} at 127.0.0.1:41298
I20260710 11:11:28.082439 23323 raft_consensus.cc:606] T f6e258115c0845faa09af299c51c73a0 P 4e25edaadaf840d0bc791bf9117d4e10 [term 1 LEADER]: Received request to transfer leadership to TS 92c19c290a7045449b2a009d37803d15
I20260710 11:11:28.086907 23397 tablet_service.cc:2072] Received LeaderStepDown RPC: tablet_id: "842765533de448d5b95eeb9b99334c7f"
dest_uuid: "4c420699d82b49e1a73b92c45f783f31"
mode: GRACEFUL
new_leader_uuid: "4e25edaadaf840d0bc791bf9117d4e10"
 from {username='slave'} at 127.0.0.1:51120
I20260710 11:11:28.087447 23397 raft_consensus.cc:606] T 842765533de448d5b95eeb9b99334c7f P 4c420699d82b49e1a73b92c45f783f31 [term 1 LEADER]: Received request to transfer leadership to TS 4e25edaadaf840d0bc791bf9117d4e10
I20260710 11:11:28.100044 23248 tablet_service.cc:2072] Received LeaderStepDown RPC: tablet_id: "c3b6449a2cd849de946d52469ac10cb8"
dest_uuid: "92c19c290a7045449b2a009d37803d15"
mode: GRACEFUL
new_leader_uuid: "4e25edaadaf840d0bc791bf9117d4e10"
 from {username='slave'} at 127.0.0.1:33438
I20260710 11:11:28.100497 23248 raft_consensus.cc:606] T c3b6449a2cd849de946d52469ac10cb8 P 92c19c290a7045449b2a009d37803d15 [term 1 LEADER]: Received request to transfer leadership to TS 4e25edaadaf840d0bc791bf9117d4e10
I20260710 11:11:28.105311 23248 tablet_service.cc:2072] Received LeaderStepDown RPC: tablet_id: "2c34281f2baf4e218930adae8fbf7f45"
dest_uuid: "92c19c290a7045449b2a009d37803d15"
mode: GRACEFUL
new_leader_uuid: "4e25edaadaf840d0bc791bf9117d4e10"
 from {username='slave'} at 127.0.0.1:33438
I20260710 11:11:28.105767 23248 raft_consensus.cc:606] T 2c34281f2baf4e218930adae8fbf7f45 P 92c19c290a7045449b2a009d37803d15 [term 1 LEADER]: Received request to transfer leadership to TS 4e25edaadaf840d0bc791bf9117d4e10
I20260710 11:11:28.112991 23248 tablet_service.cc:2072] Received LeaderStepDown RPC: tablet_id: "dd1af815d2ad401ca38b990f5540dadd"
dest_uuid: "92c19c290a7045449b2a009d37803d15"
mode: GRACEFUL
new_leader_uuid: "4c420699d82b49e1a73b92c45f783f31"
 from {username='slave'} at 127.0.0.1:33438
I20260710 11:11:28.113504 23248 raft_consensus.cc:606] T dd1af815d2ad401ca38b990f5540dadd P 92c19c290a7045449b2a009d37803d15 [term 1 LEADER]: Received request to transfer leadership to TS 4c420699d82b49e1a73b92c45f783f31
I20260710 11:11:28.192358 23446 consensus_queue.cc:1048] T 72d5fa023472432ca66dc5c47e92ad03 P 4e25edaadaf840d0bc791bf9117d4e10 [LEADER]: Connected to new peer: Peer: permanent_uuid: "4c420699d82b49e1a73b92c45f783f31" member_type: VOTER last_known_addr { host: "127.22.146.67" port: 41135 }, Status: LMP_MISMATCH, Last received: 0.0, Next index: 1, Last known committed idx: 0, Time since last communication: 0.000s
I20260710 11:11:28.202838 23455 consensus_queue.cc:1048] T 72d5fa023472432ca66dc5c47e92ad03 P 4e25edaadaf840d0bc791bf9117d4e10 [LEADER]: Connected to new peer: Peer: permanent_uuid: "92c19c290a7045449b2a009d37803d15" member_type: VOTER last_known_addr { host: "127.22.146.65" port: 35749 }, Status: LMP_MISMATCH, Last received: 0.0, Next index: 1, Last known committed idx: 0, Time since last communication: 0.000s
I20260710 11:11:28.251338 23461 consensus_queue.cc:1048] T 2c34281f2baf4e218930adae8fbf7f45 P 92c19c290a7045449b2a009d37803d15 [LEADER]: Connected to new peer: Peer: permanent_uuid: "4e25edaadaf840d0bc791bf9117d4e10" member_type: VOTER last_known_addr { host: "127.22.146.66" port: 41785 }, Status: LMP_MISMATCH, Last received: 0.0, Next index: 1, Last known committed idx: 0, Time since last communication: 0.000s
I20260710 11:11:28.258019 23494 raft_consensus.cc:993] T 2c34281f2baf4e218930adae8fbf7f45 P 92c19c290a7045449b2a009d37803d15: : Instructing follower 4e25edaadaf840d0bc791bf9117d4e10 to start an election
I20260710 11:11:28.258502 23447 raft_consensus.cc:1081] T 2c34281f2baf4e218930adae8fbf7f45 P 92c19c290a7045449b2a009d37803d15 [term 1 LEADER]: Signalling peer 4e25edaadaf840d0bc791bf9117d4e10 to start an election
I20260710 11:11:28.262939 23322 tablet_service.cc:2044] Received Run Leader Election RPC: tablet_id: "2c34281f2baf4e218930adae8fbf7f45"
dest_uuid: "4e25edaadaf840d0bc791bf9117d4e10"
 from {username='slave'} at 127.0.0.1:41284
I20260710 11:11:28.263489 23322 raft_consensus.cc:493] T 2c34281f2baf4e218930adae8fbf7f45 P 4e25edaadaf840d0bc791bf9117d4e10 [term 1 FOLLOWER]: Starting forced leader election (received explicit request)
I20260710 11:11:28.263846 23322 raft_consensus.cc:3060] T 2c34281f2baf4e218930adae8fbf7f45 P 4e25edaadaf840d0bc791bf9117d4e10 [term 1 FOLLOWER]: Advancing to term 2
I20260710 11:11:28.264422 23447 consensus_queue.cc:1048] T 2c34281f2baf4e218930adae8fbf7f45 P 92c19c290a7045449b2a009d37803d15 [LEADER]: Connected to new peer: Peer: permanent_uuid: "4c420699d82b49e1a73b92c45f783f31" member_type: VOTER last_known_addr { host: "127.22.146.67" port: 41135 }, Status: LMP_MISMATCH, Last received: 0.0, Next index: 1, Last known committed idx: 0, Time since last communication: 0.000s
I20260710 11:11:28.270351 23322 raft_consensus.cc:515] T 2c34281f2baf4e218930adae8fbf7f45 P 4e25edaadaf840d0bc791bf9117d4e10 [term 2 FOLLOWER]: Starting forced leader election with config: opid_index: -1 OBSOLETE_local: false peers { permanent_uuid: "92c19c290a7045449b2a009d37803d15" member_type: VOTER last_known_addr { host: "127.22.146.65" port: 35749 } } peers { permanent_uuid: "4e25edaadaf840d0bc791bf9117d4e10" member_type: VOTER last_known_addr { host: "127.22.146.66" port: 41785 } } peers { permanent_uuid: "4c420699d82b49e1a73b92c45f783f31" member_type: VOTER last_known_addr { host: "127.22.146.67" port: 41135 } }
I20260710 11:11:28.274889 23513 consensus_queue.cc:1048] T 356400c8579d4e1fa4edc3b64b99257a P 4e25edaadaf840d0bc791bf9117d4e10 [LEADER]: Connected to new peer: Peer: permanent_uuid: "92c19c290a7045449b2a009d37803d15" member_type: VOTER last_known_addr { host: "127.22.146.65" port: 35749 }, Status: LMP_MISMATCH, Last received: 0.0, Next index: 1, Last known committed idx: 0, Time since last communication: 0.000s
I20260710 11:11:28.282001 23397 tablet_service.cc:1917] Received RequestConsensusVote() RPC: tablet_id: "2c34281f2baf4e218930adae8fbf7f45" candidate_uuid: "4e25edaadaf840d0bc791bf9117d4e10" candidate_term: 2 candidate_status { last_received { term: 1 index: 1 } } ignore_live_leader: true dest_uuid: "4c420699d82b49e1a73b92c45f783f31"
I20260710 11:11:28.283002 23397 raft_consensus.cc:3060] T 2c34281f2baf4e218930adae8fbf7f45 P 4c420699d82b49e1a73b92c45f783f31 [term 1 FOLLOWER]: Advancing to term 2
I20260710 11:11:28.283078 23249 tablet_service.cc:1917] Received RequestConsensusVote() RPC: tablet_id: "2c34281f2baf4e218930adae8fbf7f45" candidate_uuid: "4e25edaadaf840d0bc791bf9117d4e10" candidate_term: 2 candidate_status { last_received { term: 1 index: 1 } } ignore_live_leader: true dest_uuid: "92c19c290a7045449b2a009d37803d15"
I20260710 11:11:28.285444 23249 raft_consensus.cc:3055] T 2c34281f2baf4e218930adae8fbf7f45 P 92c19c290a7045449b2a009d37803d15 [term 1 LEADER]: Stepping down as leader of term 1
I20260710 11:11:28.285799 23249 raft_consensus.cc:740] T 2c34281f2baf4e218930adae8fbf7f45 P 92c19c290a7045449b2a009d37803d15 [term 1 LEADER]: Becoming Follower/Learner. State: Replica: 92c19c290a7045449b2a009d37803d15, State: Running, Role: LEADER
I20260710 11:11:28.286620 23249 consensus_queue.cc:260] T 2c34281f2baf4e218930adae8fbf7f45 P 92c19c290a7045449b2a009d37803d15 [NON_LEADER]: Queue going to NON_LEADER mode. State: All replicated index: 0, Majority replicated index: 1, Committed index: 1, Last appended: 1.1, Last appended by leader: 1, Current term: 1, Majority size: -1, State: 0, Mode: NON_LEADER, active raft config: opid_index: -1 OBSOLETE_local: false peers { permanent_uuid: "92c19c290a7045449b2a009d37803d15" member_type: VOTER last_known_addr { host: "127.22.146.65" port: 35749 } } peers { permanent_uuid: "4e25edaadaf840d0bc791bf9117d4e10" member_type: VOTER last_known_addr { host: "127.22.146.66" port: 41785 } } peers { permanent_uuid: "4c420699d82b49e1a73b92c45f783f31" member_type: VOTER last_known_addr { host: "127.22.146.67" port: 41135 } }
I20260710 11:11:28.288007 23249 raft_consensus.cc:3060] T 2c34281f2baf4e218930adae8fbf7f45 P 92c19c290a7045449b2a009d37803d15 [term 1 FOLLOWER]: Advancing to term 2
I20260710 11:11:28.282538 23322 leader_election.cc:290] T 2c34281f2baf4e218930adae8fbf7f45 P 4e25edaadaf840d0bc791bf9117d4e10 [CANDIDATE]: Term 2 election: Requested vote from peers 92c19c290a7045449b2a009d37803d15 (127.22.146.65:35749), 4c420699d82b49e1a73b92c45f783f31 (127.22.146.67:41135)
I20260710 11:11:28.291955 23397 raft_consensus.cc:2468] T 2c34281f2baf4e218930adae8fbf7f45 P 4c420699d82b49e1a73b92c45f783f31 [term 2 FOLLOWER]: Leader election vote request: Granting yes vote for candidate 4e25edaadaf840d0bc791bf9117d4e10 in term 2.
I20260710 11:11:28.293107 23290 leader_election.cc:304] T 2c34281f2baf4e218930adae8fbf7f45 P 4e25edaadaf840d0bc791bf9117d4e10 [CANDIDATE]: Term 2 election: Election decided. Result: candidate won. Election summary: received 2 responses out of 3 voters: 2 yes votes; 0 no votes. yes voters: 4c420699d82b49e1a73b92c45f783f31, 4e25edaadaf840d0bc791bf9117d4e10; no voters: 
I20260710 11:11:28.294622 23446 raft_consensus.cc:2804] T 2c34281f2baf4e218930adae8fbf7f45 P 4e25edaadaf840d0bc791bf9117d4e10 [term 2 FOLLOWER]: Leader election won for term 2
I20260710 11:11:28.294929 23249 raft_consensus.cc:2468] T 2c34281f2baf4e218930adae8fbf7f45 P 92c19c290a7045449b2a009d37803d15 [term 2 FOLLOWER]: Leader election vote request: Granting yes vote for candidate 4e25edaadaf840d0bc791bf9117d4e10 in term 2.
I20260710 11:11:28.295075 23446 raft_consensus.cc:697] T 2c34281f2baf4e218930adae8fbf7f45 P 4e25edaadaf840d0bc791bf9117d4e10 [term 2 LEADER]: Becoming Leader. State: Replica: 4e25edaadaf840d0bc791bf9117d4e10, State: Running, Role: LEADER
I20260710 11:11:28.295876 23446 consensus_queue.cc:237] T 2c34281f2baf4e218930adae8fbf7f45 P 4e25edaadaf840d0bc791bf9117d4e10 [LEADER]: Queue going to LEADER mode. State: All replicated index: 0, Majority replicated index: 1, Committed index: 1, Last appended: 1.1, Last appended by leader: 1, Current term: 2, Majority size: 2, State: 0, Mode: LEADER, active raft config: opid_index: -1 OBSOLETE_local: false peers { permanent_uuid: "92c19c290a7045449b2a009d37803d15" member_type: VOTER last_known_addr { host: "127.22.146.65" port: 35749 } } peers { permanent_uuid: "4e25edaadaf840d0bc791bf9117d4e10" member_type: VOTER last_known_addr { host: "127.22.146.66" port: 41785 } } peers { permanent_uuid: "4c420699d82b49e1a73b92c45f783f31" member_type: VOTER last_known_addr { host: "127.22.146.67" port: 41135 } }
I20260710 11:11:28.301527 23446 consensus_queue.cc:1048] T 356400c8579d4e1fa4edc3b64b99257a P 4e25edaadaf840d0bc791bf9117d4e10 [LEADER]: Connected to new peer: Peer: permanent_uuid: "4c420699d82b49e1a73b92c45f783f31" member_type: VOTER last_known_addr { host: "127.22.146.67" port: 41135 }, Status: LMP_MISMATCH, Last received: 0.0, Next index: 1, Last known committed idx: 0, Time since last communication: 0.000s
I20260710 11:11:28.305104 23144 catalog_manager.cc:5697] T 2c34281f2baf4e218930adae8fbf7f45 P 4e25edaadaf840d0bc791bf9117d4e10 reported cstate change: term changed from 1 to 2, leader changed from 92c19c290a7045449b2a009d37803d15 (127.22.146.65) to 4e25edaadaf840d0bc791bf9117d4e10 (127.22.146.66). New cstate: current_term: 2 leader_uuid: "4e25edaadaf840d0bc791bf9117d4e10" committed_config { opid_index: -1 OBSOLETE_local: false peers { permanent_uuid: "92c19c290a7045449b2a009d37803d15" member_type: VOTER last_known_addr { host: "127.22.146.65" port: 35749 } health_report { overall_health: UNKNOWN } } peers { permanent_uuid: "4e25edaadaf840d0bc791bf9117d4e10" member_type: VOTER last_known_addr { host: "127.22.146.66" port: 41785 } health_report { overall_health: HEALTHY } } peers { permanent_uuid: "4c420699d82b49e1a73b92c45f783f31" member_type: VOTER last_known_addr { host: "127.22.146.67" port: 41135 } health_report { overall_health: UNKNOWN } } }
I20260710 11:11:28.308678 23513 raft_consensus.cc:993] T 356400c8579d4e1fa4edc3b64b99257a P 4e25edaadaf840d0bc791bf9117d4e10: : Instructing follower 92c19c290a7045449b2a009d37803d15 to start an election
I20260710 11:11:28.316401 23513 raft_consensus.cc:1081] T 356400c8579d4e1fa4edc3b64b99257a P 4e25edaadaf840d0bc791bf9117d4e10 [term 1 LEADER]: Signalling peer 92c19c290a7045449b2a009d37803d15 to start an election
I20260710 11:11:28.318080 23248 tablet_service.cc:2044] Received Run Leader Election RPC: tablet_id: "356400c8579d4e1fa4edc3b64b99257a"
dest_uuid: "92c19c290a7045449b2a009d37803d15"
 from {username='slave'} at 127.0.0.1:33420
I20260710 11:11:28.318604 23248 raft_consensus.cc:493] T 356400c8579d4e1fa4edc3b64b99257a P 92c19c290a7045449b2a009d37803d15 [term 1 FOLLOWER]: Starting forced leader election (received explicit request)
I20260710 11:11:28.318933 23248 raft_consensus.cc:3060] T 356400c8579d4e1fa4edc3b64b99257a P 92c19c290a7045449b2a009d37803d15 [term 1 FOLLOWER]: Advancing to term 2
I20260710 11:11:28.325591 23248 raft_consensus.cc:515] T 356400c8579d4e1fa4edc3b64b99257a P 92c19c290a7045449b2a009d37803d15 [term 2 FOLLOWER]: Starting forced leader election with config: opid_index: -1 OBSOLETE_local: false peers { permanent_uuid: "4e25edaadaf840d0bc791bf9117d4e10" member_type: VOTER last_known_addr { host: "127.22.146.66" port: 41785 } } peers { permanent_uuid: "4c420699d82b49e1a73b92c45f783f31" member_type: VOTER last_known_addr { host: "127.22.146.67" port: 41135 } } peers { permanent_uuid: "92c19c290a7045449b2a009d37803d15" member_type: VOTER last_known_addr { host: "127.22.146.65" port: 35749 } }
I20260710 11:11:28.328110 23248 leader_election.cc:290] T 356400c8579d4e1fa4edc3b64b99257a P 92c19c290a7045449b2a009d37803d15 [CANDIDATE]: Term 2 election: Requested vote from peers 4e25edaadaf840d0bc791bf9117d4e10 (127.22.146.66:41785), 4c420699d82b49e1a73b92c45f783f31 (127.22.146.67:41135)
I20260710 11:11:28.329249 23398 tablet_service.cc:1917] Received RequestConsensusVote() RPC: tablet_id: "356400c8579d4e1fa4edc3b64b99257a" candidate_uuid: "92c19c290a7045449b2a009d37803d15" candidate_term: 2 candidate_status { last_received { term: 1 index: 1 } } ignore_live_leader: true dest_uuid: "4c420699d82b49e1a73b92c45f783f31"
I20260710 11:11:28.329473 23322 tablet_service.cc:1917] Received RequestConsensusVote() RPC: tablet_id: "356400c8579d4e1fa4edc3b64b99257a" candidate_uuid: "92c19c290a7045449b2a009d37803d15" candidate_term: 2 candidate_status { last_received { term: 1 index: 1 } } ignore_live_leader: true dest_uuid: "4e25edaadaf840d0bc791bf9117d4e10"
I20260710 11:11:28.329808 23398 raft_consensus.cc:3060] T 356400c8579d4e1fa4edc3b64b99257a P 4c420699d82b49e1a73b92c45f783f31 [term 1 FOLLOWER]: Advancing to term 2
I20260710 11:11:28.330255 23322 raft_consensus.cc:3055] T 356400c8579d4e1fa4edc3b64b99257a P 4e25edaadaf840d0bc791bf9117d4e10 [term 1 LEADER]: Stepping down as leader of term 1
I20260710 11:11:28.330616 23322 raft_consensus.cc:740] T 356400c8579d4e1fa4edc3b64b99257a P 4e25edaadaf840d0bc791bf9117d4e10 [term 1 LEADER]: Becoming Follower/Learner. State: Replica: 4e25edaadaf840d0bc791bf9117d4e10, State: Running, Role: LEADER
I20260710 11:11:28.331493 23322 consensus_queue.cc:260] T 356400c8579d4e1fa4edc3b64b99257a P 4e25edaadaf840d0bc791bf9117d4e10 [NON_LEADER]: Queue going to NON_LEADER mode. State: All replicated index: 0, Majority replicated index: 1, Committed index: 1, Last appended: 1.1, Last appended by leader: 1, Current term: 1, Majority size: -1, State: 0, Mode: NON_LEADER, active raft config: opid_index: -1 OBSOLETE_local: false peers { permanent_uuid: "4e25edaadaf840d0bc791bf9117d4e10" member_type: VOTER last_known_addr { host: "127.22.146.66" port: 41785 } } peers { permanent_uuid: "4c420699d82b49e1a73b92c45f783f31" member_type: VOTER last_known_addr { host: "127.22.146.67" port: 41135 } } peers { permanent_uuid: "92c19c290a7045449b2a009d37803d15" member_type: VOTER last_known_addr { host: "127.22.146.65" port: 35749 } }
I20260710 11:11:28.332629 23322 raft_consensus.cc:3060] T 356400c8579d4e1fa4edc3b64b99257a P 4e25edaadaf840d0bc791bf9117d4e10 [term 1 FOLLOWER]: Advancing to term 2
I20260710 11:11:28.335848 23398 raft_consensus.cc:2468] T 356400c8579d4e1fa4edc3b64b99257a P 4c420699d82b49e1a73b92c45f783f31 [term 2 FOLLOWER]: Leader election vote request: Granting yes vote for candidate 92c19c290a7045449b2a009d37803d15 in term 2.
I20260710 11:11:28.336927 23215 leader_election.cc:304] T 356400c8579d4e1fa4edc3b64b99257a P 92c19c290a7045449b2a009d37803d15 [CANDIDATE]: Term 2 election: Election decided. Result: candidate won. Election summary: received 2 responses out of 3 voters: 2 yes votes; 0 no votes. yes voters: 4c420699d82b49e1a73b92c45f783f31, 92c19c290a7045449b2a009d37803d15; no voters: 
I20260710 11:11:28.337663 23447 raft_consensus.cc:2804] T 356400c8579d4e1fa4edc3b64b99257a P 92c19c290a7045449b2a009d37803d15 [term 2 FOLLOWER]: Leader election won for term 2
I20260710 11:11:28.338117 23447 raft_consensus.cc:697] T 356400c8579d4e1fa4edc3b64b99257a P 92c19c290a7045449b2a009d37803d15 [term 2 LEADER]: Becoming Leader. State: Replica: 92c19c290a7045449b2a009d37803d15, State: Running, Role: LEADER
I20260710 11:11:28.338922 23447 consensus_queue.cc:237] T 356400c8579d4e1fa4edc3b64b99257a P 92c19c290a7045449b2a009d37803d15 [LEADER]: Queue going to LEADER mode. State: All replicated index: 0, Majority replicated index: 1, Committed index: 1, Last appended: 1.1, Last appended by leader: 1, Current term: 2, Majority size: 2, State: 0, Mode: LEADER, active raft config: opid_index: -1 OBSOLETE_local: false peers { permanent_uuid: "4e25edaadaf840d0bc791bf9117d4e10" member_type: VOTER last_known_addr { host: "127.22.146.66" port: 41785 } } peers { permanent_uuid: "4c420699d82b49e1a73b92c45f783f31" member_type: VOTER last_known_addr { host: "127.22.146.67" port: 41135 } } peers { permanent_uuid: "92c19c290a7045449b2a009d37803d15" member_type: VOTER last_known_addr { host: "127.22.146.65" port: 35749 } }
I20260710 11:11:28.339532 23322 raft_consensus.cc:2468] T 356400c8579d4e1fa4edc3b64b99257a P 4e25edaadaf840d0bc791bf9117d4e10 [term 2 FOLLOWER]: Leader election vote request: Granting yes vote for candidate 92c19c290a7045449b2a009d37803d15 in term 2.
I20260710 11:11:28.346071 23447 consensus_queue.cc:1048] T dd1af815d2ad401ca38b990f5540dadd P 92c19c290a7045449b2a009d37803d15 [LEADER]: Connected to new peer: Peer: permanent_uuid: "4c420699d82b49e1a73b92c45f783f31" member_type: VOTER last_known_addr { host: "127.22.146.67" port: 41135 }, Status: LMP_MISMATCH, Last received: 0.0, Next index: 1, Last known committed idx: 0, Time since last communication: 0.000s
I20260710 11:11:28.345893 23144 catalog_manager.cc:5697] T 356400c8579d4e1fa4edc3b64b99257a P 92c19c290a7045449b2a009d37803d15 reported cstate change: term changed from 1 to 2, leader changed from 4e25edaadaf840d0bc791bf9117d4e10 (127.22.146.66) to 92c19c290a7045449b2a009d37803d15 (127.22.146.65). New cstate: current_term: 2 leader_uuid: "92c19c290a7045449b2a009d37803d15" committed_config { opid_index: -1 OBSOLETE_local: false peers { permanent_uuid: "4e25edaadaf840d0bc791bf9117d4e10" member_type: VOTER last_known_addr { host: "127.22.146.66" port: 41785 } health_report { overall_health: UNKNOWN } } peers { permanent_uuid: "4c420699d82b49e1a73b92c45f783f31" member_type: VOTER last_known_addr { host: "127.22.146.67" port: 41135 } health_report { overall_health: UNKNOWN } } peers { permanent_uuid: "92c19c290a7045449b2a009d37803d15" member_type: VOTER last_known_addr { host: "127.22.146.65" port: 35749 } health_report { overall_health: HEALTHY } } }
I20260710 11:11:28.350006 23447 consensus_queue.cc:1048] T dd1af815d2ad401ca38b990f5540dadd P 92c19c290a7045449b2a009d37803d15 [LEADER]: Connected to new peer: Peer: permanent_uuid: "4e25edaadaf840d0bc791bf9117d4e10" member_type: VOTER last_known_addr { host: "127.22.146.66" port: 41785 }, Status: LMP_MISMATCH, Last received: 0.0, Next index: 1, Last known committed idx: 0, Time since last communication: 0.000s
I20260710 11:11:28.359793 23447 raft_consensus.cc:993] T dd1af815d2ad401ca38b990f5540dadd P 92c19c290a7045449b2a009d37803d15: : Instructing follower 4c420699d82b49e1a73b92c45f783f31 to start an election
I20260710 11:11:28.360222 23447 raft_consensus.cc:1081] T dd1af815d2ad401ca38b990f5540dadd P 92c19c290a7045449b2a009d37803d15 [term 1 LEADER]: Signalling peer 4c420699d82b49e1a73b92c45f783f31 to start an election
I20260710 11:11:28.364984 23504 raft_consensus.cc:993] T e6ed2b20b7d348a09911d175401e44d9 P 4c420699d82b49e1a73b92c45f783f31: : Instructing follower 92c19c290a7045449b2a009d37803d15 to start an election
I20260710 11:11:28.365350 23504 raft_consensus.cc:1081] T e6ed2b20b7d348a09911d175401e44d9 P 4c420699d82b49e1a73b92c45f783f31 [term 1 LEADER]: Signalling peer 92c19c290a7045449b2a009d37803d15 to start an election
I20260710 11:11:28.366925 23248 tablet_service.cc:2044] Received Run Leader Election RPC: tablet_id: "e6ed2b20b7d348a09911d175401e44d9"
dest_uuid: "92c19c290a7045449b2a009d37803d15"
 from {username='slave'} at 127.0.0.1:33426
I20260710 11:11:28.367471 23248 raft_consensus.cc:493] T e6ed2b20b7d348a09911d175401e44d9 P 92c19c290a7045449b2a009d37803d15 [term 1 FOLLOWER]: Starting forced leader election (received explicit request)
I20260710 11:11:28.367827 23248 raft_consensus.cc:3060] T e6ed2b20b7d348a09911d175401e44d9 P 92c19c290a7045449b2a009d37803d15 [term 1 FOLLOWER]: Advancing to term 2
I20260710 11:11:28.371830 23398 tablet_service.cc:2044] Received Run Leader Election RPC: tablet_id: "dd1af815d2ad401ca38b990f5540dadd"
dest_uuid: "4c420699d82b49e1a73b92c45f783f31"
 from {username='slave'} at 127.0.0.1:51106
I20260710 11:11:28.372347 23398 raft_consensus.cc:493] T dd1af815d2ad401ca38b990f5540dadd P 4c420699d82b49e1a73b92c45f783f31 [term 1 FOLLOWER]: Starting forced leader election (received explicit request)
I20260710 11:11:28.372702 23398 raft_consensus.cc:3060] T dd1af815d2ad401ca38b990f5540dadd P 4c420699d82b49e1a73b92c45f783f31 [term 1 FOLLOWER]: Advancing to term 2
I20260710 11:11:28.376638 23248 raft_consensus.cc:515] T e6ed2b20b7d348a09911d175401e44d9 P 92c19c290a7045449b2a009d37803d15 [term 2 FOLLOWER]: Starting forced leader election with config: opid_index: -1 OBSOLETE_local: false peers { permanent_uuid: "92c19c290a7045449b2a009d37803d15" member_type: VOTER last_known_addr { host: "127.22.146.65" port: 35749 } } peers { permanent_uuid: "4e25edaadaf840d0bc791bf9117d4e10" member_type: VOTER last_known_addr { host: "127.22.146.66" port: 41785 } } peers { permanent_uuid: "4c420699d82b49e1a73b92c45f783f31" member_type: VOTER last_known_addr { host: "127.22.146.67" port: 41135 } }
I20260710 11:11:28.379034 23248 leader_election.cc:290] T e6ed2b20b7d348a09911d175401e44d9 P 92c19c290a7045449b2a009d37803d15 [CANDIDATE]: Term 2 election: Requested vote from peers 4e25edaadaf840d0bc791bf9117d4e10 (127.22.146.66:41785), 4c420699d82b49e1a73b92c45f783f31 (127.22.146.67:41135)
I20260710 11:11:28.378880 23398 raft_consensus.cc:515] T dd1af815d2ad401ca38b990f5540dadd P 4c420699d82b49e1a73b92c45f783f31 [term 2 FOLLOWER]: Starting forced leader election with config: opid_index: -1 OBSOLETE_local: false peers { permanent_uuid: "92c19c290a7045449b2a009d37803d15" member_type: VOTER last_known_addr { host: "127.22.146.65" port: 35749 } } peers { permanent_uuid: "4e25edaadaf840d0bc791bf9117d4e10" member_type: VOTER last_known_addr { host: "127.22.146.66" port: 41785 } } peers { permanent_uuid: "4c420699d82b49e1a73b92c45f783f31" member_type: VOTER last_known_addr { host: "127.22.146.67" port: 41135 } }
I20260710 11:11:28.379774 23323 tablet_service.cc:1917] Received RequestConsensusVote() RPC: tablet_id: "e6ed2b20b7d348a09911d175401e44d9" candidate_uuid: "92c19c290a7045449b2a009d37803d15" candidate_term: 2 candidate_status { last_received { term: 1 index: 1 } } ignore_live_leader: true dest_uuid: "4e25edaadaf840d0bc791bf9117d4e10"
I20260710 11:11:28.380281 23323 raft_consensus.cc:3060] T e6ed2b20b7d348a09911d175401e44d9 P 4e25edaadaf840d0bc791bf9117d4e10 [term 1 FOLLOWER]: Advancing to term 2
I20260710 11:11:28.381341 23398 leader_election.cc:290] T dd1af815d2ad401ca38b990f5540dadd P 4c420699d82b49e1a73b92c45f783f31 [CANDIDATE]: Term 2 election: Requested vote from peers 92c19c290a7045449b2a009d37803d15 (127.22.146.65:35749), 4e25edaadaf840d0bc791bf9117d4e10 (127.22.146.66:41785)
I20260710 11:11:28.383214 23324 tablet_service.cc:1917] Received RequestConsensusVote() RPC: tablet_id: "dd1af815d2ad401ca38b990f5540dadd" candidate_uuid: "4c420699d82b49e1a73b92c45f783f31" candidate_term: 2 candidate_status { last_received { term: 1 index: 1 } } ignore_live_leader: true dest_uuid: "4e25edaadaf840d0bc791bf9117d4e10"
I20260710 11:11:28.383713 23324 raft_consensus.cc:3060] T dd1af815d2ad401ca38b990f5540dadd P 4e25edaadaf840d0bc791bf9117d4e10 [term 1 FOLLOWER]: Advancing to term 2
I20260710 11:11:28.390560 23324 raft_consensus.cc:2468] T dd1af815d2ad401ca38b990f5540dadd P 4e25edaadaf840d0bc791bf9117d4e10 [term 2 FOLLOWER]: Leader election vote request: Granting yes vote for candidate 4c420699d82b49e1a73b92c45f783f31 in term 2.
I20260710 11:11:28.390780 23323 raft_consensus.cc:2468] T e6ed2b20b7d348a09911d175401e44d9 P 4e25edaadaf840d0bc791bf9117d4e10 [term 2 FOLLOWER]: Leader election vote request: Granting yes vote for candidate 92c19c290a7045449b2a009d37803d15 in term 2.
I20260710 11:11:28.391392 23248 tablet_service.cc:1917] Received RequestConsensusVote() RPC: tablet_id: "dd1af815d2ad401ca38b990f5540dadd" candidate_uuid: "4c420699d82b49e1a73b92c45f783f31" candidate_term: 2 candidate_status { last_received { term: 1 index: 1 } } ignore_live_leader: true dest_uuid: "92c19c290a7045449b2a009d37803d15"
I20260710 11:11:28.391939 23248 raft_consensus.cc:3055] T dd1af815d2ad401ca38b990f5540dadd P 92c19c290a7045449b2a009d37803d15 [term 1 LEADER]: Stepping down as leader of term 1
I20260710 11:11:28.392238 23248 raft_consensus.cc:740] T dd1af815d2ad401ca38b990f5540dadd P 92c19c290a7045449b2a009d37803d15 [term 1 LEADER]: Becoming Follower/Learner. State: Replica: 92c19c290a7045449b2a009d37803d15, State: Running, Role: LEADER
I20260710 11:11:28.394723 23364 leader_election.cc:304] T dd1af815d2ad401ca38b990f5540dadd P 4c420699d82b49e1a73b92c45f783f31 [CANDIDATE]: Term 2 election: Election decided. Result: candidate won. Election summary: received 2 responses out of 3 voters: 2 yes votes; 0 no votes. yes voters: 4c420699d82b49e1a73b92c45f783f31, 4e25edaadaf840d0bc791bf9117d4e10; no voters: 
I20260710 11:11:28.395061 23398 tablet_service.cc:1917] Received RequestConsensusVote() RPC: tablet_id: "e6ed2b20b7d348a09911d175401e44d9" candidate_uuid: "92c19c290a7045449b2a009d37803d15" candidate_term: 2 candidate_status { last_received { term: 1 index: 1 } } ignore_live_leader: true dest_uuid: "4c420699d82b49e1a73b92c45f783f31"
I20260710 11:11:28.395720 23398 raft_consensus.cc:3055] T e6ed2b20b7d348a09911d175401e44d9 P 4c420699d82b49e1a73b92c45f783f31 [term 1 LEADER]: Stepping down as leader of term 1
I20260710 11:11:28.396070 23398 raft_consensus.cc:740] T e6ed2b20b7d348a09911d175401e44d9 P 4c420699d82b49e1a73b92c45f783f31 [term 1 LEADER]: Becoming Follower/Learner. State: Replica: 4c420699d82b49e1a73b92c45f783f31, State: Running, Role: LEADER
I20260710 11:11:28.397138 23215 leader_election.cc:304] T e6ed2b20b7d348a09911d175401e44d9 P 92c19c290a7045449b2a009d37803d15 [CANDIDATE]: Term 2 election: Election decided. Result: candidate won. Election summary: received 2 responses out of 3 voters: 2 yes votes; 0 no votes. yes voters: 4e25edaadaf840d0bc791bf9117d4e10, 92c19c290a7045449b2a009d37803d15; no voters: 
I20260710 11:11:28.397059 23398 consensus_queue.cc:260] T e6ed2b20b7d348a09911d175401e44d9 P 4c420699d82b49e1a73b92c45f783f31 [NON_LEADER]: Queue going to NON_LEADER mode. State: All replicated index: 0, Majority replicated index: 1, Committed index: 1, Last appended: 1.1, Last appended by leader: 1, Current term: 1, Majority size: -1, State: 0, Mode: NON_LEADER, active raft config: opid_index: -1 OBSOLETE_local: false peers { permanent_uuid: "92c19c290a7045449b2a009d37803d15" member_type: VOTER last_known_addr { host: "127.22.146.65" port: 35749 } } peers { permanent_uuid: "4e25edaadaf840d0bc791bf9117d4e10" member_type: VOTER last_known_addr { host: "127.22.146.66" port: 41785 } } peers { permanent_uuid: "4c420699d82b49e1a73b92c45f783f31" member_type: VOTER last_known_addr { host: "127.22.146.67" port: 41135 } }
I20260710 11:11:28.393064 23248 consensus_queue.cc:260] T dd1af815d2ad401ca38b990f5540dadd P 92c19c290a7045449b2a009d37803d15 [NON_LEADER]: Queue going to NON_LEADER mode. State: All replicated index: 0, Majority replicated index: 1, Committed index: 1, Last appended: 1.1, Last appended by leader: 1, Current term: 1, Majority size: -1, State: 0, Mode: NON_LEADER, active raft config: opid_index: -1 OBSOLETE_local: false peers { permanent_uuid: "92c19c290a7045449b2a009d37803d15" member_type: VOTER last_known_addr { host: "127.22.146.65" port: 35749 } } peers { permanent_uuid: "4e25edaadaf840d0bc791bf9117d4e10" member_type: VOTER last_known_addr { host: "127.22.146.66" port: 41785 } } peers { permanent_uuid: "4c420699d82b49e1a73b92c45f783f31" member_type: VOTER last_known_addr { host: "127.22.146.67" port: 41135 } }
I20260710 11:11:28.398447 23398 raft_consensus.cc:3060] T e6ed2b20b7d348a09911d175401e44d9 P 4c420699d82b49e1a73b92c45f783f31 [term 1 FOLLOWER]: Advancing to term 2
I20260710 11:11:28.398641 23248 raft_consensus.cc:3060] T dd1af815d2ad401ca38b990f5540dadd P 92c19c290a7045449b2a009d37803d15 [term 1 FOLLOWER]: Advancing to term 2
I20260710 11:11:28.398880 23452 raft_consensus.cc:2804] T dd1af815d2ad401ca38b990f5540dadd P 4c420699d82b49e1a73b92c45f783f31 [term 2 FOLLOWER]: Leader election won for term 2
I20260710 11:11:28.399356 23452 raft_consensus.cc:697] T dd1af815d2ad401ca38b990f5540dadd P 4c420699d82b49e1a73b92c45f783f31 [term 2 LEADER]: Becoming Leader. State: Replica: 4c420699d82b49e1a73b92c45f783f31, State: Running, Role: LEADER
I20260710 11:11:28.400095 23452 consensus_queue.cc:237] T dd1af815d2ad401ca38b990f5540dadd P 4c420699d82b49e1a73b92c45f783f31 [LEADER]: Queue going to LEADER mode. State: All replicated index: 0, Majority replicated index: 1, Committed index: 1, Last appended: 1.1, Last appended by leader: 1, Current term: 2, Majority size: 2, State: 0, Mode: LEADER, active raft config: opid_index: -1 OBSOLETE_local: false peers { permanent_uuid: "92c19c290a7045449b2a009d37803d15" member_type: VOTER last_known_addr { host: "127.22.146.65" port: 35749 } } peers { permanent_uuid: "4e25edaadaf840d0bc791bf9117d4e10" member_type: VOTER last_known_addr { host: "127.22.146.66" port: 41785 } } peers { permanent_uuid: "4c420699d82b49e1a73b92c45f783f31" member_type: VOTER last_known_addr { host: "127.22.146.67" port: 41135 } }
I20260710 11:11:28.398536 23449 raft_consensus.cc:2804] T e6ed2b20b7d348a09911d175401e44d9 P 92c19c290a7045449b2a009d37803d15 [term 2 FOLLOWER]: Leader election won for term 2
I20260710 11:11:28.404898 23449 raft_consensus.cc:697] T e6ed2b20b7d348a09911d175401e44d9 P 92c19c290a7045449b2a009d37803d15 [term 2 LEADER]: Becoming Leader. State: Replica: 92c19c290a7045449b2a009d37803d15, State: Running, Role: LEADER
I20260710 11:11:28.405018 23398 raft_consensus.cc:2468] T e6ed2b20b7d348a09911d175401e44d9 P 4c420699d82b49e1a73b92c45f783f31 [term 2 FOLLOWER]: Leader election vote request: Granting yes vote for candidate 92c19c290a7045449b2a009d37803d15 in term 2.
