I20260710 11:11:48.524314 13557 consensus_queue.cc:1048] T 9ab07f521e4344f69c34ca80ac468511 P b9fc9e252e944396a0d080f7202ca31e [LEADER]: Connected to new peer: Peer: permanent_uuid: "daabeb0c25e94d4795aa38dec09a2204" member_type: VOTER last_known_addr { host: "127.11.232.131" port: 41135 }, Status: LMP_MISMATCH, Last received: 0.0, Next index: 1, Last known committed idx: 0, Time since last communication: 0.000s
I20260710 11:11:48.526185 13520 consensus_queue.cc:1048] T 4803020d57c94077817fc1174a04f9fa P a0a2318661974182acf5132f7c1200b4 [LEADER]: Connected to new peer: Peer: permanent_uuid: "b9fc9e252e944396a0d080f7202ca31e" member_type: VOTER last_known_addr { host: "127.11.232.130" port: 40611 }, Status: LMP_MISMATCH, Last received: 0.0, Next index: 1, Last known committed idx: 0, Time since last communication: 0.000s
I20260710 11:11:48.526650 13347 leader_election.cc:304] T e6f555d6a18a48328adaca620f10f296 P b9fc9e252e944396a0d080f7202ca31e [CANDIDATE]: Term 1 election: Election decided. Result: candidate won. Election summary: received 2 responses out of 3 voters: 2 yes votes; 0 no votes. yes voters: a0a2318661974182acf5132f7c1200b4, b9fc9e252e944396a0d080f7202ca31e; no voters: 
I20260710 11:11:48.527207 13496 tablet_bootstrap.cc:492] T b2f5b0180a05467e9795988e1c85361b P b9fc9e252e944396a0d080f7202ca31e: No bootstrap required, opened a new log
I20260710 11:11:48.527523 13504 raft_consensus.cc:2804] T e6f555d6a18a48328adaca620f10f296 P b9fc9e252e944396a0d080f7202ca31e [term 1 FOLLOWER]: Leader election won for term 1
I20260710 11:11:48.528075 13504 raft_consensus.cc:697] T e6f555d6a18a48328adaca620f10f296 P b9fc9e252e944396a0d080f7202ca31e [term 1 LEADER]: Becoming Leader. State: Replica: b9fc9e252e944396a0d080f7202ca31e, State: Running, Role: LEADER
I20260710 11:11:48.527663 13496 ts_tablet_manager.cc:1403] T b2f5b0180a05467e9795988e1c85361b P b9fc9e252e944396a0d080f7202ca31e: Time spent bootstrapping tablet: real 0.089s	user 0.022s	sys 0.008s
I20260710 11:11:48.528919 13504 consensus_queue.cc:237] T e6f555d6a18a48328adaca620f10f296 P b9fc9e252e944396a0d080f7202ca31e [LEADER]: Queue going to LEADER mode. State: All replicated index: 0, Majority replicated index: 0, Committed index: 0, Last appended: 0.0, Last appended by leader: 0, Current term: 1, Majority size: 2, State: 0, Mode: LEADER, active raft config: opid_index: -1 OBSOLETE_local: false peers { permanent_uuid: "a0a2318661974182acf5132f7c1200b4" member_type: VOTER last_known_addr { host: "127.11.232.129" port: 35093 } } peers { permanent_uuid: "b9fc9e252e944396a0d080f7202ca31e" member_type: VOTER last_known_addr { host: "127.11.232.130" port: 40611 } } peers { permanent_uuid: "daabeb0c25e94d4795aa38dec09a2204" member_type: VOTER last_known_addr { host: "127.11.232.131" port: 41135 } }
I20260710 11:11:48.531113 13496 raft_consensus.cc:359] T b2f5b0180a05467e9795988e1c85361b P b9fc9e252e944396a0d080f7202ca31e [term 0 FOLLOWER]: Replica starting. Triggering 0 pending ops. Active config: opid_index: -1 OBSOLETE_local: false peers { permanent_uuid: "a0a2318661974182acf5132f7c1200b4" member_type: VOTER last_known_addr { host: "127.11.232.129" port: 35093 } } peers { permanent_uuid: "b9fc9e252e944396a0d080f7202ca31e" member_type: VOTER last_known_addr { host: "127.11.232.130" port: 40611 } } peers { permanent_uuid: "daabeb0c25e94d4795aa38dec09a2204" member_type: VOTER last_known_addr { host: "127.11.232.131" port: 41135 } }
I20260710 11:11:48.531828 13496 raft_consensus.cc:385] T b2f5b0180a05467e9795988e1c85361b P b9fc9e252e944396a0d080f7202ca31e [term 0 FOLLOWER]: Consensus starting up: Expiring failure detector timer to make a prompt election more likely
I20260710 11:11:48.532091 13496 raft_consensus.cc:740] T b2f5b0180a05467e9795988e1c85361b P b9fc9e252e944396a0d080f7202ca31e [term 0 FOLLOWER]: Becoming Follower/Learner. State: Replica: b9fc9e252e944396a0d080f7202ca31e, State: Initialized, Role: FOLLOWER
I20260710 11:11:48.532685 13496 consensus_queue.cc:260] T b2f5b0180a05467e9795988e1c85361b P b9fc9e252e944396a0d080f7202ca31e [NON_LEADER]: Queue going to NON_LEADER mode. State: All replicated index: 0, Majority replicated index: 0, Committed index: 0, Last appended: 0.0, Last appended by leader: 0, Current term: 0, Majority size: -1, State: 0, Mode: NON_LEADER, active raft config: opid_index: -1 OBSOLETE_local: false peers { permanent_uuid: "a0a2318661974182acf5132f7c1200b4" member_type: VOTER last_known_addr { host: "127.11.232.129" port: 35093 } } peers { permanent_uuid: "b9fc9e252e944396a0d080f7202ca31e" member_type: VOTER last_known_addr { host: "127.11.232.130" port: 40611 } } peers { permanent_uuid: "daabeb0c25e94d4795aa38dec09a2204" member_type: VOTER last_known_addr { host: "127.11.232.131" port: 41135 } }
I20260710 11:11:48.535259 13496 ts_tablet_manager.cc:1434] T b2f5b0180a05467e9795988e1c85361b P b9fc9e252e944396a0d080f7202ca31e: Time spent starting tablet: real 0.007s	user 0.006s	sys 0.000s
I20260710 11:11:48.536119 13497 tablet_bootstrap.cc:654] T cb2d2acc9d054a0e9c1167aff1eb000d P daabeb0c25e94d4795aa38dec09a2204: Neither blocks nor log segments found. Creating new log.
I20260710 11:11:48.536417 13496 tablet_bootstrap.cc:492] T 75ff91841b5b4f05acdf0015a112f823 P b9fc9e252e944396a0d080f7202ca31e: Bootstrap starting.
I20260710 11:11:48.540446 13557 consensus_queue.cc:1048] T 8737220d307e41fdbad90a4e3f472260 P b9fc9e252e944396a0d080f7202ca31e [LEADER]: Connected to new peer: Peer: permanent_uuid: "daabeb0c25e94d4795aa38dec09a2204" member_type: VOTER last_known_addr { host: "127.11.232.131" port: 41135 }, Status: LMP_MISMATCH, Last received: 0.0, Next index: 1, Last known committed idx: 0, Time since last communication: 0.001s
I20260710 11:11:48.543587 13453 tablet_service.cc:1917] Received RequestConsensusVote() RPC: tablet_id: "e6f555d6a18a48328adaca620f10f296" candidate_uuid: "b9fc9e252e944396a0d080f7202ca31e" candidate_term: 1 candidate_status { last_received { term: 0 index: 0 } } ignore_live_leader: false dest_uuid: "daabeb0c25e94d4795aa38dec09a2204"
W20260710 11:11:48.547438 13344 leader_election.cc:343] T e6f555d6a18a48328adaca620f10f296 P b9fc9e252e944396a0d080f7202ca31e [CANDIDATE]: Term 1 election: Tablet error from VoteRequest() call to peer daabeb0c25e94d4795aa38dec09a2204 (127.11.232.131:41135): Illegal state: must be running to vote when last-logged opid is not known
I20260710 11:11:48.563755 13496 tablet_bootstrap.cc:654] T 75ff91841b5b4f05acdf0015a112f823 P b9fc9e252e944396a0d080f7202ca31e: Neither blocks nor log segments found. Creating new log.
I20260710 11:11:48.568709 13495 tablet_bootstrap.cc:492] T 9d1b9604ac7d4ae7b82ebdd7a841d821 P a0a2318661974182acf5132f7c1200b4: No bootstrap required, opened a new log
I20260710 11:11:48.569844 13495 ts_tablet_manager.cc:1403] T 9d1b9604ac7d4ae7b82ebdd7a841d821 P a0a2318661974182acf5132f7c1200b4: Time spent bootstrapping tablet: real 0.098s	user 0.009s	sys 0.012s
I20260710 11:11:48.572395 13497 tablet_bootstrap.cc:492] T cb2d2acc9d054a0e9c1167aff1eb000d P daabeb0c25e94d4795aa38dec09a2204: No bootstrap required, opened a new log
I20260710 11:11:48.572855 13497 ts_tablet_manager.cc:1403] T cb2d2acc9d054a0e9c1167aff1eb000d P daabeb0c25e94d4795aa38dec09a2204: Time spent bootstrapping tablet: real 0.055s	user 0.028s	sys 0.012s
I20260710 11:11:48.572988 13495 raft_consensus.cc:359] T 9d1b9604ac7d4ae7b82ebdd7a841d821 P a0a2318661974182acf5132f7c1200b4 [term 0 FOLLOWER]: Replica starting. Triggering 0 pending ops. Active config: opid_index: -1 OBSOLETE_local: false peers { permanent_uuid: "a0a2318661974182acf5132f7c1200b4" member_type: VOTER last_known_addr { host: "127.11.232.129" port: 35093 } } peers { permanent_uuid: "b9fc9e252e944396a0d080f7202ca31e" member_type: VOTER last_known_addr { host: "127.11.232.130" port: 40611 } } peers { permanent_uuid: "daabeb0c25e94d4795aa38dec09a2204" member_type: VOTER last_known_addr { host: "127.11.232.131" port: 41135 } }
I20260710 11:11:48.574008 13495 raft_consensus.cc:385] T 9d1b9604ac7d4ae7b82ebdd7a841d821 P a0a2318661974182acf5132f7c1200b4 [term 0 FOLLOWER]: Consensus starting up: Expiring failure detector timer to make a prompt election more likely
I20260710 11:11:48.574411 13495 raft_consensus.cc:740] T 9d1b9604ac7d4ae7b82ebdd7a841d821 P a0a2318661974182acf5132f7c1200b4 [term 0 FOLLOWER]: Becoming Follower/Learner. State: Replica: a0a2318661974182acf5132f7c1200b4, State: Initialized, Role: FOLLOWER
I20260710 11:11:48.575389 13497 raft_consensus.cc:359] T cb2d2acc9d054a0e9c1167aff1eb000d P daabeb0c25e94d4795aa38dec09a2204 [term 0 FOLLOWER]: Replica starting. Triggering 0 pending ops. Active config: opid_index: -1 OBSOLETE_local: false peers { permanent_uuid: "a0a2318661974182acf5132f7c1200b4" member_type: VOTER last_known_addr { host: "127.11.232.129" port: 35093 } } peers { permanent_uuid: "b9fc9e252e944396a0d080f7202ca31e" member_type: VOTER last_known_addr { host: "127.11.232.130" port: 40611 } } peers { permanent_uuid: "daabeb0c25e94d4795aa38dec09a2204" member_type: VOTER last_known_addr { host: "127.11.232.131" port: 41135 } }
I20260710 11:11:48.576048 13497 raft_consensus.cc:385] T cb2d2acc9d054a0e9c1167aff1eb000d P daabeb0c25e94d4795aa38dec09a2204 [term 0 FOLLOWER]: Consensus starting up: Expiring failure detector timer to make a prompt election more likely
I20260710 11:11:48.576367 13497 raft_consensus.cc:740] T cb2d2acc9d054a0e9c1167aff1eb000d P daabeb0c25e94d4795aa38dec09a2204 [term 0 FOLLOWER]: Becoming Follower/Learner. State: Replica: daabeb0c25e94d4795aa38dec09a2204, State: Initialized, Role: FOLLOWER
I20260710 11:11:48.575680 13495 consensus_queue.cc:260] T 9d1b9604ac7d4ae7b82ebdd7a841d821 P a0a2318661974182acf5132f7c1200b4 [NON_LEADER]: Queue going to NON_LEADER mode. State: All replicated index: 0, Majority replicated index: 0, Committed index: 0, Last appended: 0.0, Last appended by leader: 0, Current term: 0, Majority size: -1, State: 0, Mode: NON_LEADER, active raft config: opid_index: -1 OBSOLETE_local: false peers { permanent_uuid: "a0a2318661974182acf5132f7c1200b4" member_type: VOTER last_known_addr { host: "127.11.232.129" port: 35093 } } peers { permanent_uuid: "b9fc9e252e944396a0d080f7202ca31e" member_type: VOTER last_known_addr { host: "127.11.232.130" port: 40611 } } peers { permanent_uuid: "daabeb0c25e94d4795aa38dec09a2204" member_type: VOTER last_known_addr { host: "127.11.232.131" port: 41135 } }
I20260710 11:11:48.579486 13497 consensus_queue.cc:260] T cb2d2acc9d054a0e9c1167aff1eb000d P daabeb0c25e94d4795aa38dec09a2204 [NON_LEADER]: Queue going to NON_LEADER mode. State: All replicated index: 0, Majority replicated index: 0, Committed index: 0, Last appended: 0.0, Last appended by leader: 0, Current term: 0, Majority size: -1, State: 0, Mode: NON_LEADER, active raft config: opid_index: -1 OBSOLETE_local: false peers { permanent_uuid: "a0a2318661974182acf5132f7c1200b4" member_type: VOTER last_known_addr { host: "127.11.232.129" port: 35093 } } peers { permanent_uuid: "b9fc9e252e944396a0d080f7202ca31e" member_type: VOTER last_known_addr { host: "127.11.232.130" port: 40611 } } peers { permanent_uuid: "daabeb0c25e94d4795aa38dec09a2204" member_type: VOTER last_known_addr { host: "127.11.232.131" port: 41135 } }
I20260710 11:11:48.582783 13496 tablet_bootstrap.cc:492] T 75ff91841b5b4f05acdf0015a112f823 P b9fc9e252e944396a0d080f7202ca31e: No bootstrap required, opened a new log
I20260710 11:11:48.583360 13496 ts_tablet_manager.cc:1403] T 75ff91841b5b4f05acdf0015a112f823 P b9fc9e252e944396a0d080f7202ca31e: Time spent bootstrapping tablet: real 0.047s	user 0.012s	sys 0.002s
I20260710 11:11:48.582541 13541 raft_consensus.cc:493] T cb2d2acc9d054a0e9c1167aff1eb000d P b9fc9e252e944396a0d080f7202ca31e [term 0 FOLLOWER]: Starting pre-election (no leader contacted us within the election timeout)
I20260710 11:11:48.586586 13497 ts_tablet_manager.cc:1434] T cb2d2acc9d054a0e9c1167aff1eb000d P daabeb0c25e94d4795aa38dec09a2204: Time spent starting tablet: real 0.013s	user 0.006s	sys 0.002s
I20260710 11:11:48.588037 13497 tablet_bootstrap.cc:492] T e6f555d6a18a48328adaca620f10f296 P daabeb0c25e94d4795aa38dec09a2204: Bootstrap starting.
I20260710 11:11:48.588325 13495 ts_tablet_manager.cc:1434] T 9d1b9604ac7d4ae7b82ebdd7a841d821 P a0a2318661974182acf5132f7c1200b4: Time spent starting tablet: real 0.018s	user 0.008s	sys 0.000s
I20260710 11:11:48.589526 13495 tablet_bootstrap.cc:492] T 75ff91841b5b4f05acdf0015a112f823 P a0a2318661974182acf5132f7c1200b4: Bootstrap starting.
I20260710 11:11:48.585839 13502 raft_consensus.cc:493] T 9d1b9604ac7d4ae7b82ebdd7a841d821 P daabeb0c25e94d4795aa38dec09a2204 [term 0 FOLLOWER]: Starting pre-election (no leader contacted us within the election timeout)
I20260710 11:11:48.591351 13502 raft_consensus.cc:515] T 9d1b9604ac7d4ae7b82ebdd7a841d821 P daabeb0c25e94d4795aa38dec09a2204 [term 0 FOLLOWER]: Starting pre-election with config: opid_index: -1 OBSOLETE_local: false peers { permanent_uuid: "a0a2318661974182acf5132f7c1200b4" member_type: VOTER last_known_addr { host: "127.11.232.129" port: 35093 } } peers { permanent_uuid: "b9fc9e252e944396a0d080f7202ca31e" member_type: VOTER last_known_addr { host: "127.11.232.130" port: 40611 } } peers { permanent_uuid: "daabeb0c25e94d4795aa38dec09a2204" member_type: VOTER last_known_addr { host: "127.11.232.131" port: 41135 } }
I20260710 11:11:48.584615 13590 consensus_queue.cc:1048] T fc5ba5d965f540cebc8d0c1841aaed64 P b9fc9e252e944396a0d080f7202ca31e [LEADER]: Connected to new peer: Peer: permanent_uuid: "daabeb0c25e94d4795aa38dec09a2204" member_type: VOTER last_known_addr { host: "127.11.232.131" port: 41135 }, Status: LMP_MISMATCH, Last received: 0.0, Next index: 1, Last known committed idx: 0, Time since last communication: 0.013s
I20260710 11:11:48.598587 13306 tablet_service.cc:1917] Received RequestConsensusVote() RPC: tablet_id: "9d1b9604ac7d4ae7b82ebdd7a841d821" candidate_uuid: "daabeb0c25e94d4795aa38dec09a2204" candidate_term: 1 candidate_status { last_received { term: 0 index: 0 } } ignore_live_leader: false dest_uuid: "a0a2318661974182acf5132f7c1200b4" is_pre_election: true
I20260710 11:11:48.607879 13306 raft_consensus.cc:2468] T 9d1b9604ac7d4ae7b82ebdd7a841d821 P a0a2318661974182acf5132f7c1200b4 [term 0 FOLLOWER]: Leader pre-election vote request: Granting yes vote for candidate daabeb0c25e94d4795aa38dec09a2204 in term 0.
I20260710 11:11:48.609962 13421 leader_election.cc:304] T 9d1b9604ac7d4ae7b82ebdd7a841d821 P daabeb0c25e94d4795aa38dec09a2204 [CANDIDATE]: Term 1 pre-election: Election decided. Result: candidate won. Election summary: received 2 responses out of 3 voters: 2 yes votes; 0 no votes. yes voters: a0a2318661974182acf5132f7c1200b4, daabeb0c25e94d4795aa38dec09a2204; no voters: 
I20260710 11:11:48.610802 13583 raft_consensus.cc:2804] T 9d1b9604ac7d4ae7b82ebdd7a841d821 P daabeb0c25e94d4795aa38dec09a2204 [term 0 FOLLOWER]: Leader pre-election won for term 1
I20260710 11:11:48.611207 13583 raft_consensus.cc:493] T 9d1b9604ac7d4ae7b82ebdd7a841d821 P daabeb0c25e94d4795aa38dec09a2204 [term 0 FOLLOWER]: Starting leader election (no leader contacted us within the election timeout)
I20260710 11:11:48.587571 13541 raft_consensus.cc:515] T cb2d2acc9d054a0e9c1167aff1eb000d P b9fc9e252e944396a0d080f7202ca31e [term 0 FOLLOWER]: Starting pre-election with config: opid_index: -1 OBSOLETE_local: false peers { permanent_uuid: "a0a2318661974182acf5132f7c1200b4" member_type: VOTER last_known_addr { host: "127.11.232.129" port: 35093 } } peers { permanent_uuid: "b9fc9e252e944396a0d080f7202ca31e" member_type: VOTER last_known_addr { host: "127.11.232.130" port: 40611 } } peers { permanent_uuid: "daabeb0c25e94d4795aa38dec09a2204" member_type: VOTER last_known_addr { host: "127.11.232.131" port: 41135 } }
I20260710 11:11:48.593415 13502 leader_election.cc:290] T 9d1b9604ac7d4ae7b82ebdd7a841d821 P daabeb0c25e94d4795aa38dec09a2204 [CANDIDATE]: Term 1 pre-election: Requested pre-vote from peers a0a2318661974182acf5132f7c1200b4 (127.11.232.129:35093), b9fc9e252e944396a0d080f7202ca31e (127.11.232.130:40611)
I20260710 11:11:48.611526 13583 raft_consensus.cc:3060] T 9d1b9604ac7d4ae7b82ebdd7a841d821 P daabeb0c25e94d4795aa38dec09a2204 [term 0 FOLLOWER]: Advancing to term 1
I20260710 11:11:48.614135 13592 consensus_queue.cc:1048] T fc5ba5d965f540cebc8d0c1841aaed64 P b9fc9e252e944396a0d080f7202ca31e [LEADER]: Connected to new peer: Peer: permanent_uuid: "a0a2318661974182acf5132f7c1200b4" member_type: VOTER last_known_addr { host: "127.11.232.129" port: 35093 }, Status: LMP_MISMATCH, Last received: 0.0, Next index: 1, Last known committed idx: 0, Time since last communication: 0.012s
I20260710 11:11:48.637440 13378 tablet_service.cc:1917] Received RequestConsensusVote() RPC: tablet_id: "9d1b9604ac7d4ae7b82ebdd7a841d821" candidate_uuid: "daabeb0c25e94d4795aa38dec09a2204" candidate_term: 1 candidate_status { last_received { term: 0 index: 0 } } ignore_live_leader: false dest_uuid: "b9fc9e252e944396a0d080f7202ca31e" is_pre_election: true
I20260710 11:11:48.638192 13378 raft_consensus.cc:2468] T 9d1b9604ac7d4ae7b82ebdd7a841d821 P b9fc9e252e944396a0d080f7202ca31e [term 0 FOLLOWER]: Leader pre-election vote request: Granting yes vote for candidate daabeb0c25e94d4795aa38dec09a2204 in term 0.
I20260710 11:11:48.646191 13520 raft_consensus.cc:493] T cb2d2acc9d054a0e9c1167aff1eb000d P a0a2318661974182acf5132f7c1200b4 [term 0 FOLLOWER]: Starting pre-election (no leader contacted us within the election timeout)
I20260710 11:11:48.646685 13520 raft_consensus.cc:515] T cb2d2acc9d054a0e9c1167aff1eb000d P a0a2318661974182acf5132f7c1200b4 [term 0 FOLLOWER]: Starting pre-election with config: opid_index: -1 OBSOLETE_local: false peers { permanent_uuid: "a0a2318661974182acf5132f7c1200b4" member_type: VOTER last_known_addr { host: "127.11.232.129" port: 35093 } } peers { permanent_uuid: "b9fc9e252e944396a0d080f7202ca31e" member_type: VOTER last_known_addr { host: "127.11.232.130" port: 40611 } } peers { permanent_uuid: "daabeb0c25e94d4795aa38dec09a2204" member_type: VOTER last_known_addr { host: "127.11.232.131" port: 41135 } }
I20260710 11:11:48.648916 13520 leader_election.cc:290] T cb2d2acc9d054a0e9c1167aff1eb000d P a0a2318661974182acf5132f7c1200b4 [CANDIDATE]: Term 1 pre-election: Requested pre-vote from peers b9fc9e252e944396a0d080f7202ca31e (127.11.232.130:40611), daabeb0c25e94d4795aa38dec09a2204 (127.11.232.131:41135)
I20260710 11:11:48.649721 13378 tablet_service.cc:1917] Received RequestConsensusVote() RPC: tablet_id: "cb2d2acc9d054a0e9c1167aff1eb000d" candidate_uuid: "a0a2318661974182acf5132f7c1200b4" candidate_term: 1 candidate_status { last_received { term: 0 index: 0 } } ignore_live_leader: false dest_uuid: "b9fc9e252e944396a0d080f7202ca31e" is_pre_election: true
I20260710 11:11:48.650471 13378 raft_consensus.cc:2468] T cb2d2acc9d054a0e9c1167aff1eb000d P b9fc9e252e944396a0d080f7202ca31e [term 0 FOLLOWER]: Leader pre-election vote request: Granting yes vote for candidate a0a2318661974182acf5132f7c1200b4 in term 0.
I20260710 11:11:48.650626 13541 leader_election.cc:290] T cb2d2acc9d054a0e9c1167aff1eb000d P b9fc9e252e944396a0d080f7202ca31e [CANDIDATE]: Term 1 pre-election: Requested pre-vote from peers a0a2318661974182acf5132f7c1200b4 (127.11.232.129:35093), daabeb0c25e94d4795aa38dec09a2204 (127.11.232.131:41135)
I20260710 11:11:48.651676 13270 leader_election.cc:304] T cb2d2acc9d054a0e9c1167aff1eb000d P a0a2318661974182acf5132f7c1200b4 [CANDIDATE]: Term 1 pre-election: Election decided. Result: candidate won. Election summary: received 2 responses out of 3 voters: 2 yes votes; 0 no votes. yes voters: a0a2318661974182acf5132f7c1200b4, b9fc9e252e944396a0d080f7202ca31e; no voters: 
I20260710 11:11:48.651744 13455 tablet_service.cc:1917] Received RequestConsensusVote() RPC: tablet_id: "cb2d2acc9d054a0e9c1167aff1eb000d" candidate_uuid: "a0a2318661974182acf5132f7c1200b4" candidate_term: 1 candidate_status { last_received { term: 0 index: 0 } } ignore_live_leader: false dest_uuid: "daabeb0c25e94d4795aa38dec09a2204" is_pre_election: true
I20260710 11:11:48.652457 13455 raft_consensus.cc:2468] T cb2d2acc9d054a0e9c1167aff1eb000d P daabeb0c25e94d4795aa38dec09a2204 [term 0 FOLLOWER]: Leader pre-election vote request: Granting yes vote for candidate a0a2318661974182acf5132f7c1200b4 in term 0.
I20260710 11:11:48.652591 13520 raft_consensus.cc:2804] T cb2d2acc9d054a0e9c1167aff1eb000d P a0a2318661974182acf5132f7c1200b4 [term 0 FOLLOWER]: Leader pre-election won for term 1
I20260710 11:11:48.653003 13520 raft_consensus.cc:493] T cb2d2acc9d054a0e9c1167aff1eb000d P a0a2318661974182acf5132f7c1200b4 [term 0 FOLLOWER]: Starting leader election (no leader contacted us within the election timeout)
I20260710 11:11:48.653350 13520 raft_consensus.cc:3060] T cb2d2acc9d054a0e9c1167aff1eb000d P a0a2318661974182acf5132f7c1200b4 [term 0 FOLLOWER]: Advancing to term 1
I20260710 11:11:48.656507 13583 raft_consensus.cc:515] T 9d1b9604ac7d4ae7b82ebdd7a841d821 P daabeb0c25e94d4795aa38dec09a2204 [term 1 FOLLOWER]: Starting leader election with config: opid_index: -1 OBSOLETE_local: false peers { permanent_uuid: "a0a2318661974182acf5132f7c1200b4" member_type: VOTER last_known_addr { host: "127.11.232.129" port: 35093 } } peers { permanent_uuid: "b9fc9e252e944396a0d080f7202ca31e" member_type: VOTER last_known_addr { host: "127.11.232.130" port: 40611 } } peers { permanent_uuid: "daabeb0c25e94d4795aa38dec09a2204" member_type: VOTER last_known_addr { host: "127.11.232.131" port: 41135 } }
I20260710 11:11:48.658443 13583 leader_election.cc:290] T 9d1b9604ac7d4ae7b82ebdd7a841d821 P daabeb0c25e94d4795aa38dec09a2204 [CANDIDATE]: Term 1 election: Requested vote from peers a0a2318661974182acf5132f7c1200b4 (127.11.232.129:35093), b9fc9e252e944396a0d080f7202ca31e (127.11.232.130:40611)
I20260710 11:11:48.659267 13303 tablet_service.cc:1917] Received RequestConsensusVote() RPC: tablet_id: "9d1b9604ac7d4ae7b82ebdd7a841d821" candidate_uuid: "daabeb0c25e94d4795aa38dec09a2204" candidate_term: 1 candidate_status { last_received { term: 0 index: 0 } } ignore_live_leader: false dest_uuid: "a0a2318661974182acf5132f7c1200b4"
I20260710 11:11:48.659874 13303 raft_consensus.cc:3060] T 9d1b9604ac7d4ae7b82ebdd7a841d821 P a0a2318661974182acf5132f7c1200b4 [term 0 FOLLOWER]: Advancing to term 1
I20260710 11:11:48.661162 13453 tablet_service.cc:1917] Received RequestConsensusVote() RPC: tablet_id: "cb2d2acc9d054a0e9c1167aff1eb000d" candidate_uuid: "b9fc9e252e944396a0d080f7202ca31e" candidate_term: 1 candidate_status { last_received { term: 0 index: 0 } } ignore_live_leader: false dest_uuid: "daabeb0c25e94d4795aa38dec09a2204" is_pre_election: true
I20260710 11:11:48.662014 13453 raft_consensus.cc:2468] T cb2d2acc9d054a0e9c1167aff1eb000d P daabeb0c25e94d4795aa38dec09a2204 [term 0 FOLLOWER]: Leader pre-election vote request: Granting yes vote for candidate b9fc9e252e944396a0d080f7202ca31e in term 0.
I20260710 11:11:48.664932 13495 tablet_bootstrap.cc:654] T 75ff91841b5b4f05acdf0015a112f823 P a0a2318661974182acf5132f7c1200b4: Neither blocks nor log segments found. Creating new log.
I20260710 11:11:48.664710 13344 leader_election.cc:304] T cb2d2acc9d054a0e9c1167aff1eb000d P b9fc9e252e944396a0d080f7202ca31e [CANDIDATE]: Term 1 pre-election: Election decided. Result: candidate won. Election summary: received 2 responses out of 3 voters: 2 yes votes; 0 no votes. yes voters: b9fc9e252e944396a0d080f7202ca31e, daabeb0c25e94d4795aa38dec09a2204; no voters: 
I20260710 11:11:48.665752 13592 raft_consensus.cc:2804] T cb2d2acc9d054a0e9c1167aff1eb000d P b9fc9e252e944396a0d080f7202ca31e [term 0 FOLLOWER]: Leader pre-election won for term 1
I20260710 11:11:48.666106 13592 raft_consensus.cc:493] T cb2d2acc9d054a0e9c1167aff1eb000d P b9fc9e252e944396a0d080f7202ca31e [term 0 FOLLOWER]: Starting leader election (no leader contacted us within the election timeout)
I20260710 11:11:48.666419 13592 raft_consensus.cc:3060] T cb2d2acc9d054a0e9c1167aff1eb000d P b9fc9e252e944396a0d080f7202ca31e [term 0 FOLLOWER]: Advancing to term 1
I20260710 11:11:48.667399 13306 tablet_service.cc:1917] Received RequestConsensusVote() RPC: tablet_id: "cb2d2acc9d054a0e9c1167aff1eb000d" candidate_uuid: "b9fc9e252e944396a0d080f7202ca31e" candidate_term: 1 candidate_status { last_received { term: 0 index: 0 } } ignore_live_leader: false dest_uuid: "a0a2318661974182acf5132f7c1200b4" is_pre_election: true
I20260710 11:11:48.668365 13520 raft_consensus.cc:515] T cb2d2acc9d054a0e9c1167aff1eb000d P a0a2318661974182acf5132f7c1200b4 [term 1 FOLLOWER]: Starting leader election with config: opid_index: -1 OBSOLETE_local: false peers { permanent_uuid: "a0a2318661974182acf5132f7c1200b4" member_type: VOTER last_known_addr { host: "127.11.232.129" port: 35093 } } peers { permanent_uuid: "b9fc9e252e944396a0d080f7202ca31e" member_type: VOTER last_known_addr { host: "127.11.232.130" port: 40611 } } peers { permanent_uuid: "daabeb0c25e94d4795aa38dec09a2204" member_type: VOTER last_known_addr { host: "127.11.232.131" port: 41135 } }
I20260710 11:11:48.668141 13202 catalog_manager.cc:5697] T e6f555d6a18a48328adaca620f10f296 P b9fc9e252e944396a0d080f7202ca31e reported cstate change: term changed from 0 to 1, leader changed from <none> to b9fc9e252e944396a0d080f7202ca31e (127.11.232.130). New cstate: current_term: 1 leader_uuid: "b9fc9e252e944396a0d080f7202ca31e" committed_config { opid_index: -1 OBSOLETE_local: false peers { permanent_uuid: "a0a2318661974182acf5132f7c1200b4" member_type: VOTER last_known_addr { host: "127.11.232.129" port: 35093 } health_report { overall_health: UNKNOWN } } peers { permanent_uuid: "b9fc9e252e944396a0d080f7202ca31e" member_type: VOTER last_known_addr { host: "127.11.232.130" port: 40611 } health_report { overall_health: HEALTHY } } peers { permanent_uuid: "daabeb0c25e94d4795aa38dec09a2204" member_type: VOTER last_known_addr { host: "127.11.232.131" port: 41135 } health_report { overall_health: UNKNOWN } } }
I20260710 11:11:48.671860 13378 tablet_service.cc:1917] Received RequestConsensusVote() RPC: tablet_id: "cb2d2acc9d054a0e9c1167aff1eb000d" candidate_uuid: "a0a2318661974182acf5132f7c1200b4" candidate_term: 1 candidate_status { last_received { term: 0 index: 0 } } ignore_live_leader: false dest_uuid: "b9fc9e252e944396a0d080f7202ca31e"
I20260710 11:11:48.674537 13497 tablet_bootstrap.cc:654] T e6f555d6a18a48328adaca620f10f296 P daabeb0c25e94d4795aa38dec09a2204: Neither blocks nor log segments found. Creating new log.
I20260710 11:11:48.675298 13306 raft_consensus.cc:2393] T cb2d2acc9d054a0e9c1167aff1eb000d P a0a2318661974182acf5132f7c1200b4 [term 1 FOLLOWER]: Leader pre-election vote request: Denying vote to candidate b9fc9e252e944396a0d080f7202ca31e in current term 1: Already voted for candidate a0a2318661974182acf5132f7c1200b4 in this term.
I20260710 11:11:48.675988 13381 tablet_service.cc:1917] Received RequestConsensusVote() RPC: tablet_id: "9d1b9604ac7d4ae7b82ebdd7a841d821" candidate_uuid: "daabeb0c25e94d4795aa38dec09a2204" candidate_term: 1 candidate_status { last_received { term: 0 index: 0 } } ignore_live_leader: false dest_uuid: "b9fc9e252e944396a0d080f7202ca31e"
I20260710 11:11:48.676705 13381 raft_consensus.cc:3060] T 9d1b9604ac7d4ae7b82ebdd7a841d821 P b9fc9e252e944396a0d080f7202ca31e [term 0 FOLLOWER]: Advancing to term 1
I20260710 11:11:48.661178 13496 raft_consensus.cc:359] T 75ff91841b5b4f05acdf0015a112f823 P b9fc9e252e944396a0d080f7202ca31e [term 0 FOLLOWER]: Replica starting. Triggering 0 pending ops. Active config: opid_index: -1 OBSOLETE_local: false peers { permanent_uuid: "a0a2318661974182acf5132f7c1200b4" member_type: VOTER last_known_addr { host: "127.11.232.129" port: 35093 } } peers { permanent_uuid: "b9fc9e252e944396a0d080f7202ca31e" member_type: VOTER last_known_addr { host: "127.11.232.130" port: 40611 } } peers { permanent_uuid: "daabeb0c25e94d4795aa38dec09a2204" member_type: VOTER last_known_addr { host: "127.11.232.131" port: 41135 } }
I20260710 11:11:48.678650 13496 raft_consensus.cc:385] T 75ff91841b5b4f05acdf0015a112f823 P b9fc9e252e944396a0d080f7202ca31e [term 0 FOLLOWER]: Consensus starting up: Expiring failure detector timer to make a prompt election more likely
I20260710 11:11:48.685985 13504 raft_consensus.cc:493] T b2f5b0180a05467e9795988e1c85361b P b9fc9e252e944396a0d080f7202ca31e [term 0 FOLLOWER]: Starting pre-election (no leader contacted us within the election timeout)
I20260710 11:11:48.692783 13381 raft_consensus.cc:2468] T 9d1b9604ac7d4ae7b82ebdd7a841d821 P b9fc9e252e944396a0d080f7202ca31e [term 1 FOLLOWER]: Leader election vote request: Granting yes vote for candidate daabeb0c25e94d4795aa38dec09a2204 in term 1.
I20260710 11:11:48.695230 13496 raft_consensus.cc:740] T 75ff91841b5b4f05acdf0015a112f823 P b9fc9e252e944396a0d080f7202ca31e [term 0 FOLLOWER]: Becoming Follower/Learner. State: Replica: b9fc9e252e944396a0d080f7202ca31e, State: Initialized, Role: FOLLOWER
I20260710 11:11:48.702188 13303 raft_consensus.cc:2468] T 9d1b9604ac7d4ae7b82ebdd7a841d821 P a0a2318661974182acf5132f7c1200b4 [term 1 FOLLOWER]: Leader election vote request: Granting yes vote for candidate daabeb0c25e94d4795aa38dec09a2204 in term 1.
I20260710 11:11:48.702214 13419 leader_election.cc:304] T 9d1b9604ac7d4ae7b82ebdd7a841d821 P daabeb0c25e94d4795aa38dec09a2204 [CANDIDATE]: Term 1 election: Election decided. Result: candidate won. Election summary: received 2 responses out of 3 voters: 2 yes votes; 0 no votes. yes voters: b9fc9e252e944396a0d080f7202ca31e, daabeb0c25e94d4795aa38dec09a2204; no voters: 
I20260710 11:11:48.701233 13496 consensus_queue.cc:260] T 75ff91841b5b4f05acdf0015a112f823 P b9fc9e252e944396a0d080f7202ca31e [NON_LEADER]: Queue going to NON_LEADER mode. State: All replicated index: 0, Majority replicated index: 0, Committed index: 0, Last appended: 0.0, Last appended by leader: 0, Current term: 0, Majority size: -1, State: 0, Mode: NON_LEADER, active raft config: opid_index: -1 OBSOLETE_local: false peers { permanent_uuid: "a0a2318661974182acf5132f7c1200b4" member_type: VOTER last_known_addr { host: "127.11.232.129" port: 35093 } } peers { permanent_uuid: "b9fc9e252e944396a0d080f7202ca31e" member_type: VOTER last_known_addr { host: "127.11.232.130" port: 40611 } } peers { permanent_uuid: "daabeb0c25e94d4795aa38dec09a2204" member_type: VOTER last_known_addr { host: "127.11.232.131" port: 41135 } }
I20260710 11:11:48.700927 13520 leader_election.cc:290] T cb2d2acc9d054a0e9c1167aff1eb000d P a0a2318661974182acf5132f7c1200b4 [CANDIDATE]: Term 1 election: Requested vote from peers b9fc9e252e944396a0d080f7202ca31e (127.11.232.130:40611), daabeb0c25e94d4795aa38dec09a2204 (127.11.232.131:41135)
I20260710 11:11:48.697163 13504 raft_consensus.cc:515] T b2f5b0180a05467e9795988e1c85361b P b9fc9e252e944396a0d080f7202ca31e [term 0 FOLLOWER]: Starting pre-election with config: opid_index: -1 OBSOLETE_local: false peers { permanent_uuid: "a0a2318661974182acf5132f7c1200b4" member_type: VOTER last_known_addr { host: "127.11.232.129" port: 35093 } } peers { permanent_uuid: "b9fc9e252e944396a0d080f7202ca31e" member_type: VOTER last_known_addr { host: "127.11.232.130" port: 40611 } } peers { permanent_uuid: "daabeb0c25e94d4795aa38dec09a2204" member_type: VOTER last_known_addr { host: "127.11.232.131" port: 41135 } }
I20260710 11:11:48.706244 13496 ts_tablet_manager.cc:1434] T 75ff91841b5b4f05acdf0015a112f823 P b9fc9e252e944396a0d080f7202ca31e: Time spent starting tablet: real 0.123s	user 0.008s	sys 0.000s
I20260710 11:11:48.707687 13504 leader_election.cc:290] T b2f5b0180a05467e9795988e1c85361b P b9fc9e252e944396a0d080f7202ca31e [CANDIDATE]: Term 1 pre-election: Requested pre-vote from peers a0a2318661974182acf5132f7c1200b4 (127.11.232.129:35093), daabeb0c25e94d4795aa38dec09a2204 (127.11.232.131:41135)
I20260710 11:11:48.707144 13496 tablet_bootstrap.cc:492] T 9df977e5b2ed453baacb7c378d18ebc7 P b9fc9e252e944396a0d080f7202ca31e: Bootstrap starting.
I20260710 11:11:48.711766 13495 tablet_bootstrap.cc:492] T 75ff91841b5b4f05acdf0015a112f823 P a0a2318661974182acf5132f7c1200b4: No bootstrap required, opened a new log
I20260710 11:11:48.710141 13592 raft_consensus.cc:515] T cb2d2acc9d054a0e9c1167aff1eb000d P b9fc9e252e944396a0d080f7202ca31e [term 1 FOLLOWER]: Starting leader election with config: opid_index: -1 OBSOLETE_local: false peers { permanent_uuid: "a0a2318661974182acf5132f7c1200b4" member_type: VOTER last_known_addr { host: "127.11.232.129" port: 35093 } } peers { permanent_uuid: "b9fc9e252e944396a0d080f7202ca31e" member_type: VOTER last_known_addr { host: "127.11.232.130" port: 40611 } } peers { permanent_uuid: "daabeb0c25e94d4795aa38dec09a2204" member_type: VOTER last_known_addr { host: "127.11.232.131" port: 41135 } }
I20260710 11:11:48.714087 13495 ts_tablet_manager.cc:1403] T 75ff91841b5b4f05acdf0015a112f823 P a0a2318661974182acf5132f7c1200b4: Time spent bootstrapping tablet: real 0.125s	user 0.011s	sys 0.001s
I20260710 11:11:48.714351 13378 raft_consensus.cc:2393] T cb2d2acc9d054a0e9c1167aff1eb000d P b9fc9e252e944396a0d080f7202ca31e [term 1 FOLLOWER]: Leader election vote request: Denying vote to candidate a0a2318661974182acf5132f7c1200b4 in current term 1: Already voted for candidate b9fc9e252e944396a0d080f7202ca31e in this term.
I20260710 11:11:48.712927 13583 raft_consensus.cc:2804] T 9d1b9604ac7d4ae7b82ebdd7a841d821 P daabeb0c25e94d4795aa38dec09a2204 [term 1 FOLLOWER]: Leader election won for term 1
I20260710 11:11:48.721794 13454 tablet_service.cc:1917] Received RequestConsensusVote() RPC: tablet_id: "cb2d2acc9d054a0e9c1167aff1eb000d" candidate_uuid: "a0a2318661974182acf5132f7c1200b4" candidate_term: 1 candidate_status { last_received { term: 0 index: 0 } } ignore_live_leader: false dest_uuid: "daabeb0c25e94d4795aa38dec09a2204"
I20260710 11:11:48.722393 13454 raft_consensus.cc:3060] T cb2d2acc9d054a0e9c1167aff1eb000d P daabeb0c25e94d4795aa38dec09a2204 [term 0 FOLLOWER]: Advancing to term 1
I20260710 11:11:48.715366 13452 tablet_service.cc:1917] Received RequestConsensusVote() RPC: tablet_id: "b2f5b0180a05467e9795988e1c85361b" candidate_uuid: "b9fc9e252e944396a0d080f7202ca31e" candidate_term: 1 candidate_status { last_received { term: 0 index: 0 } } ignore_live_leader: false dest_uuid: "daabeb0c25e94d4795aa38dec09a2204" is_pre_election: true
I20260710 11:11:48.715811 13583 raft_consensus.cc:697] T 9d1b9604ac7d4ae7b82ebdd7a841d821 P daabeb0c25e94d4795aa38dec09a2204 [term 1 LEADER]: Becoming Leader. State: Replica: daabeb0c25e94d4795aa38dec09a2204, State: Running, Role: LEADER
I20260710 11:11:48.724575 13583 consensus_queue.cc:237] T 9d1b9604ac7d4ae7b82ebdd7a841d821 P daabeb0c25e94d4795aa38dec09a2204 [LEADER]: Queue going to LEADER mode. State: All replicated index: 0, Majority replicated index: 0, Committed index: 0, Last appended: 0.0, Last appended by leader: 0, Current term: 1, Majority size: 2, State: 0, Mode: LEADER, active raft config: opid_index: -1 OBSOLETE_local: false peers { permanent_uuid: "a0a2318661974182acf5132f7c1200b4" member_type: VOTER last_known_addr { host: "127.11.232.129" port: 35093 } } peers { permanent_uuid: "b9fc9e252e944396a0d080f7202ca31e" member_type: VOTER last_known_addr { host: "127.11.232.130" port: 40611 } } peers { permanent_uuid: "daabeb0c25e94d4795aa38dec09a2204" member_type: VOTER last_known_addr { host: "127.11.232.131" port: 41135 } }
W20260710 11:11:48.725936 13344 leader_election.cc:343] T b2f5b0180a05467e9795988e1c85361b P b9fc9e252e944396a0d080f7202ca31e [CANDIDATE]: Term 1 pre-election: Tablet error from VoteRequest() call to peer daabeb0c25e94d4795aa38dec09a2204 (127.11.232.131:41135): Illegal state: must be running to vote when last-logged opid is not known
I20260710 11:11:48.726279 13305 tablet_service.cc:1917] Received RequestConsensusVote() RPC: tablet_id: "b2f5b0180a05467e9795988e1c85361b" candidate_uuid: "b9fc9e252e944396a0d080f7202ca31e" candidate_term: 1 candidate_status { last_received { term: 0 index: 0 } } ignore_live_leader: false dest_uuid: "a0a2318661974182acf5132f7c1200b4" is_pre_election: true
W20260710 11:11:48.728737 13347 leader_election.cc:343] T b2f5b0180a05467e9795988e1c85361b P b9fc9e252e944396a0d080f7202ca31e [CANDIDATE]: Term 1 pre-election: Tablet error from VoteRequest() call to peer a0a2318661974182acf5132f7c1200b4 (127.11.232.129:35093): Illegal state: must be running to vote when last-logged opid is not known
I20260710 11:11:48.729173 13347 leader_election.cc:304] T b2f5b0180a05467e9795988e1c85361b P b9fc9e252e944396a0d080f7202ca31e [CANDIDATE]: Term 1 pre-election: Election decided. Result: candidate lost. Election summary: received 3 responses out of 3 voters: 1 yes votes; 2 no votes. yes voters: b9fc9e252e944396a0d080f7202ca31e; no voters: a0a2318661974182acf5132f7c1200b4, daabeb0c25e94d4795aa38dec09a2204
I20260710 11:11:48.730274 13504 raft_consensus.cc:2749] T b2f5b0180a05467e9795988e1c85361b P b9fc9e252e944396a0d080f7202ca31e [term 0 FOLLOWER]: Leader pre-election lost for term 1. Reason: could not achieve majority
I20260710 11:11:48.731467 13454 raft_consensus.cc:2468] T cb2d2acc9d054a0e9c1167aff1eb000d P daabeb0c25e94d4795aa38dec09a2204 [term 1 FOLLOWER]: Leader election vote request: Granting yes vote for candidate a0a2318661974182acf5132f7c1200b4 in term 1.
I20260710 11:11:48.732517 13305 tablet_service.cc:1917] Received RequestConsensusVote() RPC: tablet_id: "cb2d2acc9d054a0e9c1167aff1eb000d" candidate_uuid: "b9fc9e252e944396a0d080f7202ca31e" candidate_term: 1 candidate_status { last_received { term: 0 index: 0 } } ignore_live_leader: false dest_uuid: "a0a2318661974182acf5132f7c1200b4"
I20260710 11:11:48.733240 13592 leader_election.cc:290] T cb2d2acc9d054a0e9c1167aff1eb000d P b9fc9e252e944396a0d080f7202ca31e [CANDIDATE]: Term 1 election: Requested vote from peers a0a2318661974182acf5132f7c1200b4 (127.11.232.129:35093), daabeb0c25e94d4795aa38dec09a2204 (127.11.232.131:41135)
I20260710 11:11:48.733570 13305 raft_consensus.cc:2393] T cb2d2acc9d054a0e9c1167aff1eb000d P a0a2318661974182acf5132f7c1200b4 [term 1 FOLLOWER]: Leader election vote request: Denying vote to candidate b9fc9e252e944396a0d080f7202ca31e in current term 1: Already voted for candidate a0a2318661974182acf5132f7c1200b4 in this term.
I20260710 11:11:48.734035 13454 tablet_service.cc:1917] Received RequestConsensusVote() RPC: tablet_id: "cb2d2acc9d054a0e9c1167aff1eb000d" candidate_uuid: "b9fc9e252e944396a0d080f7202ca31e" candidate_term: 1 candidate_status { last_received { term: 0 index: 0 } } ignore_live_leader: false dest_uuid: "daabeb0c25e94d4795aa38dec09a2204"
I20260710 11:11:48.734778 13454 raft_consensus.cc:2393] T cb2d2acc9d054a0e9c1167aff1eb000d P daabeb0c25e94d4795aa38dec09a2204 [term 1 FOLLOWER]: Leader election vote request: Denying vote to candidate b9fc9e252e944396a0d080f7202ca31e in current term 1: Already voted for candidate a0a2318661974182acf5132f7c1200b4 in this term.
I20260710 11:11:48.735224 13269 leader_election.cc:304] T cb2d2acc9d054a0e9c1167aff1eb000d P a0a2318661974182acf5132f7c1200b4 [CANDIDATE]: Term 1 election: Election decided. Result: candidate won. Election summary: received 3 responses out of 3 voters: 2 yes votes; 1 no votes. yes voters: a0a2318661974182acf5132f7c1200b4, daabeb0c25e94d4795aa38dec09a2204; no voters: b9fc9e252e944396a0d080f7202ca31e
I20260710 11:11:48.736070 13569 raft_consensus.cc:2804] T cb2d2acc9d054a0e9c1167aff1eb000d P a0a2318661974182acf5132f7c1200b4 [term 1 FOLLOWER]: Leader election won for term 1
I20260710 11:11:48.736532 13569 raft_consensus.cc:697] T cb2d2acc9d054a0e9c1167aff1eb000d P a0a2318661974182acf5132f7c1200b4 [term 1 LEADER]: Becoming Leader. State: Replica: a0a2318661974182acf5132f7c1200b4, State: Running, Role: LEADER
I20260710 11:11:48.736296 13344 leader_election.cc:304] T cb2d2acc9d054a0e9c1167aff1eb000d P b9fc9e252e944396a0d080f7202ca31e [CANDIDATE]: Term 1 election: Election decided. Result: candidate lost. Election summary: received 3 responses out of 3 voters: 1 yes votes; 2 no votes. yes voters: b9fc9e252e944396a0d080f7202ca31e; no voters: a0a2318661974182acf5132f7c1200b4, daabeb0c25e94d4795aa38dec09a2204
I20260710 11:11:48.737368 13569 consensus_queue.cc:237] T cb2d2acc9d054a0e9c1167aff1eb000d P a0a2318661974182acf5132f7c1200b4 [LEADER]: Queue going to LEADER mode. State: All replicated index: 0, Majority replicated index: 0, Committed index: 0, Last appended: 0.0, Last appended by leader: 0, Current term: 1, Majority size: 2, State: 0, Mode: LEADER, active raft config: opid_index: -1 OBSOLETE_local: false peers { permanent_uuid: "a0a2318661974182acf5132f7c1200b4" member_type: VOTER last_known_addr { host: "127.11.232.129" port: 35093 } } peers { permanent_uuid: "b9fc9e252e944396a0d080f7202ca31e" member_type: VOTER last_known_addr { host: "127.11.232.130" port: 40611 } } peers { permanent_uuid: "daabeb0c25e94d4795aa38dec09a2204" member_type: VOTER last_known_addr { host: "127.11.232.131" port: 41135 } }
I20260710 11:11:48.737877 13592 raft_consensus.cc:2749] T cb2d2acc9d054a0e9c1167aff1eb000d P b9fc9e252e944396a0d080f7202ca31e [term 1 FOLLOWER]: Leader election lost for term 1. Reason: could not achieve majority
I20260710 11:11:48.738499 13495 raft_consensus.cc:359] T 75ff91841b5b4f05acdf0015a112f823 P a0a2318661974182acf5132f7c1200b4 [term 0 FOLLOWER]: Replica starting. Triggering 0 pending ops. Active config: opid_index: -1 OBSOLETE_local: false peers { permanent_uuid: "a0a2318661974182acf5132f7c1200b4" member_type: VOTER last_known_addr { host: "127.11.232.129" port: 35093 } } peers { permanent_uuid: "b9fc9e252e944396a0d080f7202ca31e" member_type: VOTER last_known_addr { host: "127.11.232.130" port: 40611 } } peers { permanent_uuid: "daabeb0c25e94d4795aa38dec09a2204" member_type: VOTER last_known_addr { host: "127.11.232.131" port: 41135 } }
I20260710 11:11:48.739373 13495 raft_consensus.cc:385] T 75ff91841b5b4f05acdf0015a112f823 P a0a2318661974182acf5132f7c1200b4 [term 0 FOLLOWER]: Consensus starting up: Expiring failure detector timer to make a prompt election more likely
I20260710 11:11:48.739707 13495 raft_consensus.cc:740] T 75ff91841b5b4f05acdf0015a112f823 P a0a2318661974182acf5132f7c1200b4 [term 0 FOLLOWER]: Becoming Follower/Learner. State: Replica: a0a2318661974182acf5132f7c1200b4, State: Initialized, Role: FOLLOWER
I20260710 11:11:48.740927 13495 consensus_queue.cc:260] T 75ff91841b5b4f05acdf0015a112f823 P a0a2318661974182acf5132f7c1200b4 [NON_LEADER]: Queue going to NON_LEADER mode. State: All replicated index: 0, Majority replicated index: 0, Committed index: 0, Last appended: 0.0, Last appended by leader: 0, Current term: 0, Majority size: -1, State: 0, Mode: NON_LEADER, active raft config: opid_index: -1 OBSOLETE_local: false peers { permanent_uuid: "a0a2318661974182acf5132f7c1200b4" member_type: VOTER last_known_addr { host: "127.11.232.129" port: 35093 } } peers { permanent_uuid: "b9fc9e252e944396a0d080f7202ca31e" member_type: VOTER last_known_addr { host: "127.11.232.130" port: 40611 } } peers { permanent_uuid: "daabeb0c25e94d4795aa38dec09a2204" member_type: VOTER last_known_addr { host: "127.11.232.131" port: 41135 } }
I20260710 11:11:48.744035 13495 ts_tablet_manager.cc:1434] T 75ff91841b5b4f05acdf0015a112f823 P a0a2318661974182acf5132f7c1200b4: Time spent starting tablet: real 0.028s	user 0.004s	sys 0.001s
I20260710 11:11:48.744921 13495 tablet_bootstrap.cc:492] T 24d43754b8cd4ed39883a06d7c9f39c1 P a0a2318661974182acf5132f7c1200b4: Bootstrap starting.
I20260710 11:11:48.746405 13496 tablet_bootstrap.cc:654] T 9df977e5b2ed453baacb7c378d18ebc7 P b9fc9e252e944396a0d080f7202ca31e: Neither blocks nor log segments found. Creating new log.
I20260710 11:11:48.750190 13497 tablet_bootstrap.cc:492] T e6f555d6a18a48328adaca620f10f296 P daabeb0c25e94d4795aa38dec09a2204: No bootstrap required, opened a new log
I20260710 11:11:48.750602 13495 tablet_bootstrap.cc:654] T 24d43754b8cd4ed39883a06d7c9f39c1 P a0a2318661974182acf5132f7c1200b4: Neither blocks nor log segments found. Creating new log.
I20260710 11:11:48.750684 13497 ts_tablet_manager.cc:1403] T e6f555d6a18a48328adaca620f10f296 P daabeb0c25e94d4795aa38dec09a2204: Time spent bootstrapping tablet: real 0.163s	user 0.012s	sys 0.011s
I20260710 11:11:48.753273 13497 raft_consensus.cc:359] T e6f555d6a18a48328adaca620f10f296 P daabeb0c25e94d4795aa38dec09a2204 [term 0 FOLLOWER]: Replica starting. Triggering 0 pending ops. Active config: opid_index: -1 OBSOLETE_local: false peers { permanent_uuid: "a0a2318661974182acf5132f7c1200b4" member_type: VOTER last_known_addr { host: "127.11.232.129" port: 35093 } } peers { permanent_uuid: "b9fc9e252e944396a0d080f7202ca31e" member_type: VOTER last_known_addr { host: "127.11.232.130" port: 40611 } } peers { permanent_uuid: "daabeb0c25e94d4795aa38dec09a2204" member_type: VOTER last_known_addr { host: "127.11.232.131" port: 41135 } }
I20260710 11:11:48.753947 13497 raft_consensus.cc:385] T e6f555d6a18a48328adaca620f10f296 P daabeb0c25e94d4795aa38dec09a2204 [term 0 FOLLOWER]: Consensus starting up: Expiring failure detector timer to make a prompt election more likely
I20260710 11:11:48.754206 13497 raft_consensus.cc:740] T e6f555d6a18a48328adaca620f10f296 P daabeb0c25e94d4795aa38dec09a2204 [term 0 FOLLOWER]: Becoming Follower/Learner. State: Replica: daabeb0c25e94d4795aa38dec09a2204, State: Initialized, Role: FOLLOWER
I20260710 11:11:48.754992 13497 consensus_queue.cc:260] T e6f555d6a18a48328adaca620f10f296 P daabeb0c25e94d4795aa38dec09a2204 [NON_LEADER]: Queue going to NON_LEADER mode. State: All replicated index: 0, Majority replicated index: 0, Committed index: 0, Last appended: 0.0, Last appended by leader: 0, Current term: 0, Majority size: -1, State: 0, Mode: NON_LEADER, active raft config: opid_index: -1 OBSOLETE_local: false peers { permanent_uuid: "a0a2318661974182acf5132f7c1200b4" member_type: VOTER last_known_addr { host: "127.11.232.129" port: 35093 } } peers { permanent_uuid: "b9fc9e252e944396a0d080f7202ca31e" member_type: VOTER last_known_addr { host: "127.11.232.130" port: 40611 } } peers { permanent_uuid: "daabeb0c25e94d4795aa38dec09a2204" member_type: VOTER last_known_addr { host: "127.11.232.131" port: 41135 } }
I20260710 11:11:48.771071 13496 tablet_bootstrap.cc:492] T 9df977e5b2ed453baacb7c378d18ebc7 P b9fc9e252e944396a0d080f7202ca31e: No bootstrap required, opened a new log
I20260710 11:11:48.771647 13496 ts_tablet_manager.cc:1403] T 9df977e5b2ed453baacb7c378d18ebc7 P b9fc9e252e944396a0d080f7202ca31e: Time spent bootstrapping tablet: real 0.065s	user 0.014s	sys 0.008s
I20260710 11:11:48.772505 13609 raft_consensus.cc:493] T 24d43754b8cd4ed39883a06d7c9f39c1 P b9fc9e252e944396a0d080f7202ca31e [term 0 FOLLOWER]: Starting pre-election (no leader contacted us within the election timeout)
I20260710 11:11:48.772989 13609 raft_consensus.cc:515] T 24d43754b8cd4ed39883a06d7c9f39c1 P b9fc9e252e944396a0d080f7202ca31e [term 0 FOLLOWER]: Starting pre-election with config: opid_index: -1 OBSOLETE_local: false peers { permanent_uuid: "a0a2318661974182acf5132f7c1200b4" member_type: VOTER last_known_addr { host: "127.11.232.129" port: 35093 } } peers { permanent_uuid: "b9fc9e252e944396a0d080f7202ca31e" member_type: VOTER last_known_addr { host: "127.11.232.130" port: 40611 } } peers { permanent_uuid: "daabeb0c25e94d4795aa38dec09a2204" member_type: VOTER last_known_addr { host: "127.11.232.131" port: 41135 } }
I20260710 11:11:48.774418 13496 raft_consensus.cc:359] T 9df977e5b2ed453baacb7c378d18ebc7 P b9fc9e252e944396a0d080f7202ca31e [term 0 FOLLOWER]: Replica starting. Triggering 0 pending ops. Active config: opid_index: -1 OBSOLETE_local: false peers { permanent_uuid: "a0a2318661974182acf5132f7c1200b4" member_type: VOTER last_known_addr { host: "127.11.232.129" port: 35093 } } peers { permanent_uuid: "b9fc9e252e944396a0d080f7202ca31e" member_type: VOTER last_known_addr { host: "127.11.232.130" port: 40611 } } peers { permanent_uuid: "daabeb0c25e94d4795aa38dec09a2204" member_type: VOTER last_known_addr { host: "127.11.232.131" port: 41135 } }
I20260710 11:11:48.775141 13609 leader_election.cc:290] T 24d43754b8cd4ed39883a06d7c9f39c1 P b9fc9e252e944396a0d080f7202ca31e [CANDIDATE]: Term 1 pre-election: Requested pre-vote from peers a0a2318661974182acf5132f7c1200b4 (127.11.232.129:35093), daabeb0c25e94d4795aa38dec09a2204 (127.11.232.131:41135)
I20260710 11:11:48.775208 13496 raft_consensus.cc:385] T 9df977e5b2ed453baacb7c378d18ebc7 P b9fc9e252e944396a0d080f7202ca31e [term 0 FOLLOWER]: Consensus starting up: Expiring failure detector timer to make a prompt election more likely
I20260710 11:11:48.775679 13496 raft_consensus.cc:740] T 9df977e5b2ed453baacb7c378d18ebc7 P b9fc9e252e944396a0d080f7202ca31e [term 0 FOLLOWER]: Becoming Follower/Learner. State: Replica: b9fc9e252e944396a0d080f7202ca31e, State: Initialized, Role: FOLLOWER
I20260710 11:11:48.776548 13496 consensus_queue.cc:260] T 9df977e5b2ed453baacb7c378d18ebc7 P b9fc9e252e944396a0d080f7202ca31e [NON_LEADER]: Queue going to NON_LEADER mode. State: All replicated index: 0, Majority replicated index: 0, Committed index: 0, Last appended: 0.0, Last appended by leader: 0, Current term: 0, Majority size: -1, State: 0, Mode: NON_LEADER, active raft config: opid_index: -1 OBSOLETE_local: false peers { permanent_uuid: "a0a2318661974182acf5132f7c1200b4" member_type: VOTER last_known_addr { host: "127.11.232.129" port: 35093 } } peers { permanent_uuid: "b9fc9e252e944396a0d080f7202ca31e" member_type: VOTER last_known_addr { host: "127.11.232.130" port: 40611 } } peers { permanent_uuid: "daabeb0c25e94d4795aa38dec09a2204" member_type: VOTER last_known_addr { host: "127.11.232.131" port: 41135 } }
I20260710 11:11:48.777439 13302 tablet_service.cc:1917] Received RequestConsensusVote() RPC: tablet_id: "24d43754b8cd4ed39883a06d7c9f39c1" candidate_uuid: "b9fc9e252e944396a0d080f7202ca31e" candidate_term: 1 candidate_status { last_received { term: 0 index: 0 } } ignore_live_leader: false dest_uuid: "a0a2318661974182acf5132f7c1200b4" is_pre_election: true
