I20260710 11:11:33.349282  8771 raft_consensus.cc:606] T 4174ce6780604e85a88f863c1951fcb8 P 0554b01596014a308cd8a4cd00a53af3 [term 2 LEADER]: Received request to transfer leadership to TS 6055b4c56879479a8fa0570720292985
I20260710 11:11:33.351850  8771 tablet_service.cc:2072] Received LeaderStepDown RPC: tablet_id: "4cc4b4882a3c46888ad3b98535146e40"
dest_uuid: "0554b01596014a308cd8a4cd00a53af3"
mode: GRACEFUL
new_leader_uuid: "6055b4c56879479a8fa0570720292985"
 from {username='slave'} at 127.0.0.1:55666
I20260710 11:11:33.352303  8771 raft_consensus.cc:606] T 4cc4b4882a3c46888ad3b98535146e40 P 0554b01596014a308cd8a4cd00a53af3 [term 2 LEADER]: Received request to transfer leadership to TS 6055b4c56879479a8fa0570720292985
I20260710 11:11:33.354336  8771 tablet_service.cc:2072] Received LeaderStepDown RPC: tablet_id: "54d30914fa3e43fa96d4e813cf5fff7b"
dest_uuid: "0554b01596014a308cd8a4cd00a53af3"
mode: GRACEFUL
new_leader_uuid: "dbffecea412b40b69d2c8c0fb7467ff8"
 from {username='slave'} at 127.0.0.1:55666
I20260710 11:11:33.354765  8771 raft_consensus.cc:606] T 54d30914fa3e43fa96d4e813cf5fff7b P 0554b01596014a308cd8a4cd00a53af3 [term 3 LEADER]: Received request to transfer leadership to TS dbffecea412b40b69d2c8c0fb7467ff8
I20260710 11:11:33.356807  8771 tablet_service.cc:2072] Received LeaderStepDown RPC: tablet_id: "d64ab35cd5904e2da16ef1836eabc6dc"
dest_uuid: "0554b01596014a308cd8a4cd00a53af3"
mode: GRACEFUL
new_leader_uuid: "dbffecea412b40b69d2c8c0fb7467ff8"
 from {username='slave'} at 127.0.0.1:55666
I20260710 11:11:33.357240  8771 raft_consensus.cc:606] T d64ab35cd5904e2da16ef1836eabc6dc P 0554b01596014a308cd8a4cd00a53af3 [term 3 LEADER]: Received request to transfer leadership to TS dbffecea412b40b69d2c8c0fb7467ff8
I20260710 11:11:33.359234  8771 tablet_service.cc:2072] Received LeaderStepDown RPC: tablet_id: "f1592fba061441d9a25039e7e5be00b2"
dest_uuid: "0554b01596014a308cd8a4cd00a53af3"
mode: GRACEFUL
new_leader_uuid: "6055b4c56879479a8fa0570720292985"
 from {username='slave'} at 127.0.0.1:55666
I20260710 11:11:33.359829  8771 raft_consensus.cc:606] T f1592fba061441d9a25039e7e5be00b2 P 0554b01596014a308cd8a4cd00a53af3 [term 3 LEADER]: Received request to transfer leadership to TS 6055b4c56879479a8fa0570720292985
I20260710 11:11:33.360915  8563 auto_leader_rebalancer.cc:452] table: test-workload, leader rebalance finish, leader transfer count: 5
I20260710 11:11:33.361402  8563 auto_leader_rebalancer.cc:527] All tables' leader rebalancing finished this round
I20260710 11:11:33.500830  9035 raft_consensus.cc:993] T 4174ce6780604e85a88f863c1951fcb8 P 0554b01596014a308cd8a4cd00a53af3: : Instructing follower 6055b4c56879479a8fa0570720292985 to start an election
I20260710 11:11:33.501964  9037 raft_consensus.cc:1081] T 4174ce6780604e85a88f863c1951fcb8 P 0554b01596014a308cd8a4cd00a53af3 [term 2 LEADER]: Signalling peer 6055b4c56879479a8fa0570720292985 to start an election
I20260710 11:11:33.503656  8698 tablet_service.cc:2044] Received Run Leader Election RPC: tablet_id: "4174ce6780604e85a88f863c1951fcb8"
dest_uuid: "6055b4c56879479a8fa0570720292985"
 from {username='slave'} at 127.0.0.1:43030
I20260710 11:11:33.504227  8698 raft_consensus.cc:493] T 4174ce6780604e85a88f863c1951fcb8 P 6055b4c56879479a8fa0570720292985 [term 2 FOLLOWER]: Starting forced leader election (received explicit request)
I20260710 11:11:33.504643  8698 raft_consensus.cc:3060] T 4174ce6780604e85a88f863c1951fcb8 P 6055b4c56879479a8fa0570720292985 [term 2 FOLLOWER]: Advancing to term 3
I20260710 11:11:33.509619  8698 raft_consensus.cc:515] T 4174ce6780604e85a88f863c1951fcb8 P 6055b4c56879479a8fa0570720292985 [term 3 FOLLOWER]: Starting forced leader election with config: opid_index: -1 OBSOLETE_local: false peers { permanent_uuid: "6055b4c56879479a8fa0570720292985" member_type: VOTER last_known_addr { host: "127.8.92.193" port: 35803 } } peers { permanent_uuid: "0554b01596014a308cd8a4cd00a53af3" member_type: VOTER last_known_addr { host: "127.8.92.194" port: 38831 } } peers { permanent_uuid: "dbffecea412b40b69d2c8c0fb7467ff8" member_type: VOTER last_known_addr { host: "127.8.92.195" port: 40943 } }
I20260710 11:11:33.511349  8698 leader_election.cc:290] T 4174ce6780604e85a88f863c1951fcb8 P 6055b4c56879479a8fa0570720292985 [CANDIDATE]: Term 3 election: Requested vote from peers 0554b01596014a308cd8a4cd00a53af3 (127.8.92.194:38831), dbffecea412b40b69d2c8c0fb7467ff8 (127.8.92.195:40943)
I20260710 11:11:33.512143  8771 tablet_service.cc:1917] Received RequestConsensusVote() RPC: tablet_id: "4174ce6780604e85a88f863c1951fcb8" candidate_uuid: "6055b4c56879479a8fa0570720292985" candidate_term: 3 candidate_status { last_received { term: 2 index: 2 } } ignore_live_leader: true dest_uuid: "0554b01596014a308cd8a4cd00a53af3"
I20260710 11:11:33.512642  8846 tablet_service.cc:1917] Received RequestConsensusVote() RPC: tablet_id: "4174ce6780604e85a88f863c1951fcb8" candidate_uuid: "6055b4c56879479a8fa0570720292985" candidate_term: 3 candidate_status { last_received { term: 2 index: 2 } } ignore_live_leader: true dest_uuid: "dbffecea412b40b69d2c8c0fb7467ff8"
I20260710 11:11:33.512874  8771 raft_consensus.cc:3055] T 4174ce6780604e85a88f863c1951fcb8 P 0554b01596014a308cd8a4cd00a53af3 [term 2 LEADER]: Stepping down as leader of term 2
I20260710 11:11:33.513149  8846 raft_consensus.cc:3060] T 4174ce6780604e85a88f863c1951fcb8 P dbffecea412b40b69d2c8c0fb7467ff8 [term 2 FOLLOWER]: Advancing to term 3
I20260710 11:11:33.513216  8771 raft_consensus.cc:740] T 4174ce6780604e85a88f863c1951fcb8 P 0554b01596014a308cd8a4cd00a53af3 [term 2 LEADER]: Becoming Follower/Learner. State: Replica: 0554b01596014a308cd8a4cd00a53af3, State: Running, Role: LEADER
I20260710 11:11:33.514034  8771 consensus_queue.cc:260] T 4174ce6780604e85a88f863c1951fcb8 P 0554b01596014a308cd8a4cd00a53af3 [NON_LEADER]: Queue going to NON_LEADER mode. State: All replicated index: 0, Majority replicated index: 2, Committed index: 2, Last appended: 2.2, Last appended by leader: 2, Current term: 2, Majority size: -1, State: 0, Mode: NON_LEADER, active raft config: opid_index: -1 OBSOLETE_local: false peers { permanent_uuid: "6055b4c56879479a8fa0570720292985" member_type: VOTER last_known_addr { host: "127.8.92.193" port: 35803 } } peers { permanent_uuid: "0554b01596014a308cd8a4cd00a53af3" member_type: VOTER last_known_addr { host: "127.8.92.194" port: 38831 } } peers { permanent_uuid: "dbffecea412b40b69d2c8c0fb7467ff8" member_type: VOTER last_known_addr { host: "127.8.92.195" port: 40943 } }
I20260710 11:11:33.515043  8771 raft_consensus.cc:3060] T 4174ce6780604e85a88f863c1951fcb8 P 0554b01596014a308cd8a4cd00a53af3 [term 2 FOLLOWER]: Advancing to term 3
I20260710 11:11:33.519122  8846 raft_consensus.cc:2468] T 4174ce6780604e85a88f863c1951fcb8 P dbffecea412b40b69d2c8c0fb7467ff8 [term 3 FOLLOWER]: Leader election vote request: Granting yes vote for candidate 6055b4c56879479a8fa0570720292985 in term 3.
I20260710 11:11:33.519755  9037 raft_consensus.cc:993] T d64ab35cd5904e2da16ef1836eabc6dc P 0554b01596014a308cd8a4cd00a53af3: : Instructing follower dbffecea412b40b69d2c8c0fb7467ff8 to start an election
I20260710 11:11:33.520746  8662 leader_election.cc:304] T 4174ce6780604e85a88f863c1951fcb8 P 6055b4c56879479a8fa0570720292985 [CANDIDATE]: Term 3 election: Election decided. Result: candidate won. Election summary: received 2 responses out of 3 voters: 2 yes votes; 0 no votes. yes voters: 6055b4c56879479a8fa0570720292985, dbffecea412b40b69d2c8c0fb7467ff8; no voters: 
I20260710 11:11:33.522169  8771 raft_consensus.cc:2468] T 4174ce6780604e85a88f863c1951fcb8 P 0554b01596014a308cd8a4cd00a53af3 [term 3 FOLLOWER]: Leader election vote request: Granting yes vote for candidate 6055b4c56879479a8fa0570720292985 in term 3.
I20260710 11:11:33.524212  9039 raft_consensus.cc:2804] T 4174ce6780604e85a88f863c1951fcb8 P 6055b4c56879479a8fa0570720292985 [term 3 FOLLOWER]: Leader election won for term 3
I20260710 11:11:33.524433  9038 raft_consensus.cc:1081] T d64ab35cd5904e2da16ef1836eabc6dc P 0554b01596014a308cd8a4cd00a53af3 [term 3 LEADER]: Signalling peer dbffecea412b40b69d2c8c0fb7467ff8 to start an election
I20260710 11:11:33.525856  9038 raft_consensus.cc:993] T 54d30914fa3e43fa96d4e813cf5fff7b P 0554b01596014a308cd8a4cd00a53af3: : Instructing follower dbffecea412b40b69d2c8c0fb7467ff8 to start an election
I20260710 11:11:33.526459  9035 raft_consensus.cc:1081] T 54d30914fa3e43fa96d4e813cf5fff7b P 0554b01596014a308cd8a4cd00a53af3 [term 3 LEADER]: Signalling peer dbffecea412b40b69d2c8c0fb7467ff8 to start an election
I20260710 11:11:33.527309  9039 raft_consensus.cc:697] T 4174ce6780604e85a88f863c1951fcb8 P 6055b4c56879479a8fa0570720292985 [term 3 LEADER]: Becoming Leader. State: Replica: 6055b4c56879479a8fa0570720292985, State: Running, Role: LEADER
I20260710 11:11:33.527498  8846 tablet_service.cc:2044] Received Run Leader Election RPC: tablet_id: "d64ab35cd5904e2da16ef1836eabc6dc"
dest_uuid: "dbffecea412b40b69d2c8c0fb7467ff8"
 from {username='slave'} at 127.0.0.1:45056
I20260710 11:11:33.528434  8846 raft_consensus.cc:493] T d64ab35cd5904e2da16ef1836eabc6dc P dbffecea412b40b69d2c8c0fb7467ff8 [term 3 FOLLOWER]: Starting forced leader election (received explicit request)
I20260710 11:11:33.528559  8844 tablet_service.cc:2044] Received Run Leader Election RPC: tablet_id: "54d30914fa3e43fa96d4e813cf5fff7b"
dest_uuid: "dbffecea412b40b69d2c8c0fb7467ff8"
 from {username='slave'} at 127.0.0.1:45056
I20260710 11:11:33.528789  8846 raft_consensus.cc:3060] T d64ab35cd5904e2da16ef1836eabc6dc P dbffecea412b40b69d2c8c0fb7467ff8 [term 3 FOLLOWER]: Advancing to term 4
I20260710 11:11:33.529096  8844 raft_consensus.cc:493] T 54d30914fa3e43fa96d4e813cf5fff7b P dbffecea412b40b69d2c8c0fb7467ff8 [term 3 FOLLOWER]: Starting forced leader election (received explicit request)
I20260710 11:11:33.528862  9039 consensus_queue.cc:237] T 4174ce6780604e85a88f863c1951fcb8 P 6055b4c56879479a8fa0570720292985 [LEADER]: Queue going to LEADER mode. State: All replicated index: 0, Majority replicated index: 2, Committed index: 2, Last appended: 2.2, Last appended by leader: 2, Current term: 3, Majority size: 2, State: 0, Mode: LEADER, active raft config: opid_index: -1 OBSOLETE_local: false peers { permanent_uuid: "6055b4c56879479a8fa0570720292985" member_type: VOTER last_known_addr { host: "127.8.92.193" port: 35803 } } peers { permanent_uuid: "0554b01596014a308cd8a4cd00a53af3" member_type: VOTER last_known_addr { host: "127.8.92.194" port: 38831 } } peers { permanent_uuid: "dbffecea412b40b69d2c8c0fb7467ff8" member_type: VOTER last_known_addr { host: "127.8.92.195" port: 40943 } }
I20260710 11:11:33.529422  8844 raft_consensus.cc:3060] T 54d30914fa3e43fa96d4e813cf5fff7b P dbffecea412b40b69d2c8c0fb7467ff8 [term 3 FOLLOWER]: Advancing to term 4
I20260710 11:11:33.534423  8846 raft_consensus.cc:515] T d64ab35cd5904e2da16ef1836eabc6dc P dbffecea412b40b69d2c8c0fb7467ff8 [term 4 FOLLOWER]: Starting forced leader election with config: opid_index: -1 OBSOLETE_local: false peers { permanent_uuid: "6055b4c56879479a8fa0570720292985" member_type: VOTER last_known_addr { host: "127.8.92.193" port: 35803 } } peers { permanent_uuid: "0554b01596014a308cd8a4cd00a53af3" member_type: VOTER last_known_addr { host: "127.8.92.194" port: 38831 } } peers { permanent_uuid: "dbffecea412b40b69d2c8c0fb7467ff8" member_type: VOTER last_known_addr { host: "127.8.92.195" port: 40943 } }
I20260710 11:11:33.536300  8844 raft_consensus.cc:515] T 54d30914fa3e43fa96d4e813cf5fff7b P dbffecea412b40b69d2c8c0fb7467ff8 [term 4 FOLLOWER]: Starting forced leader election with config: opid_index: -1 OBSOLETE_local: false peers { permanent_uuid: "6055b4c56879479a8fa0570720292985" member_type: VOTER last_known_addr { host: "127.8.92.193" port: 35803 } } peers { permanent_uuid: "0554b01596014a308cd8a4cd00a53af3" member_type: VOTER last_known_addr { host: "127.8.92.194" port: 38831 } } peers { permanent_uuid: "dbffecea412b40b69d2c8c0fb7467ff8" member_type: VOTER last_known_addr { host: "127.8.92.195" port: 40943 } }
I20260710 11:11:33.537454  8771 tablet_service.cc:1917] Received RequestConsensusVote() RPC: tablet_id: "d64ab35cd5904e2da16ef1836eabc6dc" candidate_uuid: "dbffecea412b40b69d2c8c0fb7467ff8" candidate_term: 4 candidate_status { last_received { term: 3 index: 3 } } ignore_live_leader: true dest_uuid: "0554b01596014a308cd8a4cd00a53af3"
I20260710 11:11:33.538180  8844 leader_election.cc:290] T 54d30914fa3e43fa96d4e813cf5fff7b P dbffecea412b40b69d2c8c0fb7467ff8 [CANDIDATE]: Term 4 election: Requested vote from peers 6055b4c56879479a8fa0570720292985 (127.8.92.193:35803), 0554b01596014a308cd8a4cd00a53af3 (127.8.92.194:38831)
I20260710 11:11:33.538125  8771 raft_consensus.cc:3055] T d64ab35cd5904e2da16ef1836eabc6dc P 0554b01596014a308cd8a4cd00a53af3 [term 3 LEADER]: Stepping down as leader of term 3
I20260710 11:11:33.538777  8771 raft_consensus.cc:740] T d64ab35cd5904e2da16ef1836eabc6dc P 0554b01596014a308cd8a4cd00a53af3 [term 3 LEADER]: Becoming Follower/Learner. State: Replica: 0554b01596014a308cd8a4cd00a53af3, State: Running, Role: LEADER
I20260710 11:11:33.538033  8592 catalog_manager.cc:5697] T 4174ce6780604e85a88f863c1951fcb8 P 6055b4c56879479a8fa0570720292985 reported cstate change: term changed from 2 to 3, leader changed from 0554b01596014a308cd8a4cd00a53af3 (127.8.92.194) to 6055b4c56879479a8fa0570720292985 (127.8.92.193). New cstate: current_term: 3 leader_uuid: "6055b4c56879479a8fa0570720292985" committed_config { opid_index: -1 OBSOLETE_local: false peers { permanent_uuid: "6055b4c56879479a8fa0570720292985" member_type: VOTER last_known_addr { host: "127.8.92.193" port: 35803 } health_report { overall_health: HEALTHY } } peers { permanent_uuid: "0554b01596014a308cd8a4cd00a53af3" member_type: VOTER last_known_addr { host: "127.8.92.194" port: 38831 } health_report { overall_health: UNKNOWN } } peers { permanent_uuid: "dbffecea412b40b69d2c8c0fb7467ff8" member_type: VOTER last_known_addr { host: "127.8.92.195" port: 40943 } health_report { overall_health: UNKNOWN } } }
I20260710 11:11:33.539335  8696 tablet_service.cc:1917] Received RequestConsensusVote() RPC: tablet_id: "54d30914fa3e43fa96d4e813cf5fff7b" candidate_uuid: "dbffecea412b40b69d2c8c0fb7467ff8" candidate_term: 4 candidate_status { last_received { term: 3 index: 3 } } ignore_live_leader: true dest_uuid: "6055b4c56879479a8fa0570720292985"
I20260710 11:11:33.539896  8696 raft_consensus.cc:3060] T 54d30914fa3e43fa96d4e813cf5fff7b P 6055b4c56879479a8fa0570720292985 [term 3 FOLLOWER]: Advancing to term 4
I20260710 11:11:33.539669  8771 consensus_queue.cc:260] T d64ab35cd5904e2da16ef1836eabc6dc P 0554b01596014a308cd8a4cd00a53af3 [NON_LEADER]: Queue going to NON_LEADER mode. State: All replicated index: 0, Majority replicated index: 3, Committed index: 3, Last appended: 3.3, Last appended by leader: 3, Current term: 3, Majority size: -1, State: 0, Mode: NON_LEADER, active raft config: opid_index: -1 OBSOLETE_local: false peers { permanent_uuid: "6055b4c56879479a8fa0570720292985" member_type: VOTER last_known_addr { host: "127.8.92.193" port: 35803 } } peers { permanent_uuid: "0554b01596014a308cd8a4cd00a53af3" member_type: VOTER last_known_addr { host: "127.8.92.194" port: 38831 } } peers { permanent_uuid: "dbffecea412b40b69d2c8c0fb7467ff8" member_type: VOTER last_known_addr { host: "127.8.92.195" port: 40943 } }
I20260710 11:11:33.540817  8771 raft_consensus.cc:3060] T d64ab35cd5904e2da16ef1836eabc6dc P 0554b01596014a308cd8a4cd00a53af3 [term 3 FOLLOWER]: Advancing to term 4
I20260710 11:11:33.544057  8772 tablet_service.cc:1917] Received RequestConsensusVote() RPC: tablet_id: "54d30914fa3e43fa96d4e813cf5fff7b" candidate_uuid: "dbffecea412b40b69d2c8c0fb7467ff8" candidate_term: 4 candidate_status { last_received { term: 3 index: 3 } } ignore_live_leader: true dest_uuid: "0554b01596014a308cd8a4cd00a53af3"
I20260710 11:11:33.544664  8772 raft_consensus.cc:3055] T 54d30914fa3e43fa96d4e813cf5fff7b P 0554b01596014a308cd8a4cd00a53af3 [term 3 LEADER]: Stepping down as leader of term 3
I20260710 11:11:33.544981  8772 raft_consensus.cc:740] T 54d30914fa3e43fa96d4e813cf5fff7b P 0554b01596014a308cd8a4cd00a53af3 [term 3 LEADER]: Becoming Follower/Learner. State: Replica: 0554b01596014a308cd8a4cd00a53af3, State: Running, Role: LEADER
I20260710 11:11:33.545783  8772 consensus_queue.cc:260] T 54d30914fa3e43fa96d4e813cf5fff7b P 0554b01596014a308cd8a4cd00a53af3 [NON_LEADER]: Queue going to NON_LEADER mode. State: All replicated index: 0, Majority replicated index: 3, Committed index: 3, Last appended: 3.3, Last appended by leader: 3, Current term: 3, Majority size: -1, State: 0, Mode: NON_LEADER, active raft config: opid_index: -1 OBSOLETE_local: false peers { permanent_uuid: "6055b4c56879479a8fa0570720292985" member_type: VOTER last_known_addr { host: "127.8.92.193" port: 35803 } } peers { permanent_uuid: "0554b01596014a308cd8a4cd00a53af3" member_type: VOTER last_known_addr { host: "127.8.92.194" port: 38831 } } peers { permanent_uuid: "dbffecea412b40b69d2c8c0fb7467ff8" member_type: VOTER last_known_addr { host: "127.8.92.195" port: 40943 } }
I20260710 11:11:33.546710  8696 raft_consensus.cc:2468] T 54d30914fa3e43fa96d4e813cf5fff7b P 6055b4c56879479a8fa0570720292985 [term 4 FOLLOWER]: Leader election vote request: Granting yes vote for candidate dbffecea412b40b69d2c8c0fb7467ff8 in term 4.
I20260710 11:11:33.547331  8772 raft_consensus.cc:3060] T 54d30914fa3e43fa96d4e813cf5fff7b P 0554b01596014a308cd8a4cd00a53af3 [term 3 FOLLOWER]: Advancing to term 4
I20260710 11:11:33.537523  8698 tablet_service.cc:1917] Received RequestConsensusVote() RPC: tablet_id: "d64ab35cd5904e2da16ef1836eabc6dc" candidate_uuid: "dbffecea412b40b69d2c8c0fb7467ff8" candidate_term: 4 candidate_status { last_received { term: 3 index: 3 } } ignore_live_leader: true dest_uuid: "6055b4c56879479a8fa0570720292985"
I20260710 11:11:33.547536  8771 raft_consensus.cc:2468] T d64ab35cd5904e2da16ef1836eabc6dc P 0554b01596014a308cd8a4cd00a53af3 [term 4 FOLLOWER]: Leader election vote request: Granting yes vote for candidate dbffecea412b40b69d2c8c0fb7467ff8 in term 4.
I20260710 11:11:33.536460  8846 leader_election.cc:290] T d64ab35cd5904e2da16ef1836eabc6dc P dbffecea412b40b69d2c8c0fb7467ff8 [CANDIDATE]: Term 4 election: Requested vote from peers 6055b4c56879479a8fa0570720292985 (127.8.92.193:35803), 0554b01596014a308cd8a4cd00a53af3 (127.8.92.194:38831)
I20260710 11:11:33.549248  8812 leader_election.cc:304] T d64ab35cd5904e2da16ef1836eabc6dc P dbffecea412b40b69d2c8c0fb7467ff8 [CANDIDATE]: Term 4 election: Election decided. Result: candidate won. Election summary: received 2 responses out of 3 voters: 2 yes votes; 0 no votes. yes voters: 0554b01596014a308cd8a4cd00a53af3, dbffecea412b40b69d2c8c0fb7467ff8; no voters: 
I20260710 11:11:33.548033  8698 raft_consensus.cc:3060] T d64ab35cd5904e2da16ef1836eabc6dc P 6055b4c56879479a8fa0570720292985 [term 3 FOLLOWER]: Advancing to term 4
I20260710 11:11:33.550396  9007 raft_consensus.cc:2804] T d64ab35cd5904e2da16ef1836eabc6dc P dbffecea412b40b69d2c8c0fb7467ff8 [term 4 FOLLOWER]: Leader election won for term 4
I20260710 11:11:33.555183  8772 raft_consensus.cc:2468] T 54d30914fa3e43fa96d4e813cf5fff7b P 0554b01596014a308cd8a4cd00a53af3 [term 4 FOLLOWER]: Leader election vote request: Granting yes vote for candidate dbffecea412b40b69d2c8c0fb7467ff8 in term 4.
I20260710 11:11:33.556051  8812 leader_election.cc:304] T 54d30914fa3e43fa96d4e813cf5fff7b P dbffecea412b40b69d2c8c0fb7467ff8 [CANDIDATE]: Term 4 election: Election decided. Result: candidate won. Election summary: received 2 responses out of 3 voters: 2 yes votes; 0 no votes. yes voters: 6055b4c56879479a8fa0570720292985, dbffecea412b40b69d2c8c0fb7467ff8; no voters: 
I20260710 11:11:33.560632  8698 raft_consensus.cc:2468] T d64ab35cd5904e2da16ef1836eabc6dc P 6055b4c56879479a8fa0570720292985 [term 4 FOLLOWER]: Leader election vote request: Granting yes vote for candidate dbffecea412b40b69d2c8c0fb7467ff8 in term 4.
I20260710 11:11:33.562744  9045 raft_consensus.cc:2804] T 54d30914fa3e43fa96d4e813cf5fff7b P dbffecea412b40b69d2c8c0fb7467ff8 [term 4 FOLLOWER]: Leader election won for term 4
I20260710 11:11:33.563446  9045 raft_consensus.cc:697] T 54d30914fa3e43fa96d4e813cf5fff7b P dbffecea412b40b69d2c8c0fb7467ff8 [term 4 LEADER]: Becoming Leader. State: Replica: dbffecea412b40b69d2c8c0fb7467ff8, State: Running, Role: LEADER
I20260710 11:11:33.564255  9007 raft_consensus.cc:697] T d64ab35cd5904e2da16ef1836eabc6dc P dbffecea412b40b69d2c8c0fb7467ff8 [term 4 LEADER]: Becoming Leader. State: Replica: dbffecea412b40b69d2c8c0fb7467ff8, State: Running, Role: LEADER
I20260710 11:11:33.564700  9045 consensus_queue.cc:237] T 54d30914fa3e43fa96d4e813cf5fff7b P dbffecea412b40b69d2c8c0fb7467ff8 [LEADER]: Queue going to LEADER mode. State: All replicated index: 0, Majority replicated index: 3, Committed index: 3, Last appended: 3.3, Last appended by leader: 3, Current term: 4, Majority size: 2, State: 0, Mode: LEADER, active raft config: opid_index: -1 OBSOLETE_local: false peers { permanent_uuid: "6055b4c56879479a8fa0570720292985" member_type: VOTER last_known_addr { host: "127.8.92.193" port: 35803 } } peers { permanent_uuid: "0554b01596014a308cd8a4cd00a53af3" member_type: VOTER last_known_addr { host: "127.8.92.194" port: 38831 } } peers { permanent_uuid: "dbffecea412b40b69d2c8c0fb7467ff8" member_type: VOTER last_known_addr { host: "127.8.92.195" port: 40943 } }
I20260710 11:11:33.565461  9007 consensus_queue.cc:237] T d64ab35cd5904e2da16ef1836eabc6dc P dbffecea412b40b69d2c8c0fb7467ff8 [LEADER]: Queue going to LEADER mode. State: All replicated index: 0, Majority replicated index: 3, Committed index: 3, Last appended: 3.3, Last appended by leader: 3, Current term: 4, Majority size: 2, State: 0, Mode: LEADER, active raft config: opid_index: -1 OBSOLETE_local: false peers { permanent_uuid: "6055b4c56879479a8fa0570720292985" member_type: VOTER last_known_addr { host: "127.8.92.193" port: 35803 } } peers { permanent_uuid: "0554b01596014a308cd8a4cd00a53af3" member_type: VOTER last_known_addr { host: "127.8.92.194" port: 38831 } } peers { permanent_uuid: "dbffecea412b40b69d2c8c0fb7467ff8" member_type: VOTER last_known_addr { host: "127.8.92.195" port: 40943 } }
I20260710 11:11:33.576067  8592 catalog_manager.cc:5697] T d64ab35cd5904e2da16ef1836eabc6dc P dbffecea412b40b69d2c8c0fb7467ff8 reported cstate change: term changed from 3 to 4, leader changed from 0554b01596014a308cd8a4cd00a53af3 (127.8.92.194) to dbffecea412b40b69d2c8c0fb7467ff8 (127.8.92.195). New cstate: current_term: 4 leader_uuid: "dbffecea412b40b69d2c8c0fb7467ff8" committed_config { opid_index: -1 OBSOLETE_local: false peers { permanent_uuid: "6055b4c56879479a8fa0570720292985" member_type: VOTER last_known_addr { host: "127.8.92.193" port: 35803 } health_report { overall_health: UNKNOWN } } peers { permanent_uuid: "0554b01596014a308cd8a4cd00a53af3" member_type: VOTER last_known_addr { host: "127.8.92.194" port: 38831 } health_report { overall_health: UNKNOWN } } peers { permanent_uuid: "dbffecea412b40b69d2c8c0fb7467ff8" member_type: VOTER last_known_addr { host: "127.8.92.195" port: 40943 } health_report { overall_health: HEALTHY } } }
I20260710 11:11:33.586747  8592 catalog_manager.cc:5697] T 54d30914fa3e43fa96d4e813cf5fff7b P dbffecea412b40b69d2c8c0fb7467ff8 reported cstate change: term changed from 3 to 4, leader changed from 0554b01596014a308cd8a4cd00a53af3 (127.8.92.194) to dbffecea412b40b69d2c8c0fb7467ff8 (127.8.92.195). New cstate: current_term: 4 leader_uuid: "dbffecea412b40b69d2c8c0fb7467ff8" committed_config { opid_index: -1 OBSOLETE_local: false peers { permanent_uuid: "6055b4c56879479a8fa0570720292985" member_type: VOTER last_known_addr { host: "127.8.92.193" port: 35803 } health_report { overall_health: UNKNOWN } } peers { permanent_uuid: "0554b01596014a308cd8a4cd00a53af3" member_type: VOTER last_known_addr { host: "127.8.92.194" port: 38831 } health_report { overall_health: UNKNOWN } } peers { permanent_uuid: "dbffecea412b40b69d2c8c0fb7467ff8" member_type: VOTER last_known_addr { host: "127.8.92.195" port: 40943 } health_report { overall_health: HEALTHY } } }
I20260710 11:11:33.593402  9035 raft_consensus.cc:993] T f1592fba061441d9a25039e7e5be00b2 P 0554b01596014a308cd8a4cd00a53af3: : Instructing follower 6055b4c56879479a8fa0570720292985 to start an election
I20260710 11:11:33.593819  9035 raft_consensus.cc:1081] T f1592fba061441d9a25039e7e5be00b2 P 0554b01596014a308cd8a4cd00a53af3 [term 3 LEADER]: Signalling peer 6055b4c56879479a8fa0570720292985 to start an election
I20260710 11:11:33.595130  8698 tablet_service.cc:2044] Received Run Leader Election RPC: tablet_id: "f1592fba061441d9a25039e7e5be00b2"
dest_uuid: "6055b4c56879479a8fa0570720292985"
 from {username='slave'} at 127.0.0.1:43030
I20260710 11:11:33.595582  8698 raft_consensus.cc:493] T f1592fba061441d9a25039e7e5be00b2 P 6055b4c56879479a8fa0570720292985 [term 3 FOLLOWER]: Starting forced leader election (received explicit request)
I20260710 11:11:33.595849  8698 raft_consensus.cc:3060] T f1592fba061441d9a25039e7e5be00b2 P 6055b4c56879479a8fa0570720292985 [term 3 FOLLOWER]: Advancing to term 4
I20260710 11:11:33.599504  8698 raft_consensus.cc:515] T f1592fba061441d9a25039e7e5be00b2 P 6055b4c56879479a8fa0570720292985 [term 4 FOLLOWER]: Starting forced leader election with config: opid_index: -1 OBSOLETE_local: false peers { permanent_uuid: "6055b4c56879479a8fa0570720292985" member_type: VOTER last_known_addr { host: "127.8.92.193" port: 35803 } } peers { permanent_uuid: "0554b01596014a308cd8a4cd00a53af3" member_type: VOTER last_known_addr { host: "127.8.92.194" port: 38831 } } peers { permanent_uuid: "dbffecea412b40b69d2c8c0fb7467ff8" member_type: VOTER last_known_addr { host: "127.8.92.195" port: 40943 } }
I20260710 11:11:33.601151  8698 leader_election.cc:290] T f1592fba061441d9a25039e7e5be00b2 P 6055b4c56879479a8fa0570720292985 [CANDIDATE]: Term 4 election: Requested vote from peers 0554b01596014a308cd8a4cd00a53af3 (127.8.92.194:38831), dbffecea412b40b69d2c8c0fb7467ff8 (127.8.92.195:40943)
I20260710 11:11:33.601837  8772 tablet_service.cc:1917] Received RequestConsensusVote() RPC: tablet_id: "f1592fba061441d9a25039e7e5be00b2" candidate_uuid: "6055b4c56879479a8fa0570720292985" candidate_term: 4 candidate_status { last_received { term: 3 index: 3 } } ignore_live_leader: true dest_uuid: "0554b01596014a308cd8a4cd00a53af3"
I20260710 11:11:33.602216  8846 tablet_service.cc:1917] Received RequestConsensusVote() RPC: tablet_id: "f1592fba061441d9a25039e7e5be00b2" candidate_uuid: "6055b4c56879479a8fa0570720292985" candidate_term: 4 candidate_status { last_received { term: 3 index: 3 } } ignore_live_leader: true dest_uuid: "dbffecea412b40b69d2c8c0fb7467ff8"
I20260710 11:11:33.602329  8772 raft_consensus.cc:3055] T f1592fba061441d9a25039e7e5be00b2 P 0554b01596014a308cd8a4cd00a53af3 [term 3 LEADER]: Stepping down as leader of term 3
I20260710 11:11:33.602725  8846 raft_consensus.cc:3060] T f1592fba061441d9a25039e7e5be00b2 P dbffecea412b40b69d2c8c0fb7467ff8 [term 3 FOLLOWER]: Advancing to term 4
I20260710 11:11:33.602732  8772 raft_consensus.cc:740] T f1592fba061441d9a25039e7e5be00b2 P 0554b01596014a308cd8a4cd00a53af3 [term 3 LEADER]: Becoming Follower/Learner. State: Replica: 0554b01596014a308cd8a4cd00a53af3, State: Running, Role: LEADER
I20260710 11:11:33.603585  8772 consensus_queue.cc:260] T f1592fba061441d9a25039e7e5be00b2 P 0554b01596014a308cd8a4cd00a53af3 [NON_LEADER]: Queue going to NON_LEADER mode. State: All replicated index: 0, Majority replicated index: 3, Committed index: 3, Last appended: 3.3, Last appended by leader: 3, Current term: 3, Majority size: -1, State: 0, Mode: NON_LEADER, active raft config: opid_index: -1 OBSOLETE_local: false peers { permanent_uuid: "6055b4c56879479a8fa0570720292985" member_type: VOTER last_known_addr { host: "127.8.92.193" port: 35803 } } peers { permanent_uuid: "0554b01596014a308cd8a4cd00a53af3" member_type: VOTER last_known_addr { host: "127.8.92.194" port: 38831 } } peers { permanent_uuid: "dbffecea412b40b69d2c8c0fb7467ff8" member_type: VOTER last_known_addr { host: "127.8.92.195" port: 40943 } }
I20260710 11:11:33.604475  8772 raft_consensus.cc:3060] T f1592fba061441d9a25039e7e5be00b2 P 0554b01596014a308cd8a4cd00a53af3 [term 3 FOLLOWER]: Advancing to term 4
I20260710 11:11:33.607142  8846 raft_consensus.cc:2468] T f1592fba061441d9a25039e7e5be00b2 P dbffecea412b40b69d2c8c0fb7467ff8 [term 4 FOLLOWER]: Leader election vote request: Granting yes vote for candidate 6055b4c56879479a8fa0570720292985 in term 4.
I20260710 11:11:33.608107  8662 leader_election.cc:304] T f1592fba061441d9a25039e7e5be00b2 P 6055b4c56879479a8fa0570720292985 [CANDIDATE]: Term 4 election: Election decided. Result: candidate won. Election summary: received 2 responses out of 3 voters: 2 yes votes; 0 no votes. yes voters: 6055b4c56879479a8fa0570720292985, dbffecea412b40b69d2c8c0fb7467ff8; no voters: 
I20260710 11:11:33.608884  9039 raft_consensus.cc:2804] T f1592fba061441d9a25039e7e5be00b2 P 6055b4c56879479a8fa0570720292985 [term 4 FOLLOWER]: Leader election won for term 4
I20260710 11:11:33.609208  8772 raft_consensus.cc:2468] T f1592fba061441d9a25039e7e5be00b2 P 0554b01596014a308cd8a4cd00a53af3 [term 4 FOLLOWER]: Leader election vote request: Granting yes vote for candidate 6055b4c56879479a8fa0570720292985 in term 4.
I20260710 11:11:33.609299  9039 raft_consensus.cc:697] T f1592fba061441d9a25039e7e5be00b2 P 6055b4c56879479a8fa0570720292985 [term 4 LEADER]: Becoming Leader. State: Replica: 6055b4c56879479a8fa0570720292985, State: Running, Role: LEADER
I20260710 11:11:33.610188  9039 consensus_queue.cc:237] T f1592fba061441d9a25039e7e5be00b2 P 6055b4c56879479a8fa0570720292985 [LEADER]: Queue going to LEADER mode. State: All replicated index: 0, Majority replicated index: 3, Committed index: 3, Last appended: 3.3, Last appended by leader: 3, Current term: 4, Majority size: 2, State: 0, Mode: LEADER, active raft config: opid_index: -1 OBSOLETE_local: false peers { permanent_uuid: "6055b4c56879479a8fa0570720292985" member_type: VOTER last_known_addr { host: "127.8.92.193" port: 35803 } } peers { permanent_uuid: "0554b01596014a308cd8a4cd00a53af3" member_type: VOTER last_known_addr { host: "127.8.92.194" port: 38831 } } peers { permanent_uuid: "dbffecea412b40b69d2c8c0fb7467ff8" member_type: VOTER last_known_addr { host: "127.8.92.195" port: 40943 } }
I20260710 11:11:33.616835  8592 catalog_manager.cc:5697] T f1592fba061441d9a25039e7e5be00b2 P 6055b4c56879479a8fa0570720292985 reported cstate change: term changed from 3 to 4, leader changed from 0554b01596014a308cd8a4cd00a53af3 (127.8.92.194) to 6055b4c56879479a8fa0570720292985 (127.8.92.193). New cstate: current_term: 4 leader_uuid: "6055b4c56879479a8fa0570720292985" committed_config { opid_index: -1 OBSOLETE_local: false peers { permanent_uuid: "6055b4c56879479a8fa0570720292985" member_type: VOTER last_known_addr { host: "127.8.92.193" port: 35803 } health_report { overall_health: HEALTHY } } peers { permanent_uuid: "0554b01596014a308cd8a4cd00a53af3" member_type: VOTER last_known_addr { host: "127.8.92.194" port: 38831 } health_report { overall_health: UNKNOWN } } peers { permanent_uuid: "dbffecea412b40b69d2c8c0fb7467ff8" member_type: VOTER last_known_addr { host: "127.8.92.195" port: 40943 } health_report { overall_health: UNKNOWN } } }
I20260710 11:11:33.731685  9038 raft_consensus.cc:993] T 4cc4b4882a3c46888ad3b98535146e40 P 0554b01596014a308cd8a4cd00a53af3: : Instructing follower 6055b4c56879479a8fa0570720292985 to start an election
I20260710 11:11:33.732081  9035 raft_consensus.cc:1081] T 4cc4b4882a3c46888ad3b98535146e40 P 0554b01596014a308cd8a4cd00a53af3 [term 2 LEADER]: Signalling peer 6055b4c56879479a8fa0570720292985 to start an election
I20260710 11:11:33.733350  8698 tablet_service.cc:2044] Received Run Leader Election RPC: tablet_id: "4cc4b4882a3c46888ad3b98535146e40"
dest_uuid: "6055b4c56879479a8fa0570720292985"
 from {username='slave'} at 127.0.0.1:43030
I20260710 11:11:33.733774  8698 raft_consensus.cc:493] T 4cc4b4882a3c46888ad3b98535146e40 P 6055b4c56879479a8fa0570720292985 [term 2 FOLLOWER]: Starting forced leader election (received explicit request)
I20260710 11:11:33.734048  8698 raft_consensus.cc:3060] T 4cc4b4882a3c46888ad3b98535146e40 P 6055b4c56879479a8fa0570720292985 [term 2 FOLLOWER]: Advancing to term 3
I20260710 11:11:33.737854  8698 raft_consensus.cc:515] T 4cc4b4882a3c46888ad3b98535146e40 P 6055b4c56879479a8fa0570720292985 [term 3 FOLLOWER]: Starting forced leader election with config: opid_index: -1 OBSOLETE_local: false peers { permanent_uuid: "6055b4c56879479a8fa0570720292985" member_type: VOTER last_known_addr { host: "127.8.92.193" port: 35803 } } peers { permanent_uuid: "0554b01596014a308cd8a4cd00a53af3" member_type: VOTER last_known_addr { host: "127.8.92.194" port: 38831 } } peers { permanent_uuid: "dbffecea412b40b69d2c8c0fb7467ff8" member_type: VOTER last_known_addr { host: "127.8.92.195" port: 40943 } }
I20260710 11:11:33.739219  8698 leader_election.cc:290] T 4cc4b4882a3c46888ad3b98535146e40 P 6055b4c56879479a8fa0570720292985 [CANDIDATE]: Term 3 election: Requested vote from peers 0554b01596014a308cd8a4cd00a53af3 (127.8.92.194:38831), dbffecea412b40b69d2c8c0fb7467ff8 (127.8.92.195:40943)
I20260710 11:11:33.739907  8772 tablet_service.cc:1917] Received RequestConsensusVote() RPC: tablet_id: "4cc4b4882a3c46888ad3b98535146e40" candidate_uuid: "6055b4c56879479a8fa0570720292985" candidate_term: 3 candidate_status { last_received { term: 2 index: 2 } } ignore_live_leader: true dest_uuid: "0554b01596014a308cd8a4cd00a53af3"
I20260710 11:11:33.740200  8846 tablet_service.cc:1917] Received RequestConsensusVote() RPC: tablet_id: "4cc4b4882a3c46888ad3b98535146e40" candidate_uuid: "6055b4c56879479a8fa0570720292985" candidate_term: 3 candidate_status { last_received { term: 2 index: 2 } } ignore_live_leader: true dest_uuid: "dbffecea412b40b69d2c8c0fb7467ff8"
I20260710 11:11:33.740494  8772 raft_consensus.cc:3055] T 4cc4b4882a3c46888ad3b98535146e40 P 0554b01596014a308cd8a4cd00a53af3 [term 2 LEADER]: Stepping down as leader of term 2
I20260710 11:11:33.740669  8846 raft_consensus.cc:3060] T 4cc4b4882a3c46888ad3b98535146e40 P dbffecea412b40b69d2c8c0fb7467ff8 [term 2 FOLLOWER]: Advancing to term 3
I20260710 11:11:33.740814  8772 raft_consensus.cc:740] T 4cc4b4882a3c46888ad3b98535146e40 P 0554b01596014a308cd8a4cd00a53af3 [term 2 LEADER]: Becoming Follower/Learner. State: Replica: 0554b01596014a308cd8a4cd00a53af3, State: Running, Role: LEADER
I20260710 11:11:33.741571  8772 consensus_queue.cc:260] T 4cc4b4882a3c46888ad3b98535146e40 P 0554b01596014a308cd8a4cd00a53af3 [NON_LEADER]: Queue going to NON_LEADER mode. State: All replicated index: 0, Majority replicated index: 2, Committed index: 2, Last appended: 2.2, Last appended by leader: 2, Current term: 2, Majority size: -1, State: 0, Mode: NON_LEADER, active raft config: opid_index: -1 OBSOLETE_local: false peers { permanent_uuid: "6055b4c56879479a8fa0570720292985" member_type: VOTER last_known_addr { host: "127.8.92.193" port: 35803 } } peers { permanent_uuid: "0554b01596014a308cd8a4cd00a53af3" member_type: VOTER last_known_addr { host: "127.8.92.194" port: 38831 } } peers { permanent_uuid: "dbffecea412b40b69d2c8c0fb7467ff8" member_type: VOTER last_known_addr { host: "127.8.92.195" port: 40943 } }
I20260710 11:11:33.742372  8772 raft_consensus.cc:3060] T 4cc4b4882a3c46888ad3b98535146e40 P 0554b01596014a308cd8a4cd00a53af3 [term 2 FOLLOWER]: Advancing to term 3
I20260710 11:11:33.744625  8846 raft_consensus.cc:2468] T 4cc4b4882a3c46888ad3b98535146e40 P dbffecea412b40b69d2c8c0fb7467ff8 [term 3 FOLLOWER]: Leader election vote request: Granting yes vote for candidate 6055b4c56879479a8fa0570720292985 in term 3.
I20260710 11:11:33.745491  8662 leader_election.cc:304] T 4cc4b4882a3c46888ad3b98535146e40 P 6055b4c56879479a8fa0570720292985 [CANDIDATE]: Term 3 election: Election decided. Result: candidate won. Election summary: received 2 responses out of 3 voters: 2 yes votes; 0 no votes. yes voters: 6055b4c56879479a8fa0570720292985, dbffecea412b40b69d2c8c0fb7467ff8; no voters: 
I20260710 11:11:33.746152  9039 raft_consensus.cc:2804] T 4cc4b4882a3c46888ad3b98535146e40 P 6055b4c56879479a8fa0570720292985 [term 3 FOLLOWER]: Leader election won for term 3
I20260710 11:11:33.746455  8772 raft_consensus.cc:2468] T 4cc4b4882a3c46888ad3b98535146e40 P 0554b01596014a308cd8a4cd00a53af3 [term 3 FOLLOWER]: Leader election vote request: Granting yes vote for candidate 6055b4c56879479a8fa0570720292985 in term 3.
I20260710 11:11:33.746559  9039 raft_consensus.cc:697] T 4cc4b4882a3c46888ad3b98535146e40 P 6055b4c56879479a8fa0570720292985 [term 3 LEADER]: Becoming Leader. State: Replica: 6055b4c56879479a8fa0570720292985, State: Running, Role: LEADER
I20260710 11:11:33.747424  9039 consensus_queue.cc:237] T 4cc4b4882a3c46888ad3b98535146e40 P 6055b4c56879479a8fa0570720292985 [LEADER]: Queue going to LEADER mode. State: All replicated index: 0, Majority replicated index: 2, Committed index: 2, Last appended: 2.2, Last appended by leader: 2, Current term: 3, Majority size: 2, State: 0, Mode: LEADER, active raft config: opid_index: -1 OBSOLETE_local: false peers { permanent_uuid: "6055b4c56879479a8fa0570720292985" member_type: VOTER last_known_addr { host: "127.8.92.193" port: 35803 } } peers { permanent_uuid: "0554b01596014a308cd8a4cd00a53af3" member_type: VOTER last_known_addr { host: "127.8.92.194" port: 38831 } } peers { permanent_uuid: "dbffecea412b40b69d2c8c0fb7467ff8" member_type: VOTER last_known_addr { host: "127.8.92.195" port: 40943 } }
I20260710 11:11:33.753255  8592 catalog_manager.cc:5697] T 4cc4b4882a3c46888ad3b98535146e40 P 6055b4c56879479a8fa0570720292985 reported cstate change: term changed from 2 to 3, leader changed from 0554b01596014a308cd8a4cd00a53af3 (127.8.92.194) to 6055b4c56879479a8fa0570720292985 (127.8.92.193). New cstate: current_term: 3 leader_uuid: "6055b4c56879479a8fa0570720292985" committed_config { opid_index: -1 OBSOLETE_local: false peers { permanent_uuid: "6055b4c56879479a8fa0570720292985" member_type: VOTER last_known_addr { host: "127.8.92.193" port: 35803 } health_report { overall_health: HEALTHY } } peers { permanent_uuid: "0554b01596014a308cd8a4cd00a53af3" member_type: VOTER last_known_addr { host: "127.8.92.194" port: 38831 } health_report { overall_health: UNKNOWN } } peers { permanent_uuid: "dbffecea412b40b69d2c8c0fb7467ff8" member_type: VOTER last_known_addr { host: "127.8.92.195" port: 40943 } health_report { overall_health: UNKNOWN } } }
I20260710 11:11:33.957777  8846 raft_consensus.cc:1275] T 4174ce6780604e85a88f863c1951fcb8 P dbffecea412b40b69d2c8c0fb7467ff8 [term 3 FOLLOWER]: Refusing update from remote peer 6055b4c56879479a8fa0570720292985: Log matching property violated. Preceding OpId in replica: term: 2 index: 2. Preceding OpId from leader: term: 3 index: 3. (index mismatch)
I20260710 11:11:33.958964  9039 consensus_queue.cc:1048] T 4174ce6780604e85a88f863c1951fcb8 P 6055b4c56879479a8fa0570720292985 [LEADER]: Connected to new peer: Peer: permanent_uuid: "dbffecea412b40b69d2c8c0fb7467ff8" member_type: VOTER last_known_addr { host: "127.8.92.195" port: 40943 }, Status: LMP_MISMATCH, Last received: 0.0, Next index: 3, Last known committed idx: 2, Time since last communication: 0.000s
I20260710 11:11:33.969607  8772 raft_consensus.cc:1275] T 4174ce6780604e85a88f863c1951fcb8 P 0554b01596014a308cd8a4cd00a53af3 [term 3 FOLLOWER]: Refusing update from remote peer 6055b4c56879479a8fa0570720292985: Log matching property violated. Preceding OpId in replica: term: 2 index: 2. Preceding OpId from leader: term: 3 index: 3. (index mismatch)
I20260710 11:11:33.971014  9055 consensus_queue.cc:1048] T 4174ce6780604e85a88f863c1951fcb8 P 6055b4c56879479a8fa0570720292985 [LEADER]: Connected to new peer: Peer: permanent_uuid: "0554b01596014a308cd8a4cd00a53af3" member_type: VOTER last_known_addr { host: "127.8.92.194" port: 38831 }, Status: LMP_MISMATCH, Last received: 0.0, Next index: 3, Last known committed idx: 2, Time since last communication: 0.001s
I20260710 11:11:33.982788  8772 raft_consensus.cc:1275] T 54d30914fa3e43fa96d4e813cf5fff7b P 0554b01596014a308cd8a4cd00a53af3 [term 4 FOLLOWER]: Refusing update from remote peer dbffecea412b40b69d2c8c0fb7467ff8: Log matching property violated. Preceding OpId in replica: term: 3 index: 3. Preceding OpId from leader: term: 4 index: 4. (index mismatch)
I20260710 11:11:33.984134  9046 consensus_queue.cc:1048] T 54d30914fa3e43fa96d4e813cf5fff7b P dbffecea412b40b69d2c8c0fb7467ff8 [LEADER]: Connected to new peer: Peer: permanent_uuid: "0554b01596014a308cd8a4cd00a53af3" member_type: VOTER last_known_addr { host: "127.8.92.194" port: 38831 }, Status: LMP_MISMATCH, Last received: 0.0, Next index: 4, Last known committed idx: 3, Time since last communication: 0.000s
I20260710 11:11:33.993782  8698 raft_consensus.cc:1275] T 54d30914fa3e43fa96d4e813cf5fff7b P 6055b4c56879479a8fa0570720292985 [term 4 FOLLOWER]: Refusing update from remote peer dbffecea412b40b69d2c8c0fb7467ff8: Log matching property violated. Preceding OpId in replica: term: 3 index: 3. Preceding OpId from leader: term: 4 index: 4. (index mismatch)
I20260710 11:11:33.995352  9007 consensus_queue.cc:1048] T 54d30914fa3e43fa96d4e813cf5fff7b P dbffecea412b40b69d2c8c0fb7467ff8 [LEADER]: Connected to new peer: Peer: permanent_uuid: "6055b4c56879479a8fa0570720292985" member_type: VOTER last_known_addr { host: "127.8.92.193" port: 35803 }, Status: LMP_MISMATCH, Last received: 0.0, Next index: 4, Last known committed idx: 3, Time since last communication: 0.000s
I20260710 11:11:34.030930  8698 raft_consensus.cc:1275] T d64ab35cd5904e2da16ef1836eabc6dc P 6055b4c56879479a8fa0570720292985 [term 4 FOLLOWER]: Refusing update from remote peer dbffecea412b40b69d2c8c0fb7467ff8: Log matching property violated. Preceding OpId in replica: term: 3 index: 3. Preceding OpId from leader: term: 4 index: 4. (index mismatch)
I20260710 11:11:34.031996  9045 consensus_queue.cc:1048] T d64ab35cd5904e2da16ef1836eabc6dc P dbffecea412b40b69d2c8c0fb7467ff8 [LEADER]: Connected to new peer: Peer: permanent_uuid: "6055b4c56879479a8fa0570720292985" member_type: VOTER last_known_addr { host: "127.8.92.193" port: 35803 }, Status: LMP_MISMATCH, Last received: 0.0, Next index: 4, Last known committed idx: 3, Time since last communication: 0.000s
I20260710 11:11:34.039922  8772 raft_consensus.cc:1275] T d64ab35cd5904e2da16ef1836eabc6dc P 0554b01596014a308cd8a4cd00a53af3 [term 4 FOLLOWER]: Refusing update from remote peer dbffecea412b40b69d2c8c0fb7467ff8: Log matching property violated. Preceding OpId in replica: term: 3 index: 3. Preceding OpId from leader: term: 4 index: 4. (index mismatch)
I20260710 11:11:34.041441  9007 consensus_queue.cc:1048] T d64ab35cd5904e2da16ef1836eabc6dc P dbffecea412b40b69d2c8c0fb7467ff8 [LEADER]: Connected to new peer: Peer: permanent_uuid: "0554b01596014a308cd8a4cd00a53af3" member_type: VOTER last_known_addr { host: "127.8.92.194" port: 38831 }, Status: LMP_MISMATCH, Last received: 0.0, Next index: 4, Last known committed idx: 3, Time since last communication: 0.000s
I20260710 11:11:34.081666  8772 raft_consensus.cc:1275] T f1592fba061441d9a25039e7e5be00b2 P 0554b01596014a308cd8a4cd00a53af3 [term 4 FOLLOWER]: Refusing update from remote peer 6055b4c56879479a8fa0570720292985: Log matching property violated. Preceding OpId in replica: term: 3 index: 3. Preceding OpId from leader: term: 4 index: 4. (index mismatch)
I20260710 11:11:34.082866  9055 consensus_queue.cc:1048] T f1592fba061441d9a25039e7e5be00b2 P 6055b4c56879479a8fa0570720292985 [LEADER]: Connected to new peer: Peer: permanent_uuid: "0554b01596014a308cd8a4cd00a53af3" member_type: VOTER last_known_addr { host: "127.8.92.194" port: 38831 }, Status: LMP_MISMATCH, Last received: 0.0, Next index: 4, Last known committed idx: 3, Time since last communication: 0.000s
I20260710 11:11:34.090770  8846 raft_consensus.cc:1275] T f1592fba061441d9a25039e7e5be00b2 P dbffecea412b40b69d2c8c0fb7467ff8 [term 4 FOLLOWER]: Refusing update from remote peer 6055b4c56879479a8fa0570720292985: Log matching property violated. Preceding OpId in replica: term: 3 index: 3. Preceding OpId from leader: term: 4 index: 4. (index mismatch)
I20260710 11:11:34.092763  9039 consensus_queue.cc:1048] T f1592fba061441d9a25039e7e5be00b2 P 6055b4c56879479a8fa0570720292985 [LEADER]: Connected to new peer: Peer: permanent_uuid: "dbffecea412b40b69d2c8c0fb7467ff8" member_type: VOTER last_known_addr { host: "127.8.92.195" port: 40943 }, Status: LMP_MISMATCH, Last received: 0.0, Next index: 4, Last known committed idx: 3, Time since last communication: 0.000s
I20260710 11:11:34.127764  8772 raft_consensus.cc:1275] T 4cc4b4882a3c46888ad3b98535146e40 P 0554b01596014a308cd8a4cd00a53af3 [term 3 FOLLOWER]: Refusing update from remote peer 6055b4c56879479a8fa0570720292985: Log matching property violated. Preceding OpId in replica: term: 2 index: 2. Preceding OpId from leader: term: 3 index: 3. (index mismatch)
I20260710 11:11:34.128798  9039 consensus_queue.cc:1048] T 4cc4b4882a3c46888ad3b98535146e40 P 6055b4c56879479a8fa0570720292985 [LEADER]: Connected to new peer: Peer: permanent_uuid: "0554b01596014a308cd8a4cd00a53af3" member_type: VOTER last_known_addr { host: "127.8.92.194" port: 38831 }, Status: LMP_MISMATCH, Last received: 0.0, Next index: 3, Last known committed idx: 2, Time since last communication: 0.000s
I20260710 11:11:34.136559  8846 raft_consensus.cc:1275] T 4cc4b4882a3c46888ad3b98535146e40 P dbffecea412b40b69d2c8c0fb7467ff8 [term 3 FOLLOWER]: Refusing update from remote peer 6055b4c56879479a8fa0570720292985: Log matching property violated. Preceding OpId in replica: term: 2 index: 2. Preceding OpId from leader: term: 3 index: 3. (index mismatch)
I20260710 11:11:34.138635  9040 consensus_queue.cc:1048] T 4cc4b4882a3c46888ad3b98535146e40 P 6055b4c56879479a8fa0570720292985 [LEADER]: Connected to new peer: Peer: permanent_uuid: "dbffecea412b40b69d2c8c0fb7467ff8" member_type: VOTER last_known_addr { host: "127.8.92.195" port: 40943 }, Status: LMP_MISMATCH, Last received: 0.0, Next index: 3, Last known committed idx: 2, Time since last communication: 0.000s
I20260710 11:11:34.362246  8563 auto_leader_rebalancer.cc:141] leader rebalance for table test-workload
I20260710 11:11:34.368273  8563 tablet_server.cc:179] TabletServer@127.8.92.193:0 shutting down...
I20260710 11:11:34.401142  8563 ts_tablet_manager.cc:1507] Shutting down tablet manager...
I20260710 11:11:34.401870  8563 tablet_replica.cc:333] T d64ab35cd5904e2da16ef1836eabc6dc P 6055b4c56879479a8fa0570720292985: stopping tablet replica
I20260710 11:11:34.403206  8563 raft_consensus.cc:2243] T d64ab35cd5904e2da16ef1836eabc6dc P 6055b4c56879479a8fa0570720292985 [term 4 FOLLOWER]: Raft consensus shutting down.
I20260710 11:11:34.404089  8563 raft_consensus.cc:2272] T d64ab35cd5904e2da16ef1836eabc6dc P 6055b4c56879479a8fa0570720292985 [term 4 FOLLOWER]: Raft consensus is shut down!
W20260710 11:11:34.404937  8738 proxy.cc:239] Call had error, refreshing address and retrying: Remote error: Service unavailable: service kudu.consensus.ConsensusService not registered on TabletServer
I20260710 11:11:34.407745  8563 tablet_replica.cc:333] T 4cc4b4882a3c46888ad3b98535146e40 P 6055b4c56879479a8fa0570720292985: stopping tablet replica
W20260710 11:11:34.408215  8738 consensus_peers.cc:597] T 0076d64b743d4ac9b3440adf2d55cb14 P 0554b01596014a308cd8a4cd00a53af3 -> Peer 6055b4c56879479a8fa0570720292985 (127.8.92.193:35803): Couldn't send request to peer 6055b4c56879479a8fa0570720292985. Status: Remote error: Service unavailable: service kudu.consensus.ConsensusService not registered on TabletServer. This is attempt 1: this message will repeat every 5th retry.
I20260710 11:11:34.408417  8563 raft_consensus.cc:2243] T 4cc4b4882a3c46888ad3b98535146e40 P 6055b4c56879479a8fa0570720292985 [term 3 LEADER]: Raft consensus shutting down.
I20260710 11:11:34.409253  8563 raft_consensus.cc:2272] T 4cc4b4882a3c46888ad3b98535146e40 P 6055b4c56879479a8fa0570720292985 [term 3 FOLLOWER]: Raft consensus is shut down!
I20260710 11:11:34.411132  8563 tablet_replica.cc:333] T 54d30914fa3e43fa96d4e813cf5fff7b P 6055b4c56879479a8fa0570720292985: stopping tablet replica
I20260710 11:11:34.411733  8563 raft_consensus.cc:2243] T 54d30914fa3e43fa96d4e813cf5fff7b P 6055b4c56879479a8fa0570720292985 [term 4 FOLLOWER]: Raft consensus shutting down.
I20260710 11:11:34.412163  8563 raft_consensus.cc:2272] T 54d30914fa3e43fa96d4e813cf5fff7b P 6055b4c56879479a8fa0570720292985 [term 4 FOLLOWER]: Raft consensus is shut down!
I20260710 11:11:34.414024  8563 tablet_replica.cc:333] T f1592fba061441d9a25039e7e5be00b2 P 6055b4c56879479a8fa0570720292985: stopping tablet replica
I20260710 11:11:34.414525  8563 raft_consensus.cc:2243] T f1592fba061441d9a25039e7e5be00b2 P 6055b4c56879479a8fa0570720292985 [term 4 LEADER]: Raft consensus shutting down.
I20260710 11:11:34.415350  8563 raft_consensus.cc:2272] T f1592fba061441d9a25039e7e5be00b2 P 6055b4c56879479a8fa0570720292985 [term 4 FOLLOWER]: Raft consensus is shut down!
I20260710 11:11:34.417186  8563 tablet_replica.cc:333] T 0076d64b743d4ac9b3440adf2d55cb14 P 6055b4c56879479a8fa0570720292985: stopping tablet replica
I20260710 11:11:34.417678  8563 raft_consensus.cc:2243] T 0076d64b743d4ac9b3440adf2d55cb14 P 6055b4c56879479a8fa0570720292985 [term 2 FOLLOWER]: Raft consensus shutting down.
I20260710 11:11:34.418102  8563 raft_consensus.cc:2272] T 0076d64b743d4ac9b3440adf2d55cb14 P 6055b4c56879479a8fa0570720292985 [term 2 FOLLOWER]: Raft consensus is shut down!
I20260710 11:11:34.419885  8563 tablet_replica.cc:333] T 1c3fb7164b304bc1892631635b459b1c P 6055b4c56879479a8fa0570720292985: stopping tablet replica
