I20260710 10:59:41.051789  8750 leader_election.cc:290] T 9d91dbe8157246c190fed5d7a227a3d7 P e6f5e7e33b9d451faad1870e52d940d3 [CANDIDATE]: Term 1 pre-election: Requested pre-vote from peers f9d5a8508ec44145a88c01fd272afd2f (127.8.56.131:36375), f39d52d279694eefb14c8240719200ce (127.8.56.129:37683)
I20260710 10:59:41.061292  8747 tablet_bootstrap.cc:492] T 9d91dbe8157246c190fed5d7a227a3d7 P f39d52d279694eefb14c8240719200ce: No bootstrap required, opened a new log
I20260710 10:59:41.061901  8747 ts_tablet_manager.cc:1403] T 9d91dbe8157246c190fed5d7a227a3d7 P f39d52d279694eefb14c8240719200ce: Time spent bootstrapping tablet: real 0.069s	user 0.007s	sys 0.009s
I20260710 10:59:41.065315  8747 raft_consensus.cc:359] T 9d91dbe8157246c190fed5d7a227a3d7 P f39d52d279694eefb14c8240719200ce [term 0 FOLLOWER]: Replica starting. Triggering 0 pending ops. Active config: opid_index: -1 OBSOLETE_local: false peers { permanent_uuid: "e6f5e7e33b9d451faad1870e52d940d3" member_type: VOTER last_known_addr { host: "127.8.56.130" port: 44409 } } peers { permanent_uuid: "f9d5a8508ec44145a88c01fd272afd2f" member_type: VOTER last_known_addr { host: "127.8.56.131" port: 36375 } } peers { permanent_uuid: "f39d52d279694eefb14c8240719200ce" member_type: VOTER last_known_addr { host: "127.8.56.129" port: 37683 } }
I20260710 10:59:41.066210  8747 raft_consensus.cc:385] T 9d91dbe8157246c190fed5d7a227a3d7 P f39d52d279694eefb14c8240719200ce [term 0 FOLLOWER]: Consensus starting up: Expiring failure detector timer to make a prompt election more likely
I20260710 10:59:41.068187  8745 ts_tablet_manager.cc:1434] T 2c8c8dfb24c84c44ae7bd9bf2283e5f7 P f9d5a8508ec44145a88c01fd272afd2f: Time spent starting tablet: real 0.025s	user 0.004s	sys 0.011s
I20260710 10:59:41.069161  8727 heartbeater.cc:499] Master 127.8.56.190:42617 was elected leader, sending a full tablet report...
I20260710 10:59:41.069494  8745 tablet_bootstrap.cc:492] T 8232569732934d918c161690146e4bf5 P f9d5a8508ec44145a88c01fd272afd2f: Bootstrap starting.
I20260710 10:59:41.066524  8747 raft_consensus.cc:740] T 9d91dbe8157246c190fed5d7a227a3d7 P f39d52d279694eefb14c8240719200ce [term 0 FOLLOWER]: Becoming Follower/Learner. State: Replica: f39d52d279694eefb14c8240719200ce, State: Initialized, Role: FOLLOWER
I20260710 10:59:41.071944  8747 consensus_queue.cc:260] T 9d91dbe8157246c190fed5d7a227a3d7 P f39d52d279694eefb14c8240719200ce [NON_LEADER]: Queue going to NON_LEADER mode. State: All replicated index: 0, Majority replicated index: 0, Committed index: 0, Last appended: 0.0, Last appended by leader: 0, Current term: 0, Majority size: -1, State: 0, Mode: NON_LEADER, active raft config: opid_index: -1 OBSOLETE_local: false peers { permanent_uuid: "e6f5e7e33b9d451faad1870e52d940d3" member_type: VOTER last_known_addr { host: "127.8.56.130" port: 44409 } } peers { permanent_uuid: "f9d5a8508ec44145a88c01fd272afd2f" member_type: VOTER last_known_addr { host: "127.8.56.131" port: 36375 } } peers { permanent_uuid: "f39d52d279694eefb14c8240719200ce" member_type: VOTER last_known_addr { host: "127.8.56.129" port: 37683 } }
I20260710 10:59:41.079205  8753 raft_consensus.cc:493] T 2c8c8dfb24c84c44ae7bd9bf2283e5f7 P f9d5a8508ec44145a88c01fd272afd2f [term 0 FOLLOWER]: Starting pre-election (no leader contacted us within the election timeout)
I20260710 10:59:41.079988  8753 raft_consensus.cc:515] T 2c8c8dfb24c84c44ae7bd9bf2283e5f7 P f9d5a8508ec44145a88c01fd272afd2f [term 0 FOLLOWER]: Starting pre-election with config: opid_index: -1 OBSOLETE_local: false peers { permanent_uuid: "f39d52d279694eefb14c8240719200ce" member_type: VOTER last_known_addr { host: "127.8.56.129" port: 37683 } } peers { permanent_uuid: "e6f5e7e33b9d451faad1870e52d940d3" member_type: VOTER last_known_addr { host: "127.8.56.130" port: 44409 } } peers { permanent_uuid: "f9d5a8508ec44145a88c01fd272afd2f" member_type: VOTER last_known_addr { host: "127.8.56.131" port: 36375 } }
I20260710 10:59:41.083189  8753 leader_election.cc:290] T 2c8c8dfb24c84c44ae7bd9bf2283e5f7 P f9d5a8508ec44145a88c01fd272afd2f [CANDIDATE]: Term 1 pre-election: Requested pre-vote from peers f39d52d279694eefb14c8240719200ce (127.8.56.129:37683), e6f5e7e33b9d451faad1870e52d940d3 (127.8.56.130:44409)
I20260710 10:59:41.100050  8745 tablet_bootstrap.cc:654] T 8232569732934d918c161690146e4bf5 P f9d5a8508ec44145a88c01fd272afd2f: Neither blocks nor log segments found. Creating new log.
I20260710 10:59:41.105619  8746 tablet_bootstrap.cc:492] T 1a5fa56e87df46fc8256df35c9fa338e P e6f5e7e33b9d451faad1870e52d940d3: No bootstrap required, opened a new log
I20260710 10:59:41.107138  8746 ts_tablet_manager.cc:1403] T 1a5fa56e87df46fc8256df35c9fa338e P e6f5e7e33b9d451faad1870e52d940d3: Time spent bootstrapping tablet: real 0.072s	user 0.021s	sys 0.024s
I20260710 10:59:41.111510  8746 raft_consensus.cc:359] T 1a5fa56e87df46fc8256df35c9fa338e P e6f5e7e33b9d451faad1870e52d940d3 [term 0 FOLLOWER]: Replica starting. Triggering 0 pending ops. Active config: opid_index: -1 OBSOLETE_local: false peers { permanent_uuid: "f39d52d279694eefb14c8240719200ce" member_type: VOTER last_known_addr { host: "127.8.56.129" port: 37683 } } peers { permanent_uuid: "e6f5e7e33b9d451faad1870e52d940d3" member_type: VOTER last_known_addr { host: "127.8.56.130" port: 44409 } } peers { permanent_uuid: "f9d5a8508ec44145a88c01fd272afd2f" member_type: VOTER last_known_addr { host: "127.8.56.131" port: 36375 } }
I20260710 10:59:41.113894  8746 raft_consensus.cc:385] T 1a5fa56e87df46fc8256df35c9fa338e P e6f5e7e33b9d451faad1870e52d940d3 [term 0 FOLLOWER]: Consensus starting up: Expiring failure detector timer to make a prompt election more likely
I20260710 10:59:41.116392  8746 raft_consensus.cc:740] T 1a5fa56e87df46fc8256df35c9fa338e P e6f5e7e33b9d451faad1870e52d940d3 [term 0 FOLLOWER]: Becoming Follower/Learner. State: Replica: e6f5e7e33b9d451faad1870e52d940d3, State: Initialized, Role: FOLLOWER
I20260710 10:59:41.118593  8747 ts_tablet_manager.cc:1434] T 9d91dbe8157246c190fed5d7a227a3d7 P f39d52d279694eefb14c8240719200ce: Time spent starting tablet: real 0.056s	user 0.016s	sys 0.012s
I20260710 10:59:41.131656  8746 consensus_queue.cc:260] T 1a5fa56e87df46fc8256df35c9fa338e P e6f5e7e33b9d451faad1870e52d940d3 [NON_LEADER]: Queue going to NON_LEADER mode. State: All replicated index: 0, Majority replicated index: 0, Committed index: 0, Last appended: 0.0, Last appended by leader: 0, Current term: 0, Majority size: -1, State: 0, Mode: NON_LEADER, active raft config: opid_index: -1 OBSOLETE_local: false peers { permanent_uuid: "f39d52d279694eefb14c8240719200ce" member_type: VOTER last_known_addr { host: "127.8.56.129" port: 37683 } } peers { permanent_uuid: "e6f5e7e33b9d451faad1870e52d940d3" member_type: VOTER last_known_addr { host: "127.8.56.130" port: 44409 } } peers { permanent_uuid: "f9d5a8508ec44145a88c01fd272afd2f" member_type: VOTER last_known_addr { host: "127.8.56.131" port: 36375 } }
I20260710 10:59:41.132418  8747 tablet_bootstrap.cc:492] T 1a5fa56e87df46fc8256df35c9fa338e P f39d52d279694eefb14c8240719200ce: Bootstrap starting.
I20260710 10:59:41.134609  8746 ts_tablet_manager.cc:1434] T 1a5fa56e87df46fc8256df35c9fa338e P e6f5e7e33b9d451faad1870e52d940d3: Time spent starting tablet: real 0.027s	user 0.008s	sys 0.000s
I20260710 10:59:41.140723  8746 tablet_bootstrap.cc:492] T 8e208bbc3e2e4922aecc34b8686d4e10 P e6f5e7e33b9d451faad1870e52d940d3: Bootstrap starting.
W20260710 10:59:41.144114  8728 tablet.cc:2406] T 2c8c8dfb24c84c44ae7bd9bf2283e5f7 P f9d5a8508ec44145a88c01fd272afd2f: Can't schedule compaction. Clean time has not been advanced past its initial value.
I20260710 10:59:41.145004  8747 tablet_bootstrap.cc:654] T 1a5fa56e87df46fc8256df35c9fa338e P f39d52d279694eefb14c8240719200ce: Neither blocks nor log segments found. Creating new log.
I20260710 10:59:41.153187  8702 tablet_service.cc:1917] Received RequestConsensusVote() RPC: tablet_id: "9d91dbe8157246c190fed5d7a227a3d7" candidate_uuid: "e6f5e7e33b9d451faad1870e52d940d3" candidate_term: 1 candidate_status { last_received { term: 0 index: 0 } } ignore_live_leader: false dest_uuid: "f9d5a8508ec44145a88c01fd272afd2f" is_pre_election: true
I20260710 10:59:41.159384  8750 raft_consensus.cc:493] T 1a5fa56e87df46fc8256df35c9fa338e P e6f5e7e33b9d451faad1870e52d940d3 [term 0 FOLLOWER]: Starting pre-election (no leader contacted us within the election timeout)
I20260710 10:59:41.160169  8750 raft_consensus.cc:515] T 1a5fa56e87df46fc8256df35c9fa338e P e6f5e7e33b9d451faad1870e52d940d3 [term 0 FOLLOWER]: Starting pre-election with config: opid_index: -1 OBSOLETE_local: false peers { permanent_uuid: "f39d52d279694eefb14c8240719200ce" member_type: VOTER last_known_addr { host: "127.8.56.129" port: 37683 } } peers { permanent_uuid: "e6f5e7e33b9d451faad1870e52d940d3" member_type: VOTER last_known_addr { host: "127.8.56.130" port: 44409 } } peers { permanent_uuid: "f9d5a8508ec44145a88c01fd272afd2f" member_type: VOTER last_known_addr { host: "127.8.56.131" port: 36375 } }
I20260710 10:59:41.162106  8746 tablet_bootstrap.cc:654] T 8e208bbc3e2e4922aecc34b8686d4e10 P e6f5e7e33b9d451faad1870e52d940d3: Neither blocks nor log segments found. Creating new log.
I20260710 10:59:41.164377  8750 leader_election.cc:290] T 1a5fa56e87df46fc8256df35c9fa338e P e6f5e7e33b9d451faad1870e52d940d3 [CANDIDATE]: Term 1 pre-election: Requested pre-vote from peers f39d52d279694eefb14c8240719200ce (127.8.56.129:37683), f9d5a8508ec44145a88c01fd272afd2f (127.8.56.131:36375)
W20260710 10:59:41.157922  8594 leader_election.cc:343] T 9d91dbe8157246c190fed5d7a227a3d7 P e6f5e7e33b9d451faad1870e52d940d3 [CANDIDATE]: Term 1 pre-election: Tablet error from VoteRequest() call to peer f9d5a8508ec44145a88c01fd272afd2f (127.8.56.131:36375): Illegal state: must be running to vote when last-logged opid is not known
I20260710 10:59:41.173985  8702 tablet_service.cc:1917] Received RequestConsensusVote() RPC: tablet_id: "1a5fa56e87df46fc8256df35c9fa338e" candidate_uuid: "e6f5e7e33b9d451faad1870e52d940d3" candidate_term: 1 candidate_status { last_received { term: 0 index: 0 } } ignore_live_leader: false dest_uuid: "f9d5a8508ec44145a88c01fd272afd2f" is_pre_election: true
W20260710 10:59:41.178172  8594 leader_election.cc:343] T 1a5fa56e87df46fc8256df35c9fa338e P e6f5e7e33b9d451faad1870e52d940d3 [CANDIDATE]: Term 1 pre-election: Tablet error from VoteRequest() call to peer f9d5a8508ec44145a88c01fd272afd2f (127.8.56.131:36375): Illegal state: must be running to vote when last-logged opid is not known
I20260710 10:59:41.193907  8553 tablet_service.cc:1917] Received RequestConsensusVote() RPC: tablet_id: "9d91dbe8157246c190fed5d7a227a3d7" candidate_uuid: "e6f5e7e33b9d451faad1870e52d940d3" candidate_term: 1 candidate_status { last_received { term: 0 index: 0 } } ignore_live_leader: false dest_uuid: "f39d52d279694eefb14c8240719200ce" is_pre_election: true
I20260710 10:59:41.198761  8552 tablet_service.cc:1917] Received RequestConsensusVote() RPC: tablet_id: "1a5fa56e87df46fc8256df35c9fa338e" candidate_uuid: "e6f5e7e33b9d451faad1870e52d940d3" candidate_term: 1 candidate_status { last_received { term: 0 index: 0 } } ignore_live_leader: false dest_uuid: "f39d52d279694eefb14c8240719200ce" is_pre_election: true
I20260710 10:59:41.203143  8745 tablet_bootstrap.cc:492] T 8232569732934d918c161690146e4bf5 P f9d5a8508ec44145a88c01fd272afd2f: No bootstrap required, opened a new log
I20260710 10:59:41.204788  8745 ts_tablet_manager.cc:1403] T 8232569732934d918c161690146e4bf5 P f9d5a8508ec44145a88c01fd272afd2f: Time spent bootstrapping tablet: real 0.136s	user 0.034s	sys 0.033s
W20260710 10:59:41.206429  8594 leader_election.cc:343] T 1a5fa56e87df46fc8256df35c9fa338e P e6f5e7e33b9d451faad1870e52d940d3 [CANDIDATE]: Term 1 pre-election: Tablet error from VoteRequest() call to peer f39d52d279694eefb14c8240719200ce (127.8.56.129:37683): Illegal state: must be running to vote when last-logged opid is not known
I20260710 10:59:41.207073  8594 leader_election.cc:304] T 1a5fa56e87df46fc8256df35c9fa338e P e6f5e7e33b9d451faad1870e52d940d3 [CANDIDATE]: Term 1 pre-election: Election decided. Result: candidate lost. Election summary: received 3 responses out of 3 voters: 1 yes votes; 2 no votes. yes voters: e6f5e7e33b9d451faad1870e52d940d3; no voters: f39d52d279694eefb14c8240719200ce, f9d5a8508ec44145a88c01fd272afd2f
I20260710 10:59:41.202214  8553 raft_consensus.cc:2468] T 9d91dbe8157246c190fed5d7a227a3d7 P f39d52d279694eefb14c8240719200ce [term 0 FOLLOWER]: Leader pre-election vote request: Granting yes vote for candidate e6f5e7e33b9d451faad1870e52d940d3 in term 0.
I20260710 10:59:41.208843  8750 raft_consensus.cc:2749] T 1a5fa56e87df46fc8256df35c9fa338e P e6f5e7e33b9d451faad1870e52d940d3 [term 0 FOLLOWER]: Leader pre-election lost for term 1. Reason: could not achieve majority
I20260710 10:59:41.209625  8746 tablet_bootstrap.cc:492] T 8e208bbc3e2e4922aecc34b8686d4e10 P e6f5e7e33b9d451faad1870e52d940d3: No bootstrap required, opened a new log
I20260710 10:59:41.210116  8746 ts_tablet_manager.cc:1403] T 8e208bbc3e2e4922aecc34b8686d4e10 P e6f5e7e33b9d451faad1870e52d940d3: Time spent bootstrapping tablet: real 0.070s	user 0.013s	sys 0.009s
I20260710 10:59:41.210152  8747 tablet_bootstrap.cc:492] T 1a5fa56e87df46fc8256df35c9fa338e P f39d52d279694eefb14c8240719200ce: No bootstrap required, opened a new log
I20260710 10:59:41.204789  8628 tablet_service.cc:1917] Received RequestConsensusVote() RPC: tablet_id: "2c8c8dfb24c84c44ae7bd9bf2283e5f7" candidate_uuid: "f9d5a8508ec44145a88c01fd272afd2f" candidate_term: 1 candidate_status { last_received { term: 0 index: 0 } } ignore_live_leader: false dest_uuid: "e6f5e7e33b9d451faad1870e52d940d3" is_pre_election: true
I20260710 10:59:41.211498  8594 leader_election.cc:304] T 9d91dbe8157246c190fed5d7a227a3d7 P e6f5e7e33b9d451faad1870e52d940d3 [CANDIDATE]: Term 1 pre-election: Election decided. Result: candidate won. Election summary: received 3 responses out of 3 voters: 2 yes votes; 1 no votes. yes voters: e6f5e7e33b9d451faad1870e52d940d3, f39d52d279694eefb14c8240719200ce; no voters: f9d5a8508ec44145a88c01fd272afd2f
W20260710 10:59:41.217940  8667 leader_election.cc:343] T 2c8c8dfb24c84c44ae7bd9bf2283e5f7 P f9d5a8508ec44145a88c01fd272afd2f [CANDIDATE]: Term 1 pre-election: Tablet error from VoteRequest() call to peer e6f5e7e33b9d451faad1870e52d940d3 (127.8.56.130:44409): Illegal state: must be running to vote when last-logged opid is not known
I20260710 10:59:41.224758  8747 ts_tablet_manager.cc:1403] T 1a5fa56e87df46fc8256df35c9fa338e P f39d52d279694eefb14c8240719200ce: Time spent bootstrapping tablet: real 0.093s	user 0.012s	sys 0.015s
I20260710 10:59:41.221659  8746 raft_consensus.cc:359] T 8e208bbc3e2e4922aecc34b8686d4e10 P e6f5e7e33b9d451faad1870e52d940d3 [term 0 FOLLOWER]: Replica starting. Triggering 0 pending ops. Active config: opid_index: -1 OBSOLETE_local: false peers { permanent_uuid: "f39d52d279694eefb14c8240719200ce" member_type: VOTER last_known_addr { host: "127.8.56.129" port: 37683 } } peers { permanent_uuid: "e6f5e7e33b9d451faad1870e52d940d3" member_type: VOTER last_known_addr { host: "127.8.56.130" port: 44409 } } peers { permanent_uuid: "f9d5a8508ec44145a88c01fd272afd2f" member_type: VOTER last_known_addr { host: "127.8.56.131" port: 36375 } }
I20260710 10:59:41.213240  8553 tablet_service.cc:1917] Received RequestConsensusVote() RPC: tablet_id: "2c8c8dfb24c84c44ae7bd9bf2283e5f7" candidate_uuid: "f9d5a8508ec44145a88c01fd272afd2f" candidate_term: 1 candidate_status { last_received { term: 0 index: 0 } } ignore_live_leader: false dest_uuid: "f39d52d279694eefb14c8240719200ce" is_pre_election: true
I20260710 10:59:41.218142  8745 raft_consensus.cc:359] T 8232569732934d918c161690146e4bf5 P f9d5a8508ec44145a88c01fd272afd2f [term 0 FOLLOWER]: Replica starting. Triggering 0 pending ops. Active config: opid_index: -1 OBSOLETE_local: false peers { permanent_uuid: "f39d52d279694eefb14c8240719200ce" member_type: VOTER last_known_addr { host: "127.8.56.129" port: 37683 } } peers { permanent_uuid: "e6f5e7e33b9d451faad1870e52d940d3" member_type: VOTER last_known_addr { host: "127.8.56.130" port: 44409 } } peers { permanent_uuid: "f9d5a8508ec44145a88c01fd272afd2f" member_type: VOTER last_known_addr { host: "127.8.56.131" port: 36375 } }
I20260710 10:59:41.225334  8746 raft_consensus.cc:385] T 8e208bbc3e2e4922aecc34b8686d4e10 P e6f5e7e33b9d451faad1870e52d940d3 [term 0 FOLLOWER]: Consensus starting up: Expiring failure detector timer to make a prompt election more likely
I20260710 10:59:41.225597  8745 raft_consensus.cc:385] T 8232569732934d918c161690146e4bf5 P f9d5a8508ec44145a88c01fd272afd2f [term 0 FOLLOWER]: Consensus starting up: Expiring failure detector timer to make a prompt election more likely
I20260710 10:59:41.225744  8746 raft_consensus.cc:740] T 8e208bbc3e2e4922aecc34b8686d4e10 P e6f5e7e33b9d451faad1870e52d940d3 [term 0 FOLLOWER]: Becoming Follower/Learner. State: Replica: e6f5e7e33b9d451faad1870e52d940d3, State: Initialized, Role: FOLLOWER
I20260710 10:59:41.225981  8745 raft_consensus.cc:740] T 8232569732934d918c161690146e4bf5 P f9d5a8508ec44145a88c01fd272afd2f [term 0 FOLLOWER]: Becoming Follower/Learner. State: Replica: f9d5a8508ec44145a88c01fd272afd2f, State: Initialized, Role: FOLLOWER
W20260710 10:59:41.227084  8668 leader_election.cc:343] T 2c8c8dfb24c84c44ae7bd9bf2283e5f7 P f9d5a8508ec44145a88c01fd272afd2f [CANDIDATE]: Term 1 pre-election: Tablet error from VoteRequest() call to peer f39d52d279694eefb14c8240719200ce (127.8.56.129:37683): Illegal state: must be running to vote when last-logged opid is not known
I20260710 10:59:41.226948  8745 consensus_queue.cc:260] T 8232569732934d918c161690146e4bf5 P f9d5a8508ec44145a88c01fd272afd2f [NON_LEADER]: Queue going to NON_LEADER mode. State: All replicated index: 0, Majority replicated index: 0, Committed index: 0, Last appended: 0.0, Last appended by leader: 0, Current term: 0, Majority size: -1, State: 0, Mode: NON_LEADER, active raft config: opid_index: -1 OBSOLETE_local: false peers { permanent_uuid: "f39d52d279694eefb14c8240719200ce" member_type: VOTER last_known_addr { host: "127.8.56.129" port: 37683 } } peers { permanent_uuid: "e6f5e7e33b9d451faad1870e52d940d3" member_type: VOTER last_known_addr { host: "127.8.56.130" port: 44409 } } peers { permanent_uuid: "f9d5a8508ec44145a88c01fd272afd2f" member_type: VOTER last_known_addr { host: "127.8.56.131" port: 36375 } }
I20260710 10:59:41.226976  8746 consensus_queue.cc:260] T 8e208bbc3e2e4922aecc34b8686d4e10 P e6f5e7e33b9d451faad1870e52d940d3 [NON_LEADER]: Queue going to NON_LEADER mode. State: All replicated index: 0, Majority replicated index: 0, Committed index: 0, Last appended: 0.0, Last appended by leader: 0, Current term: 0, Majority size: -1, State: 0, Mode: NON_LEADER, active raft config: opid_index: -1 OBSOLETE_local: false peers { permanent_uuid: "f39d52d279694eefb14c8240719200ce" member_type: VOTER last_known_addr { host: "127.8.56.129" port: 37683 } } peers { permanent_uuid: "e6f5e7e33b9d451faad1870e52d940d3" member_type: VOTER last_known_addr { host: "127.8.56.130" port: 44409 } } peers { permanent_uuid: "f9d5a8508ec44145a88c01fd272afd2f" member_type: VOTER last_known_addr { host: "127.8.56.131" port: 36375 } }
I20260710 10:59:41.227686  8668 leader_election.cc:304] T 2c8c8dfb24c84c44ae7bd9bf2283e5f7 P f9d5a8508ec44145a88c01fd272afd2f [CANDIDATE]: Term 1 pre-election: Election decided. Result: candidate lost. Election summary: received 3 responses out of 3 voters: 1 yes votes; 2 no votes. yes voters: f9d5a8508ec44145a88c01fd272afd2f; no voters: e6f5e7e33b9d451faad1870e52d940d3, f39d52d279694eefb14c8240719200ce
I20260710 10:59:41.228507  8753 raft_consensus.cc:2749] T 2c8c8dfb24c84c44ae7bd9bf2283e5f7 P f9d5a8508ec44145a88c01fd272afd2f [term 0 FOLLOWER]: Leader pre-election lost for term 1. Reason: could not achieve majority
I20260710 10:59:41.230074  8745 ts_tablet_manager.cc:1434] T 8232569732934d918c161690146e4bf5 P f9d5a8508ec44145a88c01fd272afd2f: Time spent starting tablet: real 0.025s	user 0.004s	sys 0.009s
I20260710 10:59:41.231674  8745 tablet_bootstrap.cc:492] T be1bc2536f494bc4ba4afbf26eb1ab7b P f9d5a8508ec44145a88c01fd272afd2f: Bootstrap starting.
I20260710 10:59:41.218284  8750 raft_consensus.cc:2804] T 9d91dbe8157246c190fed5d7a227a3d7 P e6f5e7e33b9d451faad1870e52d940d3 [term 0 FOLLOWER]: Leader pre-election won for term 1
I20260710 10:59:41.236934  8750 raft_consensus.cc:493] T 9d91dbe8157246c190fed5d7a227a3d7 P e6f5e7e33b9d451faad1870e52d940d3 [term 0 FOLLOWER]: Starting leader election (no leader contacted us within the election timeout)
I20260710 10:59:41.237327  8750 raft_consensus.cc:3060] T 9d91dbe8157246c190fed5d7a227a3d7 P e6f5e7e33b9d451faad1870e52d940d3 [term 0 FOLLOWER]: Advancing to term 1
I20260710 10:59:41.227938  8747 raft_consensus.cc:359] T 1a5fa56e87df46fc8256df35c9fa338e P f39d52d279694eefb14c8240719200ce [term 0 FOLLOWER]: Replica starting. Triggering 0 pending ops. Active config: opid_index: -1 OBSOLETE_local: false peers { permanent_uuid: "f39d52d279694eefb14c8240719200ce" member_type: VOTER last_known_addr { host: "127.8.56.129" port: 37683 } } peers { permanent_uuid: "e6f5e7e33b9d451faad1870e52d940d3" member_type: VOTER last_known_addr { host: "127.8.56.130" port: 44409 } } peers { permanent_uuid: "f9d5a8508ec44145a88c01fd272afd2f" member_type: VOTER last_known_addr { host: "127.8.56.131" port: 36375 } }
I20260710 10:59:41.239856  8747 raft_consensus.cc:385] T 1a5fa56e87df46fc8256df35c9fa338e P f39d52d279694eefb14c8240719200ce [term 0 FOLLOWER]: Consensus starting up: Expiring failure detector timer to make a prompt election more likely
I20260710 10:59:41.240217  8747 raft_consensus.cc:740] T 1a5fa56e87df46fc8256df35c9fa338e P f39d52d279694eefb14c8240719200ce [term 0 FOLLOWER]: Becoming Follower/Learner. State: Replica: f39d52d279694eefb14c8240719200ce, State: Initialized, Role: FOLLOWER
I20260710 10:59:41.240969  8747 consensus_queue.cc:260] T 1a5fa56e87df46fc8256df35c9fa338e P f39d52d279694eefb14c8240719200ce [NON_LEADER]: Queue going to NON_LEADER mode. State: All replicated index: 0, Majority replicated index: 0, Committed index: 0, Last appended: 0.0, Last appended by leader: 0, Current term: 0, Majority size: -1, State: 0, Mode: NON_LEADER, active raft config: opid_index: -1 OBSOLETE_local: false peers { permanent_uuid: "f39d52d279694eefb14c8240719200ce" member_type: VOTER last_known_addr { host: "127.8.56.129" port: 37683 } } peers { permanent_uuid: "e6f5e7e33b9d451faad1870e52d940d3" member_type: VOTER last_known_addr { host: "127.8.56.130" port: 44409 } } peers { permanent_uuid: "f9d5a8508ec44145a88c01fd272afd2f" member_type: VOTER last_known_addr { host: "127.8.56.131" port: 36375 } }
I20260710 10:59:41.244505  8747 ts_tablet_manager.cc:1434] T 1a5fa56e87df46fc8256df35c9fa338e P f39d52d279694eefb14c8240719200ce: Time spent starting tablet: real 0.019s	user 0.001s	sys 0.005s
I20260710 10:59:41.245487  8747 tablet_bootstrap.cc:492] T 8e208bbc3e2e4922aecc34b8686d4e10 P f39d52d279694eefb14c8240719200ce: Bootstrap starting.
I20260710 10:59:41.248039  8750 raft_consensus.cc:515] T 9d91dbe8157246c190fed5d7a227a3d7 P e6f5e7e33b9d451faad1870e52d940d3 [term 1 FOLLOWER]: Starting leader election with config: opid_index: -1 OBSOLETE_local: false peers { permanent_uuid: "e6f5e7e33b9d451faad1870e52d940d3" member_type: VOTER last_known_addr { host: "127.8.56.130" port: 44409 } } peers { permanent_uuid: "f9d5a8508ec44145a88c01fd272afd2f" member_type: VOTER last_known_addr { host: "127.8.56.131" port: 36375 } } peers { permanent_uuid: "f39d52d279694eefb14c8240719200ce" member_type: VOTER last_known_addr { host: "127.8.56.129" port: 37683 } }
I20260710 10:59:41.251498  8702 tablet_service.cc:1917] Received RequestConsensusVote() RPC: tablet_id: "9d91dbe8157246c190fed5d7a227a3d7" candidate_uuid: "e6f5e7e33b9d451faad1870e52d940d3" candidate_term: 1 candidate_status { last_received { term: 0 index: 0 } } ignore_live_leader: false dest_uuid: "f9d5a8508ec44145a88c01fd272afd2f"
W20260710 10:59:41.252982  8594 leader_election.cc:343] T 9d91dbe8157246c190fed5d7a227a3d7 P e6f5e7e33b9d451faad1870e52d940d3 [CANDIDATE]: Term 1 election: Tablet error from VoteRequest() call to peer f9d5a8508ec44145a88c01fd272afd2f (127.8.56.131:36375): Illegal state: must be running to vote when last-logged opid is not known
I20260710 10:59:41.256675  8553 tablet_service.cc:1917] Received RequestConsensusVote() RPC: tablet_id: "9d91dbe8157246c190fed5d7a227a3d7" candidate_uuid: "e6f5e7e33b9d451faad1870e52d940d3" candidate_term: 1 candidate_status { last_received { term: 0 index: 0 } } ignore_live_leader: false dest_uuid: "f39d52d279694eefb14c8240719200ce"
I20260710 10:59:41.257324  8553 raft_consensus.cc:3060] T 9d91dbe8157246c190fed5d7a227a3d7 P f39d52d279694eefb14c8240719200ce [term 0 FOLLOWER]: Advancing to term 1
I20260710 10:59:41.258795  8750 leader_election.cc:290] T 9d91dbe8157246c190fed5d7a227a3d7 P e6f5e7e33b9d451faad1870e52d940d3 [CANDIDATE]: Term 1 election: Requested vote from peers f9d5a8508ec44145a88c01fd272afd2f (127.8.56.131:36375), f39d52d279694eefb14c8240719200ce (127.8.56.129:37683)
I20260710 10:59:41.259750  8746 ts_tablet_manager.cc:1434] T 8e208bbc3e2e4922aecc34b8686d4e10 P e6f5e7e33b9d451faad1870e52d940d3: Time spent starting tablet: real 0.043s	user 0.008s	sys 0.011s
I20260710 10:59:41.260839  8746 tablet_bootstrap.cc:492] T d2db641681f04b6c8014ae6e1800ff20 P e6f5e7e33b9d451faad1870e52d940d3: Bootstrap starting.
I20260710 10:59:41.266059  8745 tablet_bootstrap.cc:654] T be1bc2536f494bc4ba4afbf26eb1ab7b P f9d5a8508ec44145a88c01fd272afd2f: Neither blocks nor log segments found. Creating new log.
I20260710 10:59:41.266691  8553 raft_consensus.cc:2468] T 9d91dbe8157246c190fed5d7a227a3d7 P f39d52d279694eefb14c8240719200ce [term 1 FOLLOWER]: Leader election vote request: Granting yes vote for candidate e6f5e7e33b9d451faad1870e52d940d3 in term 1.
I20260710 10:59:41.268148  8594 leader_election.cc:304] T 9d91dbe8157246c190fed5d7a227a3d7 P e6f5e7e33b9d451faad1870e52d940d3 [CANDIDATE]: Term 1 election: Election decided. Result: candidate won. Election summary: received 3 responses out of 3 voters: 2 yes votes; 1 no votes. yes voters: e6f5e7e33b9d451faad1870e52d940d3, f39d52d279694eefb14c8240719200ce; no voters: f9d5a8508ec44145a88c01fd272afd2f
I20260710 10:59:41.269332  8750 raft_consensus.cc:2804] T 9d91dbe8157246c190fed5d7a227a3d7 P e6f5e7e33b9d451faad1870e52d940d3 [term 1 FOLLOWER]: Leader election won for term 1
I20260710 10:59:41.270011  8750 raft_consensus.cc:697] T 9d91dbe8157246c190fed5d7a227a3d7 P e6f5e7e33b9d451faad1870e52d940d3 [term 1 LEADER]: Becoming Leader. State: Replica: e6f5e7e33b9d451faad1870e52d940d3, State: Running, Role: LEADER
I20260710 10:59:41.271703  8750 consensus_queue.cc:237] T 9d91dbe8157246c190fed5d7a227a3d7 P e6f5e7e33b9d451faad1870e52d940d3 [LEADER]: Queue going to LEADER mode. State: All replicated index: 0, Majority replicated index: 0, Committed index: 0, Last appended: 0.0, Last appended by leader: 0, Current term: 1, Majority size: 2, State: 0, Mode: LEADER, active raft config: opid_index: -1 OBSOLETE_local: false peers { permanent_uuid: "e6f5e7e33b9d451faad1870e52d940d3" member_type: VOTER last_known_addr { host: "127.8.56.130" port: 44409 } } peers { permanent_uuid: "f9d5a8508ec44145a88c01fd272afd2f" member_type: VOTER last_known_addr { host: "127.8.56.131" port: 36375 } } peers { permanent_uuid: "f39d52d279694eefb14c8240719200ce" member_type: VOTER last_known_addr { host: "127.8.56.129" port: 37683 } }
I20260710 10:59:41.272382  8747 tablet_bootstrap.cc:654] T 8e208bbc3e2e4922aecc34b8686d4e10 P f39d52d279694eefb14c8240719200ce: Neither blocks nor log segments found. Creating new log.
I20260710 10:59:41.281329  8746 tablet_bootstrap.cc:654] T d2db641681f04b6c8014ae6e1800ff20 P e6f5e7e33b9d451faad1870e52d940d3: Neither blocks nor log segments found. Creating new log.
I20260710 10:59:41.291251  8745 tablet_bootstrap.cc:492] T be1bc2536f494bc4ba4afbf26eb1ab7b P f9d5a8508ec44145a88c01fd272afd2f: No bootstrap required, opened a new log
I20260710 10:59:41.295747  8745 ts_tablet_manager.cc:1403] T be1bc2536f494bc4ba4afbf26eb1ab7b P f9d5a8508ec44145a88c01fd272afd2f: Time spent bootstrapping tablet: real 0.064s	user 0.008s	sys 0.015s
I20260710 10:59:41.296422  8746 tablet_bootstrap.cc:492] T d2db641681f04b6c8014ae6e1800ff20 P e6f5e7e33b9d451faad1870e52d940d3: No bootstrap required, opened a new log
I20260710 10:59:41.296960  8746 ts_tablet_manager.cc:1403] T d2db641681f04b6c8014ae6e1800ff20 P e6f5e7e33b9d451faad1870e52d940d3: Time spent bootstrapping tablet: real 0.036s	user 0.007s	sys 0.009s
I20260710 10:59:41.293893  8747 tablet_bootstrap.cc:492] T 8e208bbc3e2e4922aecc34b8686d4e10 P f39d52d279694eefb14c8240719200ce: No bootstrap required, opened a new log
I20260710 10:59:41.298159  8747 ts_tablet_manager.cc:1403] T 8e208bbc3e2e4922aecc34b8686d4e10 P f39d52d279694eefb14c8240719200ce: Time spent bootstrapping tablet: real 0.053s	user 0.010s	sys 0.006s
I20260710 10:59:41.299248  8448 catalog_manager.cc:5697] T 9d91dbe8157246c190fed5d7a227a3d7 P e6f5e7e33b9d451faad1870e52d940d3 reported cstate change: term changed from 0 to 1, leader changed from <none> to e6f5e7e33b9d451faad1870e52d940d3 (127.8.56.130). New cstate: current_term: 1 leader_uuid: "e6f5e7e33b9d451faad1870e52d940d3" committed_config { opid_index: -1 OBSOLETE_local: false peers { permanent_uuid: "e6f5e7e33b9d451faad1870e52d940d3" member_type: VOTER last_known_addr { host: "127.8.56.130" port: 44409 } health_report { overall_health: HEALTHY } } peers { permanent_uuid: "f9d5a8508ec44145a88c01fd272afd2f" member_type: VOTER last_known_addr { host: "127.8.56.131" port: 36375 } health_report { overall_health: UNKNOWN } } peers { permanent_uuid: "f39d52d279694eefb14c8240719200ce" member_type: VOTER last_known_addr { host: "127.8.56.129" port: 37683 } health_report { overall_health: UNKNOWN } } }
I20260710 10:59:41.300196  8746 raft_consensus.cc:359] T d2db641681f04b6c8014ae6e1800ff20 P e6f5e7e33b9d451faad1870e52d940d3 [term 0 FOLLOWER]: Replica starting. Triggering 0 pending ops. Active config: opid_index: -1 OBSOLETE_local: false peers { permanent_uuid: "f39d52d279694eefb14c8240719200ce" member_type: VOTER last_known_addr { host: "127.8.56.129" port: 37683 } } peers { permanent_uuid: "e6f5e7e33b9d451faad1870e52d940d3" member_type: VOTER last_known_addr { host: "127.8.56.130" port: 44409 } } peers { permanent_uuid: "f9d5a8508ec44145a88c01fd272afd2f" member_type: VOTER last_known_addr { host: "127.8.56.131" port: 36375 } }
I20260710 10:59:41.300936  8746 raft_consensus.cc:385] T d2db641681f04b6c8014ae6e1800ff20 P e6f5e7e33b9d451faad1870e52d940d3 [term 0 FOLLOWER]: Consensus starting up: Expiring failure detector timer to make a prompt election more likely
I20260710 10:59:41.306968  8746 raft_consensus.cc:740] T d2db641681f04b6c8014ae6e1800ff20 P e6f5e7e33b9d451faad1870e52d940d3 [term 0 FOLLOWER]: Becoming Follower/Learner. State: Replica: e6f5e7e33b9d451faad1870e52d940d3, State: Initialized, Role: FOLLOWER
I20260710 10:59:41.306722  8745 raft_consensus.cc:359] T be1bc2536f494bc4ba4afbf26eb1ab7b P f9d5a8508ec44145a88c01fd272afd2f [term 0 FOLLOWER]: Replica starting. Triggering 0 pending ops. Active config: opid_index: -1 OBSOLETE_local: false peers { permanent_uuid: "f39d52d279694eefb14c8240719200ce" member_type: VOTER last_known_addr { host: "127.8.56.129" port: 37683 } } peers { permanent_uuid: "e6f5e7e33b9d451faad1870e52d940d3" member_type: VOTER last_known_addr { host: "127.8.56.130" port: 44409 } } peers { permanent_uuid: "f9d5a8508ec44145a88c01fd272afd2f" member_type: VOTER last_known_addr { host: "127.8.56.131" port: 36375 } }
I20260710 10:59:41.307114  8747 raft_consensus.cc:359] T 8e208bbc3e2e4922aecc34b8686d4e10 P f39d52d279694eefb14c8240719200ce [term 0 FOLLOWER]: Replica starting. Triggering 0 pending ops. Active config: opid_index: -1 OBSOLETE_local: false peers { permanent_uuid: "f39d52d279694eefb14c8240719200ce" member_type: VOTER last_known_addr { host: "127.8.56.129" port: 37683 } } peers { permanent_uuid: "e6f5e7e33b9d451faad1870e52d940d3" member_type: VOTER last_known_addr { host: "127.8.56.130" port: 44409 } } peers { permanent_uuid: "f9d5a8508ec44145a88c01fd272afd2f" member_type: VOTER last_known_addr { host: "127.8.56.131" port: 36375 } }
I20260710 10:59:41.308864  8747 raft_consensus.cc:385] T 8e208bbc3e2e4922aecc34b8686d4e10 P f39d52d279694eefb14c8240719200ce [term 0 FOLLOWER]: Consensus starting up: Expiring failure detector timer to make a prompt election more likely
I20260710 10:59:41.308862  8745 raft_consensus.cc:385] T be1bc2536f494bc4ba4afbf26eb1ab7b P f9d5a8508ec44145a88c01fd272afd2f [term 0 FOLLOWER]: Consensus starting up: Expiring failure detector timer to make a prompt election more likely
I20260710 10:59:41.309552  8747 raft_consensus.cc:740] T 8e208bbc3e2e4922aecc34b8686d4e10 P f39d52d279694eefb14c8240719200ce [term 0 FOLLOWER]: Becoming Follower/Learner. State: Replica: f39d52d279694eefb14c8240719200ce, State: Initialized, Role: FOLLOWER
I20260710 10:59:41.310186  8745 raft_consensus.cc:740] T be1bc2536f494bc4ba4afbf26eb1ab7b P f9d5a8508ec44145a88c01fd272afd2f [term 0 FOLLOWER]: Becoming Follower/Learner. State: Replica: f9d5a8508ec44145a88c01fd272afd2f, State: Initialized, Role: FOLLOWER
I20260710 10:59:41.310652  8747 consensus_queue.cc:260] T 8e208bbc3e2e4922aecc34b8686d4e10 P f39d52d279694eefb14c8240719200ce [NON_LEADER]: Queue going to NON_LEADER mode. State: All replicated index: 0, Majority replicated index: 0, Committed index: 0, Last appended: 0.0, Last appended by leader: 0, Current term: 0, Majority size: -1, State: 0, Mode: NON_LEADER, active raft config: opid_index: -1 OBSOLETE_local: false peers { permanent_uuid: "f39d52d279694eefb14c8240719200ce" member_type: VOTER last_known_addr { host: "127.8.56.129" port: 37683 } } peers { permanent_uuid: "e6f5e7e33b9d451faad1870e52d940d3" member_type: VOTER last_known_addr { host: "127.8.56.130" port: 44409 } } peers { permanent_uuid: "f9d5a8508ec44145a88c01fd272afd2f" member_type: VOTER last_known_addr { host: "127.8.56.131" port: 36375 } }
I20260710 10:59:41.311940  8745 consensus_queue.cc:260] T be1bc2536f494bc4ba4afbf26eb1ab7b P f9d5a8508ec44145a88c01fd272afd2f [NON_LEADER]: Queue going to NON_LEADER mode. State: All replicated index: 0, Majority replicated index: 0, Committed index: 0, Last appended: 0.0, Last appended by leader: 0, Current term: 0, Majority size: -1, State: 0, Mode: NON_LEADER, active raft config: opid_index: -1 OBSOLETE_local: false peers { permanent_uuid: "f39d52d279694eefb14c8240719200ce" member_type: VOTER last_known_addr { host: "127.8.56.129" port: 37683 } } peers { permanent_uuid: "e6f5e7e33b9d451faad1870e52d940d3" member_type: VOTER last_known_addr { host: "127.8.56.130" port: 44409 } } peers { permanent_uuid: "f9d5a8508ec44145a88c01fd272afd2f" member_type: VOTER last_known_addr { host: "127.8.56.131" port: 36375 } }
I20260710 10:59:41.313262  8747 ts_tablet_manager.cc:1434] T 8e208bbc3e2e4922aecc34b8686d4e10 P f39d52d279694eefb14c8240719200ce: Time spent starting tablet: real 0.015s	user 0.007s	sys 0.000s
I20260710 10:59:41.314584  8747 tablet_bootstrap.cc:492] T 639b41e809f246169941b4a5bed2c605 P f39d52d279694eefb14c8240719200ce: Bootstrap starting.
I20260710 10:59:41.309326  8746 consensus_queue.cc:260] T d2db641681f04b6c8014ae6e1800ff20 P e6f5e7e33b9d451faad1870e52d940d3 [NON_LEADER]: Queue going to NON_LEADER mode. State: All replicated index: 0, Majority replicated index: 0, Committed index: 0, Last appended: 0.0, Last appended by leader: 0, Current term: 0, Majority size: -1, State: 0, Mode: NON_LEADER, active raft config: opid_index: -1 OBSOLETE_local: false peers { permanent_uuid: "f39d52d279694eefb14c8240719200ce" member_type: VOTER last_known_addr { host: "127.8.56.129" port: 37683 } } peers { permanent_uuid: "e6f5e7e33b9d451faad1870e52d940d3" member_type: VOTER last_known_addr { host: "127.8.56.130" port: 44409 } } peers { permanent_uuid: "f9d5a8508ec44145a88c01fd272afd2f" member_type: VOTER last_known_addr { host: "127.8.56.131" port: 36375 } }
I20260710 10:59:41.317632  8746 ts_tablet_manager.cc:1434] T d2db641681f04b6c8014ae6e1800ff20 P e6f5e7e33b9d451faad1870e52d940d3: Time spent starting tablet: real 0.020s	user 0.004s	sys 0.002s
I20260710 10:59:41.319653  8745 ts_tablet_manager.cc:1434] T be1bc2536f494bc4ba4afbf26eb1ab7b P f9d5a8508ec44145a88c01fd272afd2f: Time spent starting tablet: real 0.024s	user 0.001s	sys 0.007s
I20260710 10:59:41.324882  8746 tablet_bootstrap.cc:492] T 2c8c8dfb24c84c44ae7bd9bf2283e5f7 P e6f5e7e33b9d451faad1870e52d940d3: Bootstrap starting.
I20260710 10:59:41.324882  8745 tablet_bootstrap.cc:492] T 639b41e809f246169941b4a5bed2c605 P f9d5a8508ec44145a88c01fd272afd2f: Bootstrap starting.
I20260710 10:59:41.328192  8747 tablet_bootstrap.cc:654] T 639b41e809f246169941b4a5bed2c605 P f39d52d279694eefb14c8240719200ce: Neither blocks nor log segments found. Creating new log.
I20260710 10:59:41.334904  8745 tablet_bootstrap.cc:654] T 639b41e809f246169941b4a5bed2c605 P f9d5a8508ec44145a88c01fd272afd2f: Neither blocks nor log segments found. Creating new log.
I20260710 10:59:41.348634  8746 tablet_bootstrap.cc:654] T 2c8c8dfb24c84c44ae7bd9bf2283e5f7 P e6f5e7e33b9d451faad1870e52d940d3: Neither blocks nor log segments found. Creating new log.
I20260710 10:59:41.353688  8745 tablet_bootstrap.cc:492] T 639b41e809f246169941b4a5bed2c605 P f9d5a8508ec44145a88c01fd272afd2f: No bootstrap required, opened a new log
I20260710 10:59:41.354386  8745 ts_tablet_manager.cc:1403] T 639b41e809f246169941b4a5bed2c605 P f9d5a8508ec44145a88c01fd272afd2f: Time spent bootstrapping tablet: real 0.030s	user 0.008s	sys 0.011s
I20260710 10:59:41.356698  8747 tablet_bootstrap.cc:492] T 639b41e809f246169941b4a5bed2c605 P f39d52d279694eefb14c8240719200ce: No bootstrap required, opened a new log
I20260710 10:59:41.357254  8747 ts_tablet_manager.cc:1403] T 639b41e809f246169941b4a5bed2c605 P f39d52d279694eefb14c8240719200ce: Time spent bootstrapping tablet: real 0.043s	user 0.014s	sys 0.007s
I20260710 10:59:41.359395  8745 raft_consensus.cc:359] T 639b41e809f246169941b4a5bed2c605 P f9d5a8508ec44145a88c01fd272afd2f [term 0 FOLLOWER]: Replica starting. Triggering 0 pending ops. Active config: opid_index: -1 OBSOLETE_local: false peers { permanent_uuid: "f39d52d279694eefb14c8240719200ce" member_type: VOTER last_known_addr { host: "127.8.56.129" port: 37683 } } peers { permanent_uuid: "e6f5e7e33b9d451faad1870e52d940d3" member_type: VOTER last_known_addr { host: "127.8.56.130" port: 44409 } } peers { permanent_uuid: "f9d5a8508ec44145a88c01fd272afd2f" member_type: VOTER last_known_addr { host: "127.8.56.131" port: 36375 } }
I20260710 10:59:41.360791  8745 raft_consensus.cc:385] T 639b41e809f246169941b4a5bed2c605 P f9d5a8508ec44145a88c01fd272afd2f [term 0 FOLLOWER]: Consensus starting up: Expiring failure detector timer to make a prompt election more likely
I20260710 10:59:41.361099  8745 raft_consensus.cc:740] T 639b41e809f246169941b4a5bed2c605 P f9d5a8508ec44145a88c01fd272afd2f [term 0 FOLLOWER]: Becoming Follower/Learner. State: Replica: f9d5a8508ec44145a88c01fd272afd2f, State: Initialized, Role: FOLLOWER
I20260710 10:59:41.362326  8747 raft_consensus.cc:359] T 639b41e809f246169941b4a5bed2c605 P f39d52d279694eefb14c8240719200ce [term 0 FOLLOWER]: Replica starting. Triggering 0 pending ops. Active config: opid_index: -1 OBSOLETE_local: false peers { permanent_uuid: "f39d52d279694eefb14c8240719200ce" member_type: VOTER last_known_addr { host: "127.8.56.129" port: 37683 } } peers { permanent_uuid: "e6f5e7e33b9d451faad1870e52d940d3" member_type: VOTER last_known_addr { host: "127.8.56.130" port: 44409 } } peers { permanent_uuid: "f9d5a8508ec44145a88c01fd272afd2f" member_type: VOTER last_known_addr { host: "127.8.56.131" port: 36375 } }
I20260710 10:59:41.364339  8747 raft_consensus.cc:385] T 639b41e809f246169941b4a5bed2c605 P f39d52d279694eefb14c8240719200ce [term 0 FOLLOWER]: Consensus starting up: Expiring failure detector timer to make a prompt election more likely
I20260710 10:59:41.364777  8747 raft_consensus.cc:740] T 639b41e809f246169941b4a5bed2c605 P f39d52d279694eefb14c8240719200ce [term 0 FOLLOWER]: Becoming Follower/Learner. State: Replica: f39d52d279694eefb14c8240719200ce, State: Initialized, Role: FOLLOWER
I20260710 10:59:41.362838  8745 consensus_queue.cc:260] T 639b41e809f246169941b4a5bed2c605 P f9d5a8508ec44145a88c01fd272afd2f [NON_LEADER]: Queue going to NON_LEADER mode. State: All replicated index: 0, Majority replicated index: 0, Committed index: 0, Last appended: 0.0, Last appended by leader: 0, Current term: 0, Majority size: -1, State: 0, Mode: NON_LEADER, active raft config: opid_index: -1 OBSOLETE_local: false peers { permanent_uuid: "f39d52d279694eefb14c8240719200ce" member_type: VOTER last_known_addr { host: "127.8.56.129" port: 37683 } } peers { permanent_uuid: "e6f5e7e33b9d451faad1870e52d940d3" member_type: VOTER last_known_addr { host: "127.8.56.130" port: 44409 } } peers { permanent_uuid: "f9d5a8508ec44145a88c01fd272afd2f" member_type: VOTER last_known_addr { host: "127.8.56.131" port: 36375 } }
I20260710 10:59:41.368595  8747 consensus_queue.cc:260] T 639b41e809f246169941b4a5bed2c605 P f39d52d279694eefb14c8240719200ce [NON_LEADER]: Queue going to NON_LEADER mode. State: All replicated index: 0, Majority replicated index: 0, Committed index: 0, Last appended: 0.0, Last appended by leader: 0, Current term: 0, Majority size: -1, State: 0, Mode: NON_LEADER, active raft config: opid_index: -1 OBSOLETE_local: false peers { permanent_uuid: "f39d52d279694eefb14c8240719200ce" member_type: VOTER last_known_addr { host: "127.8.56.129" port: 37683 } } peers { permanent_uuid: "e6f5e7e33b9d451faad1870e52d940d3" member_type: VOTER last_known_addr { host: "127.8.56.130" port: 44409 } } peers { permanent_uuid: "f9d5a8508ec44145a88c01fd272afd2f" member_type: VOTER last_known_addr { host: "127.8.56.131" port: 36375 } }
I20260710 10:59:41.372136  8747 ts_tablet_manager.cc:1434] T 639b41e809f246169941b4a5bed2c605 P f39d52d279694eefb14c8240719200ce: Time spent starting tablet: real 0.013s	user 0.005s	sys 0.004s
I20260710 10:59:41.373219  8747 tablet_bootstrap.cc:492] T be1bc2536f494bc4ba4afbf26eb1ab7b P f39d52d279694eefb14c8240719200ce: Bootstrap starting.
I20260710 10:59:41.373366  8745 ts_tablet_manager.cc:1434] T 639b41e809f246169941b4a5bed2c605 P f9d5a8508ec44145a88c01fd272afd2f: Time spent starting tablet: real 0.018s	user 0.008s	sys 0.000s
I20260710 10:59:41.374981  8745 tablet_bootstrap.cc:492] T 9d91dbe8157246c190fed5d7a227a3d7 P f9d5a8508ec44145a88c01fd272afd2f: Bootstrap starting.
I20260710 10:59:41.382280  8747 tablet_bootstrap.cc:654] T be1bc2536f494bc4ba4afbf26eb1ab7b P f39d52d279694eefb14c8240719200ce: Neither blocks nor log segments found. Creating new log.
I20260710 10:59:41.386191  8746 tablet_bootstrap.cc:492] T 2c8c8dfb24c84c44ae7bd9bf2283e5f7 P e6f5e7e33b9d451faad1870e52d940d3: No bootstrap required, opened a new log
I20260710 10:59:41.386720  8746 ts_tablet_manager.cc:1403] T 2c8c8dfb24c84c44ae7bd9bf2283e5f7 P e6f5e7e33b9d451faad1870e52d940d3: Time spent bootstrapping tablet: real 0.062s	user 0.017s	sys 0.006s
I20260710 10:59:41.390163  8746 raft_consensus.cc:359] T 2c8c8dfb24c84c44ae7bd9bf2283e5f7 P e6f5e7e33b9d451faad1870e52d940d3 [term 0 FOLLOWER]: Replica starting. Triggering 0 pending ops. Active config: opid_index: -1 OBSOLETE_local: false peers { permanent_uuid: "f39d52d279694eefb14c8240719200ce" member_type: VOTER last_known_addr { host: "127.8.56.129" port: 37683 } } peers { permanent_uuid: "e6f5e7e33b9d451faad1870e52d940d3" member_type: VOTER last_known_addr { host: "127.8.56.130" port: 44409 } } peers { permanent_uuid: "f9d5a8508ec44145a88c01fd272afd2f" member_type: VOTER last_known_addr { host: "127.8.56.131" port: 36375 } }
I20260710 10:59:41.390962  8746 raft_consensus.cc:385] T 2c8c8dfb24c84c44ae7bd9bf2283e5f7 P e6f5e7e33b9d451faad1870e52d940d3 [term 0 FOLLOWER]: Consensus starting up: Expiring failure detector timer to make a prompt election more likely
I20260710 10:59:41.391273  8747 tablet_bootstrap.cc:492] T be1bc2536f494bc4ba4afbf26eb1ab7b P f39d52d279694eefb14c8240719200ce: No bootstrap required, opened a new log
I20260710 10:59:41.391342  8746 raft_consensus.cc:740] T 2c8c8dfb24c84c44ae7bd9bf2283e5f7 P e6f5e7e33b9d451faad1870e52d940d3 [term 0 FOLLOWER]: Becoming Follower/Learner. State: Replica: e6f5e7e33b9d451faad1870e52d940d3, State: Initialized, Role: FOLLOWER
I20260710 10:59:41.383889  8745 tablet_bootstrap.cc:654] T 9d91dbe8157246c190fed5d7a227a3d7 P f9d5a8508ec44145a88c01fd272afd2f: Neither blocks nor log segments found. Creating new log.
I20260710 10:59:41.392223  8746 consensus_queue.cc:260] T 2c8c8dfb24c84c44ae7bd9bf2283e5f7 P e6f5e7e33b9d451faad1870e52d940d3 [NON_LEADER]: Queue going to NON_LEADER mode. State: All replicated index: 0, Majority replicated index: 0, Committed index: 0, Last appended: 0.0, Last appended by leader: 0, Current term: 0, Majority size: -1, State: 0, Mode: NON_LEADER, active raft config: opid_index: -1 OBSOLETE_local: false peers { permanent_uuid: "f39d52d279694eefb14c8240719200ce" member_type: VOTER last_known_addr { host: "127.8.56.129" port: 37683 } } peers { permanent_uuid: "e6f5e7e33b9d451faad1870e52d940d3" member_type: VOTER last_known_addr { host: "127.8.56.130" port: 44409 } } peers { permanent_uuid: "f9d5a8508ec44145a88c01fd272afd2f" member_type: VOTER last_known_addr { host: "127.8.56.131" port: 36375 } }
I20260710 10:59:41.395103  8746 ts_tablet_manager.cc:1434] T 2c8c8dfb24c84c44ae7bd9bf2283e5f7 P e6f5e7e33b9d451faad1870e52d940d3: Time spent starting tablet: real 0.008s	user 0.008s	sys 0.000s
I20260710 10:59:41.396204  8746 tablet_bootstrap.cc:492] T be1bc2536f494bc4ba4afbf26eb1ab7b P e6f5e7e33b9d451faad1870e52d940d3: Bootstrap starting.
I20260710 10:59:41.391860  8747 ts_tablet_manager.cc:1403] T be1bc2536f494bc4ba4afbf26eb1ab7b P f39d52d279694eefb14c8240719200ce: Time spent bootstrapping tablet: real 0.019s	user 0.016s	sys 0.000s
I20260710 10:59:41.400290  8747 raft_consensus.cc:359] T be1bc2536f494bc4ba4afbf26eb1ab7b P f39d52d279694eefb14c8240719200ce [term 0 FOLLOWER]: Replica starting. Triggering 0 pending ops. Active config: opid_index: -1 OBSOLETE_local: false peers { permanent_uuid: "f39d52d279694eefb14c8240719200ce" member_type: VOTER last_known_addr { host: "127.8.56.129" port: 37683 } } peers { permanent_uuid: "e6f5e7e33b9d451faad1870e52d940d3" member_type: VOTER last_known_addr { host: "127.8.56.130" port: 44409 } } peers { permanent_uuid: "f9d5a8508ec44145a88c01fd272afd2f" member_type: VOTER last_known_addr { host: "127.8.56.131" port: 36375 } }
I20260710 10:59:41.401100  8747 raft_consensus.cc:385] T be1bc2536f494bc4ba4afbf26eb1ab7b P f39d52d279694eefb14c8240719200ce [term 0 FOLLOWER]: Consensus starting up: Expiring failure detector timer to make a prompt election more likely
I20260710 10:59:41.402880  8747 raft_consensus.cc:740] T be1bc2536f494bc4ba4afbf26eb1ab7b P f39d52d279694eefb14c8240719200ce [term 0 FOLLOWER]: Becoming Follower/Learner. State: Replica: f39d52d279694eefb14c8240719200ce, State: Initialized, Role: FOLLOWER
I20260710 10:59:41.403923  8746 tablet_bootstrap.cc:654] T be1bc2536f494bc4ba4afbf26eb1ab7b P e6f5e7e33b9d451faad1870e52d940d3: Neither blocks nor log segments found. Creating new log.
I20260710 10:59:41.403659  8747 consensus_queue.cc:260] T be1bc2536f494bc4ba4afbf26eb1ab7b P f39d52d279694eefb14c8240719200ce [NON_LEADER]: Queue going to NON_LEADER mode. State: All replicated index: 0, Majority replicated index: 0, Committed index: 0, Last appended: 0.0, Last appended by leader: 0, Current term: 0, Majority size: -1, State: 0, Mode: NON_LEADER, active raft config: opid_index: -1 OBSOLETE_local: false peers { permanent_uuid: "f39d52d279694eefb14c8240719200ce" member_type: VOTER last_known_addr { host: "127.8.56.129" port: 37683 } } peers { permanent_uuid: "e6f5e7e33b9d451faad1870e52d940d3" member_type: VOTER last_known_addr { host: "127.8.56.130" port: 44409 } } peers { permanent_uuid: "f9d5a8508ec44145a88c01fd272afd2f" member_type: VOTER last_known_addr { host: "127.8.56.131" port: 36375 } }
I20260710 10:59:41.407915  8747 ts_tablet_manager.cc:1434] T be1bc2536f494bc4ba4afbf26eb1ab7b P f39d52d279694eefb14c8240719200ce: Time spent starting tablet: real 0.011s	user 0.007s	sys 0.000s
I20260710 10:59:41.409561  8747 tablet_bootstrap.cc:492] T 8232569732934d918c161690146e4bf5 P f39d52d279694eefb14c8240719200ce: Bootstrap starting.
I20260710 10:59:41.418388  8746 tablet_bootstrap.cc:492] T be1bc2536f494bc4ba4afbf26eb1ab7b P e6f5e7e33b9d451faad1870e52d940d3: No bootstrap required, opened a new log
I20260710 10:59:41.419170  8746 ts_tablet_manager.cc:1403] T be1bc2536f494bc4ba4afbf26eb1ab7b P e6f5e7e33b9d451faad1870e52d940d3: Time spent bootstrapping tablet: real 0.023s	user 0.016s	sys 0.004s
I20260710 10:59:41.422384  8755 raft_consensus.cc:493] T be1bc2536f494bc4ba4afbf26eb1ab7b P f39d52d279694eefb14c8240719200ce [term 0 FOLLOWER]: Starting pre-election (no leader contacted us within the election timeout)
I20260710 10:59:41.422991  8755 raft_consensus.cc:515] T be1bc2536f494bc4ba4afbf26eb1ab7b P f39d52d279694eefb14c8240719200ce [term 0 FOLLOWER]: Starting pre-election with config: opid_index: -1 OBSOLETE_local: false peers { permanent_uuid: "f39d52d279694eefb14c8240719200ce" member_type: VOTER last_known_addr { host: "127.8.56.129" port: 37683 } } peers { permanent_uuid: "e6f5e7e33b9d451faad1870e52d940d3" member_type: VOTER last_known_addr { host: "127.8.56.130" port: 44409 } } peers { permanent_uuid: "f9d5a8508ec44145a88c01fd272afd2f" member_type: VOTER last_known_addr { host: "127.8.56.131" port: 36375 } }
