I20260710 11:11:33.945600 21063 raft_consensus.cc:385] T 4a660114a9e24a968abc211d55ee2e63 P 152fd51e06fc496a82fdd0424fa09435 [term 0 FOLLOWER]: Consensus starting up: Expiring failure detector timer to make a prompt election more likely
I20260710 11:11:33.946053 21063 raft_consensus.cc:740] T 4a660114a9e24a968abc211d55ee2e63 P 152fd51e06fc496a82fdd0424fa09435 [term 0 FOLLOWER]: Becoming Follower/Learner. State: Replica: 152fd51e06fc496a82fdd0424fa09435, State: Initialized, Role: FOLLOWER
I20260710 11:11:33.946756 21068 raft_consensus.cc:493] T 9eb05b59b7ef4931b99c469756323115 P 152fd51e06fc496a82fdd0424fa09435 [term 0 FOLLOWER]: Starting pre-election (no leader contacted us within the election timeout)
I20260710 11:11:33.947340 21068 raft_consensus.cc:515] T 9eb05b59b7ef4931b99c469756323115 P 152fd51e06fc496a82fdd0424fa09435 [term 0 FOLLOWER]: Starting pre-election with config: opid_index: -1 OBSOLETE_local: false peers { permanent_uuid: "827091a257c54946a17d60597f5f205f" member_type: VOTER last_known_addr { host: "127.19.197.1" port: 33537 } } peers { permanent_uuid: "152fd51e06fc496a82fdd0424fa09435" member_type: VOTER last_known_addr { host: "127.19.197.2" port: 39401 } } peers { permanent_uuid: "47e0bd92051e4513b8a6a131d52feaf4" member_type: VOTER last_known_addr { host: "127.19.197.3" port: 38615 } }
I20260710 11:11:33.947237 21063 consensus_queue.cc:260] T 4a660114a9e24a968abc211d55ee2e63 P 152fd51e06fc496a82fdd0424fa09435 [NON_LEADER]: Queue going to NON_LEADER mode. State: All replicated index: 0, Majority replicated index: 0, Committed index: 0, Last appended: 0.0, Last appended by leader: 0, Current term: 0, Majority size: -1, State: 0, Mode: NON_LEADER, active raft config: opid_index: -1 OBSOLETE_local: false peers { permanent_uuid: "827091a257c54946a17d60597f5f205f" member_type: VOTER last_known_addr { host: "127.19.197.1" port: 33537 } } peers { permanent_uuid: "152fd51e06fc496a82fdd0424fa09435" member_type: VOTER last_known_addr { host: "127.19.197.2" port: 39401 } } peers { permanent_uuid: "47e0bd92051e4513b8a6a131d52feaf4" member_type: VOTER last_known_addr { host: "127.19.197.3" port: 38615 } }
I20260710 11:11:33.951932 21059 ts_tablet_manager.cc:1434] T aa8d20459df943dc964092704de8971b P 827091a257c54946a17d60597f5f205f: Time spent starting tablet: real 0.014s	user 0.006s	sys 0.007s
I20260710 11:11:33.953262 21059 tablet_bootstrap.cc:492] T 9eb05b59b7ef4931b99c469756323115 P 827091a257c54946a17d60597f5f205f: Bootstrap starting.
I20260710 11:11:33.953858 21068 leader_election.cc:290] T 9eb05b59b7ef4931b99c469756323115 P 152fd51e06fc496a82fdd0424fa09435 [CANDIDATE]: Term 1 pre-election: Requested pre-vote from peers 827091a257c54946a17d60597f5f205f (127.19.197.1:33537), 47e0bd92051e4513b8a6a131d52feaf4 (127.19.197.3:38615)
I20260710 11:11:33.943747 21064 raft_consensus.cc:515] T 7123b0e6cd274261b23333602fc246fc P 827091a257c54946a17d60597f5f205f [term 0 FOLLOWER]: Starting pre-election with config: opid_index: -1 OBSOLETE_local: false peers { permanent_uuid: "827091a257c54946a17d60597f5f205f" member_type: VOTER last_known_addr { host: "127.19.197.1" port: 33537 } } peers { permanent_uuid: "152fd51e06fc496a82fdd0424fa09435" member_type: VOTER last_known_addr { host: "127.19.197.2" port: 39401 } } peers { permanent_uuid: "47e0bd92051e4513b8a6a131d52feaf4" member_type: VOTER last_known_addr { host: "127.19.197.3" port: 38615 } }
I20260710 11:11:33.955500 21063 ts_tablet_manager.cc:1434] T 4a660114a9e24a968abc211d55ee2e63 P 152fd51e06fc496a82fdd0424fa09435: Time spent starting tablet: real 0.014s	user 0.009s	sys 0.003s
I20260710 11:11:33.956543 21063 tablet_bootstrap.cc:492] T f7af78acb72a4f3cb253b7b71f896c27 P 152fd51e06fc496a82fdd0424fa09435: Bootstrap starting.
I20260710 11:11:33.960036 21059 tablet_bootstrap.cc:654] T 9eb05b59b7ef4931b99c469756323115 P 827091a257c54946a17d60597f5f205f: Neither blocks nor log segments found. Creating new log.
I20260710 11:11:33.962698 21064 leader_election.cc:290] T 7123b0e6cd274261b23333602fc246fc P 827091a257c54946a17d60597f5f205f [CANDIDATE]: Term 1 pre-election: Requested pre-vote from peers 152fd51e06fc496a82fdd0424fa09435 (127.19.197.2:39401), 47e0bd92051e4513b8a6a131d52feaf4 (127.19.197.3:38615)
I20260710 11:11:33.963835 21063 tablet_bootstrap.cc:654] T f7af78acb72a4f3cb253b7b71f896c27 P 152fd51e06fc496a82fdd0424fa09435: Neither blocks nor log segments found. Creating new log.
I20260710 11:11:33.973915 21059 tablet_bootstrap.cc:492] T 9eb05b59b7ef4931b99c469756323115 P 827091a257c54946a17d60597f5f205f: No bootstrap required, opened a new log
I20260710 11:11:33.974525 21059 ts_tablet_manager.cc:1403] T 9eb05b59b7ef4931b99c469756323115 P 827091a257c54946a17d60597f5f205f: Time spent bootstrapping tablet: real 0.022s	user 0.010s	sys 0.007s
I20260710 11:11:33.976754 21063 tablet_bootstrap.cc:492] T f7af78acb72a4f3cb253b7b71f896c27 P 152fd51e06fc496a82fdd0424fa09435: No bootstrap required, opened a new log
I20260710 11:11:33.977232 21063 ts_tablet_manager.cc:1403] T f7af78acb72a4f3cb253b7b71f896c27 P 152fd51e06fc496a82fdd0424fa09435: Time spent bootstrapping tablet: real 0.021s	user 0.007s	sys 0.011s
I20260710 11:11:33.977566 21059 raft_consensus.cc:359] T 9eb05b59b7ef4931b99c469756323115 P 827091a257c54946a17d60597f5f205f [term 0 FOLLOWER]: Replica starting. Triggering 0 pending ops. Active config: opid_index: -1 OBSOLETE_local: false peers { permanent_uuid: "827091a257c54946a17d60597f5f205f" member_type: VOTER last_known_addr { host: "127.19.197.1" port: 33537 } } peers { permanent_uuid: "152fd51e06fc496a82fdd0424fa09435" member_type: VOTER last_known_addr { host: "127.19.197.2" port: 39401 } } peers { permanent_uuid: "47e0bd92051e4513b8a6a131d52feaf4" member_type: VOTER last_known_addr { host: "127.19.197.3" port: 38615 } }
I20260710 11:11:33.978310 21059 raft_consensus.cc:385] T 9eb05b59b7ef4931b99c469756323115 P 827091a257c54946a17d60597f5f205f [term 0 FOLLOWER]: Consensus starting up: Expiring failure detector timer to make a prompt election more likely
I20260710 11:11:33.978623 21059 raft_consensus.cc:740] T 9eb05b59b7ef4931b99c469756323115 P 827091a257c54946a17d60597f5f205f [term 0 FOLLOWER]: Becoming Follower/Learner. State: Replica: 827091a257c54946a17d60597f5f205f, State: Initialized, Role: FOLLOWER
I20260710 11:11:33.979326 21059 consensus_queue.cc:260] T 9eb05b59b7ef4931b99c469756323115 P 827091a257c54946a17d60597f5f205f [NON_LEADER]: Queue going to NON_LEADER mode. State: All replicated index: 0, Majority replicated index: 0, Committed index: 0, Last appended: 0.0, Last appended by leader: 0, Current term: 0, Majority size: -1, State: 0, Mode: NON_LEADER, active raft config: opid_index: -1 OBSOLETE_local: false peers { permanent_uuid: "827091a257c54946a17d60597f5f205f" member_type: VOTER last_known_addr { host: "127.19.197.1" port: 33537 } } peers { permanent_uuid: "152fd51e06fc496a82fdd0424fa09435" member_type: VOTER last_known_addr { host: "127.19.197.2" port: 39401 } } peers { permanent_uuid: "47e0bd92051e4513b8a6a131d52feaf4" member_type: VOTER last_known_addr { host: "127.19.197.3" port: 38615 } }
I20260710 11:11:33.981035 21064 raft_consensus.cc:493] T f7af78acb72a4f3cb253b7b71f896c27 P 827091a257c54946a17d60597f5f205f [term 0 FOLLOWER]: Starting pre-election (no leader contacted us within the election timeout)
I20260710 11:11:33.981487 21064 raft_consensus.cc:515] T f7af78acb72a4f3cb253b7b71f896c27 P 827091a257c54946a17d60597f5f205f [term 0 FOLLOWER]: Starting pre-election with config: opid_index: -1 OBSOLETE_local: false peers { permanent_uuid: "827091a257c54946a17d60597f5f205f" member_type: VOTER last_known_addr { host: "127.19.197.1" port: 33537 } } peers { permanent_uuid: "152fd51e06fc496a82fdd0424fa09435" member_type: VOTER last_known_addr { host: "127.19.197.2" port: 39401 } } peers { permanent_uuid: "47e0bd92051e4513b8a6a131d52feaf4" member_type: VOTER last_known_addr { host: "127.19.197.3" port: 38615 } }
I20260710 11:11:33.982039 21059 ts_tablet_manager.cc:1434] T 9eb05b59b7ef4931b99c469756323115 P 827091a257c54946a17d60597f5f205f: Time spent starting tablet: real 0.007s	user 0.007s	sys 0.001s
I20260710 11:11:33.983049 21059 tablet_bootstrap.cc:492] T c40d95b0d1014b3f8ead5b2de73f8667 P 827091a257c54946a17d60597f5f205f: Bootstrap starting.
I20260710 11:11:33.983680 21064 leader_election.cc:290] T f7af78acb72a4f3cb253b7b71f896c27 P 827091a257c54946a17d60597f5f205f [CANDIDATE]: Term 1 pre-election: Requested pre-vote from peers 152fd51e06fc496a82fdd0424fa09435 (127.19.197.2:39401), 47e0bd92051e4513b8a6a131d52feaf4 (127.19.197.3:38615)
I20260710 11:11:33.980144 21063 raft_consensus.cc:359] T f7af78acb72a4f3cb253b7b71f896c27 P 152fd51e06fc496a82fdd0424fa09435 [term 0 FOLLOWER]: Replica starting. Triggering 0 pending ops. Active config: opid_index: -1 OBSOLETE_local: false peers { permanent_uuid: "827091a257c54946a17d60597f5f205f" member_type: VOTER last_known_addr { host: "127.19.197.1" port: 33537 } } peers { permanent_uuid: "152fd51e06fc496a82fdd0424fa09435" member_type: VOTER last_known_addr { host: "127.19.197.2" port: 39401 } } peers { permanent_uuid: "47e0bd92051e4513b8a6a131d52feaf4" member_type: VOTER last_known_addr { host: "127.19.197.3" port: 38615 } }
I20260710 11:11:33.984335 21063 raft_consensus.cc:385] T f7af78acb72a4f3cb253b7b71f896c27 P 152fd51e06fc496a82fdd0424fa09435 [term 0 FOLLOWER]: Consensus starting up: Expiring failure detector timer to make a prompt election more likely
I20260710 11:11:33.984627 21063 raft_consensus.cc:740] T f7af78acb72a4f3cb253b7b71f896c27 P 152fd51e06fc496a82fdd0424fa09435 [term 0 FOLLOWER]: Becoming Follower/Learner. State: Replica: 152fd51e06fc496a82fdd0424fa09435, State: Initialized, Role: FOLLOWER
I20260710 11:11:33.985337 21063 consensus_queue.cc:260] T f7af78acb72a4f3cb253b7b71f896c27 P 152fd51e06fc496a82fdd0424fa09435 [NON_LEADER]: Queue going to NON_LEADER mode. State: All replicated index: 0, Majority replicated index: 0, Committed index: 0, Last appended: 0.0, Last appended by leader: 0, Current term: 0, Majority size: -1, State: 0, Mode: NON_LEADER, active raft config: opid_index: -1 OBSOLETE_local: false peers { permanent_uuid: "827091a257c54946a17d60597f5f205f" member_type: VOTER last_known_addr { host: "127.19.197.1" port: 33537 } } peers { permanent_uuid: "152fd51e06fc496a82fdd0424fa09435" member_type: VOTER last_known_addr { host: "127.19.197.2" port: 39401 } } peers { permanent_uuid: "47e0bd92051e4513b8a6a131d52feaf4" member_type: VOTER last_known_addr { host: "127.19.197.3" port: 38615 } }
I20260710 11:11:33.987594 21063 ts_tablet_manager.cc:1434] T f7af78acb72a4f3cb253b7b71f896c27 P 152fd51e06fc496a82fdd0424fa09435: Time spent starting tablet: real 0.010s	user 0.005s	sys 0.000s
I20260710 11:11:33.988494 21063 tablet_bootstrap.cc:492] T 1244b0603a914586a88b21e36fbd6997 P 152fd51e06fc496a82fdd0424fa09435: Bootstrap starting.
I20260710 11:11:33.989342 21059 tablet_bootstrap.cc:654] T c40d95b0d1014b3f8ead5b2de73f8667 P 827091a257c54946a17d60597f5f205f: Neither blocks nor log segments found. Creating new log.
I20260710 11:11:33.995478 21063 tablet_bootstrap.cc:654] T 1244b0603a914586a88b21e36fbd6997 P 152fd51e06fc496a82fdd0424fa09435: Neither blocks nor log segments found. Creating new log.
I20260710 11:11:34.004055 21059 tablet_bootstrap.cc:492] T c40d95b0d1014b3f8ead5b2de73f8667 P 827091a257c54946a17d60597f5f205f: No bootstrap required, opened a new log
I20260710 11:11:34.004753 21059 ts_tablet_manager.cc:1403] T c40d95b0d1014b3f8ead5b2de73f8667 P 827091a257c54946a17d60597f5f205f: Time spent bootstrapping tablet: real 0.022s	user 0.010s	sys 0.008s
I20260710 11:11:34.008751 21059 raft_consensus.cc:359] T c40d95b0d1014b3f8ead5b2de73f8667 P 827091a257c54946a17d60597f5f205f [term 0 FOLLOWER]: Replica starting. Triggering 0 pending ops. Active config: opid_index: -1 OBSOLETE_local: false peers { permanent_uuid: "827091a257c54946a17d60597f5f205f" member_type: VOTER last_known_addr { host: "127.19.197.1" port: 33537 } } peers { permanent_uuid: "152fd51e06fc496a82fdd0424fa09435" member_type: VOTER last_known_addr { host: "127.19.197.2" port: 39401 } } peers { permanent_uuid: "47e0bd92051e4513b8a6a131d52feaf4" member_type: VOTER last_known_addr { host: "127.19.197.3" port: 38615 } }
I20260710 11:11:34.009752 21059 raft_consensus.cc:385] T c40d95b0d1014b3f8ead5b2de73f8667 P 827091a257c54946a17d60597f5f205f [term 0 FOLLOWER]: Consensus starting up: Expiring failure detector timer to make a prompt election more likely
I20260710 11:11:34.010130 21059 raft_consensus.cc:740] T c40d95b0d1014b3f8ead5b2de73f8667 P 827091a257c54946a17d60597f5f205f [term 0 FOLLOWER]: Becoming Follower/Learner. State: Replica: 827091a257c54946a17d60597f5f205f, State: Initialized, Role: FOLLOWER
I20260710 11:11:34.011055 21059 consensus_queue.cc:260] T c40d95b0d1014b3f8ead5b2de73f8667 P 827091a257c54946a17d60597f5f205f [NON_LEADER]: Queue going to NON_LEADER mode. State: All replicated index: 0, Majority replicated index: 0, Committed index: 0, Last appended: 0.0, Last appended by leader: 0, Current term: 0, Majority size: -1, State: 0, Mode: NON_LEADER, active raft config: opid_index: -1 OBSOLETE_local: false peers { permanent_uuid: "827091a257c54946a17d60597f5f205f" member_type: VOTER last_known_addr { host: "127.19.197.1" port: 33537 } } peers { permanent_uuid: "152fd51e06fc496a82fdd0424fa09435" member_type: VOTER last_known_addr { host: "127.19.197.2" port: 39401 } } peers { permanent_uuid: "47e0bd92051e4513b8a6a131d52feaf4" member_type: VOTER last_known_addr { host: "127.19.197.3" port: 38615 } }
I20260710 11:11:34.014619 21059 ts_tablet_manager.cc:1434] T c40d95b0d1014b3f8ead5b2de73f8667 P 827091a257c54946a17d60597f5f205f: Time spent starting tablet: real 0.009s	user 0.007s	sys 0.001s
I20260710 11:11:34.016026 21059 tablet_bootstrap.cc:492] T 1244b0603a914586a88b21e36fbd6997 P 827091a257c54946a17d60597f5f205f: Bootstrap starting.
I20260710 11:11:34.024736 21059 tablet_bootstrap.cc:654] T 1244b0603a914586a88b21e36fbd6997 P 827091a257c54946a17d60597f5f205f: Neither blocks nor log segments found. Creating new log.
I20260710 11:11:34.038161 21059 tablet_bootstrap.cc:492] T 1244b0603a914586a88b21e36fbd6997 P 827091a257c54946a17d60597f5f205f: No bootstrap required, opened a new log
I20260710 11:11:34.038779 21059 ts_tablet_manager.cc:1403] T 1244b0603a914586a88b21e36fbd6997 P 827091a257c54946a17d60597f5f205f: Time spent bootstrapping tablet: real 0.023s	user 0.003s	sys 0.016s
I20260710 11:11:34.042162 21059 raft_consensus.cc:359] T 1244b0603a914586a88b21e36fbd6997 P 827091a257c54946a17d60597f5f205f [term 0 FOLLOWER]: Replica starting. Triggering 0 pending ops. Active config: opid_index: -1 OBSOLETE_local: false peers { permanent_uuid: "827091a257c54946a17d60597f5f205f" member_type: VOTER last_known_addr { host: "127.19.197.1" port: 33537 } } peers { permanent_uuid: "152fd51e06fc496a82fdd0424fa09435" member_type: VOTER last_known_addr { host: "127.19.197.2" port: 39401 } } peers { permanent_uuid: "47e0bd92051e4513b8a6a131d52feaf4" member_type: VOTER last_known_addr { host: "127.19.197.3" port: 38615 } }
I20260710 11:11:34.043081 21059 raft_consensus.cc:385] T 1244b0603a914586a88b21e36fbd6997 P 827091a257c54946a17d60597f5f205f [term 0 FOLLOWER]: Consensus starting up: Expiring failure detector timer to make a prompt election more likely
I20260710 11:11:34.043416 21059 raft_consensus.cc:740] T 1244b0603a914586a88b21e36fbd6997 P 827091a257c54946a17d60597f5f205f [term 0 FOLLOWER]: Becoming Follower/Learner. State: Replica: 827091a257c54946a17d60597f5f205f, State: Initialized, Role: FOLLOWER
I20260710 11:11:34.044257 21059 consensus_queue.cc:260] T 1244b0603a914586a88b21e36fbd6997 P 827091a257c54946a17d60597f5f205f [NON_LEADER]: Queue going to NON_LEADER mode. State: All replicated index: 0, Majority replicated index: 0, Committed index: 0, Last appended: 0.0, Last appended by leader: 0, Current term: 0, Majority size: -1, State: 0, Mode: NON_LEADER, active raft config: opid_index: -1 OBSOLETE_local: false peers { permanent_uuid: "827091a257c54946a17d60597f5f205f" member_type: VOTER last_known_addr { host: "127.19.197.1" port: 33537 } } peers { permanent_uuid: "152fd51e06fc496a82fdd0424fa09435" member_type: VOTER last_known_addr { host: "127.19.197.2" port: 39401 } } peers { permanent_uuid: "47e0bd92051e4513b8a6a131d52feaf4" member_type: VOTER last_known_addr { host: "127.19.197.3" port: 38615 } }
I20260710 11:11:34.047326 21059 ts_tablet_manager.cc:1434] T 1244b0603a914586a88b21e36fbd6997 P 827091a257c54946a17d60597f5f205f: Time spent starting tablet: real 0.008s	user 0.005s	sys 0.005s
I20260710 11:11:34.048599 21059 tablet_bootstrap.cc:492] T 749635aef4ef4bd584404ee97ba681d0 P 827091a257c54946a17d60597f5f205f: Bootstrap starting.
I20260710 11:11:34.056818 21059 tablet_bootstrap.cc:654] T 749635aef4ef4bd584404ee97ba681d0 P 827091a257c54946a17d60597f5f205f: Neither blocks nor log segments found. Creating new log.
I20260710 11:11:34.068485 21064 raft_consensus.cc:493] T 3ebbf800063642c59fc7bbf7d07acbff P 827091a257c54946a17d60597f5f205f [term 0 FOLLOWER]: Starting pre-election (no leader contacted us within the election timeout)
I20260710 11:11:34.069254 21059 tablet_bootstrap.cc:492] T 749635aef4ef4bd584404ee97ba681d0 P 827091a257c54946a17d60597f5f205f: No bootstrap required, opened a new log
I20260710 11:11:34.069110 21064 raft_consensus.cc:515] T 3ebbf800063642c59fc7bbf7d07acbff P 827091a257c54946a17d60597f5f205f [term 0 FOLLOWER]: Starting pre-election with config: opid_index: -1 OBSOLETE_local: false peers { permanent_uuid: "827091a257c54946a17d60597f5f205f" member_type: VOTER last_known_addr { host: "127.19.197.1" port: 33537 } } peers { permanent_uuid: "47e0bd92051e4513b8a6a131d52feaf4" member_type: VOTER last_known_addr { host: "127.19.197.3" port: 38615 } } peers { permanent_uuid: "152fd51e06fc496a82fdd0424fa09435" member_type: VOTER last_known_addr { host: "127.19.197.2" port: 39401 } }
W20260710 11:11:34.070516 20815 auto_rebalancer.cc:288] Could not retrieve cluster info: Service unavailable: Tablet not running
I20260710 11:11:34.070541 21059 ts_tablet_manager.cc:1403] T 749635aef4ef4bd584404ee97ba681d0 P 827091a257c54946a17d60597f5f205f: Time spent bootstrapping tablet: real 0.022s	user 0.013s	sys 0.006s
I20260710 11:11:34.071332 21064 leader_election.cc:290] T 3ebbf800063642c59fc7bbf7d07acbff P 827091a257c54946a17d60597f5f205f [CANDIDATE]: Term 1 pre-election: Requested pre-vote from peers 47e0bd92051e4513b8a6a131d52feaf4 (127.19.197.3:38615), 152fd51e06fc496a82fdd0424fa09435 (127.19.197.2:39401)
I20260710 11:11:34.073372 20869 tablet_service.cc:1917] Received RequestConsensusVote() RPC: tablet_id: "c40d95b0d1014b3f8ead5b2de73f8667" candidate_uuid: "47e0bd92051e4513b8a6a131d52feaf4" candidate_term: 1 candidate_status { last_received { term: 0 index: 0 } } ignore_live_leader: false dest_uuid: "827091a257c54946a17d60597f5f205f" is_pre_election: true
I20260710 11:11:34.073966 20869 raft_consensus.cc:2468] T c40d95b0d1014b3f8ead5b2de73f8667 P 827091a257c54946a17d60597f5f205f [term 0 FOLLOWER]: Leader pre-election vote request: Granting yes vote for candidate 47e0bd92051e4513b8a6a131d52feaf4 in term 0.
I20260710 11:11:34.073827 21059 raft_consensus.cc:359] T 749635aef4ef4bd584404ee97ba681d0 P 827091a257c54946a17d60597f5f205f [term 0 FOLLOWER]: Replica starting. Triggering 0 pending ops. Active config: opid_index: -1 OBSOLETE_local: false peers { permanent_uuid: "827091a257c54946a17d60597f5f205f" member_type: VOTER last_known_addr { host: "127.19.197.1" port: 33537 } } peers { permanent_uuid: "152fd51e06fc496a82fdd0424fa09435" member_type: VOTER last_known_addr { host: "127.19.197.2" port: 39401 } } peers { permanent_uuid: "47e0bd92051e4513b8a6a131d52feaf4" member_type: VOTER last_known_addr { host: "127.19.197.3" port: 38615 } }
I20260710 11:11:34.074535 21059 raft_consensus.cc:385] T 749635aef4ef4bd584404ee97ba681d0 P 827091a257c54946a17d60597f5f205f [term 0 FOLLOWER]: Consensus starting up: Expiring failure detector timer to make a prompt election more likely
I20260710 11:11:34.074815 21059 raft_consensus.cc:740] T 749635aef4ef4bd584404ee97ba681d0 P 827091a257c54946a17d60597f5f205f [term 0 FOLLOWER]: Becoming Follower/Learner. State: Replica: 827091a257c54946a17d60597f5f205f, State: Initialized, Role: FOLLOWER
I20260710 11:11:34.075397 21059 consensus_queue.cc:260] T 749635aef4ef4bd584404ee97ba681d0 P 827091a257c54946a17d60597f5f205f [NON_LEADER]: Queue going to NON_LEADER mode. State: All replicated index: 0, Majority replicated index: 0, Committed index: 0, Last appended: 0.0, Last appended by leader: 0, Current term: 0, Majority size: -1, State: 0, Mode: NON_LEADER, active raft config: opid_index: -1 OBSOLETE_local: false peers { permanent_uuid: "827091a257c54946a17d60597f5f205f" member_type: VOTER last_known_addr { host: "127.19.197.1" port: 33537 } } peers { permanent_uuid: "152fd51e06fc496a82fdd0424fa09435" member_type: VOTER last_known_addr { host: "127.19.197.2" port: 39401 } } peers { permanent_uuid: "47e0bd92051e4513b8a6a131d52feaf4" member_type: VOTER last_known_addr { host: "127.19.197.3" port: 38615 } }
I20260710 11:11:34.077000 20981 leader_election.cc:304] T c40d95b0d1014b3f8ead5b2de73f8667 P 47e0bd92051e4513b8a6a131d52feaf4 [CANDIDATE]: Term 1 pre-election: Election decided. Result: candidate won. Election summary: received 2 responses out of 3 voters: 2 yes votes; 0 no votes. yes voters: 47e0bd92051e4513b8a6a131d52feaf4, 827091a257c54946a17d60597f5f205f; no voters: 
I20260710 11:11:34.077622 21059 ts_tablet_manager.cc:1434] T 749635aef4ef4bd584404ee97ba681d0 P 827091a257c54946a17d60597f5f205f: Time spent starting tablet: real 0.007s	user 0.006s	sys 0.000s
I20260710 11:11:34.077812 21062 raft_consensus.cc:2804] T c40d95b0d1014b3f8ead5b2de73f8667 P 47e0bd92051e4513b8a6a131d52feaf4 [term 0 FOLLOWER]: Leader pre-election won for term 1
I20260710 11:11:34.078281 21062 raft_consensus.cc:493] T c40d95b0d1014b3f8ead5b2de73f8667 P 47e0bd92051e4513b8a6a131d52feaf4 [term 0 FOLLOWER]: Starting leader election (no leader contacted us within the election timeout)
I20260710 11:11:34.078482 21059 tablet_bootstrap.cc:492] T 23d57d01a1fe463dba7baa51af08838e P 827091a257c54946a17d60597f5f205f: Bootstrap starting.
I20260710 11:11:34.078722 21062 raft_consensus.cc:3060] T c40d95b0d1014b3f8ead5b2de73f8667 P 47e0bd92051e4513b8a6a131d52feaf4 [term 0 FOLLOWER]: Advancing to term 1
I20260710 11:11:34.086665 21059 tablet_bootstrap.cc:654] T 23d57d01a1fe463dba7baa51af08838e P 827091a257c54946a17d60597f5f205f: Neither blocks nor log segments found. Creating new log.
I20260710 11:11:34.102710 21068 raft_consensus.cc:493] T 7123b0e6cd274261b23333602fc246fc P 152fd51e06fc496a82fdd0424fa09435 [term 0 FOLLOWER]: Starting pre-election (no leader contacted us within the election timeout)
I20260710 11:11:34.103432 21068 raft_consensus.cc:515] T 7123b0e6cd274261b23333602fc246fc P 152fd51e06fc496a82fdd0424fa09435 [term 0 FOLLOWER]: Starting pre-election with config: opid_index: -1 OBSOLETE_local: false peers { permanent_uuid: "827091a257c54946a17d60597f5f205f" member_type: VOTER last_known_addr { host: "127.19.197.1" port: 33537 } } peers { permanent_uuid: "152fd51e06fc496a82fdd0424fa09435" member_type: VOTER last_known_addr { host: "127.19.197.2" port: 39401 } } peers { permanent_uuid: "47e0bd92051e4513b8a6a131d52feaf4" member_type: VOTER last_known_addr { host: "127.19.197.3" port: 38615 } }
I20260710 11:11:34.106086 21068 leader_election.cc:290] T 7123b0e6cd274261b23333602fc246fc P 152fd51e06fc496a82fdd0424fa09435 [CANDIDATE]: Term 1 pre-election: Requested pre-vote from peers 827091a257c54946a17d60597f5f205f (127.19.197.1:33537), 47e0bd92051e4513b8a6a131d52feaf4 (127.19.197.3:38615)
I20260710 11:11:34.121021 21064 raft_consensus.cc:493] T 1244b0603a914586a88b21e36fbd6997 P 827091a257c54946a17d60597f5f205f [term 0 FOLLOWER]: Starting pre-election (no leader contacted us within the election timeout)
I20260710 11:11:34.121722 21064 raft_consensus.cc:515] T 1244b0603a914586a88b21e36fbd6997 P 827091a257c54946a17d60597f5f205f [term 0 FOLLOWER]: Starting pre-election with config: opid_index: -1 OBSOLETE_local: false peers { permanent_uuid: "827091a257c54946a17d60597f5f205f" member_type: VOTER last_known_addr { host: "127.19.197.1" port: 33537 } } peers { permanent_uuid: "152fd51e06fc496a82fdd0424fa09435" member_type: VOTER last_known_addr { host: "127.19.197.2" port: 39401 } } peers { permanent_uuid: "47e0bd92051e4513b8a6a131d52feaf4" member_type: VOTER last_known_addr { host: "127.19.197.3" port: 38615 } }
I20260710 11:11:34.124589 21064 leader_election.cc:290] T 1244b0603a914586a88b21e36fbd6997 P 827091a257c54946a17d60597f5f205f [CANDIDATE]: Term 1 pre-election: Requested pre-vote from peers 152fd51e06fc496a82fdd0424fa09435 (127.19.197.2:39401), 47e0bd92051e4513b8a6a131d52feaf4 (127.19.197.3:38615)
I20260710 11:11:34.136688 20944 tablet_service.cc:1917] Received RequestConsensusVote() RPC: tablet_id: "c40d95b0d1014b3f8ead5b2de73f8667" candidate_uuid: "47e0bd92051e4513b8a6a131d52feaf4" candidate_term: 1 candidate_status { last_received { term: 0 index: 0 } } ignore_live_leader: false dest_uuid: "152fd51e06fc496a82fdd0424fa09435" is_pre_election: true
I20260710 11:11:34.137658 20944 raft_consensus.cc:2468] T c40d95b0d1014b3f8ead5b2de73f8667 P 152fd51e06fc496a82fdd0424fa09435 [term 0 FOLLOWER]: Leader pre-election vote request: Granting yes vote for candidate 47e0bd92051e4513b8a6a131d52feaf4 in term 0.
I20260710 11:11:34.154253 21068 raft_consensus.cc:493] T 3ebbf800063642c59fc7bbf7d07acbff P 152fd51e06fc496a82fdd0424fa09435 [term 0 FOLLOWER]: Starting pre-election (no leader contacted us within the election timeout)
I20260710 11:11:34.154883 21068 raft_consensus.cc:515] T 3ebbf800063642c59fc7bbf7d07acbff P 152fd51e06fc496a82fdd0424fa09435 [term 0 FOLLOWER]: Starting pre-election with config: opid_index: -1 OBSOLETE_local: false peers { permanent_uuid: "827091a257c54946a17d60597f5f205f" member_type: VOTER last_known_addr { host: "127.19.197.1" port: 33537 } } peers { permanent_uuid: "47e0bd92051e4513b8a6a131d52feaf4" member_type: VOTER last_known_addr { host: "127.19.197.3" port: 38615 } } peers { permanent_uuid: "152fd51e06fc496a82fdd0424fa09435" member_type: VOTER last_known_addr { host: "127.19.197.2" port: 39401 } }
I20260710 11:11:34.157451 21068 leader_election.cc:290] T 3ebbf800063642c59fc7bbf7d07acbff P 152fd51e06fc496a82fdd0424fa09435 [CANDIDATE]: Term 1 pre-election: Requested pre-vote from peers 827091a257c54946a17d60597f5f205f (127.19.197.1:33537), 47e0bd92051e4513b8a6a131d52feaf4 (127.19.197.3:38615)
I20260710 11:11:34.158603 21064 raft_consensus.cc:493] T 9eb05b59b7ef4931b99c469756323115 P 827091a257c54946a17d60597f5f205f [term 0 FOLLOWER]: Starting pre-election (no leader contacted us within the election timeout)
I20260710 11:11:34.159240 21064 raft_consensus.cc:515] T 9eb05b59b7ef4931b99c469756323115 P 827091a257c54946a17d60597f5f205f [term 0 FOLLOWER]: Starting pre-election with config: opid_index: -1 OBSOLETE_local: false peers { permanent_uuid: "827091a257c54946a17d60597f5f205f" member_type: VOTER last_known_addr { host: "127.19.197.1" port: 33537 } } peers { permanent_uuid: "152fd51e06fc496a82fdd0424fa09435" member_type: VOTER last_known_addr { host: "127.19.197.2" port: 39401 } } peers { permanent_uuid: "47e0bd92051e4513b8a6a131d52feaf4" member_type: VOTER last_known_addr { host: "127.19.197.3" port: 38615 } }
I20260710 11:11:34.162308 21064 leader_election.cc:290] T 9eb05b59b7ef4931b99c469756323115 P 827091a257c54946a17d60597f5f205f [CANDIDATE]: Term 1 pre-election: Requested pre-vote from peers 152fd51e06fc496a82fdd0424fa09435 (127.19.197.2:39401), 47e0bd92051e4513b8a6a131d52feaf4 (127.19.197.3:38615)
I20260710 11:11:34.176877 21062 raft_consensus.cc:515] T c40d95b0d1014b3f8ead5b2de73f8667 P 47e0bd92051e4513b8a6a131d52feaf4 [term 1 FOLLOWER]: Starting leader election with config: opid_index: -1 OBSOLETE_local: false peers { permanent_uuid: "827091a257c54946a17d60597f5f205f" member_type: VOTER last_known_addr { host: "127.19.197.1" port: 33537 } } peers { permanent_uuid: "152fd51e06fc496a82fdd0424fa09435" member_type: VOTER last_known_addr { host: "127.19.197.2" port: 39401 } } peers { permanent_uuid: "47e0bd92051e4513b8a6a131d52feaf4" member_type: VOTER last_known_addr { host: "127.19.197.3" port: 38615 } }
I20260710 11:11:34.180778 20869 tablet_service.cc:1917] Received RequestConsensusVote() RPC: tablet_id: "c40d95b0d1014b3f8ead5b2de73f8667" candidate_uuid: "47e0bd92051e4513b8a6a131d52feaf4" candidate_term: 1 candidate_status { last_received { term: 0 index: 0 } } ignore_live_leader: false dest_uuid: "827091a257c54946a17d60597f5f205f"
I20260710 11:11:34.181558 20869 raft_consensus.cc:3060] T c40d95b0d1014b3f8ead5b2de73f8667 P 827091a257c54946a17d60597f5f205f [term 0 FOLLOWER]: Advancing to term 1
I20260710 11:11:34.191305 20869 raft_consensus.cc:2468] T c40d95b0d1014b3f8ead5b2de73f8667 P 827091a257c54946a17d60597f5f205f [term 1 FOLLOWER]: Leader election vote request: Granting yes vote for candidate 47e0bd92051e4513b8a6a131d52feaf4 in term 1.
I20260710 11:11:34.193076 20981 leader_election.cc:304] T c40d95b0d1014b3f8ead5b2de73f8667 P 47e0bd92051e4513b8a6a131d52feaf4 [CANDIDATE]: Term 1 election: Election decided. Result: candidate won. Election summary: received 2 responses out of 3 voters: 2 yes votes; 0 no votes. yes voters: 47e0bd92051e4513b8a6a131d52feaf4, 827091a257c54946a17d60597f5f205f; no voters: 
I20260710 11:11:34.219799 21064 raft_consensus.cc:493] T 4a660114a9e24a968abc211d55ee2e63 P 827091a257c54946a17d60597f5f205f [term 0 FOLLOWER]: Starting pre-election (no leader contacted us within the election timeout)
I20260710 11:11:34.220571 21064 raft_consensus.cc:515] T 4a660114a9e24a968abc211d55ee2e63 P 827091a257c54946a17d60597f5f205f [term 0 FOLLOWER]: Starting pre-election with config: opid_index: -1 OBSOLETE_local: false peers { permanent_uuid: "827091a257c54946a17d60597f5f205f" member_type: VOTER last_known_addr { host: "127.19.197.1" port: 33537 } } peers { permanent_uuid: "152fd51e06fc496a82fdd0424fa09435" member_type: VOTER last_known_addr { host: "127.19.197.2" port: 39401 } } peers { permanent_uuid: "47e0bd92051e4513b8a6a131d52feaf4" member_type: VOTER last_known_addr { host: "127.19.197.3" port: 38615 } }
I20260710 11:11:34.224434 21064 leader_election.cc:290] T 4a660114a9e24a968abc211d55ee2e63 P 827091a257c54946a17d60597f5f205f [CANDIDATE]: Term 1 pre-election: Requested pre-vote from peers 152fd51e06fc496a82fdd0424fa09435 (127.19.197.2:39401), 47e0bd92051e4513b8a6a131d52feaf4 (127.19.197.3:38615)
I20260710 11:11:34.224776 21018 tablet_service.cc:1917] Received RequestConsensusVote() RPC: tablet_id: "7123b0e6cd274261b23333602fc246fc" candidate_uuid: "827091a257c54946a17d60597f5f205f" candidate_term: 1 candidate_status { last_received { term: 0 index: 0 } } ignore_live_leader: false dest_uuid: "47e0bd92051e4513b8a6a131d52feaf4" is_pre_election: true
I20260710 11:11:34.226261 21017 tablet_service.cc:1917] Received RequestConsensusVote() RPC: tablet_id: "f7af78acb72a4f3cb253b7b71f896c27" candidate_uuid: "827091a257c54946a17d60597f5f205f" candidate_term: 1 candidate_status { last_received { term: 0 index: 0 } } ignore_live_leader: false dest_uuid: "47e0bd92051e4513b8a6a131d52feaf4" is_pre_election: true
W20260710 11:11:34.226799 20832 leader_election.cc:343] T 7123b0e6cd274261b23333602fc246fc P 827091a257c54946a17d60597f5f205f [CANDIDATE]: Term 1 pre-election: Tablet error from VoteRequest() call to peer 47e0bd92051e4513b8a6a131d52feaf4 (127.19.197.3:38615): Illegal state: must be running to vote when last-logged opid is not known
I20260710 11:11:34.227455 21016 tablet_service.cc:1917] Received RequestConsensusVote() RPC: tablet_id: "3ebbf800063642c59fc7bbf7d07acbff" candidate_uuid: "827091a257c54946a17d60597f5f205f" candidate_term: 1 candidate_status { last_received { term: 0 index: 0 } } ignore_live_leader: false dest_uuid: "47e0bd92051e4513b8a6a131d52feaf4" is_pre_election: true
I20260710 11:11:34.227665 21018 tablet_service.cc:1917] Received RequestConsensusVote() RPC: tablet_id: "4a660114a9e24a968abc211d55ee2e63" candidate_uuid: "827091a257c54946a17d60597f5f205f" candidate_term: 1 candidate_status { last_received { term: 0 index: 0 } } ignore_live_leader: false dest_uuid: "47e0bd92051e4513b8a6a131d52feaf4" is_pre_election: true
I20260710 11:11:34.228741 21015 tablet_service.cc:1917] Received RequestConsensusVote() RPC: tablet_id: "1244b0603a914586a88b21e36fbd6997" candidate_uuid: "827091a257c54946a17d60597f5f205f" candidate_term: 1 candidate_status { last_received { term: 0 index: 0 } } ignore_live_leader: false dest_uuid: "47e0bd92051e4513b8a6a131d52feaf4" is_pre_election: true
I20260710 11:11:34.230010 21014 tablet_service.cc:1917] Received RequestConsensusVote() RPC: tablet_id: "9eb05b59b7ef4931b99c469756323115" candidate_uuid: "827091a257c54946a17d60597f5f205f" candidate_term: 1 candidate_status { last_received { term: 0 index: 0 } } ignore_live_leader: false dest_uuid: "47e0bd92051e4513b8a6a131d52feaf4" is_pre_election: true
I20260710 11:11:34.230708 21014 raft_consensus.cc:2468] T 9eb05b59b7ef4931b99c469756323115 P 47e0bd92051e4513b8a6a131d52feaf4 [term 0 FOLLOWER]: Leader pre-election vote request: Granting yes vote for candidate 827091a257c54946a17d60597f5f205f in term 0.
W20260710 11:11:34.232549 20832 leader_election.cc:343] T f7af78acb72a4f3cb253b7b71f896c27 P 827091a257c54946a17d60597f5f205f [CANDIDATE]: Term 1 pre-election: Tablet error from VoteRequest() call to peer 47e0bd92051e4513b8a6a131d52feaf4 (127.19.197.3:38615): Illegal state: must be running to vote when last-logged opid is not known
W20260710 11:11:34.233198 20832 leader_election.cc:343] T 3ebbf800063642c59fc7bbf7d07acbff P 827091a257c54946a17d60597f5f205f [CANDIDATE]: Term 1 pre-election: Tablet error from VoteRequest() call to peer 47e0bd92051e4513b8a6a131d52feaf4 (127.19.197.3:38615): Illegal state: must be running to vote when last-logged opid is not known
W20260710 11:11:34.233825 20832 leader_election.cc:343] T 4a660114a9e24a968abc211d55ee2e63 P 827091a257c54946a17d60597f5f205f [CANDIDATE]: Term 1 pre-election: Tablet error from VoteRequest() call to peer 47e0bd92051e4513b8a6a131d52feaf4 (127.19.197.3:38615): Illegal state: must be running to vote when last-logged opid is not known
W20260710 11:11:34.234418 20832 leader_election.cc:343] T 1244b0603a914586a88b21e36fbd6997 P 827091a257c54946a17d60597f5f205f [CANDIDATE]: Term 1 pre-election: Tablet error from VoteRequest() call to peer 47e0bd92051e4513b8a6a131d52feaf4 (127.19.197.3:38615): Illegal state: must be running to vote when last-logged opid is not known
I20260710 11:11:34.235055 20832 leader_election.cc:304] T 9eb05b59b7ef4931b99c469756323115 P 827091a257c54946a17d60597f5f205f [CANDIDATE]: Term 1 pre-election: Election decided. Result: candidate won. Election summary: received 2 responses out of 3 voters: 2 yes votes; 0 no votes. yes voters: 47e0bd92051e4513b8a6a131d52feaf4, 827091a257c54946a17d60597f5f205f; no voters: 
I20260710 11:11:34.235920 21064 raft_consensus.cc:2804] T 9eb05b59b7ef4931b99c469756323115 P 827091a257c54946a17d60597f5f205f [term 0 FOLLOWER]: Leader pre-election won for term 1
I20260710 11:11:34.236445 21064 raft_consensus.cc:493] T 9eb05b59b7ef4931b99c469756323115 P 827091a257c54946a17d60597f5f205f [term 0 FOLLOWER]: Starting leader election (no leader contacted us within the election timeout)
I20260710 11:11:34.237067 21064 raft_consensus.cc:3060] T 9eb05b59b7ef4931b99c469756323115 P 827091a257c54946a17d60597f5f205f [term 0 FOLLOWER]: Advancing to term 1
I20260710 11:11:34.239344 20941 tablet_service.cc:1917] Received RequestConsensusVote() RPC: tablet_id: "1244b0603a914586a88b21e36fbd6997" candidate_uuid: "827091a257c54946a17d60597f5f205f" candidate_term: 1 candidate_status { last_received { term: 0 index: 0 } } ignore_live_leader: false dest_uuid: "152fd51e06fc496a82fdd0424fa09435" is_pre_election: true
I20260710 11:11:34.239681 20940 tablet_service.cc:1917] Received RequestConsensusVote() RPC: tablet_id: "9eb05b59b7ef4931b99c469756323115" candidate_uuid: "827091a257c54946a17d60597f5f205f" candidate_term: 1 candidate_status { last_received { term: 0 index: 0 } } ignore_live_leader: false dest_uuid: "152fd51e06fc496a82fdd0424fa09435" is_pre_election: true
I20260710 11:11:34.239936 20944 tablet_service.cc:1917] Received RequestConsensusVote() RPC: tablet_id: "7123b0e6cd274261b23333602fc246fc" candidate_uuid: "827091a257c54946a17d60597f5f205f" candidate_term: 1 candidate_status { last_received { term: 0 index: 0 } } ignore_live_leader: false dest_uuid: "152fd51e06fc496a82fdd0424fa09435" is_pre_election: true
I20260710 11:11:34.240394 20940 raft_consensus.cc:2468] T 9eb05b59b7ef4931b99c469756323115 P 152fd51e06fc496a82fdd0424fa09435 [term 0 FOLLOWER]: Leader pre-election vote request: Granting yes vote for candidate 827091a257c54946a17d60597f5f205f in term 0.
I20260710 11:11:34.240650 20944 raft_consensus.cc:2468] T 7123b0e6cd274261b23333602fc246fc P 152fd51e06fc496a82fdd0424fa09435 [term 0 FOLLOWER]: Leader pre-election vote request: Granting yes vote for candidate 827091a257c54946a17d60597f5f205f in term 0.
I20260710 11:11:34.241539 20939 tablet_service.cc:1917] Received RequestConsensusVote() RPC: tablet_id: "4a660114a9e24a968abc211d55ee2e63" candidate_uuid: "827091a257c54946a17d60597f5f205f" candidate_term: 1 candidate_status { last_received { term: 0 index: 0 } } ignore_live_leader: false dest_uuid: "152fd51e06fc496a82fdd0424fa09435" is_pre_election: true
I20260710 11:11:34.242182 20939 raft_consensus.cc:2468] T 4a660114a9e24a968abc211d55ee2e63 P 152fd51e06fc496a82fdd0424fa09435 [term 0 FOLLOWER]: Leader pre-election vote request: Granting yes vote for candidate 827091a257c54946a17d60597f5f205f in term 0.
I20260710 11:11:34.242084 20943 tablet_service.cc:1917] Received RequestConsensusVote() RPC: tablet_id: "f7af78acb72a4f3cb253b7b71f896c27" candidate_uuid: "827091a257c54946a17d60597f5f205f" candidate_term: 1 candidate_status { last_received { term: 0 index: 0 } } ignore_live_leader: false dest_uuid: "152fd51e06fc496a82fdd0424fa09435" is_pre_election: true
I20260710 11:11:34.242981 20943 raft_consensus.cc:2468] T f7af78acb72a4f3cb253b7b71f896c27 P 152fd51e06fc496a82fdd0424fa09435 [term 0 FOLLOWER]: Leader pre-election vote request: Granting yes vote for candidate 827091a257c54946a17d60597f5f205f in term 0.
I20260710 11:11:34.244346 20942 tablet_service.cc:1917] Received RequestConsensusVote() RPC: tablet_id: "3ebbf800063642c59fc7bbf7d07acbff" candidate_uuid: "827091a257c54946a17d60597f5f205f" candidate_term: 1 candidate_status { last_received { term: 0 index: 0 } } ignore_live_leader: false dest_uuid: "152fd51e06fc496a82fdd0424fa09435" is_pre_election: true
I20260710 11:11:34.244724 21064 raft_consensus.cc:515] T 9eb05b59b7ef4931b99c469756323115 P 827091a257c54946a17d60597f5f205f [term 1 FOLLOWER]: Starting leader election with config: opid_index: -1 OBSOLETE_local: false peers { permanent_uuid: "827091a257c54946a17d60597f5f205f" member_type: VOTER last_known_addr { host: "127.19.197.1" port: 33537 } } peers { permanent_uuid: "152fd51e06fc496a82fdd0424fa09435" member_type: VOTER last_known_addr { host: "127.19.197.2" port: 39401 } } peers { permanent_uuid: "47e0bd92051e4513b8a6a131d52feaf4" member_type: VOTER last_known_addr { host: "127.19.197.3" port: 38615 } }
I20260710 11:11:34.244969 20942 raft_consensus.cc:2468] T 3ebbf800063642c59fc7bbf7d07acbff P 152fd51e06fc496a82fdd0424fa09435 [term 0 FOLLOWER]: Leader pre-election vote request: Granting yes vote for candidate 827091a257c54946a17d60597f5f205f in term 0.
W20260710 11:11:34.248469 20834 leader_election.cc:343] T 1244b0603a914586a88b21e36fbd6997 P 827091a257c54946a17d60597f5f205f [CANDIDATE]: Term 1 pre-election: Tablet error from VoteRequest() call to peer 152fd51e06fc496a82fdd0424fa09435 (127.19.197.2:39401): Illegal state: must be running to vote when last-logged opid is not known
I20260710 11:11:34.249274 20834 leader_election.cc:304] T 1244b0603a914586a88b21e36fbd6997 P 827091a257c54946a17d60597f5f205f [CANDIDATE]: Term 1 pre-election: Election decided. Result: candidate lost. Election summary: received 3 responses out of 3 voters: 1 yes votes; 2 no votes. yes voters: 827091a257c54946a17d60597f5f205f; no voters: 152fd51e06fc496a82fdd0424fa09435, 47e0bd92051e4513b8a6a131d52feaf4
I20260710 11:11:34.250540 21080 raft_consensus.cc:2749] T 1244b0603a914586a88b21e36fbd6997 P 827091a257c54946a17d60597f5f205f [term 0 FOLLOWER]: Leader pre-election lost for term 1. Reason: could not achieve majority
I20260710 11:11:34.251531 20834 leader_election.cc:304] T 7123b0e6cd274261b23333602fc246fc P 827091a257c54946a17d60597f5f205f [CANDIDATE]: Term 1 pre-election: Election decided. Result: candidate won. Election summary: received 3 responses out of 3 voters: 2 yes votes; 1 no votes. yes voters: 152fd51e06fc496a82fdd0424fa09435, 827091a257c54946a17d60597f5f205f; no voters: 47e0bd92051e4513b8a6a131d52feaf4
I20260710 11:11:34.248425 21014 tablet_service.cc:1917] Received RequestConsensusVote() RPC: tablet_id: "9eb05b59b7ef4931b99c469756323115" candidate_uuid: "827091a257c54946a17d60597f5f205f" candidate_term: 1 candidate_status { last_received { term: 0 index: 0 } } ignore_live_leader: false dest_uuid: "47e0bd92051e4513b8a6a131d52feaf4"
I20260710 11:11:34.253021 21014 raft_consensus.cc:3060] T 9eb05b59b7ef4931b99c469756323115 P 47e0bd92051e4513b8a6a131d52feaf4 [term 0 FOLLOWER]: Advancing to term 1
I20260710 11:11:34.257206 20942 tablet_service.cc:1917] Received RequestConsensusVote() RPC: tablet_id: "9eb05b59b7ef4931b99c469756323115" candidate_uuid: "827091a257c54946a17d60597f5f205f" candidate_term: 1 candidate_status { last_received { term: 0 index: 0 } } ignore_live_leader: false dest_uuid: "152fd51e06fc496a82fdd0424fa09435"
I20260710 11:11:34.257867 20942 raft_consensus.cc:3060] T 9eb05b59b7ef4931b99c469756323115 P 152fd51e06fc496a82fdd0424fa09435 [term 0 FOLLOWER]: Advancing to term 1
I20260710 11:11:34.275190 21080 raft_consensus.cc:2804] T 7123b0e6cd274261b23333602fc246fc P 827091a257c54946a17d60597f5f205f [term 0 FOLLOWER]: Leader pre-election won for term 1
I20260710 11:11:34.275770 21080 raft_consensus.cc:493] T 7123b0e6cd274261b23333602fc246fc P 827091a257c54946a17d60597f5f205f [term 0 FOLLOWER]: Starting leader election (no leader contacted us within the election timeout)
I20260710 11:11:34.275816 20834 leader_election.cc:304] T 4a660114a9e24a968abc211d55ee2e63 P 827091a257c54946a17d60597f5f205f [CANDIDATE]: Term 1 pre-election: Election decided. Result: candidate won. Election summary: received 3 responses out of 3 voters: 2 yes votes; 1 no votes. yes voters: 152fd51e06fc496a82fdd0424fa09435, 827091a257c54946a17d60597f5f205f; no voters: 47e0bd92051e4513b8a6a131d52feaf4
I20260710 11:11:34.276448 21080 raft_consensus.cc:3060] T 7123b0e6cd274261b23333602fc246fc P 827091a257c54946a17d60597f5f205f [term 0 FOLLOWER]: Advancing to term 1
I20260710 11:11:34.284821 21062 leader_election.cc:290] T c40d95b0d1014b3f8ead5b2de73f8667 P 47e0bd92051e4513b8a6a131d52feaf4 [CANDIDATE]: Term 1 election: Requested vote from peers 827091a257c54946a17d60597f5f205f (127.19.197.1:33537), 152fd51e06fc496a82fdd0424fa09435 (127.19.197.2:39401)
I20260710 11:11:34.285728 21062 raft_consensus.cc:493] T 749635aef4ef4bd584404ee97ba681d0 P 47e0bd92051e4513b8a6a131d52feaf4 [term 0 FOLLOWER]: Starting pre-election (no leader contacted us within the election timeout)
I20260710 11:11:34.286369 21062 raft_consensus.cc:515] T 749635aef4ef4bd584404ee97ba681d0 P 47e0bd92051e4513b8a6a131d52feaf4 [term 0 FOLLOWER]: Starting pre-election with config: opid_index: -1 OBSOLETE_local: false peers { permanent_uuid: "827091a257c54946a17d60597f5f205f" member_type: VOTER last_known_addr { host: "127.19.197.1" port: 33537 } } peers { permanent_uuid: "152fd51e06fc496a82fdd0424fa09435" member_type: VOTER last_known_addr { host: "127.19.197.2" port: 39401 } } peers { permanent_uuid: "47e0bd92051e4513b8a6a131d52feaf4" member_type: VOTER last_known_addr { host: "127.19.197.3" port: 38615 } }
I20260710 11:11:34.288203 21097 raft_consensus.cc:493] T aa8d20459df943dc964092704de8971b P 47e0bd92051e4513b8a6a131d52feaf4 [term 0 FOLLOWER]: Starting pre-election (no leader contacted us within the election timeout)
I20260710 11:11:34.298420 21097 raft_consensus.cc:515] T aa8d20459df943dc964092704de8971b P 47e0bd92051e4513b8a6a131d52feaf4 [term 0 FOLLOWER]: Starting pre-election with config: opid_index: -1 OBSOLETE_local: false peers { permanent_uuid: "827091a257c54946a17d60597f5f205f" member_type: VOTER last_known_addr { host: "127.19.197.1" port: 33537 } } peers { permanent_uuid: "152fd51e06fc496a82fdd0424fa09435" member_type: VOTER last_known_addr { host: "127.19.197.2" port: 39401 } } peers { permanent_uuid: "47e0bd92051e4513b8a6a131d52feaf4" member_type: VOTER last_known_addr { host: "127.19.197.3" port: 38615 } }
I20260710 11:11:34.267899 20942 raft_consensus.cc:2468] T 9eb05b59b7ef4931b99c469756323115 P 152fd51e06fc496a82fdd0424fa09435 [term 1 FOLLOWER]: Leader election vote request: Granting yes vote for candidate 827091a257c54946a17d60597f5f205f in term 1.
I20260710 11:11:34.300499 21062 leader_election.cc:290] T 749635aef4ef4bd584404ee97ba681d0 P 47e0bd92051e4513b8a6a131d52feaf4 [CANDIDATE]: Term 1 pre-election: Requested pre-vote from peers 827091a257c54946a17d60597f5f205f (127.19.197.1:33537), 152fd51e06fc496a82fdd0424fa09435 (127.19.197.2:39401)
I20260710 11:11:34.300771 20939 tablet_service.cc:1917] Received RequestConsensusVote() RPC: tablet_id: "749635aef4ef4bd584404ee97ba681d0" candidate_uuid: "47e0bd92051e4513b8a6a131d52feaf4" candidate_term: 1 candidate_status { last_received { term: 0 index: 0 } } ignore_live_leader: false dest_uuid: "152fd51e06fc496a82fdd0424fa09435" is_pre_election: true
I20260710 11:11:34.301790 21063 tablet_bootstrap.cc:492] T 1244b0603a914586a88b21e36fbd6997 P 152fd51e06fc496a82fdd0424fa09435: No bootstrap required, opened a new log
I20260710 11:11:34.302274 21063 ts_tablet_manager.cc:1403] T 1244b0603a914586a88b21e36fbd6997 P 152fd51e06fc496a82fdd0424fa09435: Time spent bootstrapping tablet: real 0.314s	user 0.102s	sys 0.153s
I20260710 11:11:34.303865 20865 tablet_service.cc:1917] Received RequestConsensusVote() RPC: tablet_id: "aa8d20459df943dc964092704de8971b" candidate_uuid: "47e0bd92051e4513b8a6a131d52feaf4" candidate_term: 1 candidate_status { last_received { term: 0 index: 0 } } ignore_live_leader: false dest_uuid: "827091a257c54946a17d60597f5f205f" is_pre_election: true
I20260710 11:11:34.304662 20865 raft_consensus.cc:2468] T aa8d20459df943dc964092704de8971b P 827091a257c54946a17d60597f5f205f [term 0 FOLLOWER]: Leader pre-election vote request: Granting yes vote for candidate 47e0bd92051e4513b8a6a131d52feaf4 in term 0.
I20260710 11:11:34.305385 21063 raft_consensus.cc:359] T 1244b0603a914586a88b21e36fbd6997 P 152fd51e06fc496a82fdd0424fa09435 [term 0 FOLLOWER]: Replica starting. Triggering 0 pending ops. Active config: opid_index: -1 OBSOLETE_local: false peers { permanent_uuid: "827091a257c54946a17d60597f5f205f" member_type: VOTER last_known_addr { host: "127.19.197.1" port: 33537 } } peers { permanent_uuid: "152fd51e06fc496a82fdd0424fa09435" member_type: VOTER last_known_addr { host: "127.19.197.2" port: 39401 } } peers { permanent_uuid: "47e0bd92051e4513b8a6a131d52feaf4" member_type: VOTER last_known_addr { host: "127.19.197.3" port: 38615 } }
I20260710 11:11:34.306128 21063 raft_consensus.cc:385] T 1244b0603a914586a88b21e36fbd6997 P 152fd51e06fc496a82fdd0424fa09435 [term 0 FOLLOWER]: Consensus starting up: Expiring failure detector timer to make a prompt election more likely
I20260710 11:11:34.306435 21063 raft_consensus.cc:740] T 1244b0603a914586a88b21e36fbd6997 P 152fd51e06fc496a82fdd0424fa09435 [term 0 FOLLOWER]: Becoming Follower/Learner. State: Replica: 152fd51e06fc496a82fdd0424fa09435, State: Initialized, Role: FOLLOWER
I20260710 11:11:34.306595 20981 leader_election.cc:304] T aa8d20459df943dc964092704de8971b P 47e0bd92051e4513b8a6a131d52feaf4 [CANDIDATE]: Term 1 pre-election: Election decided. Result: candidate won. Election summary: received 2 responses out of 3 voters: 2 yes votes; 0 no votes. yes voters: 47e0bd92051e4513b8a6a131d52feaf4, 827091a257c54946a17d60597f5f205f; no voters: 
I20260710 11:11:34.289929 21014 raft_consensus.cc:2468] T 9eb05b59b7ef4931b99c469756323115 P 47e0bd92051e4513b8a6a131d52feaf4 [term 1 FOLLOWER]: Leader election vote request: Granting yes vote for candidate 827091a257c54946a17d60597f5f205f in term 1.
I20260710 11:11:34.307555 21062 raft_consensus.cc:2804] T aa8d20459df943dc964092704de8971b P 47e0bd92051e4513b8a6a131d52feaf4 [term 0 FOLLOWER]: Leader pre-election won for term 1
I20260710 11:11:34.291319 20868 tablet_service.cc:1917] Received RequestConsensusVote() RPC: tablet_id: "7123b0e6cd274261b23333602fc246fc" candidate_uuid: "152fd51e06fc496a82fdd0424fa09435" candidate_term: 1 candidate_status { last_received { term: 0 index: 0 } } ignore_live_leader: false dest_uuid: "827091a257c54946a17d60597f5f205f" is_pre_election: true
I20260710 11:11:34.291666 20867 tablet_service.cc:1917] Received RequestConsensusVote() RPC: tablet_id: "3ebbf800063642c59fc7bbf7d07acbff" candidate_uuid: "152fd51e06fc496a82fdd0424fa09435" candidate_term: 1 candidate_status { last_received { term: 0 index: 0 } } ignore_live_leader: false dest_uuid: "827091a257c54946a17d60597f5f205f" is_pre_election: true
I20260710 11:11:34.291785 20869 tablet_service.cc:1917] Received RequestConsensusVote() RPC: tablet_id: "9eb05b59b7ef4931b99c469756323115" candidate_uuid: "152fd51e06fc496a82fdd0424fa09435" candidate_term: 1 candidate_status { last_received { term: 0 index: 0 } } ignore_live_leader: false dest_uuid: "827091a257c54946a17d60597f5f205f" is_pre_election: true
