I20260710 11:11:30.841977  5045 raft_consensus.cc:515] T d788f2384ffc4c6699c42949cfc1d84f P 10444dfec7254f2d8d4a8a1970437715 [term 4 FOLLOWER]: Starting forced leader election with config: opid_index: -1 OBSOLETE_local: false peers { permanent_uuid: "a7928e2381f64d9eb1c8fc1a5473189a" member_type: VOTER last_known_addr { host: "127.4.166.1" port: 38687 } } peers { permanent_uuid: "a0117a13f44647369639dded7fd18e5f" member_type: VOTER last_known_addr { host: "127.4.166.2" port: 41799 } } peers { permanent_uuid: "10444dfec7254f2d8d4a8a1970437715" member_type: VOTER last_known_addr { host: "127.4.166.3" port: 41791 } }
I20260710 11:11:30.843281  5045 leader_election.cc:290] T d788f2384ffc4c6699c42949cfc1d84f P 10444dfec7254f2d8d4a8a1970437715 [CANDIDATE]: Term 4 election: Requested vote from peers a7928e2381f64d9eb1c8fc1a5473189a (127.4.166.1:38687), a0117a13f44647369639dded7fd18e5f (127.4.166.2:41799)
I20260710 11:11:30.844034  4895 tablet_service.cc:1917] Received RequestConsensusVote() RPC: tablet_id: "d788f2384ffc4c6699c42949cfc1d84f" candidate_uuid: "10444dfec7254f2d8d4a8a1970437715" candidate_term: 4 candidate_status { last_received { term: 3 index: 3 } } ignore_live_leader: true dest_uuid: "a7928e2381f64d9eb1c8fc1a5473189a"
I20260710 11:11:30.844189  4970 tablet_service.cc:1917] Received RequestConsensusVote() RPC: tablet_id: "d788f2384ffc4c6699c42949cfc1d84f" candidate_uuid: "10444dfec7254f2d8d4a8a1970437715" candidate_term: 4 candidate_status { last_received { term: 3 index: 3 } } ignore_live_leader: true dest_uuid: "a0117a13f44647369639dded7fd18e5f"
I20260710 11:11:30.844539  4895 raft_consensus.cc:3060] T d788f2384ffc4c6699c42949cfc1d84f P a7928e2381f64d9eb1c8fc1a5473189a [term 3 FOLLOWER]: Advancing to term 4
I20260710 11:11:30.844633  4970 raft_consensus.cc:3055] T d788f2384ffc4c6699c42949cfc1d84f P a0117a13f44647369639dded7fd18e5f [term 3 LEADER]: Stepping down as leader of term 3
I20260710 11:11:30.844904  4970 raft_consensus.cc:740] T d788f2384ffc4c6699c42949cfc1d84f P a0117a13f44647369639dded7fd18e5f [term 3 LEADER]: Becoming Follower/Learner. State: Replica: a0117a13f44647369639dded7fd18e5f, State: Running, Role: LEADER
I20260710 11:11:30.845515  4970 consensus_queue.cc:260] T d788f2384ffc4c6699c42949cfc1d84f P a0117a13f44647369639dded7fd18e5f [NON_LEADER]: Queue going to NON_LEADER mode. State: All replicated index: 0, Majority replicated index: 3, Committed index: 3, Last appended: 3.3, Last appended by leader: 3, Current term: 3, Majority size: -1, State: 0, Mode: NON_LEADER, active raft config: opid_index: -1 OBSOLETE_local: false peers { permanent_uuid: "a7928e2381f64d9eb1c8fc1a5473189a" member_type: VOTER last_known_addr { host: "127.4.166.1" port: 38687 } } peers { permanent_uuid: "a0117a13f44647369639dded7fd18e5f" member_type: VOTER last_known_addr { host: "127.4.166.2" port: 41799 } } peers { permanent_uuid: "10444dfec7254f2d8d4a8a1970437715" member_type: VOTER last_known_addr { host: "127.4.166.3" port: 41791 } }
I20260710 11:11:30.846590  4970 raft_consensus.cc:3060] T d788f2384ffc4c6699c42949cfc1d84f P a0117a13f44647369639dded7fd18e5f [term 3 FOLLOWER]: Advancing to term 4
I20260710 11:11:30.849687  4895 raft_consensus.cc:2468] T d788f2384ffc4c6699c42949cfc1d84f P a7928e2381f64d9eb1c8fc1a5473189a [term 4 FOLLOWER]: Leader election vote request: Granting yes vote for candidate 10444dfec7254f2d8d4a8a1970437715 in term 4.
I20260710 11:11:30.850827  5009 leader_election.cc:304] T d788f2384ffc4c6699c42949cfc1d84f P 10444dfec7254f2d8d4a8a1970437715 [CANDIDATE]: Term 4 election: Election decided. Result: candidate won. Election summary: received 2 responses out of 3 voters: 2 yes votes; 0 no votes. yes voters: 10444dfec7254f2d8d4a8a1970437715, a7928e2381f64d9eb1c8fc1a5473189a; no voters: 
I20260710 11:11:30.851687  4970 raft_consensus.cc:2468] T d788f2384ffc4c6699c42949cfc1d84f P a0117a13f44647369639dded7fd18e5f [term 4 FOLLOWER]: Leader election vote request: Granting yes vote for candidate 10444dfec7254f2d8d4a8a1970437715 in term 4.
I20260710 11:11:30.851728  5187 raft_consensus.cc:2804] T d788f2384ffc4c6699c42949cfc1d84f P 10444dfec7254f2d8d4a8a1970437715 [term 4 FOLLOWER]: Leader election won for term 4
I20260710 11:11:30.852891  5187 raft_consensus.cc:697] T d788f2384ffc4c6699c42949cfc1d84f P 10444dfec7254f2d8d4a8a1970437715 [term 4 LEADER]: Becoming Leader. State: Replica: 10444dfec7254f2d8d4a8a1970437715, State: Running, Role: LEADER
I20260710 11:11:30.853612  5187 consensus_queue.cc:237] T d788f2384ffc4c6699c42949cfc1d84f P 10444dfec7254f2d8d4a8a1970437715 [LEADER]: Queue going to LEADER mode. State: All replicated index: 0, Majority replicated index: 3, Committed index: 3, Last appended: 3.3, Last appended by leader: 3, Current term: 4, Majority size: 2, State: 0, Mode: LEADER, active raft config: opid_index: -1 OBSOLETE_local: false peers { permanent_uuid: "a7928e2381f64d9eb1c8fc1a5473189a" member_type: VOTER last_known_addr { host: "127.4.166.1" port: 38687 } } peers { permanent_uuid: "a0117a13f44647369639dded7fd18e5f" member_type: VOTER last_known_addr { host: "127.4.166.2" port: 41799 } } peers { permanent_uuid: "10444dfec7254f2d8d4a8a1970437715" member_type: VOTER last_known_addr { host: "127.4.166.3" port: 41791 } }
I20260710 11:11:30.860245  4791 catalog_manager.cc:5697] T d788f2384ffc4c6699c42949cfc1d84f P 10444dfec7254f2d8d4a8a1970437715 reported cstate change: term changed from 3 to 4, leader changed from a0117a13f44647369639dded7fd18e5f (127.4.166.2) to 10444dfec7254f2d8d4a8a1970437715 (127.4.166.3). New cstate: current_term: 4 leader_uuid: "10444dfec7254f2d8d4a8a1970437715" committed_config { opid_index: -1 OBSOLETE_local: false peers { permanent_uuid: "a7928e2381f64d9eb1c8fc1a5473189a" member_type: VOTER last_known_addr { host: "127.4.166.1" port: 38687 } health_report { overall_health: UNKNOWN } } peers { permanent_uuid: "a0117a13f44647369639dded7fd18e5f" member_type: VOTER last_known_addr { host: "127.4.166.2" port: 41799 } health_report { overall_health: UNKNOWN } } peers { permanent_uuid: "10444dfec7254f2d8d4a8a1970437715" member_type: VOTER last_known_addr { host: "127.4.166.3" port: 41791 } health_report { overall_health: HEALTHY } } }
I20260710 11:11:30.925670  5224 raft_consensus.cc:993] T b256ea8eed8b4083b3adea7233f1c220 P a0117a13f44647369639dded7fd18e5f: : Instructing follower 10444dfec7254f2d8d4a8a1970437715 to start an election
I20260710 11:11:30.926082  5096 raft_consensus.cc:1081] T b256ea8eed8b4083b3adea7233f1c220 P a0117a13f44647369639dded7fd18e5f [term 2 LEADER]: Signalling peer 10444dfec7254f2d8d4a8a1970437715 to start an election
I20260710 11:11:30.927323  5045 tablet_service.cc:2044] Received Run Leader Election RPC: tablet_id: "b256ea8eed8b4083b3adea7233f1c220"
dest_uuid: "10444dfec7254f2d8d4a8a1970437715"
 from {username='slave'} at 127.0.0.1:51614
I20260710 11:11:30.927680  5045 raft_consensus.cc:493] T b256ea8eed8b4083b3adea7233f1c220 P 10444dfec7254f2d8d4a8a1970437715 [term 2 FOLLOWER]: Starting forced leader election (received explicit request)
I20260710 11:11:30.927906  5045 raft_consensus.cc:3060] T b256ea8eed8b4083b3adea7233f1c220 P 10444dfec7254f2d8d4a8a1970437715 [term 2 FOLLOWER]: Advancing to term 3
I20260710 11:11:30.931874  5045 raft_consensus.cc:515] T b256ea8eed8b4083b3adea7233f1c220 P 10444dfec7254f2d8d4a8a1970437715 [term 3 FOLLOWER]: Starting forced leader election with config: opid_index: -1 OBSOLETE_local: false peers { permanent_uuid: "a7928e2381f64d9eb1c8fc1a5473189a" member_type: VOTER last_known_addr { host: "127.4.166.1" port: 38687 } } peers { permanent_uuid: "a0117a13f44647369639dded7fd18e5f" member_type: VOTER last_known_addr { host: "127.4.166.2" port: 41799 } } peers { permanent_uuid: "10444dfec7254f2d8d4a8a1970437715" member_type: VOTER last_known_addr { host: "127.4.166.3" port: 41791 } }
I20260710 11:11:30.933521  5045 leader_election.cc:290] T b256ea8eed8b4083b3adea7233f1c220 P 10444dfec7254f2d8d4a8a1970437715 [CANDIDATE]: Term 3 election: Requested vote from peers a7928e2381f64d9eb1c8fc1a5473189a (127.4.166.1:38687), a0117a13f44647369639dded7fd18e5f (127.4.166.2:41799)
I20260710 11:11:30.934109  4895 tablet_service.cc:1917] Received RequestConsensusVote() RPC: tablet_id: "b256ea8eed8b4083b3adea7233f1c220" candidate_uuid: "10444dfec7254f2d8d4a8a1970437715" candidate_term: 3 candidate_status { last_received { term: 2 index: 2 } } ignore_live_leader: true dest_uuid: "a7928e2381f64d9eb1c8fc1a5473189a"
I20260710 11:11:30.934453  4970 tablet_service.cc:1917] Received RequestConsensusVote() RPC: tablet_id: "b256ea8eed8b4083b3adea7233f1c220" candidate_uuid: "10444dfec7254f2d8d4a8a1970437715" candidate_term: 3 candidate_status { last_received { term: 2 index: 2 } } ignore_live_leader: true dest_uuid: "a0117a13f44647369639dded7fd18e5f"
I20260710 11:11:30.934656  4895 raft_consensus.cc:3060] T b256ea8eed8b4083b3adea7233f1c220 P a7928e2381f64d9eb1c8fc1a5473189a [term 2 FOLLOWER]: Advancing to term 3
I20260710 11:11:30.934973  4970 raft_consensus.cc:3055] T b256ea8eed8b4083b3adea7233f1c220 P a0117a13f44647369639dded7fd18e5f [term 2 LEADER]: Stepping down as leader of term 2
I20260710 11:11:30.935249  4970 raft_consensus.cc:740] T b256ea8eed8b4083b3adea7233f1c220 P a0117a13f44647369639dded7fd18e5f [term 2 LEADER]: Becoming Follower/Learner. State: Replica: a0117a13f44647369639dded7fd18e5f, State: Running, Role: LEADER
I20260710 11:11:30.935954  4970 consensus_queue.cc:260] T b256ea8eed8b4083b3adea7233f1c220 P a0117a13f44647369639dded7fd18e5f [NON_LEADER]: Queue going to NON_LEADER mode. State: All replicated index: 0, Majority replicated index: 2, Committed index: 2, Last appended: 2.2, Last appended by leader: 2, Current term: 2, Majority size: -1, State: 0, Mode: NON_LEADER, active raft config: opid_index: -1 OBSOLETE_local: false peers { permanent_uuid: "a7928e2381f64d9eb1c8fc1a5473189a" member_type: VOTER last_known_addr { host: "127.4.166.1" port: 38687 } } peers { permanent_uuid: "a0117a13f44647369639dded7fd18e5f" member_type: VOTER last_known_addr { host: "127.4.166.2" port: 41799 } } peers { permanent_uuid: "10444dfec7254f2d8d4a8a1970437715" member_type: VOTER last_known_addr { host: "127.4.166.3" port: 41791 } }
I20260710 11:11:30.937042  4970 raft_consensus.cc:3060] T b256ea8eed8b4083b3adea7233f1c220 P a0117a13f44647369639dded7fd18e5f [term 2 FOLLOWER]: Advancing to term 3
I20260710 11:11:30.940251  4895 raft_consensus.cc:2468] T b256ea8eed8b4083b3adea7233f1c220 P a7928e2381f64d9eb1c8fc1a5473189a [term 3 FOLLOWER]: Leader election vote request: Granting yes vote for candidate 10444dfec7254f2d8d4a8a1970437715 in term 3.
I20260710 11:11:30.941120  5009 leader_election.cc:304] T b256ea8eed8b4083b3adea7233f1c220 P 10444dfec7254f2d8d4a8a1970437715 [CANDIDATE]: Term 3 election: Election decided. Result: candidate won. Election summary: received 2 responses out of 3 voters: 2 yes votes; 0 no votes. yes voters: 10444dfec7254f2d8d4a8a1970437715, a7928e2381f64d9eb1c8fc1a5473189a; no voters: 
I20260710 11:11:30.941815  5187 raft_consensus.cc:2804] T b256ea8eed8b4083b3adea7233f1c220 P 10444dfec7254f2d8d4a8a1970437715 [term 3 FOLLOWER]: Leader election won for term 3
I20260710 11:11:30.942278  5187 raft_consensus.cc:697] T b256ea8eed8b4083b3adea7233f1c220 P 10444dfec7254f2d8d4a8a1970437715 [term 3 LEADER]: Becoming Leader. State: Replica: 10444dfec7254f2d8d4a8a1970437715, State: Running, Role: LEADER
I20260710 11:11:30.942520  4970 raft_consensus.cc:2468] T b256ea8eed8b4083b3adea7233f1c220 P a0117a13f44647369639dded7fd18e5f [term 3 FOLLOWER]: Leader election vote request: Granting yes vote for candidate 10444dfec7254f2d8d4a8a1970437715 in term 3.
I20260710 11:11:30.943159  5187 consensus_queue.cc:237] T b256ea8eed8b4083b3adea7233f1c220 P 10444dfec7254f2d8d4a8a1970437715 [LEADER]: Queue going to LEADER mode. State: All replicated index: 0, Majority replicated index: 2, Committed index: 2, Last appended: 2.2, Last appended by leader: 2, Current term: 3, Majority size: 2, State: 0, Mode: LEADER, active raft config: opid_index: -1 OBSOLETE_local: false peers { permanent_uuid: "a7928e2381f64d9eb1c8fc1a5473189a" member_type: VOTER last_known_addr { host: "127.4.166.1" port: 38687 } } peers { permanent_uuid: "a0117a13f44647369639dded7fd18e5f" member_type: VOTER last_known_addr { host: "127.4.166.2" port: 41799 } } peers { permanent_uuid: "10444dfec7254f2d8d4a8a1970437715" member_type: VOTER last_known_addr { host: "127.4.166.3" port: 41791 } }
I20260710 11:11:30.949270  4791 catalog_manager.cc:5697] T b256ea8eed8b4083b3adea7233f1c220 P 10444dfec7254f2d8d4a8a1970437715 reported cstate change: term changed from 2 to 3, leader changed from a0117a13f44647369639dded7fd18e5f (127.4.166.2) to 10444dfec7254f2d8d4a8a1970437715 (127.4.166.3). New cstate: current_term: 3 leader_uuid: "10444dfec7254f2d8d4a8a1970437715" committed_config { opid_index: -1 OBSOLETE_local: false peers { permanent_uuid: "a7928e2381f64d9eb1c8fc1a5473189a" member_type: VOTER last_known_addr { host: "127.4.166.1" port: 38687 } health_report { overall_health: UNKNOWN } } peers { permanent_uuid: "a0117a13f44647369639dded7fd18e5f" member_type: VOTER last_known_addr { host: "127.4.166.2" port: 41799 } health_report { overall_health: UNKNOWN } } peers { permanent_uuid: "10444dfec7254f2d8d4a8a1970437715" member_type: VOTER last_known_addr { host: "127.4.166.3" port: 41791 } health_report { overall_health: HEALTHY } } }
I20260710 11:11:31.164346  5224 raft_consensus.cc:993] T ad99868b1ac9455aa683c816dc868eb8 P a0117a13f44647369639dded7fd18e5f: : Instructing follower a7928e2381f64d9eb1c8fc1a5473189a to start an election
I20260710 11:11:31.164736  5096 raft_consensus.cc:1081] T ad99868b1ac9455aa683c816dc868eb8 P a0117a13f44647369639dded7fd18e5f [term 4 LEADER]: Signalling peer a7928e2381f64d9eb1c8fc1a5473189a to start an election
I20260710 11:11:31.165895  4895 tablet_service.cc:2044] Received Run Leader Election RPC: tablet_id: "ad99868b1ac9455aa683c816dc868eb8"
dest_uuid: "a7928e2381f64d9eb1c8fc1a5473189a"
 from {username='slave'} at 127.0.0.1:57436
I20260710 11:11:31.166301  4895 raft_consensus.cc:493] T ad99868b1ac9455aa683c816dc868eb8 P a7928e2381f64d9eb1c8fc1a5473189a [term 4 FOLLOWER]: Starting forced leader election (received explicit request)
I20260710 11:11:31.166527  4895 raft_consensus.cc:3060] T ad99868b1ac9455aa683c816dc868eb8 P a7928e2381f64d9eb1c8fc1a5473189a [term 4 FOLLOWER]: Advancing to term 5
I20260710 11:11:31.170125  4895 raft_consensus.cc:515] T ad99868b1ac9455aa683c816dc868eb8 P a7928e2381f64d9eb1c8fc1a5473189a [term 5 FOLLOWER]: Starting forced leader election with config: opid_index: -1 OBSOLETE_local: false peers { permanent_uuid: "a7928e2381f64d9eb1c8fc1a5473189a" member_type: VOTER last_known_addr { host: "127.4.166.1" port: 38687 } } peers { permanent_uuid: "a0117a13f44647369639dded7fd18e5f" member_type: VOTER last_known_addr { host: "127.4.166.2" port: 41799 } } peers { permanent_uuid: "10444dfec7254f2d8d4a8a1970437715" member_type: VOTER last_known_addr { host: "127.4.166.3" port: 41791 } }
I20260710 11:11:31.171464  4895 leader_election.cc:290] T ad99868b1ac9455aa683c816dc868eb8 P a7928e2381f64d9eb1c8fc1a5473189a [CANDIDATE]: Term 5 election: Requested vote from peers a0117a13f44647369639dded7fd18e5f (127.4.166.2:41799), 10444dfec7254f2d8d4a8a1970437715 (127.4.166.3:41791)
I20260710 11:11:31.172097  4970 tablet_service.cc:1917] Received RequestConsensusVote() RPC: tablet_id: "ad99868b1ac9455aa683c816dc868eb8" candidate_uuid: "a7928e2381f64d9eb1c8fc1a5473189a" candidate_term: 5 candidate_status { last_received { term: 4 index: 4 } } ignore_live_leader: true dest_uuid: "a0117a13f44647369639dded7fd18e5f"
I20260710 11:11:31.172367  5045 tablet_service.cc:1917] Received RequestConsensusVote() RPC: tablet_id: "ad99868b1ac9455aa683c816dc868eb8" candidate_uuid: "a7928e2381f64d9eb1c8fc1a5473189a" candidate_term: 5 candidate_status { last_received { term: 4 index: 4 } } ignore_live_leader: true dest_uuid: "10444dfec7254f2d8d4a8a1970437715"
I20260710 11:11:31.172560  4970 raft_consensus.cc:3055] T ad99868b1ac9455aa683c816dc868eb8 P a0117a13f44647369639dded7fd18e5f [term 4 LEADER]: Stepping down as leader of term 4
I20260710 11:11:31.172833  5045 raft_consensus.cc:3060] T ad99868b1ac9455aa683c816dc868eb8 P 10444dfec7254f2d8d4a8a1970437715 [term 4 FOLLOWER]: Advancing to term 5
I20260710 11:11:31.172844  4970 raft_consensus.cc:740] T ad99868b1ac9455aa683c816dc868eb8 P a0117a13f44647369639dded7fd18e5f [term 4 LEADER]: Becoming Follower/Learner. State: Replica: a0117a13f44647369639dded7fd18e5f, State: Running, Role: LEADER
I20260710 11:11:31.173560  4970 consensus_queue.cc:260] T ad99868b1ac9455aa683c816dc868eb8 P a0117a13f44647369639dded7fd18e5f [NON_LEADER]: Queue going to NON_LEADER mode. State: All replicated index: 0, Majority replicated index: 4, Committed index: 4, Last appended: 4.4, Last appended by leader: 4, Current term: 4, Majority size: -1, State: 0, Mode: NON_LEADER, active raft config: opid_index: -1 OBSOLETE_local: false peers { permanent_uuid: "a7928e2381f64d9eb1c8fc1a5473189a" member_type: VOTER last_known_addr { host: "127.4.166.1" port: 38687 } } peers { permanent_uuid: "a0117a13f44647369639dded7fd18e5f" member_type: VOTER last_known_addr { host: "127.4.166.2" port: 41799 } } peers { permanent_uuid: "10444dfec7254f2d8d4a8a1970437715" member_type: VOTER last_known_addr { host: "127.4.166.3" port: 41791 } }
I20260710 11:11:31.174444  4970 raft_consensus.cc:3060] T ad99868b1ac9455aa683c816dc868eb8 P a0117a13f44647369639dded7fd18e5f [term 4 FOLLOWER]: Advancing to term 5
I20260710 11:11:31.176607  5045 raft_consensus.cc:2468] T ad99868b1ac9455aa683c816dc868eb8 P 10444dfec7254f2d8d4a8a1970437715 [term 5 FOLLOWER]: Leader election vote request: Granting yes vote for candidate a7928e2381f64d9eb1c8fc1a5473189a in term 5.
I20260710 11:11:31.177522  4861 leader_election.cc:304] T ad99868b1ac9455aa683c816dc868eb8 P a7928e2381f64d9eb1c8fc1a5473189a [CANDIDATE]: Term 5 election: Election decided. Result: candidate won. Election summary: received 2 responses out of 3 voters: 2 yes votes; 0 no votes. yes voters: 10444dfec7254f2d8d4a8a1970437715, a7928e2381f64d9eb1c8fc1a5473189a; no voters: 
I20260710 11:11:31.178112  5225 raft_consensus.cc:2804] T ad99868b1ac9455aa683c816dc868eb8 P a7928e2381f64d9eb1c8fc1a5473189a [term 5 FOLLOWER]: Leader election won for term 5
I20260710 11:11:31.178467  4970 raft_consensus.cc:2468] T ad99868b1ac9455aa683c816dc868eb8 P a0117a13f44647369639dded7fd18e5f [term 5 FOLLOWER]: Leader election vote request: Granting yes vote for candidate a7928e2381f64d9eb1c8fc1a5473189a in term 5.
I20260710 11:11:31.178567  5225 raft_consensus.cc:697] T ad99868b1ac9455aa683c816dc868eb8 P a7928e2381f64d9eb1c8fc1a5473189a [term 5 LEADER]: Becoming Leader. State: Replica: a7928e2381f64d9eb1c8fc1a5473189a, State: Running, Role: LEADER
I20260710 11:11:31.179378  5225 consensus_queue.cc:237] T ad99868b1ac9455aa683c816dc868eb8 P a7928e2381f64d9eb1c8fc1a5473189a [LEADER]: Queue going to LEADER mode. State: All replicated index: 0, Majority replicated index: 4, Committed index: 4, Last appended: 4.4, Last appended by leader: 4, Current term: 5, Majority size: 2, State: 0, Mode: LEADER, active raft config: opid_index: -1 OBSOLETE_local: false peers { permanent_uuid: "a7928e2381f64d9eb1c8fc1a5473189a" member_type: VOTER last_known_addr { host: "127.4.166.1" port: 38687 } } peers { permanent_uuid: "a0117a13f44647369639dded7fd18e5f" member_type: VOTER last_known_addr { host: "127.4.166.2" port: 41799 } } peers { permanent_uuid: "10444dfec7254f2d8d4a8a1970437715" member_type: VOTER last_known_addr { host: "127.4.166.3" port: 41791 } }
I20260710 11:11:31.185547  4791 catalog_manager.cc:5697] T ad99868b1ac9455aa683c816dc868eb8 P a7928e2381f64d9eb1c8fc1a5473189a reported cstate change: term changed from 4 to 5, leader changed from a0117a13f44647369639dded7fd18e5f (127.4.166.2) to a7928e2381f64d9eb1c8fc1a5473189a (127.4.166.1). New cstate: current_term: 5 leader_uuid: "a7928e2381f64d9eb1c8fc1a5473189a" committed_config { opid_index: -1 OBSOLETE_local: false peers { permanent_uuid: "a7928e2381f64d9eb1c8fc1a5473189a" member_type: VOTER last_known_addr { host: "127.4.166.1" port: 38687 } health_report { overall_health: HEALTHY } } peers { permanent_uuid: "a0117a13f44647369639dded7fd18e5f" member_type: VOTER last_known_addr { host: "127.4.166.2" port: 41799 } health_report { overall_health: UNKNOWN } } peers { permanent_uuid: "10444dfec7254f2d8d4a8a1970437715" member_type: VOTER last_known_addr { host: "127.4.166.3" port: 41791 } health_report { overall_health: UNKNOWN } } }
I20260710 11:11:31.270620  4895 raft_consensus.cc:1275] T d788f2384ffc4c6699c42949cfc1d84f P a7928e2381f64d9eb1c8fc1a5473189a [term 4 FOLLOWER]: Refusing update from remote peer 10444dfec7254f2d8d4a8a1970437715: Log matching property violated. Preceding OpId in replica: term: 3 index: 3. Preceding OpId from leader: term: 4 index: 4. (index mismatch)
I20260710 11:11:31.271653  5187 consensus_queue.cc:1048] T d788f2384ffc4c6699c42949cfc1d84f P 10444dfec7254f2d8d4a8a1970437715 [LEADER]: Connected to new peer: Peer: permanent_uuid: "a7928e2381f64d9eb1c8fc1a5473189a" member_type: VOTER last_known_addr { host: "127.4.166.1" port: 38687 }, Status: LMP_MISMATCH, Last received: 0.0, Next index: 4, Last known committed idx: 3, Time since last communication: 0.000s
I20260710 11:11:31.281339  4970 raft_consensus.cc:1275] T d788f2384ffc4c6699c42949cfc1d84f P a0117a13f44647369639dded7fd18e5f [term 4 FOLLOWER]: Refusing update from remote peer 10444dfec7254f2d8d4a8a1970437715: Log matching property violated. Preceding OpId in replica: term: 3 index: 3. Preceding OpId from leader: term: 4 index: 4. (index mismatch)
I20260710 11:11:31.282598  5187 consensus_queue.cc:1048] T d788f2384ffc4c6699c42949cfc1d84f P 10444dfec7254f2d8d4a8a1970437715 [LEADER]: Connected to new peer: Peer: permanent_uuid: "a0117a13f44647369639dded7fd18e5f" member_type: VOTER last_known_addr { host: "127.4.166.2" port: 41799 }, Status: LMP_MISMATCH, Last received: 0.0, Next index: 4, Last known committed idx: 3, Time since last communication: 0.000s
I20260710 11:11:31.313992  5045 raft_consensus.cc:1275] T 40d9b254f631457baeb19c01d20ed8dd P 10444dfec7254f2d8d4a8a1970437715 [term 3 FOLLOWER]: Refusing update from remote peer a7928e2381f64d9eb1c8fc1a5473189a: Log matching property violated. Preceding OpId in replica: term: 2 index: 2. Preceding OpId from leader: term: 3 index: 3. (index mismatch)
I20260710 11:11:31.315086  5225 consensus_queue.cc:1048] T 40d9b254f631457baeb19c01d20ed8dd P a7928e2381f64d9eb1c8fc1a5473189a [LEADER]: Connected to new peer: Peer: permanent_uuid: "10444dfec7254f2d8d4a8a1970437715" member_type: VOTER last_known_addr { host: "127.4.166.3" port: 41791 }, Status: LMP_MISMATCH, Last received: 0.0, Next index: 3, Last known committed idx: 2, Time since last communication: 0.000s
I20260710 11:11:31.323132  4970 raft_consensus.cc:1275] T 40d9b254f631457baeb19c01d20ed8dd P a0117a13f44647369639dded7fd18e5f [term 3 FOLLOWER]: Refusing update from remote peer a7928e2381f64d9eb1c8fc1a5473189a: Log matching property violated. Preceding OpId in replica: term: 2 index: 2. Preceding OpId from leader: term: 3 index: 3. (index mismatch)
I20260710 11:11:31.324616  5243 consensus_queue.cc:1048] T 40d9b254f631457baeb19c01d20ed8dd P a7928e2381f64d9eb1c8fc1a5473189a [LEADER]: Connected to new peer: Peer: permanent_uuid: "a0117a13f44647369639dded7fd18e5f" member_type: VOTER last_known_addr { host: "127.4.166.2" port: 41799 }, Status: LMP_MISMATCH, Last received: 0.0, Next index: 3, Last known committed idx: 2, Time since last communication: 0.001s
I20260710 11:11:31.359474  4970 raft_consensus.cc:1275] T ccedeeafccc74624b7a9a405b9ea0aa6 P a0117a13f44647369639dded7fd18e5f [term 4 FOLLOWER]: Refusing update from remote peer a7928e2381f64d9eb1c8fc1a5473189a: Log matching property violated. Preceding OpId in replica: term: 3 index: 3. Preceding OpId from leader: term: 4 index: 4. (index mismatch)
I20260710 11:11:31.360574  5243 consensus_queue.cc:1048] T ccedeeafccc74624b7a9a405b9ea0aa6 P a7928e2381f64d9eb1c8fc1a5473189a [LEADER]: Connected to new peer: Peer: permanent_uuid: "a0117a13f44647369639dded7fd18e5f" member_type: VOTER last_known_addr { host: "127.4.166.2" port: 41799 }, Status: LMP_MISMATCH, Last received: 0.0, Next index: 4, Last known committed idx: 3, Time since last communication: 0.000s
I20260710 11:11:31.369089  5045 raft_consensus.cc:1275] T ccedeeafccc74624b7a9a405b9ea0aa6 P 10444dfec7254f2d8d4a8a1970437715 [term 4 FOLLOWER]: Refusing update from remote peer a7928e2381f64d9eb1c8fc1a5473189a: Log matching property violated. Preceding OpId in replica: term: 3 index: 3. Preceding OpId from leader: term: 4 index: 4. (index mismatch)
I20260710 11:11:31.371160  5246 consensus_queue.cc:1048] T ccedeeafccc74624b7a9a405b9ea0aa6 P a7928e2381f64d9eb1c8fc1a5473189a [LEADER]: Connected to new peer: Peer: permanent_uuid: "10444dfec7254f2d8d4a8a1970437715" member_type: VOTER last_known_addr { host: "127.4.166.3" port: 41791 }, Status: LMP_MISMATCH, Last received: 0.0, Next index: 4, Last known committed idx: 3, Time since last communication: 0.001s
I20260710 11:11:31.405881  4970 raft_consensus.cc:1275] T b256ea8eed8b4083b3adea7233f1c220 P a0117a13f44647369639dded7fd18e5f [term 3 FOLLOWER]: Refusing update from remote peer 10444dfec7254f2d8d4a8a1970437715: Log matching property violated. Preceding OpId in replica: term: 2 index: 2. Preceding OpId from leader: term: 3 index: 3. (index mismatch)
I20260710 11:11:31.407022  5187 consensus_queue.cc:1048] T b256ea8eed8b4083b3adea7233f1c220 P 10444dfec7254f2d8d4a8a1970437715 [LEADER]: Connected to new peer: Peer: permanent_uuid: "a0117a13f44647369639dded7fd18e5f" member_type: VOTER last_known_addr { host: "127.4.166.2" port: 41799 }, Status: LMP_MISMATCH, Last received: 0.0, Next index: 3, Last known committed idx: 2, Time since last communication: 0.000s
I20260710 11:11:31.418385  4896 raft_consensus.cc:1275] T b256ea8eed8b4083b3adea7233f1c220 P a7928e2381f64d9eb1c8fc1a5473189a [term 3 FOLLOWER]: Refusing update from remote peer 10444dfec7254f2d8d4a8a1970437715: Log matching property violated. Preceding OpId in replica: term: 2 index: 2. Preceding OpId from leader: term: 3 index: 3. (index mismatch)
I20260710 11:11:31.419587  5187 consensus_queue.cc:1048] T b256ea8eed8b4083b3adea7233f1c220 P 10444dfec7254f2d8d4a8a1970437715 [LEADER]: Connected to new peer: Peer: permanent_uuid: "a7928e2381f64d9eb1c8fc1a5473189a" member_type: VOTER last_known_addr { host: "127.4.166.1" port: 38687 }, Status: LMP_MISMATCH, Last received: 0.0, Next index: 3, Last known committed idx: 2, Time since last communication: 0.000s
I20260710 11:11:31.566258  5045 raft_consensus.cc:1275] T ad99868b1ac9455aa683c816dc868eb8 P 10444dfec7254f2d8d4a8a1970437715 [term 5 FOLLOWER]: Refusing update from remote peer a7928e2381f64d9eb1c8fc1a5473189a: Log matching property violated. Preceding OpId in replica: term: 4 index: 4. Preceding OpId from leader: term: 5 index: 5. (index mismatch)
I20260710 11:11:31.567382  5246 consensus_queue.cc:1048] T ad99868b1ac9455aa683c816dc868eb8 P a7928e2381f64d9eb1c8fc1a5473189a [LEADER]: Connected to new peer: Peer: permanent_uuid: "10444dfec7254f2d8d4a8a1970437715" member_type: VOTER last_known_addr { host: "127.4.166.3" port: 41791 }, Status: LMP_MISMATCH, Last received: 0.0, Next index: 5, Last known committed idx: 4, Time since last communication: 0.000s
I20260710 11:11:31.575466  4969 raft_consensus.cc:1275] T ad99868b1ac9455aa683c816dc868eb8 P a0117a13f44647369639dded7fd18e5f [term 5 FOLLOWER]: Refusing update from remote peer a7928e2381f64d9eb1c8fc1a5473189a: Log matching property violated. Preceding OpId in replica: term: 4 index: 4. Preceding OpId from leader: term: 5 index: 5. (index mismatch)
I20260710 11:11:31.576997  5243 consensus_queue.cc:1048] T ad99868b1ac9455aa683c816dc868eb8 P a7928e2381f64d9eb1c8fc1a5473189a [LEADER]: Connected to new peer: Peer: permanent_uuid: "a0117a13f44647369639dded7fd18e5f" member_type: VOTER last_known_addr { host: "127.4.166.2" port: 41799 }, Status: LMP_MISMATCH, Last received: 0.0, Next index: 5, Last known committed idx: 4, Time since last communication: 0.000s
I20260710 11:11:32.378016  4760 auto_leader_rebalancer.cc:141] leader rebalance for table test-workload
I20260710 11:11:32.475790  4760 tablet_server.cc:179] TabletServer@127.4.166.1:0 shutting down...
W20260710 11:11:32.491066  4935 proxy.cc:239] Call had error, refreshing address and retrying: Remote error: Service unavailable: service kudu.consensus.ConsensusService not registered on TabletServer
W20260710 11:11:32.525871  4935 consensus_peers.cc:597] T fa6a3201c67948b3a8d47faff3c584e7 P a0117a13f44647369639dded7fd18e5f -> Peer a7928e2381f64d9eb1c8fc1a5473189a (127.4.166.1:38687): Couldn't send request to peer a7928e2381f64d9eb1c8fc1a5473189a. Status: Remote error: Service unavailable: service kudu.consensus.ConsensusService not registered on TabletServer. This is attempt 1: this message will repeat every 5th retry.
W20260710 11:11:32.537667  4935 consensus_peers.cc:597] T 770a10aa39af4678ab0066ed40c96be8 P a0117a13f44647369639dded7fd18e5f -> Peer a7928e2381f64d9eb1c8fc1a5473189a (127.4.166.1:38687): Couldn't send request to peer a7928e2381f64d9eb1c8fc1a5473189a. Status: Remote error: Service unavailable: service kudu.consensus.ConsensusService not registered on TabletServer. This is attempt 1: this message will repeat every 5th retry.
W20260710 11:11:32.538353  4935 consensus_peers.cc:597] T d256031fd3854943a3e523ffb8dd99ac P a0117a13f44647369639dded7fd18e5f -> Peer a7928e2381f64d9eb1c8fc1a5473189a (127.4.166.1:38687): Couldn't send request to peer a7928e2381f64d9eb1c8fc1a5473189a. Status: Remote error: Service unavailable: service kudu.consensus.ConsensusService not registered on TabletServer. This is attempt 1: this message will repeat every 5th retry.
I20260710 11:11:32.701051  5269 raft_consensus.cc:493] T 770a10aa39af4678ab0066ed40c96be8 P a7928e2381f64d9eb1c8fc1a5473189a [term 2 FOLLOWER]: Starting pre-election (detected failure of leader a0117a13f44647369639dded7fd18e5f)
I20260710 11:11:32.701851  5269 raft_consensus.cc:515] T 770a10aa39af4678ab0066ed40c96be8 P a7928e2381f64d9eb1c8fc1a5473189a [term 2 FOLLOWER]: Starting pre-election with config: opid_index: -1 OBSOLETE_local: false peers { permanent_uuid: "a7928e2381f64d9eb1c8fc1a5473189a" member_type: VOTER last_known_addr { host: "127.4.166.1" port: 38687 } } peers { permanent_uuid: "a0117a13f44647369639dded7fd18e5f" member_type: VOTER last_known_addr { host: "127.4.166.2" port: 41799 } } peers { permanent_uuid: "10444dfec7254f2d8d4a8a1970437715" member_type: VOTER last_known_addr { host: "127.4.166.3" port: 41791 } }
I20260710 11:11:32.751505  5269 leader_election.cc:290] T 770a10aa39af4678ab0066ed40c96be8 P a7928e2381f64d9eb1c8fc1a5473189a [CANDIDATE]: Term 3 pre-election: Requested pre-vote from peers a0117a13f44647369639dded7fd18e5f (127.4.166.2:41799), 10444dfec7254f2d8d4a8a1970437715 (127.4.166.3:41791)
W20260710 11:11:32.772789  5009 consensus_peers.cc:597] T d788f2384ffc4c6699c42949cfc1d84f P 10444dfec7254f2d8d4a8a1970437715 -> Peer a7928e2381f64d9eb1c8fc1a5473189a (127.4.166.1:38687): Couldn't send request to peer a7928e2381f64d9eb1c8fc1a5473189a. Status: Remote error: Service unavailable: service kudu.consensus.ConsensusService not registered on TabletServer. This is attempt 1: this message will repeat every 5th retry.
W20260710 11:11:32.773504  5009 consensus_peers.cc:597] T e7d1f623df574d54ab20e3f83a63bda6 P 10444dfec7254f2d8d4a8a1970437715 -> Peer a7928e2381f64d9eb1c8fc1a5473189a (127.4.166.1:38687): Couldn't send request to peer a7928e2381f64d9eb1c8fc1a5473189a. Status: Remote error: Service unavailable: service kudu.consensus.ConsensusService not registered on TabletServer. This is attempt 1: this message will repeat every 5th retry.
W20260710 11:11:32.774133  5009 consensus_peers.cc:597] T b256ea8eed8b4083b3adea7233f1c220 P 10444dfec7254f2d8d4a8a1970437715 -> Peer a7928e2381f64d9eb1c8fc1a5473189a (127.4.166.1:38687): Couldn't send request to peer a7928e2381f64d9eb1c8fc1a5473189a. Status: Remote error: Service unavailable: service kudu.consensus.ConsensusService not registered on TabletServer. This is attempt 1: this message will repeat every 5th retry.
W20260710 11:11:32.802568  4861 outbound_call.cc:321] RPC callback for RPC call kudu.consensus.ConsensusService.UpdateConsensus -> {remote=127.4.166.3:41791, user_credentials={real_user=slave}} blocked reactor thread for 265146us
I20260710 11:11:32.803723  5259 raft_consensus.cc:493] T d788f2384ffc4c6699c42949cfc1d84f P a7928e2381f64d9eb1c8fc1a5473189a [term 4 FOLLOWER]: Starting pre-election (detected failure of leader 10444dfec7254f2d8d4a8a1970437715)
I20260710 11:11:32.804768  5045 tablet_service.cc:1917] Received RequestConsensusVote() RPC: tablet_id: "770a10aa39af4678ab0066ed40c96be8" candidate_uuid: "a7928e2381f64d9eb1c8fc1a5473189a" candidate_term: 3 candidate_status { last_received { term: 2 index: 2 } } ignore_live_leader: false dest_uuid: "10444dfec7254f2d8d4a8a1970437715" is_pre_election: true
I20260710 11:11:32.804553  5259 raft_consensus.cc:515] T d788f2384ffc4c6699c42949cfc1d84f P a7928e2381f64d9eb1c8fc1a5473189a [term 4 FOLLOWER]: Starting pre-election with config: opid_index: -1 OBSOLETE_local: false peers { permanent_uuid: "a7928e2381f64d9eb1c8fc1a5473189a" member_type: VOTER last_known_addr { host: "127.4.166.1" port: 38687 } } peers { permanent_uuid: "a0117a13f44647369639dded7fd18e5f" member_type: VOTER last_known_addr { host: "127.4.166.2" port: 41799 } } peers { permanent_uuid: "10444dfec7254f2d8d4a8a1970437715" member_type: VOTER last_known_addr { host: "127.4.166.3" port: 41791 } }
I20260710 11:11:32.804908  4969 tablet_service.cc:1917] Received RequestConsensusVote() RPC: tablet_id: "770a10aa39af4678ab0066ed40c96be8" candidate_uuid: "a7928e2381f64d9eb1c8fc1a5473189a" candidate_term: 3 candidate_status { last_received { term: 2 index: 2 } } ignore_live_leader: false dest_uuid: "a0117a13f44647369639dded7fd18e5f" is_pre_election: true
I20260710 11:11:32.806731  5259 leader_election.cc:290] T d788f2384ffc4c6699c42949cfc1d84f P a7928e2381f64d9eb1c8fc1a5473189a [CANDIDATE]: Term 5 pre-election: Requested pre-vote from peers a0117a13f44647369639dded7fd18e5f (127.4.166.2:41799), 10444dfec7254f2d8d4a8a1970437715 (127.4.166.3:41791)
I20260710 11:11:32.811595  4861 leader_election.cc:304] T 770a10aa39af4678ab0066ed40c96be8 P a7928e2381f64d9eb1c8fc1a5473189a [CANDIDATE]: Term 3 pre-election: Election decided. Result: candidate lost. Election summary: received 3 responses out of 3 voters: 1 yes votes; 2 no votes. yes voters: a7928e2381f64d9eb1c8fc1a5473189a; no voters: 10444dfec7254f2d8d4a8a1970437715, a0117a13f44647369639dded7fd18e5f
I20260710 11:11:32.812420  5267 raft_consensus.cc:2749] T 770a10aa39af4678ab0066ed40c96be8 P a7928e2381f64d9eb1c8fc1a5473189a [term 2 FOLLOWER]: Leader pre-election lost for term 3. Reason: could not achieve majority
I20260710 11:11:32.814105  4969 tablet_service.cc:1917] Received RequestConsensusVote() RPC: tablet_id: "d788f2384ffc4c6699c42949cfc1d84f" candidate_uuid: "a7928e2381f64d9eb1c8fc1a5473189a" candidate_term: 5 candidate_status { last_received { term: 4 index: 4 } } ignore_live_leader: false dest_uuid: "a0117a13f44647369639dded7fd18e5f" is_pre_election: true
I20260710 11:11:32.816219  5045 tablet_service.cc:1917] Received RequestConsensusVote() RPC: tablet_id: "d788f2384ffc4c6699c42949cfc1d84f" candidate_uuid: "a7928e2381f64d9eb1c8fc1a5473189a" candidate_term: 5 candidate_status { last_received { term: 4 index: 4 } } ignore_live_leader: false dest_uuid: "10444dfec7254f2d8d4a8a1970437715" is_pre_election: true
I20260710 11:11:32.817585  4861 leader_election.cc:304] T d788f2384ffc4c6699c42949cfc1d84f P a7928e2381f64d9eb1c8fc1a5473189a [CANDIDATE]: Term 5 pre-election: Election decided. Result: candidate lost. Election summary: received 3 responses out of 3 voters: 1 yes votes; 2 no votes. yes voters: a7928e2381f64d9eb1c8fc1a5473189a; no voters: 10444dfec7254f2d8d4a8a1970437715, a0117a13f44647369639dded7fd18e5f
I20260710 11:11:32.818176  5268 raft_consensus.cc:2749] T d788f2384ffc4c6699c42949cfc1d84f P a7928e2381f64d9eb1c8fc1a5473189a [term 4 FOLLOWER]: Leader pre-election lost for term 5. Reason: could not achieve majority
I20260710 11:11:32.832533  4760 ts_tablet_manager.cc:1507] Shutting down tablet manager...
I20260710 11:11:32.833346  4760 tablet_replica.cc:333] T ad99868b1ac9455aa683c816dc868eb8 P a7928e2381f64d9eb1c8fc1a5473189a: stopping tablet replica
I20260710 11:11:32.834101  4760 raft_consensus.cc:2243] T ad99868b1ac9455aa683c816dc868eb8 P a7928e2381f64d9eb1c8fc1a5473189a [term 5 LEADER]: Raft consensus shutting down.
I20260710 11:11:32.834913  4760 raft_consensus.cc:2272] T ad99868b1ac9455aa683c816dc868eb8 P a7928e2381f64d9eb1c8fc1a5473189a [term 5 FOLLOWER]: Raft consensus is shut down!
I20260710 11:11:32.837121  4760 tablet_replica.cc:333] T 770a10aa39af4678ab0066ed40c96be8 P a7928e2381f64d9eb1c8fc1a5473189a: stopping tablet replica
I20260710 11:11:32.837627  4760 raft_consensus.cc:2243] T 770a10aa39af4678ab0066ed40c96be8 P a7928e2381f64d9eb1c8fc1a5473189a [term 2 FOLLOWER]: Raft consensus shutting down.
I20260710 11:11:32.838064  4760 raft_consensus.cc:2272] T 770a10aa39af4678ab0066ed40c96be8 P a7928e2381f64d9eb1c8fc1a5473189a [term 2 FOLLOWER]: Raft consensus is shut down!
I20260710 11:11:32.839793  4760 tablet_replica.cc:333] T d788f2384ffc4c6699c42949cfc1d84f P a7928e2381f64d9eb1c8fc1a5473189a: stopping tablet replica
I20260710 11:11:32.840271  4760 raft_consensus.cc:2243] T d788f2384ffc4c6699c42949cfc1d84f P a7928e2381f64d9eb1c8fc1a5473189a [term 4 FOLLOWER]: Raft consensus shutting down.
I20260710 11:11:32.840678  4760 raft_consensus.cc:2272] T d788f2384ffc4c6699c42949cfc1d84f P a7928e2381f64d9eb1c8fc1a5473189a [term 4 FOLLOWER]: Raft consensus is shut down!
I20260710 11:11:32.842113  4760 tablet_replica.cc:333] T fa6a3201c67948b3a8d47faff3c584e7 P a7928e2381f64d9eb1c8fc1a5473189a: stopping tablet replica
I20260710 11:11:32.842633  4760 raft_consensus.cc:2243] T fa6a3201c67948b3a8d47faff3c584e7 P a7928e2381f64d9eb1c8fc1a5473189a [term 4 FOLLOWER]: Raft consensus shutting down.
I20260710 11:11:32.843050  4760 raft_consensus.cc:2272] T fa6a3201c67948b3a8d47faff3c584e7 P a7928e2381f64d9eb1c8fc1a5473189a [term 4 FOLLOWER]: Raft consensus is shut down!
I20260710 11:11:32.844540  4760 tablet_replica.cc:333] T 40d9b254f631457baeb19c01d20ed8dd P a7928e2381f64d9eb1c8fc1a5473189a: stopping tablet replica
I20260710 11:11:32.845007  4760 raft_consensus.cc:2243] T 40d9b254f631457baeb19c01d20ed8dd P a7928e2381f64d9eb1c8fc1a5473189a [term 3 LEADER]: Raft consensus shutting down.
I20260710 11:11:32.845623  4760 raft_consensus.cc:2272] T 40d9b254f631457baeb19c01d20ed8dd P a7928e2381f64d9eb1c8fc1a5473189a [term 3 FOLLOWER]: Raft consensus is shut down!
I20260710 11:11:32.847496  4760 tablet_replica.cc:333] T ccedeeafccc74624b7a9a405b9ea0aa6 P a7928e2381f64d9eb1c8fc1a5473189a: stopping tablet replica
I20260710 11:11:32.848048  4760 raft_consensus.cc:2243] T ccedeeafccc74624b7a9a405b9ea0aa6 P a7928e2381f64d9eb1c8fc1a5473189a [term 4 LEADER]: Raft consensus shutting down.
I20260710 11:11:32.848729  4760 raft_consensus.cc:2272] T ccedeeafccc74624b7a9a405b9ea0aa6 P a7928e2381f64d9eb1c8fc1a5473189a [term 4 FOLLOWER]: Raft consensus is shut down!
I20260710 11:11:32.850486  4760 tablet_replica.cc:333] T d256031fd3854943a3e523ffb8dd99ac P a7928e2381f64d9eb1c8fc1a5473189a: stopping tablet replica
I20260710 11:11:32.850934  4760 raft_consensus.cc:2243] T d256031fd3854943a3e523ffb8dd99ac P a7928e2381f64d9eb1c8fc1a5473189a [term 3 FOLLOWER]: Raft consensus shutting down.
I20260710 11:11:32.851329  4760 raft_consensus.cc:2272] T d256031fd3854943a3e523ffb8dd99ac P a7928e2381f64d9eb1c8fc1a5473189a [term 3 FOLLOWER]: Raft consensus is shut down!
I20260710 11:11:32.852911  4760 tablet_replica.cc:333] T b256ea8eed8b4083b3adea7233f1c220 P a7928e2381f64d9eb1c8fc1a5473189a: stopping tablet replica
I20260710 11:11:32.853345  4760 raft_consensus.cc:2243] T b256ea8eed8b4083b3adea7233f1c220 P a7928e2381f64d9eb1c8fc1a5473189a [term 3 FOLLOWER]: Raft consensus shutting down.
I20260710 11:11:32.853786  4760 raft_consensus.cc:2272] T b256ea8eed8b4083b3adea7233f1c220 P a7928e2381f64d9eb1c8fc1a5473189a [term 3 FOLLOWER]: Raft consensus is shut down!
I20260710 11:11:32.855271  4760 tablet_replica.cc:333] T e7d1f623df574d54ab20e3f83a63bda6 P a7928e2381f64d9eb1c8fc1a5473189a: stopping tablet replica
I20260710 11:11:32.855724  4760 raft_consensus.cc:2243] T e7d1f623df574d54ab20e3f83a63bda6 P a7928e2381f64d9eb1c8fc1a5473189a [term 2 FOLLOWER]: Raft consensus shutting down.
I20260710 11:11:32.856163  4760 raft_consensus.cc:2272] T e7d1f623df574d54ab20e3f83a63bda6 P a7928e2381f64d9eb1c8fc1a5473189a [term 2 FOLLOWER]: Raft consensus is shut down!
I20260710 11:11:32.981700  4760 tablet_server.cc:196] TabletServer@127.4.166.1:0 shutdown complete.
I20260710 11:11:33.009292  4760 tablet_server.cc:179] TabletServer@127.4.166.2:0 shutting down...
W20260710 11:11:33.031569  5010 consensus_peers.cc:597] T d788f2384ffc4c6699c42949cfc1d84f P 10444dfec7254f2d8d4a8a1970437715 -> Peer a0117a13f44647369639dded7fd18e5f (127.4.166.2:41799): Couldn't send request to peer a0117a13f44647369639dded7fd18e5f. Status: Remote error: Service unavailable: service kudu.consensus.ConsensusService not registered on TabletServer. This is attempt 1: this message will repeat every 5th retry.
I20260710 11:11:33.037226  4760 ts_tablet_manager.cc:1507] Shutting down tablet manager...
I20260710 11:11:33.037850  4760 tablet_replica.cc:333] T ccedeeafccc74624b7a9a405b9ea0aa6 P a0117a13f44647369639dded7fd18e5f: stopping tablet replica
I20260710 11:11:33.038523  4760 raft_consensus.cc:2243] T ccedeeafccc74624b7a9a405b9ea0aa6 P a0117a13f44647369639dded7fd18e5f [term 4 FOLLOWER]: Raft consensus shutting down.
I20260710 11:11:33.038928  4760 raft_consensus.cc:2272] T ccedeeafccc74624b7a9a405b9ea0aa6 P a0117a13f44647369639dded7fd18e5f [term 4 FOLLOWER]: Raft consensus is shut down!
I20260710 11:11:33.040633  4760 tablet_replica.cc:333] T ad99868b1ac9455aa683c816dc868eb8 P a0117a13f44647369639dded7fd18e5f: stopping tablet replica
I20260710 11:11:33.041109  4760 raft_consensus.cc:2243] T ad99868b1ac9455aa683c816dc868eb8 P a0117a13f44647369639dded7fd18e5f [term 5 FOLLOWER]: Raft consensus shutting down.
I20260710 11:11:33.041491  4760 raft_consensus.cc:2272] T ad99868b1ac9455aa683c816dc868eb8 P a0117a13f44647369639dded7fd18e5f [term 5 FOLLOWER]: Raft consensus is shut down!
I20260710 11:11:33.043073  4760 tablet_replica.cc:333] T fa6a3201c67948b3a8d47faff3c584e7 P a0117a13f44647369639dded7fd18e5f: stopping tablet replica
I20260710 11:11:33.043571  4760 raft_consensus.cc:2243] T fa6a3201c67948b3a8d47faff3c584e7 P a0117a13f44647369639dded7fd18e5f [term 4 LEADER]: Raft consensus shutting down.
I20260710 11:11:33.044261  4760 raft_consensus.cc:2272] T fa6a3201c67948b3a8d47faff3c584e7 P a0117a13f44647369639dded7fd18e5f [term 4 FOLLOWER]: Raft consensus is shut down!
I20260710 11:11:33.045917  4760 tablet_replica.cc:333] T d788f2384ffc4c6699c42949cfc1d84f P a0117a13f44647369639dded7fd18e5f: stopping tablet replica
I20260710 11:11:33.046430  4760 raft_consensus.cc:2243] T d788f2384ffc4c6699c42949cfc1d84f P a0117a13f44647369639dded7fd18e5f [term 4 FOLLOWER]: Raft consensus shutting down.
I20260710 11:11:33.046792  4760 raft_consensus.cc:2272] T d788f2384ffc4c6699c42949cfc1d84f P a0117a13f44647369639dded7fd18e5f [term 4 FOLLOWER]: Raft consensus is shut down!
I20260710 11:11:33.048230  4760 tablet_replica.cc:333] T 40d9b254f631457baeb19c01d20ed8dd P a0117a13f44647369639dded7fd18e5f: stopping tablet replica
I20260710 11:11:33.048725  4760 raft_consensus.cc:2243] T 40d9b254f631457baeb19c01d20ed8dd P a0117a13f44647369639dded7fd18e5f [term 3 FOLLOWER]: Raft consensus shutting down.
I20260710 11:11:33.049122  4760 raft_consensus.cc:2272] T 40d9b254f631457baeb19c01d20ed8dd P a0117a13f44647369639dded7fd18e5f [term 3 FOLLOWER]: Raft consensus is shut down!
I20260710 11:11:33.052762  4760 tablet_replica.cc:333] T 770a10aa39af4678ab0066ed40c96be8 P a0117a13f44647369639dded7fd18e5f: stopping tablet replica
I20260710 11:11:33.053347  4760 raft_consensus.cc:2243] T 770a10aa39af4678ab0066ed40c96be8 P a0117a13f44647369639dded7fd18e5f [term 2 LEADER]: Raft consensus shutting down.
I20260710 11:11:33.054111  4760 raft_consensus.cc:2272] T 770a10aa39af4678ab0066ed40c96be8 P a0117a13f44647369639dded7fd18e5f [term 2 FOLLOWER]: Raft consensus is shut down!
I20260710 11:11:33.056233  4760 tablet_replica.cc:333] T e7d1f623df574d54ab20e3f83a63bda6 P a0117a13f44647369639dded7fd18e5f: stopping tablet replica
I20260710 11:11:33.056677  4760 raft_consensus.cc:2243] T e7d1f623df574d54ab20e3f83a63bda6 P a0117a13f44647369639dded7fd18e5f [term 2 FOLLOWER]: Raft consensus shutting down.
I20260710 11:11:33.057061  4760 raft_consensus.cc:2272] T e7d1f623df574d54ab20e3f83a63bda6 P a0117a13f44647369639dded7fd18e5f [term 2 FOLLOWER]: Raft consensus is shut down!
I20260710 11:11:33.058604  4760 tablet_replica.cc:333] T b256ea8eed8b4083b3adea7233f1c220 P a0117a13f44647369639dded7fd18e5f: stopping tablet replica
I20260710 11:11:33.059002  4760 raft_consensus.cc:2243] T b256ea8eed8b4083b3adea7233f1c220 P a0117a13f44647369639dded7fd18e5f [term 3 FOLLOWER]: Raft consensus shutting down.
I20260710 11:11:33.059327  4760 raft_consensus.cc:2272] T b256ea8eed8b4083b3adea7233f1c220 P a0117a13f44647369639dded7fd18e5f [term 3 FOLLOWER]: Raft consensus is shut down!
I20260710 11:11:33.060776  4760 tablet_replica.cc:333] T d256031fd3854943a3e523ffb8dd99ac P a0117a13f44647369639dded7fd18e5f: stopping tablet replica
I20260710 11:11:33.061175  4760 raft_consensus.cc:2243] T d256031fd3854943a3e523ffb8dd99ac P a0117a13f44647369639dded7fd18e5f [term 3 LEADER]: Raft consensus shutting down.
I20260710 11:11:33.061817  4760 raft_consensus.cc:2272] T d256031fd3854943a3e523ffb8dd99ac P a0117a13f44647369639dded7fd18e5f [term 3 FOLLOWER]: Raft consensus is shut down!
W20260710 11:11:33.078990  5010 consensus_peers.cc:597] T e7d1f623df574d54ab20e3f83a63bda6 P 10444dfec7254f2d8d4a8a1970437715 -> Peer a0117a13f44647369639dded7fd18e5f (127.4.166.2:41799): Couldn't send request to peer a0117a13f44647369639dded7fd18e5f. Status: Network error: Client connection negotiation failed: client connection to 127.4.166.2:41799: connect: Connection refused (error 111). This is attempt 1: this message will repeat every 5th retry.
I20260710 11:11:33.090261  4760 tablet_server.cc:196] TabletServer@127.4.166.2:0 shutdown complete.
I20260710 11:11:33.110581  4760 tablet_server.cc:179] TabletServer@127.4.166.3:0 shutting down...
I20260710 11:11:33.132150  4760 ts_tablet_manager.cc:1507] Shutting down tablet manager...
I20260710 11:11:33.132910  4760 tablet_replica.cc:333] T ccedeeafccc74624b7a9a405b9ea0aa6 P 10444dfec7254f2d8d4a8a1970437715: stopping tablet replica
I20260710 11:11:33.133499  4760 raft_consensus.cc:2243] T ccedeeafccc74624b7a9a405b9ea0aa6 P 10444dfec7254f2d8d4a8a1970437715 [term 4 FOLLOWER]: Raft consensus shutting down.
I20260710 11:11:33.133876  4760 raft_consensus.cc:2272] T ccedeeafccc74624b7a9a405b9ea0aa6 P 10444dfec7254f2d8d4a8a1970437715 [term 4 FOLLOWER]: Raft consensus is shut down!
I20260710 11:11:33.135828  4760 tablet_replica.cc:333] T e7d1f623df574d54ab20e3f83a63bda6 P 10444dfec7254f2d8d4a8a1970437715: stopping tablet replica
W20260710 11:11:33.136173  5010 consensus_peers.cc:597] T b256ea8eed8b4083b3adea7233f1c220 P 10444dfec7254f2d8d4a8a1970437715 -> Peer a0117a13f44647369639dded7fd18e5f (127.4.166.2:41799): Couldn't send request to peer a0117a13f44647369639dded7fd18e5f. Status: Network error: Client connection negotiation failed: client connection to 127.4.166.2:41799: connect: Connection refused (error 111). This is attempt 1: this message will repeat every 5th retry.
I20260710 11:11:33.136472  4760 raft_consensus.cc:2243] T e7d1f623df574d54ab20e3f83a63bda6 P 10444dfec7254f2d8d4a8a1970437715 [term 2 LEADER]: Raft consensus shutting down.
I20260710 11:11:33.137168  4760 raft_consensus.cc:2272] T e7d1f623df574d54ab20e3f83a63bda6 P 10444dfec7254f2d8d4a8a1970437715 [term 2 FOLLOWER]: Raft consensus is shut down!
I20260710 11:11:33.138645  4760 tablet_replica.cc:333] T ad99868b1ac9455aa683c816dc868eb8 P 10444dfec7254f2d8d4a8a1970437715: stopping tablet replica
I20260710 11:11:33.139068  4760 raft_consensus.cc:2243] T ad99868b1ac9455aa683c816dc868eb8 P 10444dfec7254f2d8d4a8a1970437715 [term 5 FOLLOWER]: Raft consensus shutting down.
I20260710 11:11:33.139405  4760 raft_consensus.cc:2272] T ad99868b1ac9455aa683c816dc868eb8 P 10444dfec7254f2d8d4a8a1970437715 [term 5 FOLLOWER]: Raft consensus is shut down!
I20260710 11:11:33.140728  4760 tablet_replica.cc:333] T 770a10aa39af4678ab0066ed40c96be8 P 10444dfec7254f2d8d4a8a1970437715: stopping tablet replica
I20260710 11:11:33.141152  4760 raft_consensus.cc:2243] T 770a10aa39af4678ab0066ed40c96be8 P 10444dfec7254f2d8d4a8a1970437715 [term 2 FOLLOWER]: Raft consensus shutting down.
I20260710 11:11:33.141487  4760 raft_consensus.cc:2272] T 770a10aa39af4678ab0066ed40c96be8 P 10444dfec7254f2d8d4a8a1970437715 [term 2 FOLLOWER]: Raft consensus is shut down!
I20260710 11:11:33.143007  4760 tablet_replica.cc:333] T b256ea8eed8b4083b3adea7233f1c220 P 10444dfec7254f2d8d4a8a1970437715: stopping tablet replica
I20260710 11:11:33.143392  4760 raft_consensus.cc:2243] T b256ea8eed8b4083b3adea7233f1c220 P 10444dfec7254f2d8d4a8a1970437715 [term 3 LEADER]: Raft consensus shutting down.
I20260710 11:11:33.143898  4760 raft_consensus.cc:2272] T b256ea8eed8b4083b3adea7233f1c220 P 10444dfec7254f2d8d4a8a1970437715 [term 3 FOLLOWER]: Raft consensus is shut down!
