I20260710 11:11:36.354959  5592 consensus_queue.cc:260] T d367e1aaef7643e0aa7104d6c8ed0e39 P 13806a172c054cb4b725f0a39ce6d02e [NON_LEADER]: Queue going to NON_LEADER mode. State: All replicated index: 0, Majority replicated index: 0, Committed index: 0, Last appended: 0.0, Last appended by leader: 0, Current term: 0, Majority size: -1, State: 0, Mode: NON_LEADER, active raft config: opid_index: -1 OBSOLETE_local: false peers { permanent_uuid: "f0904cad635845c4923d8e1ae37bcb81" member_type: VOTER last_known_addr { host: "127.4.166.1" port: 43677 } } peers { permanent_uuid: "3e6a9ec458f249f4919ec7c3d6611d6a" member_type: VOTER last_known_addr { host: "127.4.166.2" port: 41643 } } peers { permanent_uuid: "13806a172c054cb4b725f0a39ce6d02e" member_type: VOTER last_known_addr { host: "127.4.166.3" port: 34753 } }
I20260710 11:11:36.362512  5590 tablet_bootstrap.cc:492] T d0d30e992ed4426584c201d0ada767f4 P f0904cad635845c4923d8e1ae37bcb81: No bootstrap required, opened a new log
I20260710 11:11:36.362517  5591 tablet_bootstrap.cc:492] T d0d30e992ed4426584c201d0ada767f4 P 3e6a9ec458f249f4919ec7c3d6611d6a: No bootstrap required, opened a new log
I20260710 11:11:36.363325  5591 ts_tablet_manager.cc:1403] T d0d30e992ed4426584c201d0ada767f4 P 3e6a9ec458f249f4919ec7c3d6611d6a: Time spent bootstrapping tablet: real 0.043s	user 0.007s	sys 0.007s
I20260710 11:11:36.363421  5575 heartbeater.cc:499] Master 127.4.166.62:45573 was elected leader, sending a full tablet report...
I20260710 11:11:36.363817  5592 ts_tablet_manager.cc:1434] T d367e1aaef7643e0aa7104d6c8ed0e39 P 13806a172c054cb4b725f0a39ce6d02e: Time spent starting tablet: real 0.012s	user 0.007s	sys 0.004s
I20260710 11:11:36.364533  5592 tablet_bootstrap.cc:492] T d0d30e992ed4426584c201d0ada767f4 P 13806a172c054cb4b725f0a39ce6d02e: Bootstrap starting.
I20260710 11:11:36.366511  5591 raft_consensus.cc:359] T d0d30e992ed4426584c201d0ada767f4 P 3e6a9ec458f249f4919ec7c3d6611d6a [term 0 FOLLOWER]: Replica starting. Triggering 0 pending ops. Active config: opid_index: -1 OBSOLETE_local: false peers { permanent_uuid: "f0904cad635845c4923d8e1ae37bcb81" member_type: VOTER last_known_addr { host: "127.4.166.1" port: 43677 } } peers { permanent_uuid: "3e6a9ec458f249f4919ec7c3d6611d6a" member_type: VOTER last_known_addr { host: "127.4.166.2" port: 41643 } } peers { permanent_uuid: "13806a172c054cb4b725f0a39ce6d02e" member_type: VOTER last_known_addr { host: "127.4.166.3" port: 34753 } }
I20260710 11:11:36.367290  5591 raft_consensus.cc:385] T d0d30e992ed4426584c201d0ada767f4 P 3e6a9ec458f249f4919ec7c3d6611d6a [term 0 FOLLOWER]: Consensus starting up: Expiring failure detector timer to make a prompt election more likely
I20260710 11:11:36.367568  5591 raft_consensus.cc:740] T d0d30e992ed4426584c201d0ada767f4 P 3e6a9ec458f249f4919ec7c3d6611d6a [term 0 FOLLOWER]: Becoming Follower/Learner. State: Replica: 3e6a9ec458f249f4919ec7c3d6611d6a, State: Initialized, Role: FOLLOWER
I20260710 11:11:36.368273  5591 consensus_queue.cc:260] T d0d30e992ed4426584c201d0ada767f4 P 3e6a9ec458f249f4919ec7c3d6611d6a [NON_LEADER]: Queue going to NON_LEADER mode. State: All replicated index: 0, Majority replicated index: 0, Committed index: 0, Last appended: 0.0, Last appended by leader: 0, Current term: 0, Majority size: -1, State: 0, Mode: NON_LEADER, active raft config: opid_index: -1 OBSOLETE_local: false peers { permanent_uuid: "f0904cad635845c4923d8e1ae37bcb81" member_type: VOTER last_known_addr { host: "127.4.166.1" port: 43677 } } peers { permanent_uuid: "3e6a9ec458f249f4919ec7c3d6611d6a" member_type: VOTER last_known_addr { host: "127.4.166.2" port: 41643 } } peers { permanent_uuid: "13806a172c054cb4b725f0a39ce6d02e" member_type: VOTER last_known_addr { host: "127.4.166.3" port: 34753 } }
I20260710 11:11:36.369350  5592 tablet_bootstrap.cc:654] T d0d30e992ed4426584c201d0ada767f4 P 13806a172c054cb4b725f0a39ce6d02e: Neither blocks nor log segments found. Creating new log.
I20260710 11:11:36.370471  5501 heartbeater.cc:499] Master 127.4.166.62:45573 was elected leader, sending a full tablet report...
I20260710 11:11:36.371053  5591 ts_tablet_manager.cc:1434] T d0d30e992ed4426584c201d0ada767f4 P 3e6a9ec458f249f4919ec7c3d6611d6a: Time spent starting tablet: real 0.007s	user 0.005s	sys 0.001s
I20260710 11:11:36.371968  5591 tablet_bootstrap.cc:492] T 8a3f5ea0294b48b780f8104da3bbcbdf P 3e6a9ec458f249f4919ec7c3d6611d6a: Bootstrap starting.
I20260710 11:11:36.367874  5590 ts_tablet_manager.cc:1403] T d0d30e992ed4426584c201d0ada767f4 P f0904cad635845c4923d8e1ae37bcb81: Time spent bootstrapping tablet: real 0.069s	user 0.006s	sys 0.007s
I20260710 11:11:36.378549  5591 tablet_bootstrap.cc:654] T 8a3f5ea0294b48b780f8104da3bbcbdf P 3e6a9ec458f249f4919ec7c3d6611d6a: Neither blocks nor log segments found. Creating new log.
I20260710 11:11:36.380388  5595 raft_consensus.cc:493] T d367e1aaef7643e0aa7104d6c8ed0e39 P 13806a172c054cb4b725f0a39ce6d02e [term 0 FOLLOWER]: Starting pre-election (no leader contacted us within the election timeout)
I20260710 11:11:36.380997  5595 raft_consensus.cc:515] T d367e1aaef7643e0aa7104d6c8ed0e39 P 13806a172c054cb4b725f0a39ce6d02e [term 0 FOLLOWER]: Starting pre-election with config: opid_index: -1 OBSOLETE_local: false peers { permanent_uuid: "f0904cad635845c4923d8e1ae37bcb81" member_type: VOTER last_known_addr { host: "127.4.166.1" port: 43677 } } peers { permanent_uuid: "3e6a9ec458f249f4919ec7c3d6611d6a" member_type: VOTER last_known_addr { host: "127.4.166.2" port: 41643 } } peers { permanent_uuid: "13806a172c054cb4b725f0a39ce6d02e" member_type: VOTER last_known_addr { host: "127.4.166.3" port: 34753 } }
I20260710 11:11:36.381474  5590 raft_consensus.cc:359] T d0d30e992ed4426584c201d0ada767f4 P f0904cad635845c4923d8e1ae37bcb81 [term 0 FOLLOWER]: Replica starting. Triggering 0 pending ops. Active config: opid_index: -1 OBSOLETE_local: false peers { permanent_uuid: "f0904cad635845c4923d8e1ae37bcb81" member_type: VOTER last_known_addr { host: "127.4.166.1" port: 43677 } } peers { permanent_uuid: "3e6a9ec458f249f4919ec7c3d6611d6a" member_type: VOTER last_known_addr { host: "127.4.166.2" port: 41643 } } peers { permanent_uuid: "13806a172c054cb4b725f0a39ce6d02e" member_type: VOTER last_known_addr { host: "127.4.166.3" port: 34753 } }
I20260710 11:11:36.382499  5590 raft_consensus.cc:385] T d0d30e992ed4426584c201d0ada767f4 P f0904cad635845c4923d8e1ae37bcb81 [term 0 FOLLOWER]: Consensus starting up: Expiring failure detector timer to make a prompt election more likely
I20260710 11:11:36.382872  5590 raft_consensus.cc:740] T d0d30e992ed4426584c201d0ada767f4 P f0904cad635845c4923d8e1ae37bcb81 [term 0 FOLLOWER]: Becoming Follower/Learner. State: Replica: f0904cad635845c4923d8e1ae37bcb81, State: Initialized, Role: FOLLOWER
I20260710 11:11:36.390241  5591 tablet_bootstrap.cc:492] T 8a3f5ea0294b48b780f8104da3bbcbdf P 3e6a9ec458f249f4919ec7c3d6611d6a: No bootstrap required, opened a new log
I20260710 11:11:36.390743  5591 ts_tablet_manager.cc:1403] T 8a3f5ea0294b48b780f8104da3bbcbdf P 3e6a9ec458f249f4919ec7c3d6611d6a: Time spent bootstrapping tablet: real 0.019s	user 0.011s	sys 0.007s
I20260710 11:11:36.393644  5591 raft_consensus.cc:359] T 8a3f5ea0294b48b780f8104da3bbcbdf P 3e6a9ec458f249f4919ec7c3d6611d6a [term 0 FOLLOWER]: Replica starting. Triggering 0 pending ops. Active config: opid_index: -1 OBSOLETE_local: false peers { permanent_uuid: "f0904cad635845c4923d8e1ae37bcb81" member_type: VOTER last_known_addr { host: "127.4.166.1" port: 43677 } } peers { permanent_uuid: "3e6a9ec458f249f4919ec7c3d6611d6a" member_type: VOTER last_known_addr { host: "127.4.166.2" port: 41643 } } peers { permanent_uuid: "13806a172c054cb4b725f0a39ce6d02e" member_type: VOTER last_known_addr { host: "127.4.166.3" port: 34753 } }
I20260710 11:11:36.394564  5591 raft_consensus.cc:385] T 8a3f5ea0294b48b780f8104da3bbcbdf P 3e6a9ec458f249f4919ec7c3d6611d6a [term 0 FOLLOWER]: Consensus starting up: Expiring failure detector timer to make a prompt election more likely
I20260710 11:11:36.398360  5591 raft_consensus.cc:740] T 8a3f5ea0294b48b780f8104da3bbcbdf P 3e6a9ec458f249f4919ec7c3d6611d6a [term 0 FOLLOWER]: Becoming Follower/Learner. State: Replica: 3e6a9ec458f249f4919ec7c3d6611d6a, State: Initialized, Role: FOLLOWER
I20260710 11:11:36.399281  5591 consensus_queue.cc:260] T 8a3f5ea0294b48b780f8104da3bbcbdf P 3e6a9ec458f249f4919ec7c3d6611d6a [NON_LEADER]: Queue going to NON_LEADER mode. State: All replicated index: 0, Majority replicated index: 0, Committed index: 0, Last appended: 0.0, Last appended by leader: 0, Current term: 0, Majority size: -1, State: 0, Mode: NON_LEADER, active raft config: opid_index: -1 OBSOLETE_local: false peers { permanent_uuid: "f0904cad635845c4923d8e1ae37bcb81" member_type: VOTER last_known_addr { host: "127.4.166.1" port: 43677 } } peers { permanent_uuid: "3e6a9ec458f249f4919ec7c3d6611d6a" member_type: VOTER last_known_addr { host: "127.4.166.2" port: 41643 } } peers { permanent_uuid: "13806a172c054cb4b725f0a39ce6d02e" member_type: VOTER last_known_addr { host: "127.4.166.3" port: 34753 } }
I20260710 11:11:36.401583  5591 ts_tablet_manager.cc:1434] T 8a3f5ea0294b48b780f8104da3bbcbdf P 3e6a9ec458f249f4919ec7c3d6611d6a: Time spent starting tablet: real 0.010s	user 0.005s	sys 0.000s
I20260710 11:11:36.403036  5591 tablet_bootstrap.cc:492] T b815861d71a84e509b97330d31a57e72 P 3e6a9ec458f249f4919ec7c3d6611d6a: Bootstrap starting.
I20260710 11:11:36.404640  5401 tablet_service.cc:1917] Received RequestConsensusVote() RPC: tablet_id: "d367e1aaef7643e0aa7104d6c8ed0e39" candidate_uuid: "13806a172c054cb4b725f0a39ce6d02e" candidate_term: 1 candidate_status { last_received { term: 0 index: 0 } } ignore_live_leader: false dest_uuid: "f0904cad635845c4923d8e1ae37bcb81" is_pre_election: true
W20260710 11:11:36.406759  5516 leader_election.cc:343] T d367e1aaef7643e0aa7104d6c8ed0e39 P 13806a172c054cb4b725f0a39ce6d02e [CANDIDATE]: Term 1 pre-election: Tablet error from VoteRequest() call to peer f0904cad635845c4923d8e1ae37bcb81 (127.4.166.1:43677): Illegal state: must be running to vote when last-logged opid is not known
I20260710 11:11:36.407569  5595 leader_election.cc:290] T d367e1aaef7643e0aa7104d6c8ed0e39 P 13806a172c054cb4b725f0a39ce6d02e [CANDIDATE]: Term 1 pre-election: Requested pre-vote from peers f0904cad635845c4923d8e1ae37bcb81 (127.4.166.1:43677), 3e6a9ec458f249f4919ec7c3d6611d6a (127.4.166.2:41643)
I20260710 11:11:36.409687  5591 tablet_bootstrap.cc:654] T b815861d71a84e509b97330d31a57e72 P 3e6a9ec458f249f4919ec7c3d6611d6a: Neither blocks nor log segments found. Creating new log.
I20260710 11:11:36.413357  5590 consensus_queue.cc:260] T d0d30e992ed4426584c201d0ada767f4 P f0904cad635845c4923d8e1ae37bcb81 [NON_LEADER]: Queue going to NON_LEADER mode. State: All replicated index: 0, Majority replicated index: 0, Committed index: 0, Last appended: 0.0, Last appended by leader: 0, Current term: 0, Majority size: -1, State: 0, Mode: NON_LEADER, active raft config: opid_index: -1 OBSOLETE_local: false peers { permanent_uuid: "f0904cad635845c4923d8e1ae37bcb81" member_type: VOTER last_known_addr { host: "127.4.166.1" port: 43677 } } peers { permanent_uuid: "3e6a9ec458f249f4919ec7c3d6611d6a" member_type: VOTER last_known_addr { host: "127.4.166.2" port: 41643 } } peers { permanent_uuid: "13806a172c054cb4b725f0a39ce6d02e" member_type: VOTER last_known_addr { host: "127.4.166.3" port: 34753 } }
I20260710 11:11:36.417897  5426 heartbeater.cc:499] Master 127.4.166.62:45573 was elected leader, sending a full tablet report...
I20260710 11:11:36.422556  5590 ts_tablet_manager.cc:1434] T d0d30e992ed4426584c201d0ada767f4 P f0904cad635845c4923d8e1ae37bcb81: Time spent starting tablet: real 0.044s	user 0.008s	sys 0.000s
I20260710 11:11:36.424109  5592 tablet_bootstrap.cc:492] T d0d30e992ed4426584c201d0ada767f4 P 13806a172c054cb4b725f0a39ce6d02e: No bootstrap required, opened a new log
I20260710 11:11:36.424728  5590 tablet_bootstrap.cc:492] T 3b37d4964e174090843bf3d65f0a2d18 P f0904cad635845c4923d8e1ae37bcb81: Bootstrap starting.
I20260710 11:11:36.424804  5592 ts_tablet_manager.cc:1403] T d0d30e992ed4426584c201d0ada767f4 P 13806a172c054cb4b725f0a39ce6d02e: Time spent bootstrapping tablet: real 0.060s	user 0.025s	sys 0.029s
I20260710 11:11:36.424628  5476 tablet_service.cc:1917] Received RequestConsensusVote() RPC: tablet_id: "d367e1aaef7643e0aa7104d6c8ed0e39" candidate_uuid: "13806a172c054cb4b725f0a39ce6d02e" candidate_term: 1 candidate_status { last_received { term: 0 index: 0 } } ignore_live_leader: false dest_uuid: "3e6a9ec458f249f4919ec7c3d6611d6a" is_pre_election: true
W20260710 11:11:36.426975  5514 leader_election.cc:343] T d367e1aaef7643e0aa7104d6c8ed0e39 P 13806a172c054cb4b725f0a39ce6d02e [CANDIDATE]: Term 1 pre-election: Tablet error from VoteRequest() call to peer 3e6a9ec458f249f4919ec7c3d6611d6a (127.4.166.2:41643): Illegal state: must be running to vote when last-logged opid is not known
I20260710 11:11:36.427754  5592 raft_consensus.cc:359] T d0d30e992ed4426584c201d0ada767f4 P 13806a172c054cb4b725f0a39ce6d02e [term 0 FOLLOWER]: Replica starting. Triggering 0 pending ops. Active config: opid_index: -1 OBSOLETE_local: false peers { permanent_uuid: "f0904cad635845c4923d8e1ae37bcb81" member_type: VOTER last_known_addr { host: "127.4.166.1" port: 43677 } } peers { permanent_uuid: "3e6a9ec458f249f4919ec7c3d6611d6a" member_type: VOTER last_known_addr { host: "127.4.166.2" port: 41643 } } peers { permanent_uuid: "13806a172c054cb4b725f0a39ce6d02e" member_type: VOTER last_known_addr { host: "127.4.166.3" port: 34753 } }
I20260710 11:11:36.428496  5592 raft_consensus.cc:385] T d0d30e992ed4426584c201d0ada767f4 P 13806a172c054cb4b725f0a39ce6d02e [term 0 FOLLOWER]: Consensus starting up: Expiring failure detector timer to make a prompt election more likely
I20260710 11:11:36.428802  5592 raft_consensus.cc:740] T d0d30e992ed4426584c201d0ada767f4 P 13806a172c054cb4b725f0a39ce6d02e [term 0 FOLLOWER]: Becoming Follower/Learner. State: Replica: 13806a172c054cb4b725f0a39ce6d02e, State: Initialized, Role: FOLLOWER
I20260710 11:11:36.429648  5592 consensus_queue.cc:260] T d0d30e992ed4426584c201d0ada767f4 P 13806a172c054cb4b725f0a39ce6d02e [NON_LEADER]: Queue going to NON_LEADER mode. State: All replicated index: 0, Majority replicated index: 0, Committed index: 0, Last appended: 0.0, Last appended by leader: 0, Current term: 0, Majority size: -1, State: 0, Mode: NON_LEADER, active raft config: opid_index: -1 OBSOLETE_local: false peers { permanent_uuid: "f0904cad635845c4923d8e1ae37bcb81" member_type: VOTER last_known_addr { host: "127.4.166.1" port: 43677 } } peers { permanent_uuid: "3e6a9ec458f249f4919ec7c3d6611d6a" member_type: VOTER last_known_addr { host: "127.4.166.2" port: 41643 } } peers { permanent_uuid: "13806a172c054cb4b725f0a39ce6d02e" member_type: VOTER last_known_addr { host: "127.4.166.3" port: 34753 } }
I20260710 11:11:36.431365  5590 tablet_bootstrap.cc:654] T 3b37d4964e174090843bf3d65f0a2d18 P f0904cad635845c4923d8e1ae37bcb81: Neither blocks nor log segments found. Creating new log.
I20260710 11:11:36.431941  5592 ts_tablet_manager.cc:1434] T d0d30e992ed4426584c201d0ada767f4 P 13806a172c054cb4b725f0a39ce6d02e: Time spent starting tablet: real 0.007s	user 0.005s	sys 0.000s
I20260710 11:11:36.438766  5592 tablet_bootstrap.cc:492] T 8027dcc0fe5447e5b5e7ea5cff632c9e P 13806a172c054cb4b725f0a39ce6d02e: Bootstrap starting.
I20260710 11:11:36.446209  5592 tablet_bootstrap.cc:654] T 8027dcc0fe5447e5b5e7ea5cff632c9e P 13806a172c054cb4b725f0a39ce6d02e: Neither blocks nor log segments found. Creating new log.
I20260710 11:11:36.427532  5514 leader_election.cc:304] T d367e1aaef7643e0aa7104d6c8ed0e39 P 13806a172c054cb4b725f0a39ce6d02e [CANDIDATE]: Term 1 pre-election: Election decided. Result: candidate lost. Election summary: received 3 responses out of 3 voters: 1 yes votes; 2 no votes. yes voters: 13806a172c054cb4b725f0a39ce6d02e; no voters: 3e6a9ec458f249f4919ec7c3d6611d6a, f0904cad635845c4923d8e1ae37bcb81
I20260710 11:11:36.450866  5595 raft_consensus.cc:2749] T d367e1aaef7643e0aa7104d6c8ed0e39 P 13806a172c054cb4b725f0a39ce6d02e [term 0 FOLLOWER]: Leader pre-election lost for term 1. Reason: could not achieve majority
I20260710 11:11:36.458339  5591 tablet_bootstrap.cc:492] T b815861d71a84e509b97330d31a57e72 P 3e6a9ec458f249f4919ec7c3d6611d6a: No bootstrap required, opened a new log
I20260710 11:11:36.458837  5591 ts_tablet_manager.cc:1403] T b815861d71a84e509b97330d31a57e72 P 3e6a9ec458f249f4919ec7c3d6611d6a: Time spent bootstrapping tablet: real 0.056s	user 0.018s	sys 0.003s
I20260710 11:11:36.460655  5592 tablet_bootstrap.cc:492] T 8027dcc0fe5447e5b5e7ea5cff632c9e P 13806a172c054cb4b725f0a39ce6d02e: No bootstrap required, opened a new log
I20260710 11:11:36.461072  5592 ts_tablet_manager.cc:1403] T 8027dcc0fe5447e5b5e7ea5cff632c9e P 13806a172c054cb4b725f0a39ce6d02e: Time spent bootstrapping tablet: real 0.022s	user 0.011s	sys 0.000s
I20260710 11:11:36.462531  5590 tablet_bootstrap.cc:492] T 3b37d4964e174090843bf3d65f0a2d18 P f0904cad635845c4923d8e1ae37bcb81: No bootstrap required, opened a new log
I20260710 11:11:36.462949  5590 ts_tablet_manager.cc:1403] T 3b37d4964e174090843bf3d65f0a2d18 P f0904cad635845c4923d8e1ae37bcb81: Time spent bootstrapping tablet: real 0.038s	user 0.009s	sys 0.009s
I20260710 11:11:36.464217  5592 raft_consensus.cc:359] T 8027dcc0fe5447e5b5e7ea5cff632c9e P 13806a172c054cb4b725f0a39ce6d02e [term 0 FOLLOWER]: Replica starting. Triggering 0 pending ops. Active config: opid_index: -1 OBSOLETE_local: false peers { permanent_uuid: "f0904cad635845c4923d8e1ae37bcb81" member_type: VOTER last_known_addr { host: "127.4.166.1" port: 43677 } } peers { permanent_uuid: "3e6a9ec458f249f4919ec7c3d6611d6a" member_type: VOTER last_known_addr { host: "127.4.166.2" port: 41643 } } peers { permanent_uuid: "13806a172c054cb4b725f0a39ce6d02e" member_type: VOTER last_known_addr { host: "127.4.166.3" port: 34753 } }
I20260710 11:11:36.465065  5592 raft_consensus.cc:385] T 8027dcc0fe5447e5b5e7ea5cff632c9e P 13806a172c054cb4b725f0a39ce6d02e [term 0 FOLLOWER]: Consensus starting up: Expiring failure detector timer to make a prompt election more likely
I20260710 11:11:36.465422  5592 raft_consensus.cc:740] T 8027dcc0fe5447e5b5e7ea5cff632c9e P 13806a172c054cb4b725f0a39ce6d02e [term 0 FOLLOWER]: Becoming Follower/Learner. State: Replica: 13806a172c054cb4b725f0a39ce6d02e, State: Initialized, Role: FOLLOWER
I20260710 11:11:36.465902  5590 raft_consensus.cc:359] T 3b37d4964e174090843bf3d65f0a2d18 P f0904cad635845c4923d8e1ae37bcb81 [term 0 FOLLOWER]: Replica starting. Triggering 0 pending ops. Active config: opid_index: -1 OBSOLETE_local: false peers { permanent_uuid: "f0904cad635845c4923d8e1ae37bcb81" member_type: VOTER last_known_addr { host: "127.4.166.1" port: 43677 } } peers { permanent_uuid: "3e6a9ec458f249f4919ec7c3d6611d6a" member_type: VOTER last_known_addr { host: "127.4.166.2" port: 41643 } } peers { permanent_uuid: "13806a172c054cb4b725f0a39ce6d02e" member_type: VOTER last_known_addr { host: "127.4.166.3" port: 34753 } }
I20260710 11:11:36.466650  5590 raft_consensus.cc:385] T 3b37d4964e174090843bf3d65f0a2d18 P f0904cad635845c4923d8e1ae37bcb81 [term 0 FOLLOWER]: Consensus starting up: Expiring failure detector timer to make a prompt election more likely
I20260710 11:11:36.466462  5592 consensus_queue.cc:260] T 8027dcc0fe5447e5b5e7ea5cff632c9e P 13806a172c054cb4b725f0a39ce6d02e [NON_LEADER]: Queue going to NON_LEADER mode. State: All replicated index: 0, Majority replicated index: 0, Committed index: 0, Last appended: 0.0, Last appended by leader: 0, Current term: 0, Majority size: -1, State: 0, Mode: NON_LEADER, active raft config: opid_index: -1 OBSOLETE_local: false peers { permanent_uuid: "f0904cad635845c4923d8e1ae37bcb81" member_type: VOTER last_known_addr { host: "127.4.166.1" port: 43677 } } peers { permanent_uuid: "3e6a9ec458f249f4919ec7c3d6611d6a" member_type: VOTER last_known_addr { host: "127.4.166.2" port: 41643 } } peers { permanent_uuid: "13806a172c054cb4b725f0a39ce6d02e" member_type: VOTER last_known_addr { host: "127.4.166.3" port: 34753 } }
I20260710 11:11:36.467412  5591 raft_consensus.cc:359] T b815861d71a84e509b97330d31a57e72 P 3e6a9ec458f249f4919ec7c3d6611d6a [term 0 FOLLOWER]: Replica starting. Triggering 0 pending ops. Active config: opid_index: -1 OBSOLETE_local: false peers { permanent_uuid: "f0904cad635845c4923d8e1ae37bcb81" member_type: VOTER last_known_addr { host: "127.4.166.1" port: 43677 } } peers { permanent_uuid: "3e6a9ec458f249f4919ec7c3d6611d6a" member_type: VOTER last_known_addr { host: "127.4.166.2" port: 41643 } } peers { permanent_uuid: "13806a172c054cb4b725f0a39ce6d02e" member_type: VOTER last_known_addr { host: "127.4.166.3" port: 34753 } }
I20260710 11:11:36.468076  5591 raft_consensus.cc:385] T b815861d71a84e509b97330d31a57e72 P 3e6a9ec458f249f4919ec7c3d6611d6a [term 0 FOLLOWER]: Consensus starting up: Expiring failure detector timer to make a prompt election more likely
I20260710 11:11:36.468405  5591 raft_consensus.cc:740] T b815861d71a84e509b97330d31a57e72 P 3e6a9ec458f249f4919ec7c3d6611d6a [term 0 FOLLOWER]: Becoming Follower/Learner. State: Replica: 3e6a9ec458f249f4919ec7c3d6611d6a, State: Initialized, Role: FOLLOWER
I20260710 11:11:36.468959  5592 ts_tablet_manager.cc:1434] T 8027dcc0fe5447e5b5e7ea5cff632c9e P 13806a172c054cb4b725f0a39ce6d02e: Time spent starting tablet: real 0.008s	user 0.004s	sys 0.001s
I20260710 11:11:36.469178  5591 consensus_queue.cc:260] T b815861d71a84e509b97330d31a57e72 P 3e6a9ec458f249f4919ec7c3d6611d6a [NON_LEADER]: Queue going to NON_LEADER mode. State: All replicated index: 0, Majority replicated index: 0, Committed index: 0, Last appended: 0.0, Last appended by leader: 0, Current term: 0, Majority size: -1, State: 0, Mode: NON_LEADER, active raft config: opid_index: -1 OBSOLETE_local: false peers { permanent_uuid: "f0904cad635845c4923d8e1ae37bcb81" member_type: VOTER last_known_addr { host: "127.4.166.1" port: 43677 } } peers { permanent_uuid: "3e6a9ec458f249f4919ec7c3d6611d6a" member_type: VOTER last_known_addr { host: "127.4.166.2" port: 41643 } } peers { permanent_uuid: "13806a172c054cb4b725f0a39ce6d02e" member_type: VOTER last_known_addr { host: "127.4.166.3" port: 34753 } }
I20260710 11:11:36.470000  5592 tablet_bootstrap.cc:492] T a00014b1d6b74c4ea63319b13528799f P 13806a172c054cb4b725f0a39ce6d02e: Bootstrap starting.
I20260710 11:11:36.471407  5591 ts_tablet_manager.cc:1434] T b815861d71a84e509b97330d31a57e72 P 3e6a9ec458f249f4919ec7c3d6611d6a: Time spent starting tablet: real 0.012s	user 0.003s	sys 0.003s
I20260710 11:11:36.472096  5591 tablet_bootstrap.cc:492] T d367e1aaef7643e0aa7104d6c8ed0e39 P 3e6a9ec458f249f4919ec7c3d6611d6a: Bootstrap starting.
I20260710 11:11:36.477236  5592 tablet_bootstrap.cc:654] T a00014b1d6b74c4ea63319b13528799f P 13806a172c054cb4b725f0a39ce6d02e: Neither blocks nor log segments found. Creating new log.
I20260710 11:11:36.478217  5591 tablet_bootstrap.cc:654] T d367e1aaef7643e0aa7104d6c8ed0e39 P 3e6a9ec458f249f4919ec7c3d6611d6a: Neither blocks nor log segments found. Creating new log.
I20260710 11:11:36.466980  5590 raft_consensus.cc:740] T 3b37d4964e174090843bf3d65f0a2d18 P f0904cad635845c4923d8e1ae37bcb81 [term 0 FOLLOWER]: Becoming Follower/Learner. State: Replica: f0904cad635845c4923d8e1ae37bcb81, State: Initialized, Role: FOLLOWER
I20260710 11:11:36.480759  5590 consensus_queue.cc:260] T 3b37d4964e174090843bf3d65f0a2d18 P f0904cad635845c4923d8e1ae37bcb81 [NON_LEADER]: Queue going to NON_LEADER mode. State: All replicated index: 0, Majority replicated index: 0, Committed index: 0, Last appended: 0.0, Last appended by leader: 0, Current term: 0, Majority size: -1, State: 0, Mode: NON_LEADER, active raft config: opid_index: -1 OBSOLETE_local: false peers { permanent_uuid: "f0904cad635845c4923d8e1ae37bcb81" member_type: VOTER last_known_addr { host: "127.4.166.1" port: 43677 } } peers { permanent_uuid: "3e6a9ec458f249f4919ec7c3d6611d6a" member_type: VOTER last_known_addr { host: "127.4.166.2" port: 41643 } } peers { permanent_uuid: "13806a172c054cb4b725f0a39ce6d02e" member_type: VOTER last_known_addr { host: "127.4.166.3" port: 34753 } }
I20260710 11:11:36.483996  5592 tablet_bootstrap.cc:492] T a00014b1d6b74c4ea63319b13528799f P 13806a172c054cb4b725f0a39ce6d02e: No bootstrap required, opened a new log
I20260710 11:11:36.484131  5590 ts_tablet_manager.cc:1434] T 3b37d4964e174090843bf3d65f0a2d18 P f0904cad635845c4923d8e1ae37bcb81: Time spent starting tablet: real 0.021s	user 0.006s	sys 0.000s
I20260710 11:11:36.484462  5592 ts_tablet_manager.cc:1403] T a00014b1d6b74c4ea63319b13528799f P 13806a172c054cb4b725f0a39ce6d02e: Time spent bootstrapping tablet: real 0.015s	user 0.004s	sys 0.008s
I20260710 11:11:36.485196  5590 tablet_bootstrap.cc:492] T d367e1aaef7643e0aa7104d6c8ed0e39 P f0904cad635845c4923d8e1ae37bcb81: Bootstrap starting.
I20260710 11:11:36.487504  5592 raft_consensus.cc:359] T a00014b1d6b74c4ea63319b13528799f P 13806a172c054cb4b725f0a39ce6d02e [term 0 FOLLOWER]: Replica starting. Triggering 0 pending ops. Active config: opid_index: -1 OBSOLETE_local: false peers { permanent_uuid: "f0904cad635845c4923d8e1ae37bcb81" member_type: VOTER last_known_addr { host: "127.4.166.1" port: 43677 } } peers { permanent_uuid: "3e6a9ec458f249f4919ec7c3d6611d6a" member_type: VOTER last_known_addr { host: "127.4.166.2" port: 41643 } } peers { permanent_uuid: "13806a172c054cb4b725f0a39ce6d02e" member_type: VOTER last_known_addr { host: "127.4.166.3" port: 34753 } }
I20260710 11:11:36.488205  5592 raft_consensus.cc:385] T a00014b1d6b74c4ea63319b13528799f P 13806a172c054cb4b725f0a39ce6d02e [term 0 FOLLOWER]: Consensus starting up: Expiring failure detector timer to make a prompt election more likely
I20260710 11:11:36.488464  5591 tablet_bootstrap.cc:492] T d367e1aaef7643e0aa7104d6c8ed0e39 P 3e6a9ec458f249f4919ec7c3d6611d6a: No bootstrap required, opened a new log
I20260710 11:11:36.488484  5592 raft_consensus.cc:740] T a00014b1d6b74c4ea63319b13528799f P 13806a172c054cb4b725f0a39ce6d02e [term 0 FOLLOWER]: Becoming Follower/Learner. State: Replica: 13806a172c054cb4b725f0a39ce6d02e, State: Initialized, Role: FOLLOWER
I20260710 11:11:36.489084  5591 ts_tablet_manager.cc:1403] T d367e1aaef7643e0aa7104d6c8ed0e39 P 3e6a9ec458f249f4919ec7c3d6611d6a: Time spent bootstrapping tablet: real 0.017s	user 0.007s	sys 0.004s
I20260710 11:11:36.489398  5592 consensus_queue.cc:260] T a00014b1d6b74c4ea63319b13528799f P 13806a172c054cb4b725f0a39ce6d02e [NON_LEADER]: Queue going to NON_LEADER mode. State: All replicated index: 0, Majority replicated index: 0, Committed index: 0, Last appended: 0.0, Last appended by leader: 0, Current term: 0, Majority size: -1, State: 0, Mode: NON_LEADER, active raft config: opid_index: -1 OBSOLETE_local: false peers { permanent_uuid: "f0904cad635845c4923d8e1ae37bcb81" member_type: VOTER last_known_addr { host: "127.4.166.1" port: 43677 } } peers { permanent_uuid: "3e6a9ec458f249f4919ec7c3d6611d6a" member_type: VOTER last_known_addr { host: "127.4.166.2" port: 41643 } } peers { permanent_uuid: "13806a172c054cb4b725f0a39ce6d02e" member_type: VOTER last_known_addr { host: "127.4.166.3" port: 34753 } }
I20260710 11:11:36.491647  5592 ts_tablet_manager.cc:1434] T a00014b1d6b74c4ea63319b13528799f P 13806a172c054cb4b725f0a39ce6d02e: Time spent starting tablet: real 0.007s	user 0.005s	sys 0.000s
I20260710 11:11:36.491976  5591 raft_consensus.cc:359] T d367e1aaef7643e0aa7104d6c8ed0e39 P 3e6a9ec458f249f4919ec7c3d6611d6a [term 0 FOLLOWER]: Replica starting. Triggering 0 pending ops. Active config: opid_index: -1 OBSOLETE_local: false peers { permanent_uuid: "f0904cad635845c4923d8e1ae37bcb81" member_type: VOTER last_known_addr { host: "127.4.166.1" port: 43677 } } peers { permanent_uuid: "3e6a9ec458f249f4919ec7c3d6611d6a" member_type: VOTER last_known_addr { host: "127.4.166.2" port: 41643 } } peers { permanent_uuid: "13806a172c054cb4b725f0a39ce6d02e" member_type: VOTER last_known_addr { host: "127.4.166.3" port: 34753 } }
I20260710 11:11:36.492552  5592 tablet_bootstrap.cc:492] T b815861d71a84e509b97330d31a57e72 P 13806a172c054cb4b725f0a39ce6d02e: Bootstrap starting.
I20260710 11:11:36.492614  5590 tablet_bootstrap.cc:654] T d367e1aaef7643e0aa7104d6c8ed0e39 P f0904cad635845c4923d8e1ae37bcb81: Neither blocks nor log segments found. Creating new log.
I20260710 11:11:36.492856  5591 raft_consensus.cc:385] T d367e1aaef7643e0aa7104d6c8ed0e39 P 3e6a9ec458f249f4919ec7c3d6611d6a [term 0 FOLLOWER]: Consensus starting up: Expiring failure detector timer to make a prompt election more likely
I20260710 11:11:36.493268  5591 raft_consensus.cc:740] T d367e1aaef7643e0aa7104d6c8ed0e39 P 3e6a9ec458f249f4919ec7c3d6611d6a [term 0 FOLLOWER]: Becoming Follower/Learner. State: Replica: 3e6a9ec458f249f4919ec7c3d6611d6a, State: Initialized, Role: FOLLOWER
I20260710 11:11:36.493999  5591 consensus_queue.cc:260] T d367e1aaef7643e0aa7104d6c8ed0e39 P 3e6a9ec458f249f4919ec7c3d6611d6a [NON_LEADER]: Queue going to NON_LEADER mode. State: All replicated index: 0, Majority replicated index: 0, Committed index: 0, Last appended: 0.0, Last appended by leader: 0, Current term: 0, Majority size: -1, State: 0, Mode: NON_LEADER, active raft config: opid_index: -1 OBSOLETE_local: false peers { permanent_uuid: "f0904cad635845c4923d8e1ae37bcb81" member_type: VOTER last_known_addr { host: "127.4.166.1" port: 43677 } } peers { permanent_uuid: "3e6a9ec458f249f4919ec7c3d6611d6a" member_type: VOTER last_known_addr { host: "127.4.166.2" port: 41643 } } peers { permanent_uuid: "13806a172c054cb4b725f0a39ce6d02e" member_type: VOTER last_known_addr { host: "127.4.166.3" port: 34753 } }
I20260710 11:11:36.496594  5591 ts_tablet_manager.cc:1434] T d367e1aaef7643e0aa7104d6c8ed0e39 P 3e6a9ec458f249f4919ec7c3d6611d6a: Time spent starting tablet: real 0.007s	user 0.003s	sys 0.003s
I20260710 11:11:36.497558  5591 tablet_bootstrap.cc:492] T be5040501aee4bee955dc52aa65e44c6 P 3e6a9ec458f249f4919ec7c3d6611d6a: Bootstrap starting.
I20260710 11:11:36.499126  5592 tablet_bootstrap.cc:654] T b815861d71a84e509b97330d31a57e72 P 13806a172c054cb4b725f0a39ce6d02e: Neither blocks nor log segments found. Creating new log.
I20260710 11:11:36.504130  5591 tablet_bootstrap.cc:654] T be5040501aee4bee955dc52aa65e44c6 P 3e6a9ec458f249f4919ec7c3d6611d6a: Neither blocks nor log segments found. Creating new log.
I20260710 11:11:36.504769  5590 tablet_bootstrap.cc:492] T d367e1aaef7643e0aa7104d6c8ed0e39 P f0904cad635845c4923d8e1ae37bcb81: No bootstrap required, opened a new log
I20260710 11:11:36.505357  5590 ts_tablet_manager.cc:1403] T d367e1aaef7643e0aa7104d6c8ed0e39 P f0904cad635845c4923d8e1ae37bcb81: Time spent bootstrapping tablet: real 0.020s	user 0.014s	sys 0.005s
I20260710 11:11:36.508471  5590 raft_consensus.cc:359] T d367e1aaef7643e0aa7104d6c8ed0e39 P f0904cad635845c4923d8e1ae37bcb81 [term 0 FOLLOWER]: Replica starting. Triggering 0 pending ops. Active config: opid_index: -1 OBSOLETE_local: false peers { permanent_uuid: "f0904cad635845c4923d8e1ae37bcb81" member_type: VOTER last_known_addr { host: "127.4.166.1" port: 43677 } } peers { permanent_uuid: "3e6a9ec458f249f4919ec7c3d6611d6a" member_type: VOTER last_known_addr { host: "127.4.166.2" port: 41643 } } peers { permanent_uuid: "13806a172c054cb4b725f0a39ce6d02e" member_type: VOTER last_known_addr { host: "127.4.166.3" port: 34753 } }
I20260710 11:11:36.509308  5590 raft_consensus.cc:385] T d367e1aaef7643e0aa7104d6c8ed0e39 P f0904cad635845c4923d8e1ae37bcb81 [term 0 FOLLOWER]: Consensus starting up: Expiring failure detector timer to make a prompt election more likely
I20260710 11:11:36.509687  5590 raft_consensus.cc:740] T d367e1aaef7643e0aa7104d6c8ed0e39 P f0904cad635845c4923d8e1ae37bcb81 [term 0 FOLLOWER]: Becoming Follower/Learner. State: Replica: f0904cad635845c4923d8e1ae37bcb81, State: Initialized, Role: FOLLOWER
I20260710 11:11:36.510593  5590 consensus_queue.cc:260] T d367e1aaef7643e0aa7104d6c8ed0e39 P f0904cad635845c4923d8e1ae37bcb81 [NON_LEADER]: Queue going to NON_LEADER mode. State: All replicated index: 0, Majority replicated index: 0, Committed index: 0, Last appended: 0.0, Last appended by leader: 0, Current term: 0, Majority size: -1, State: 0, Mode: NON_LEADER, active raft config: opid_index: -1 OBSOLETE_local: false peers { permanent_uuid: "f0904cad635845c4923d8e1ae37bcb81" member_type: VOTER last_known_addr { host: "127.4.166.1" port: 43677 } } peers { permanent_uuid: "3e6a9ec458f249f4919ec7c3d6611d6a" member_type: VOTER last_known_addr { host: "127.4.166.2" port: 41643 } } peers { permanent_uuid: "13806a172c054cb4b725f0a39ce6d02e" member_type: VOTER last_known_addr { host: "127.4.166.3" port: 34753 } }
I20260710 11:11:36.513252  5590 ts_tablet_manager.cc:1434] T d367e1aaef7643e0aa7104d6c8ed0e39 P f0904cad635845c4923d8e1ae37bcb81: Time spent starting tablet: real 0.008s	user 0.006s	sys 0.000s
I20260710 11:11:36.514861  5590 tablet_bootstrap.cc:492] T be5040501aee4bee955dc52aa65e44c6 P f0904cad635845c4923d8e1ae37bcb81: Bootstrap starting.
I20260710 11:11:36.516188  5592 tablet_bootstrap.cc:492] T b815861d71a84e509b97330d31a57e72 P 13806a172c054cb4b725f0a39ce6d02e: No bootstrap required, opened a new log
I20260710 11:11:36.516402  5591 tablet_bootstrap.cc:492] T be5040501aee4bee955dc52aa65e44c6 P 3e6a9ec458f249f4919ec7c3d6611d6a: No bootstrap required, opened a new log
I20260710 11:11:36.516657  5592 ts_tablet_manager.cc:1403] T b815861d71a84e509b97330d31a57e72 P 13806a172c054cb4b725f0a39ce6d02e: Time spent bootstrapping tablet: real 0.024s	user 0.014s	sys 0.009s
I20260710 11:11:36.516813  5591 ts_tablet_manager.cc:1403] T be5040501aee4bee955dc52aa65e44c6 P 3e6a9ec458f249f4919ec7c3d6611d6a: Time spent bootstrapping tablet: real 0.019s	user 0.007s	sys 0.011s
I20260710 11:11:36.519510  5592 raft_consensus.cc:359] T b815861d71a84e509b97330d31a57e72 P 13806a172c054cb4b725f0a39ce6d02e [term 0 FOLLOWER]: Replica starting. Triggering 0 pending ops. Active config: opid_index: -1 OBSOLETE_local: false peers { permanent_uuid: "f0904cad635845c4923d8e1ae37bcb81" member_type: VOTER last_known_addr { host: "127.4.166.1" port: 43677 } } peers { permanent_uuid: "3e6a9ec458f249f4919ec7c3d6611d6a" member_type: VOTER last_known_addr { host: "127.4.166.2" port: 41643 } } peers { permanent_uuid: "13806a172c054cb4b725f0a39ce6d02e" member_type: VOTER last_known_addr { host: "127.4.166.3" port: 34753 } }
I20260710 11:11:36.519892  5591 raft_consensus.cc:359] T be5040501aee4bee955dc52aa65e44c6 P 3e6a9ec458f249f4919ec7c3d6611d6a [term 0 FOLLOWER]: Replica starting. Triggering 0 pending ops. Active config: opid_index: -1 OBSOLETE_local: false peers { permanent_uuid: "f0904cad635845c4923d8e1ae37bcb81" member_type: VOTER last_known_addr { host: "127.4.166.1" port: 43677 } } peers { permanent_uuid: "3e6a9ec458f249f4919ec7c3d6611d6a" member_type: VOTER last_known_addr { host: "127.4.166.2" port: 41643 } } peers { permanent_uuid: "13806a172c054cb4b725f0a39ce6d02e" member_type: VOTER last_known_addr { host: "127.4.166.3" port: 34753 } }
I20260710 11:11:36.520303  5592 raft_consensus.cc:385] T b815861d71a84e509b97330d31a57e72 P 13806a172c054cb4b725f0a39ce6d02e [term 0 FOLLOWER]: Consensus starting up: Expiring failure detector timer to make a prompt election more likely
I20260710 11:11:36.520694  5591 raft_consensus.cc:385] T be5040501aee4bee955dc52aa65e44c6 P 3e6a9ec458f249f4919ec7c3d6611d6a [term 0 FOLLOWER]: Consensus starting up: Expiring failure detector timer to make a prompt election more likely
I20260710 11:11:36.520783  5592 raft_consensus.cc:740] T b815861d71a84e509b97330d31a57e72 P 13806a172c054cb4b725f0a39ce6d02e [term 0 FOLLOWER]: Becoming Follower/Learner. State: Replica: 13806a172c054cb4b725f0a39ce6d02e, State: Initialized, Role: FOLLOWER
I20260710 11:11:36.521170  5591 raft_consensus.cc:740] T be5040501aee4bee955dc52aa65e44c6 P 3e6a9ec458f249f4919ec7c3d6611d6a [term 0 FOLLOWER]: Becoming Follower/Learner. State: Replica: 3e6a9ec458f249f4919ec7c3d6611d6a, State: Initialized, Role: FOLLOWER
I20260710 11:11:36.521978  5590 tablet_bootstrap.cc:654] T be5040501aee4bee955dc52aa65e44c6 P f0904cad635845c4923d8e1ae37bcb81: Neither blocks nor log segments found. Creating new log.
I20260710 11:11:36.521704  5592 consensus_queue.cc:260] T b815861d71a84e509b97330d31a57e72 P 13806a172c054cb4b725f0a39ce6d02e [NON_LEADER]: Queue going to NON_LEADER mode. State: All replicated index: 0, Majority replicated index: 0, Committed index: 0, Last appended: 0.0, Last appended by leader: 0, Current term: 0, Majority size: -1, State: 0, Mode: NON_LEADER, active raft config: opid_index: -1 OBSOLETE_local: false peers { permanent_uuid: "f0904cad635845c4923d8e1ae37bcb81" member_type: VOTER last_known_addr { host: "127.4.166.1" port: 43677 } } peers { permanent_uuid: "3e6a9ec458f249f4919ec7c3d6611d6a" member_type: VOTER last_known_addr { host: "127.4.166.2" port: 41643 } } peers { permanent_uuid: "13806a172c054cb4b725f0a39ce6d02e" member_type: VOTER last_known_addr { host: "127.4.166.3" port: 34753 } }
I20260710 11:11:36.522075  5591 consensus_queue.cc:260] T be5040501aee4bee955dc52aa65e44c6 P 3e6a9ec458f249f4919ec7c3d6611d6a [NON_LEADER]: Queue going to NON_LEADER mode. State: All replicated index: 0, Majority replicated index: 0, Committed index: 0, Last appended: 0.0, Last appended by leader: 0, Current term: 0, Majority size: -1, State: 0, Mode: NON_LEADER, active raft config: opid_index: -1 OBSOLETE_local: false peers { permanent_uuid: "f0904cad635845c4923d8e1ae37bcb81" member_type: VOTER last_known_addr { host: "127.4.166.1" port: 43677 } } peers { permanent_uuid: "3e6a9ec458f249f4919ec7c3d6611d6a" member_type: VOTER last_known_addr { host: "127.4.166.2" port: 41643 } } peers { permanent_uuid: "13806a172c054cb4b725f0a39ce6d02e" member_type: VOTER last_known_addr { host: "127.4.166.3" port: 34753 } }
I20260710 11:11:36.524590  5591 ts_tablet_manager.cc:1434] T be5040501aee4bee955dc52aa65e44c6 P 3e6a9ec458f249f4919ec7c3d6611d6a: Time spent starting tablet: real 0.007s	user 0.000s	sys 0.007s
I20260710 11:11:36.525651  5591 tablet_bootstrap.cc:492] T 8027dcc0fe5447e5b5e7ea5cff632c9e P 3e6a9ec458f249f4919ec7c3d6611d6a: Bootstrap starting.
I20260710 11:11:36.534147  5591 tablet_bootstrap.cc:654] T 8027dcc0fe5447e5b5e7ea5cff632c9e P 3e6a9ec458f249f4919ec7c3d6611d6a: Neither blocks nor log segments found. Creating new log.
I20260710 11:11:36.572307  5595 raft_consensus.cc:493] T d0d30e992ed4426584c201d0ada767f4 P 13806a172c054cb4b725f0a39ce6d02e [term 0 FOLLOWER]: Starting pre-election (no leader contacted us within the election timeout)
I20260710 11:11:36.572969  5595 raft_consensus.cc:515] T d0d30e992ed4426584c201d0ada767f4 P 13806a172c054cb4b725f0a39ce6d02e [term 0 FOLLOWER]: Starting pre-election with config: opid_index: -1 OBSOLETE_local: false peers { permanent_uuid: "f0904cad635845c4923d8e1ae37bcb81" member_type: VOTER last_known_addr { host: "127.4.166.1" port: 43677 } } peers { permanent_uuid: "3e6a9ec458f249f4919ec7c3d6611d6a" member_type: VOTER last_known_addr { host: "127.4.166.2" port: 41643 } } peers { permanent_uuid: "13806a172c054cb4b725f0a39ce6d02e" member_type: VOTER last_known_addr { host: "127.4.166.3" port: 34753 } }
I20260710 11:11:36.576861  5597 raft_consensus.cc:493] T be5040501aee4bee955dc52aa65e44c6 P 3e6a9ec458f249f4919ec7c3d6611d6a [term 0 FOLLOWER]: Starting pre-election (no leader contacted us within the election timeout)
I20260710 11:11:36.577471  5597 raft_consensus.cc:515] T be5040501aee4bee955dc52aa65e44c6 P 3e6a9ec458f249f4919ec7c3d6611d6a [term 0 FOLLOWER]: Starting pre-election with config: opid_index: -1 OBSOLETE_local: false peers { permanent_uuid: "f0904cad635845c4923d8e1ae37bcb81" member_type: VOTER last_known_addr { host: "127.4.166.1" port: 43677 } } peers { permanent_uuid: "3e6a9ec458f249f4919ec7c3d6611d6a" member_type: VOTER last_known_addr { host: "127.4.166.2" port: 41643 } } peers { permanent_uuid: "13806a172c054cb4b725f0a39ce6d02e" member_type: VOTER last_known_addr { host: "127.4.166.3" port: 34753 } }
I20260710 11:11:36.584928  5597 leader_election.cc:290] T be5040501aee4bee955dc52aa65e44c6 P 3e6a9ec458f249f4919ec7c3d6611d6a [CANDIDATE]: Term 1 pre-election: Requested pre-vote from peers f0904cad635845c4923d8e1ae37bcb81 (127.4.166.1:43677), 13806a172c054cb4b725f0a39ce6d02e (127.4.166.3:34753)
I20260710 11:11:36.585682  5595 leader_election.cc:290] T d0d30e992ed4426584c201d0ada767f4 P 13806a172c054cb4b725f0a39ce6d02e [CANDIDATE]: Term 1 pre-election: Requested pre-vote from peers f0904cad635845c4923d8e1ae37bcb81 (127.4.166.1:43677), 3e6a9ec458f249f4919ec7c3d6611d6a (127.4.166.2:41643)
I20260710 11:11:36.586450  5612 raft_consensus.cc:493] T 8027dcc0fe5447e5b5e7ea5cff632c9e P 13806a172c054cb4b725f0a39ce6d02e [term 0 FOLLOWER]: Starting pre-election (no leader contacted us within the election timeout)
I20260710 11:11:36.587730  5590 tablet_bootstrap.cc:492] T be5040501aee4bee955dc52aa65e44c6 P f0904cad635845c4923d8e1ae37bcb81: No bootstrap required, opened a new log
I20260710 11:11:36.590306  5590 ts_tablet_manager.cc:1403] T be5040501aee4bee955dc52aa65e44c6 P f0904cad635845c4923d8e1ae37bcb81: Time spent bootstrapping tablet: real 0.076s	user 0.032s	sys 0.033s
I20260710 11:11:36.588574  5476 tablet_service.cc:1917] Received RequestConsensusVote() RPC: tablet_id: "d0d30e992ed4426584c201d0ada767f4" candidate_uuid: "13806a172c054cb4b725f0a39ce6d02e" candidate_term: 1 candidate_status { last_received { term: 0 index: 0 } } ignore_live_leader: false dest_uuid: "3e6a9ec458f249f4919ec7c3d6611d6a" is_pre_election: true
I20260710 11:11:36.590852  5476 raft_consensus.cc:2468] T d0d30e992ed4426584c201d0ada767f4 P 3e6a9ec458f249f4919ec7c3d6611d6a [term 0 FOLLOWER]: Leader pre-election vote request: Granting yes vote for candidate 13806a172c054cb4b725f0a39ce6d02e in term 0.
I20260710 11:11:36.588218  5592 ts_tablet_manager.cc:1434] T b815861d71a84e509b97330d31a57e72 P 13806a172c054cb4b725f0a39ce6d02e: Time spent starting tablet: real 0.071s	user 0.023s	sys 0.044s
I20260710 11:11:36.592824  5592 tablet_bootstrap.cc:492] T 8a3f5ea0294b48b780f8104da3bbcbdf P 13806a172c054cb4b725f0a39ce6d02e: Bootstrap starting.
I20260710 11:11:36.593417  5590 raft_consensus.cc:359] T be5040501aee4bee955dc52aa65e44c6 P f0904cad635845c4923d8e1ae37bcb81 [term 0 FOLLOWER]: Replica starting. Triggering 0 pending ops. Active config: opid_index: -1 OBSOLETE_local: false peers { permanent_uuid: "f0904cad635845c4923d8e1ae37bcb81" member_type: VOTER last_known_addr { host: "127.4.166.1" port: 43677 } } peers { permanent_uuid: "3e6a9ec458f249f4919ec7c3d6611d6a" member_type: VOTER last_known_addr { host: "127.4.166.2" port: 41643 } } peers { permanent_uuid: "13806a172c054cb4b725f0a39ce6d02e" member_type: VOTER last_known_addr { host: "127.4.166.3" port: 34753 } }
I20260710 11:11:36.594202  5590 raft_consensus.cc:385] T be5040501aee4bee955dc52aa65e44c6 P f0904cad635845c4923d8e1ae37bcb81 [term 0 FOLLOWER]: Consensus starting up: Expiring failure detector timer to make a prompt election more likely
I20260710 11:11:36.594558  5590 raft_consensus.cc:740] T be5040501aee4bee955dc52aa65e44c6 P f0904cad635845c4923d8e1ae37bcb81 [term 0 FOLLOWER]: Becoming Follower/Learner. State: Replica: f0904cad635845c4923d8e1ae37bcb81, State: Initialized, Role: FOLLOWER
I20260710 11:11:36.595373  5514 leader_election.cc:304] T d0d30e992ed4426584c201d0ada767f4 P 13806a172c054cb4b725f0a39ce6d02e [CANDIDATE]: Term 1 pre-election: Election decided. Result: candidate won. Election summary: received 2 responses out of 3 voters: 2 yes votes; 0 no votes. yes voters: 13806a172c054cb4b725f0a39ce6d02e, 3e6a9ec458f249f4919ec7c3d6611d6a; no voters: 
I20260710 11:11:36.595417  5590 consensus_queue.cc:260] T be5040501aee4bee955dc52aa65e44c6 P f0904cad635845c4923d8e1ae37bcb81 [NON_LEADER]: Queue going to NON_LEADER mode. State: All replicated index: 0, Majority replicated index: 0, Committed index: 0, Last appended: 0.0, Last appended by leader: 0, Current term: 0, Majority size: -1, State: 0, Mode: NON_LEADER, active raft config: opid_index: -1 OBSOLETE_local: false peers { permanent_uuid: "f0904cad635845c4923d8e1ae37bcb81" member_type: VOTER last_known_addr { host: "127.4.166.1" port: 43677 } } peers { permanent_uuid: "3e6a9ec458f249f4919ec7c3d6611d6a" member_type: VOTER last_known_addr { host: "127.4.166.2" port: 41643 } } peers { permanent_uuid: "13806a172c054cb4b725f0a39ce6d02e" member_type: VOTER last_known_addr { host: "127.4.166.3" port: 34753 } }
I20260710 11:11:36.598217  5590 ts_tablet_manager.cc:1434] T be5040501aee4bee955dc52aa65e44c6 P f0904cad635845c4923d8e1ae37bcb81: Time spent starting tablet: real 0.008s	user 0.006s	sys 0.001s
I20260710 11:11:36.599059  5610 raft_consensus.cc:2804] T d0d30e992ed4426584c201d0ada767f4 P 13806a172c054cb4b725f0a39ce6d02e [term 0 FOLLOWER]: Leader pre-election won for term 1
I20260710 11:11:36.599213  5590 tablet_bootstrap.cc:492] T 8a3f5ea0294b48b780f8104da3bbcbdf P f0904cad635845c4923d8e1ae37bcb81: Bootstrap starting.
I20260710 11:11:36.599584  5610 raft_consensus.cc:493] T d0d30e992ed4426584c201d0ada767f4 P 13806a172c054cb4b725f0a39ce6d02e [term 0 FOLLOWER]: Starting leader election (no leader contacted us within the election timeout)
I20260710 11:11:36.599872  5592 tablet_bootstrap.cc:654] T 8a3f5ea0294b48b780f8104da3bbcbdf P 13806a172c054cb4b725f0a39ce6d02e: Neither blocks nor log segments found. Creating new log.
I20260710 11:11:36.600044  5610 raft_consensus.cc:3060] T d0d30e992ed4426584c201d0ada767f4 P 13806a172c054cb4b725f0a39ce6d02e [term 0 FOLLOWER]: Advancing to term 1
I20260710 11:11:36.601154  5401 tablet_service.cc:1917] Received RequestConsensusVote() RPC: tablet_id: "d0d30e992ed4426584c201d0ada767f4" candidate_uuid: "13806a172c054cb4b725f0a39ce6d02e" candidate_term: 1 candidate_status { last_received { term: 0 index: 0 } } ignore_live_leader: false dest_uuid: "f0904cad635845c4923d8e1ae37bcb81" is_pre_election: true
I20260710 11:11:36.601735  5401 raft_consensus.cc:2468] T d0d30e992ed4426584c201d0ada767f4 P f0904cad635845c4923d8e1ae37bcb81 [term 0 FOLLOWER]: Leader pre-election vote request: Granting yes vote for candidate 13806a172c054cb4b725f0a39ce6d02e in term 0.
I20260710 11:11:36.589946  5612 raft_consensus.cc:515] T 8027dcc0fe5447e5b5e7ea5cff632c9e P 13806a172c054cb4b725f0a39ce6d02e [term 0 FOLLOWER]: Starting pre-election with config: opid_index: -1 OBSOLETE_local: false peers { permanent_uuid: "f0904cad635845c4923d8e1ae37bcb81" member_type: VOTER last_known_addr { host: "127.4.166.1" port: 43677 } } peers { permanent_uuid: "3e6a9ec458f249f4919ec7c3d6611d6a" member_type: VOTER last_known_addr { host: "127.4.166.2" port: 41643 } } peers { permanent_uuid: "13806a172c054cb4b725f0a39ce6d02e" member_type: VOTER last_known_addr { host: "127.4.166.3" port: 34753 } }
I20260710 11:11:36.603972  5612 leader_election.cc:290] T 8027dcc0fe5447e5b5e7ea5cff632c9e P 13806a172c054cb4b725f0a39ce6d02e [CANDIDATE]: Term 1 pre-election: Requested pre-vote from peers f0904cad635845c4923d8e1ae37bcb81 (127.4.166.1:43677), 3e6a9ec458f249f4919ec7c3d6611d6a (127.4.166.2:41643)
I20260710 11:11:36.606974  5590 tablet_bootstrap.cc:654] T 8a3f5ea0294b48b780f8104da3bbcbdf P f0904cad635845c4923d8e1ae37bcb81: Neither blocks nor log segments found. Creating new log.
I20260710 11:11:36.606993  5610 raft_consensus.cc:515] T d0d30e992ed4426584c201d0ada767f4 P 13806a172c054cb4b725f0a39ce6d02e [term 1 FOLLOWER]: Starting leader election with config: opid_index: -1 OBSOLETE_local: false peers { permanent_uuid: "f0904cad635845c4923d8e1ae37bcb81" member_type: VOTER last_known_addr { host: "127.4.166.1" port: 43677 } } peers { permanent_uuid: "3e6a9ec458f249f4919ec7c3d6611d6a" member_type: VOTER last_known_addr { host: "127.4.166.2" port: 41643 } } peers { permanent_uuid: "13806a172c054cb4b725f0a39ce6d02e" member_type: VOTER last_known_addr { host: "127.4.166.3" port: 34753 } }
I20260710 11:11:36.609126  5610 leader_election.cc:290] T d0d30e992ed4426584c201d0ada767f4 P 13806a172c054cb4b725f0a39ce6d02e [CANDIDATE]: Term 1 election: Requested vote from peers f0904cad635845c4923d8e1ae37bcb81 (127.4.166.1:43677), 3e6a9ec458f249f4919ec7c3d6611d6a (127.4.166.2:41643)
I20260710 11:11:36.611974  5592 tablet_bootstrap.cc:492] T 8a3f5ea0294b48b780f8104da3bbcbdf P 13806a172c054cb4b725f0a39ce6d02e: No bootstrap required, opened a new log
I20260710 11:11:36.612455  5592 ts_tablet_manager.cc:1403] T 8a3f5ea0294b48b780f8104da3bbcbdf P 13806a172c054cb4b725f0a39ce6d02e: Time spent bootstrapping tablet: real 0.020s	user 0.012s	sys 0.004s
I20260710 11:11:36.613335  5476 tablet_service.cc:1917] Received RequestConsensusVote() RPC: tablet_id: "8027dcc0fe5447e5b5e7ea5cff632c9e" candidate_uuid: "13806a172c054cb4b725f0a39ce6d02e" candidate_term: 1 candidate_status { last_received { term: 0 index: 0 } } ignore_live_leader: false dest_uuid: "3e6a9ec458f249f4919ec7c3d6611d6a" is_pre_election: true
I20260710 11:11:36.615810  5475 tablet_service.cc:1917] Received RequestConsensusVote() RPC: tablet_id: "d0d30e992ed4426584c201d0ada767f4" candidate_uuid: "13806a172c054cb4b725f0a39ce6d02e" candidate_term: 1 candidate_status { last_received { term: 0 index: 0 } } ignore_live_leader: false dest_uuid: "3e6a9ec458f249f4919ec7c3d6611d6a"
I20260710 11:11:36.616503  5475 raft_consensus.cc:3060] T d0d30e992ed4426584c201d0ada767f4 P 3e6a9ec458f249f4919ec7c3d6611d6a [term 0 FOLLOWER]: Advancing to term 1
I20260710 11:11:36.616829  5400 tablet_service.cc:1917] Received RequestConsensusVote() RPC: tablet_id: "8027dcc0fe5447e5b5e7ea5cff632c9e" candidate_uuid: "13806a172c054cb4b725f0a39ce6d02e" candidate_term: 1 candidate_status { last_received { term: 0 index: 0 } } ignore_live_leader: false dest_uuid: "f0904cad635845c4923d8e1ae37bcb81" is_pre_election: true
