I20260710 11:12:06.622711  6033 consensus_queue.cc:237] T 77cd3b8bd6134fd0bcdf9b8c6642fbad P 264e513b091047008c798518012843e8 [LEADER]: Queue going to LEADER mode. State: All replicated index: 0, Majority replicated index: 3, Committed index: 3, Last appended: 1.3, Last appended by leader: 0, Current term: 1, Majority size: 2, State: 0, Mode: LEADER, active raft config: opid_index: 4 OBSOLETE_local: false peers { permanent_uuid: "f87f1dada6cc44f7bc780497e5d30278" member_type: VOTER last_known_addr { host: "127.4.166.1" port: 42713 } } peers { permanent_uuid: "264e513b091047008c798518012843e8" member_type: VOTER last_known_addr { host: "127.4.166.3" port: 36969 } } peers { permanent_uuid: "8467ba5d9f0041089c1305ef597b2b44" member_type: VOTER last_known_addr { host: "127.4.166.4" port: 44421 } attrs { promote: false } }
I20260710 11:12:06.625547  5782 catalog_manager.cc:5697] T 516b78cf7bd54a33ab10acb77f7fc985 P 264e513b091047008c798518012843e8 reported cstate change: config changed from index 2 to 3, 8467ba5d9f0041089c1305ef597b2b44 (127.4.166.4) changed from NON_VOTER to VOTER. New cstate: current_term: 1 leader_uuid: "c33e5ab47f884c2d971ab7a2939d6841" committed_config { opid_index: 3 OBSOLETE_local: false peers { permanent_uuid: "f87f1dada6cc44f7bc780497e5d30278" member_type: VOTER last_known_addr { host: "127.4.166.1" port: 42713 } attrs { replace: true } } peers { permanent_uuid: "c33e5ab47f884c2d971ab7a2939d6841" member_type: VOTER last_known_addr { host: "127.4.166.2" port: 42255 } } peers { permanent_uuid: "264e513b091047008c798518012843e8" member_type: VOTER last_known_addr { host: "127.4.166.3" port: 36969 } } peers { permanent_uuid: "8467ba5d9f0041089c1305ef597b2b44" member_type: VOTER last_known_addr { host: "127.4.166.4" port: 44421 } attrs { promote: false } } }
I20260710 11:12:06.634653  5883 raft_consensus.cc:1275] T 77cd3b8bd6134fd0bcdf9b8c6642fbad P f87f1dada6cc44f7bc780497e5d30278 [term 1 FOLLOWER]: Refusing update from remote peer 264e513b091047008c798518012843e8: Log matching property violated. Preceding OpId in replica: term: 1 index: 3. Preceding OpId from leader: term: 1 index: 4. (index mismatch)
I20260710 11:12:06.634729  6315 raft_consensus.cc:1275] T 77cd3b8bd6134fd0bcdf9b8c6642fbad P 8467ba5d9f0041089c1305ef597b2b44 [term 1 FOLLOWER]: Refusing update from remote peer 264e513b091047008c798518012843e8: Log matching property violated. Preceding OpId in replica: term: 1 index: 3. Preceding OpId from leader: term: 1 index: 4. (index mismatch)
I20260710 11:12:06.635987  6669 consensus_queue.cc:1048] T 77cd3b8bd6134fd0bcdf9b8c6642fbad P 264e513b091047008c798518012843e8 [LEADER]: Connected to new peer: Peer: permanent_uuid: "f87f1dada6cc44f7bc780497e5d30278" member_type: VOTER last_known_addr { host: "127.4.166.1" port: 42713 }, Status: LMP_MISMATCH, Last received: 0.0, Next index: 4, Last known committed idx: 3, Time since last communication: 0.000s
I20260710 11:12:06.636832  6662 consensus_queue.cc:1048] T 77cd3b8bd6134fd0bcdf9b8c6642fbad P 264e513b091047008c798518012843e8 [LEADER]: Connected to new peer: Peer: permanent_uuid: "8467ba5d9f0041089c1305ef597b2b44" member_type: VOTER last_known_addr { host: "127.4.166.4" port: 44421 } attrs { promote: false }, Status: LMP_MISMATCH, Last received: 0.0, Next index: 4, Last known committed idx: 3, Time since last communication: 0.000s
I20260710 11:12:06.646448  6638 raft_consensus.cc:2955] T 77cd3b8bd6134fd0bcdf9b8c6642fbad P 264e513b091047008c798518012843e8 [term 1 LEADER]: Committing config change with OpId 1.4: config changed from index 3 to 4, VOTER c33e5ab47f884c2d971ab7a2939d6841 (127.4.166.2) evicted. New config: { opid_index: 4 OBSOLETE_local: false peers { permanent_uuid: "f87f1dada6cc44f7bc780497e5d30278" member_type: VOTER last_known_addr { host: "127.4.166.1" port: 42713 } } peers { permanent_uuid: "264e513b091047008c798518012843e8" member_type: VOTER last_known_addr { host: "127.4.166.3" port: 36969 } } peers { permanent_uuid: "8467ba5d9f0041089c1305ef597b2b44" member_type: VOTER last_known_addr { host: "127.4.166.4" port: 44421 } attrs { promote: false } } }
I20260710 11:12:06.650978  5962 consensus_queue.cc:237] T 516b78cf7bd54a33ab10acb77f7fc985 P c33e5ab47f884c2d971ab7a2939d6841 [LEADER]: Queue going to LEADER mode. State: All replicated index: 0, Majority replicated index: 3, Committed index: 3, Last appended: 1.3, Last appended by leader: 0, Current term: 1, Majority size: 2, State: 0, Mode: LEADER, active raft config: opid_index: 4 OBSOLETE_local: false peers { permanent_uuid: "c33e5ab47f884c2d971ab7a2939d6841" member_type: VOTER last_known_addr { host: "127.4.166.2" port: 42255 } } peers { permanent_uuid: "264e513b091047008c798518012843e8" member_type: VOTER last_known_addr { host: "127.4.166.3" port: 36969 } } peers { permanent_uuid: "8467ba5d9f0041089c1305ef597b2b44" member_type: VOTER last_known_addr { host: "127.4.166.4" port: 44421 } attrs { promote: false } }
I20260710 11:12:06.651197  5887 raft_consensus.cc:2955] T 77cd3b8bd6134fd0bcdf9b8c6642fbad P f87f1dada6cc44f7bc780497e5d30278 [term 1 FOLLOWER]: Committing config change with OpId 1.4: config changed from index 3 to 4, VOTER c33e5ab47f884c2d971ab7a2939d6841 (127.4.166.2) evicted. New config: { opid_index: 4 OBSOLETE_local: false peers { permanent_uuid: "f87f1dada6cc44f7bc780497e5d30278" member_type: VOTER last_known_addr { host: "127.4.166.1" port: 42713 } } peers { permanent_uuid: "264e513b091047008c798518012843e8" member_type: VOTER last_known_addr { host: "127.4.166.3" port: 36969 } } peers { permanent_uuid: "8467ba5d9f0041089c1305ef597b2b44" member_type: VOTER last_known_addr { host: "127.4.166.4" port: 44421 } attrs { promote: false } } }
I20260710 11:12:06.660071  6315 raft_consensus.cc:2955] T 77cd3b8bd6134fd0bcdf9b8c6642fbad P 8467ba5d9f0041089c1305ef597b2b44 [term 1 FOLLOWER]: Committing config change with OpId 1.4: config changed from index 3 to 4, VOTER c33e5ab47f884c2d971ab7a2939d6841 (127.4.166.2) evicted. New config: { opid_index: 4 OBSOLETE_local: false peers { permanent_uuid: "f87f1dada6cc44f7bc780497e5d30278" member_type: VOTER last_known_addr { host: "127.4.166.1" port: 42713 } } peers { permanent_uuid: "264e513b091047008c798518012843e8" member_type: VOTER last_known_addr { host: "127.4.166.3" port: 36969 } } peers { permanent_uuid: "8467ba5d9f0041089c1305ef597b2b44" member_type: VOTER last_known_addr { host: "127.4.166.4" port: 44421 } attrs { promote: false } } }
I20260710 11:12:06.662554  6312 raft_consensus.cc:1275] T 516b78cf7bd54a33ab10acb77f7fc985 P 8467ba5d9f0041089c1305ef597b2b44 [term 1 FOLLOWER]: Refusing update from remote peer c33e5ab47f884c2d971ab7a2939d6841: Log matching property violated. Preceding OpId in replica: term: 1 index: 3. Preceding OpId from leader: term: 1 index: 4. (index mismatch)
I20260710 11:12:06.664847  6658 consensus_queue.cc:1048] T 516b78cf7bd54a33ab10acb77f7fc985 P c33e5ab47f884c2d971ab7a2939d6841 [LEADER]: Connected to new peer: Peer: permanent_uuid: "8467ba5d9f0041089c1305ef597b2b44" member_type: VOTER last_known_addr { host: "127.4.166.4" port: 44421 } attrs { promote: false }, Status: LMP_MISMATCH, Last received: 0.0, Next index: 4, Last known committed idx: 3, Time since last communication: 0.000s
I20260710 11:12:06.667333  6033 raft_consensus.cc:1275] T 516b78cf7bd54a33ab10acb77f7fc985 P 264e513b091047008c798518012843e8 [term 1 FOLLOWER]: Refusing update from remote peer c33e5ab47f884c2d971ab7a2939d6841: Log matching property violated. Preceding OpId in replica: term: 1 index: 3. Preceding OpId from leader: term: 1 index: 4. (index mismatch)
I20260710 11:12:06.669160  5783 catalog_manager.cc:5697] T 77cd3b8bd6134fd0bcdf9b8c6642fbad P f87f1dada6cc44f7bc780497e5d30278 reported cstate change: config changed from index 3 to 4, VOTER c33e5ab47f884c2d971ab7a2939d6841 (127.4.166.2) evicted. New cstate: current_term: 1 leader_uuid: "264e513b091047008c798518012843e8" committed_config { opid_index: 4 OBSOLETE_local: false peers { permanent_uuid: "f87f1dada6cc44f7bc780497e5d30278" member_type: VOTER last_known_addr { host: "127.4.166.1" port: 42713 } } peers { permanent_uuid: "264e513b091047008c798518012843e8" member_type: VOTER last_known_addr { host: "127.4.166.3" port: 36969 } } peers { permanent_uuid: "8467ba5d9f0041089c1305ef597b2b44" member_type: VOTER last_known_addr { host: "127.4.166.4" port: 44421 } attrs { promote: false } } }
I20260710 11:12:06.671893  6635 consensus_queue.cc:1048] T 516b78cf7bd54a33ab10acb77f7fc985 P c33e5ab47f884c2d971ab7a2939d6841 [LEADER]: Connected to new peer: Peer: permanent_uuid: "264e513b091047008c798518012843e8" member_type: VOTER last_known_addr { host: "127.4.166.3" port: 36969 }, Status: LMP_MISMATCH, Last received: 0.0, Next index: 4, Last known committed idx: 3, Time since last communication: 0.000s
I20260710 11:12:06.680514  6608 raft_consensus.cc:2955] T 516b78cf7bd54a33ab10acb77f7fc985 P c33e5ab47f884c2d971ab7a2939d6841 [term 1 LEADER]: Committing config change with OpId 1.4: config changed from index 3 to 4, VOTER f87f1dada6cc44f7bc780497e5d30278 (127.4.166.1) evicted. New config: { opid_index: 4 OBSOLETE_local: false peers { permanent_uuid: "c33e5ab47f884c2d971ab7a2939d6841" member_type: VOTER last_known_addr { host: "127.4.166.2" port: 42255 } } peers { permanent_uuid: "264e513b091047008c798518012843e8" member_type: VOTER last_known_addr { host: "127.4.166.3" port: 36969 } } peers { permanent_uuid: "8467ba5d9f0041089c1305ef597b2b44" member_type: VOTER last_known_addr { host: "127.4.166.4" port: 44421 } attrs { promote: false } } }
I20260710 11:12:06.684028  6312 raft_consensus.cc:2955] T 516b78cf7bd54a33ab10acb77f7fc985 P 8467ba5d9f0041089c1305ef597b2b44 [term 1 FOLLOWER]: Committing config change with OpId 1.4: config changed from index 3 to 4, VOTER f87f1dada6cc44f7bc780497e5d30278 (127.4.166.1) evicted. New config: { opid_index: 4 OBSOLETE_local: false peers { permanent_uuid: "c33e5ab47f884c2d971ab7a2939d6841" member_type: VOTER last_known_addr { host: "127.4.166.2" port: 42255 } } peers { permanent_uuid: "264e513b091047008c798518012843e8" member_type: VOTER last_known_addr { host: "127.4.166.3" port: 36969 } } peers { permanent_uuid: "8467ba5d9f0041089c1305ef597b2b44" member_type: VOTER last_known_addr { host: "127.4.166.4" port: 44421 } attrs { promote: false } } }
I20260710 11:12:06.691831  6033 raft_consensus.cc:2955] T 516b78cf7bd54a33ab10acb77f7fc985 P 264e513b091047008c798518012843e8 [term 1 FOLLOWER]: Committing config change with OpId 1.4: config changed from index 3 to 4, VOTER f87f1dada6cc44f7bc780497e5d30278 (127.4.166.1) evicted. New config: { opid_index: 4 OBSOLETE_local: false peers { permanent_uuid: "c33e5ab47f884c2d971ab7a2939d6841" member_type: VOTER last_known_addr { host: "127.4.166.2" port: 42255 } } peers { permanent_uuid: "264e513b091047008c798518012843e8" member_type: VOTER last_known_addr { host: "127.4.166.3" port: 36969 } } peers { permanent_uuid: "8467ba5d9f0041089c1305ef597b2b44" member_type: VOTER last_known_addr { host: "127.4.166.4" port: 44421 } attrs { promote: false } } }
I20260710 11:12:06.698153  5769 catalog_manager.cc:5210] ChangeConfig:REMOVE_PEER RPC for tablet 77cd3b8bd6134fd0bcdf9b8c6642fbad with cas_config_opid_index 3: ChangeConfig:REMOVE_PEER succeeded (attempt 1)
I20260710 11:12:06.701989  5769 catalog_manager.cc:5210] ChangeConfig:REMOVE_PEER RPC for tablet 516b78cf7bd54a33ab10acb77f7fc985 with cas_config_opid_index 3: ChangeConfig:REMOVE_PEER succeeded (attempt 1)
I20260710 11:12:06.704483  5785 catalog_manager.cc:5697] T 516b78cf7bd54a33ab10acb77f7fc985 P c33e5ab47f884c2d971ab7a2939d6841 reported cstate change: config changed from index 3 to 4, VOTER f87f1dada6cc44f7bc780497e5d30278 (127.4.166.1) evicted. New cstate: current_term: 1 leader_uuid: "c33e5ab47f884c2d971ab7a2939d6841" committed_config { opid_index: 4 OBSOLETE_local: false peers { permanent_uuid: "c33e5ab47f884c2d971ab7a2939d6841" member_type: VOTER last_known_addr { host: "127.4.166.2" port: 42255 } health_report { overall_health: HEALTHY } } peers { permanent_uuid: "264e513b091047008c798518012843e8" member_type: VOTER last_known_addr { host: "127.4.166.3" port: 36969 } health_report { overall_health: HEALTHY } } peers { permanent_uuid: "8467ba5d9f0041089c1305ef597b2b44" member_type: VOTER last_known_addr { host: "127.4.166.4" port: 44421 } attrs { promote: false } health_report { overall_health: HEALTHY } } }
I20260710 11:12:06.707325  5946 tablet_service.cc:1558] Processing DeleteTablet for tablet 77cd3b8bd6134fd0bcdf9b8c6642fbad with delete_type TABLET_DATA_TOMBSTONED (TS c33e5ab47f884c2d971ab7a2939d6841 not found in new config with opid_index 4) from {username='slave'} at 127.0.0.1:45230
I20260710 11:12:06.717621  6677 tablet_replica.cc:333] T 77cd3b8bd6134fd0bcdf9b8c6642fbad P c33e5ab47f884c2d971ab7a2939d6841: stopping tablet replica
I20260710 11:12:06.721534  6677 raft_consensus.cc:2243] T 77cd3b8bd6134fd0bcdf9b8c6642fbad P c33e5ab47f884c2d971ab7a2939d6841 [term 1 FOLLOWER]: Raft consensus shutting down.
I20260710 11:12:06.727293  6677 raft_consensus.cc:2272] T 77cd3b8bd6134fd0bcdf9b8c6642fbad P c33e5ab47f884c2d971ab7a2939d6841 [term 1 FOLLOWER]: Raft consensus is shut down!
I20260710 11:12:06.731024  6677 ts_tablet_manager.cc:1916] T 77cd3b8bd6134fd0bcdf9b8c6642fbad P c33e5ab47f884c2d971ab7a2939d6841: Deleting tablet data with delete state TABLET_DATA_TOMBSTONED
I20260710 11:12:06.733498  5878 tablet_service.cc:1558] Processing DeleteTablet for tablet 516b78cf7bd54a33ab10acb77f7fc985 with delete_type TABLET_DATA_TOMBSTONED (TS f87f1dada6cc44f7bc780497e5d30278 not found in new config with opid_index 4) from {username='slave'} at 127.0.0.1:53962
I20260710 11:12:06.743047  6678 tablet_replica.cc:333] T 516b78cf7bd54a33ab10acb77f7fc985 P f87f1dada6cc44f7bc780497e5d30278: stopping tablet replica
I20260710 11:12:06.743927  6678 raft_consensus.cc:2243] T 516b78cf7bd54a33ab10acb77f7fc985 P f87f1dada6cc44f7bc780497e5d30278 [term 1 FOLLOWER]: Raft consensus shutting down.
I20260710 11:12:06.744632  6678 raft_consensus.cc:2272] T 516b78cf7bd54a33ab10acb77f7fc985 P f87f1dada6cc44f7bc780497e5d30278 [term 1 FOLLOWER]: Raft consensus is shut down!
I20260710 11:12:06.749104  6677 ts_tablet_manager.cc:1929] T 77cd3b8bd6134fd0bcdf9b8c6642fbad P c33e5ab47f884c2d971ab7a2939d6841: tablet deleted with delete type TABLET_DATA_TOMBSTONED: last-logged OpId 1.3
I20260710 11:12:06.749337  6678 ts_tablet_manager.cc:1916] T 516b78cf7bd54a33ab10acb77f7fc985 P f87f1dada6cc44f7bc780497e5d30278: Deleting tablet data with delete state TABLET_DATA_TOMBSTONED
I20260710 11:12:06.749558  6677 log.cc:1199] T 77cd3b8bd6134fd0bcdf9b8c6642fbad P c33e5ab47f884c2d971ab7a2939d6841: Deleting WAL directory at /tmp/dist-test-taskX5ZUPM/test-tmp/auto_leader_rebalancer-test.0.LeaderRebalancerTest.AddTserver.1783681879775043-4760-0/minicluster-data/ts-1-root/wals/77cd3b8bd6134fd0bcdf9b8c6642fbad
I20260710 11:12:06.751137  5769 catalog_manager.cc:5028] TS c33e5ab47f884c2d971ab7a2939d6841 (127.4.166.2:42255): tablet 77cd3b8bd6134fd0bcdf9b8c6642fbad (table test-workload [id=c61cdb87a1b3499090c63ab589341620]) successfully deleted
I20260710 11:12:06.764343  6678 ts_tablet_manager.cc:1929] T 516b78cf7bd54a33ab10acb77f7fc985 P f87f1dada6cc44f7bc780497e5d30278: tablet deleted with delete type TABLET_DATA_TOMBSTONED: last-logged OpId 1.3
I20260710 11:12:06.764791  6678 log.cc:1199] T 516b78cf7bd54a33ab10acb77f7fc985 P f87f1dada6cc44f7bc780497e5d30278: Deleting WAL directory at /tmp/dist-test-taskX5ZUPM/test-tmp/auto_leader_rebalancer-test.0.LeaderRebalancerTest.AddTserver.1783681879775043-4760-0/minicluster-data/ts-0-root/wals/516b78cf7bd54a33ab10acb77f7fc985
I20260710 11:12:06.766402  5772 catalog_manager.cc:5028] TS f87f1dada6cc44f7bc780497e5d30278 (127.4.166.1:42713): tablet 516b78cf7bd54a33ab10acb77f7fc985 (table test-workload [id=c61cdb87a1b3499090c63ab589341620]) successfully deleted
I20260710 11:12:11.094676  4760 auto_leader_rebalancer.cc:141] leader rebalance for table test-workload
I20260710 11:12:11.123709  5961 tablet_service.cc:2072] Received LeaderStepDown RPC: tablet_id: "458190fe0ccd4933b287fadbfe034e9a"
dest_uuid: "c33e5ab47f884c2d971ab7a2939d6841"
mode: GRACEFUL
new_leader_uuid: "264e513b091047008c798518012843e8"
 from {username='slave'} at 127.0.0.1:33182
I20260710 11:12:11.124585  5961 raft_consensus.cc:606] T 458190fe0ccd4933b287fadbfe034e9a P c33e5ab47f884c2d971ab7a2939d6841 [term 1 LEADER]: Received request to transfer leadership to TS 264e513b091047008c798518012843e8
I20260710 11:12:11.126780  5961 tablet_service.cc:2072] Received LeaderStepDown RPC: tablet_id: "516b78cf7bd54a33ab10acb77f7fc985"
dest_uuid: "c33e5ab47f884c2d971ab7a2939d6841"
mode: GRACEFUL
new_leader_uuid: "8467ba5d9f0041089c1305ef597b2b44"
 from {username='slave'} at 127.0.0.1:33182
I20260710 11:12:11.127183  5961 raft_consensus.cc:606] T 516b78cf7bd54a33ab10acb77f7fc985 P c33e5ab47f884c2d971ab7a2939d6841 [term 1 LEADER]: Received request to transfer leadership to TS 8467ba5d9f0041089c1305ef597b2b44
I20260710 11:12:11.129101  5961 tablet_service.cc:2072] Received LeaderStepDown RPC: tablet_id: "5a2b2463b6304d9c9a1fe91058c82e37"
dest_uuid: "c33e5ab47f884c2d971ab7a2939d6841"
mode: GRACEFUL
new_leader_uuid: "8467ba5d9f0041089c1305ef597b2b44"
 from {username='slave'} at 127.0.0.1:33182
I20260710 11:12:11.129591  5961 raft_consensus.cc:606] T 5a2b2463b6304d9c9a1fe91058c82e37 P c33e5ab47f884c2d971ab7a2939d6841 [term 1 LEADER]: Received request to transfer leadership to TS 8467ba5d9f0041089c1305ef597b2b44
I20260710 11:12:11.131518  5961 tablet_service.cc:2072] Received LeaderStepDown RPC: tablet_id: "a32fe62f068e44248a4b09e0ac02cbff"
dest_uuid: "c33e5ab47f884c2d971ab7a2939d6841"
mode: GRACEFUL
new_leader_uuid: "8467ba5d9f0041089c1305ef597b2b44"
 from {username='slave'} at 127.0.0.1:33182
I20260710 11:12:11.131842  5961 raft_consensus.cc:606] T a32fe62f068e44248a4b09e0ac02cbff P c33e5ab47f884c2d971ab7a2939d6841 [term 1 LEADER]: Received request to transfer leadership to TS 8467ba5d9f0041089c1305ef597b2b44
I20260710 11:12:11.133546  5961 tablet_service.cc:2072] Received LeaderStepDown RPC: tablet_id: "ee160f2ac66a4465a35235b12643991e"
dest_uuid: "c33e5ab47f884c2d971ab7a2939d6841"
mode: GRACEFUL
new_leader_uuid: "f87f1dada6cc44f7bc780497e5d30278"
 from {username='slave'} at 127.0.0.1:33182
I20260710 11:12:11.133926  5961 raft_consensus.cc:606] T ee160f2ac66a4465a35235b12643991e P c33e5ab47f884c2d971ab7a2939d6841 [term 1 LEADER]: Received request to transfer leadership to TS f87f1dada6cc44f7bc780497e5d30278
I20260710 11:12:11.135056  4760 auto_leader_rebalancer.cc:452] table: test-workload, leader rebalance finish, leader transfer count: 5
I20260710 11:12:11.135775  4760 auto_leader_rebalancer.cc:527] All tables' leader rebalancing finished this round
I20260710 11:12:11.170224  6658 raft_consensus.cc:993] T ee160f2ac66a4465a35235b12643991e P c33e5ab47f884c2d971ab7a2939d6841: : Instructing follower f87f1dada6cc44f7bc780497e5d30278 to start an election
I20260710 11:12:11.170738  6680 raft_consensus.cc:1081] T ee160f2ac66a4465a35235b12643991e P c33e5ab47f884c2d971ab7a2939d6841 [term 1 LEADER]: Signalling peer f87f1dada6cc44f7bc780497e5d30278 to start an election
I20260710 11:12:11.172257  5883 tablet_service.cc:2044] Received Run Leader Election RPC: tablet_id: "ee160f2ac66a4465a35235b12643991e"
dest_uuid: "f87f1dada6cc44f7bc780497e5d30278"
 from {username='slave'} at 127.0.0.1:53970
I20260710 11:12:11.172850  5883 raft_consensus.cc:493] T ee160f2ac66a4465a35235b12643991e P f87f1dada6cc44f7bc780497e5d30278 [term 1 FOLLOWER]: Starting forced leader election (received explicit request)
I20260710 11:12:11.173257  5883 raft_consensus.cc:3060] T ee160f2ac66a4465a35235b12643991e P f87f1dada6cc44f7bc780497e5d30278 [term 1 FOLLOWER]: Advancing to term 2
I20260710 11:12:11.178227  5883 raft_consensus.cc:515] T ee160f2ac66a4465a35235b12643991e P f87f1dada6cc44f7bc780497e5d30278 [term 2 FOLLOWER]: Starting forced leader election with config: opid_index: -1 OBSOLETE_local: false peers { permanent_uuid: "f87f1dada6cc44f7bc780497e5d30278" member_type: VOTER last_known_addr { host: "127.4.166.1" port: 42713 } } peers { permanent_uuid: "c33e5ab47f884c2d971ab7a2939d6841" member_type: VOTER last_known_addr { host: "127.4.166.2" port: 42255 } } peers { permanent_uuid: "264e513b091047008c798518012843e8" member_type: VOTER last_known_addr { host: "127.4.166.3" port: 36969 } }
I20260710 11:12:11.179598  5883 leader_election.cc:290] T ee160f2ac66a4465a35235b12643991e P f87f1dada6cc44f7bc780497e5d30278 [CANDIDATE]: Term 2 election: Requested vote from peers c33e5ab47f884c2d971ab7a2939d6841 (127.4.166.2:42255), 264e513b091047008c798518012843e8 (127.4.166.3:36969)
I20260710 11:12:11.180413  5961 tablet_service.cc:1917] Received RequestConsensusVote() RPC: tablet_id: "ee160f2ac66a4465a35235b12643991e" candidate_uuid: "f87f1dada6cc44f7bc780497e5d30278" candidate_term: 2 candidate_status { last_received { term: 1 index: 1 } } ignore_live_leader: true dest_uuid: "c33e5ab47f884c2d971ab7a2939d6841"
I20260710 11:12:11.180696  6033 tablet_service.cc:1917] Received RequestConsensusVote() RPC: tablet_id: "ee160f2ac66a4465a35235b12643991e" candidate_uuid: "f87f1dada6cc44f7bc780497e5d30278" candidate_term: 2 candidate_status { last_received { term: 1 index: 1 } } ignore_live_leader: true dest_uuid: "264e513b091047008c798518012843e8"
I20260710 11:12:11.181103  5961 raft_consensus.cc:3055] T ee160f2ac66a4465a35235b12643991e P c33e5ab47f884c2d971ab7a2939d6841 [term 1 LEADER]: Stepping down as leader of term 1
I20260710 11:12:11.181223  6033 raft_consensus.cc:3060] T ee160f2ac66a4465a35235b12643991e P 264e513b091047008c798518012843e8 [term 1 FOLLOWER]: Advancing to term 2
I20260710 11:12:11.181392  5961 raft_consensus.cc:740] T ee160f2ac66a4465a35235b12643991e P c33e5ab47f884c2d971ab7a2939d6841 [term 1 LEADER]: Becoming Follower/Learner. State: Replica: c33e5ab47f884c2d971ab7a2939d6841, State: Running, Role: LEADER
I20260710 11:12:11.182307  5961 consensus_queue.cc:260] T ee160f2ac66a4465a35235b12643991e P c33e5ab47f884c2d971ab7a2939d6841 [NON_LEADER]: Queue going to NON_LEADER mode. State: All replicated index: 0, Majority replicated index: 1, Committed index: 1, Last appended: 1.1, Last appended by leader: 1, Current term: 1, Majority size: -1, State: 0, Mode: NON_LEADER, active raft config: opid_index: -1 OBSOLETE_local: false peers { permanent_uuid: "f87f1dada6cc44f7bc780497e5d30278" member_type: VOTER last_known_addr { host: "127.4.166.1" port: 42713 } } peers { permanent_uuid: "c33e5ab47f884c2d971ab7a2939d6841" member_type: VOTER last_known_addr { host: "127.4.166.2" port: 42255 } } peers { permanent_uuid: "264e513b091047008c798518012843e8" member_type: VOTER last_known_addr { host: "127.4.166.3" port: 36969 } }
I20260710 11:12:11.183236  5961 raft_consensus.cc:3060] T ee160f2ac66a4465a35235b12643991e P c33e5ab47f884c2d971ab7a2939d6841 [term 1 FOLLOWER]: Advancing to term 2
I20260710 11:12:11.185873  6033 raft_consensus.cc:2468] T ee160f2ac66a4465a35235b12643991e P 264e513b091047008c798518012843e8 [term 2 FOLLOWER]: Leader election vote request: Granting yes vote for candidate f87f1dada6cc44f7bc780497e5d30278 in term 2.
I20260710 11:12:11.187201  5851 leader_election.cc:304] T ee160f2ac66a4465a35235b12643991e P f87f1dada6cc44f7bc780497e5d30278 [CANDIDATE]: Term 2 election: Election decided. Result: candidate won. Election summary: received 2 responses out of 3 voters: 2 yes votes; 0 no votes. yes voters: 264e513b091047008c798518012843e8, f87f1dada6cc44f7bc780497e5d30278; no voters: 
I20260710 11:12:11.187932  6684 raft_consensus.cc:2804] T ee160f2ac66a4465a35235b12643991e P f87f1dada6cc44f7bc780497e5d30278 [term 2 FOLLOWER]: Leader election won for term 2
I20260710 11:12:11.187958  5961 raft_consensus.cc:2468] T ee160f2ac66a4465a35235b12643991e P c33e5ab47f884c2d971ab7a2939d6841 [term 2 FOLLOWER]: Leader election vote request: Granting yes vote for candidate f87f1dada6cc44f7bc780497e5d30278 in term 2.
I20260710 11:12:11.189146  6684 raft_consensus.cc:697] T ee160f2ac66a4465a35235b12643991e P f87f1dada6cc44f7bc780497e5d30278 [term 2 LEADER]: Becoming Leader. State: Replica: f87f1dada6cc44f7bc780497e5d30278, State: Running, Role: LEADER
I20260710 11:12:11.190021  6684 consensus_queue.cc:237] T ee160f2ac66a4465a35235b12643991e P f87f1dada6cc44f7bc780497e5d30278 [LEADER]: Queue going to LEADER mode. State: All replicated index: 0, Majority replicated index: 1, Committed index: 1, Last appended: 1.1, Last appended by leader: 1, Current term: 2, Majority size: 2, State: 0, Mode: LEADER, active raft config: opid_index: -1 OBSOLETE_local: false peers { permanent_uuid: "f87f1dada6cc44f7bc780497e5d30278" member_type: VOTER last_known_addr { host: "127.4.166.1" port: 42713 } } peers { permanent_uuid: "c33e5ab47f884c2d971ab7a2939d6841" member_type: VOTER last_known_addr { host: "127.4.166.2" port: 42255 } } peers { permanent_uuid: "264e513b091047008c798518012843e8" member_type: VOTER last_known_addr { host: "127.4.166.3" port: 36969 } }
I20260710 11:12:11.197887  5784 catalog_manager.cc:5697] T ee160f2ac66a4465a35235b12643991e P f87f1dada6cc44f7bc780497e5d30278 reported cstate change: term changed from 1 to 2, leader changed from c33e5ab47f884c2d971ab7a2939d6841 (127.4.166.2) to f87f1dada6cc44f7bc780497e5d30278 (127.4.166.1). New cstate: current_term: 2 leader_uuid: "f87f1dada6cc44f7bc780497e5d30278" committed_config { opid_index: -1 OBSOLETE_local: false peers { permanent_uuid: "f87f1dada6cc44f7bc780497e5d30278" member_type: VOTER last_known_addr { host: "127.4.166.1" port: 42713 } health_report { overall_health: HEALTHY } } peers { permanent_uuid: "c33e5ab47f884c2d971ab7a2939d6841" member_type: VOTER last_known_addr { host: "127.4.166.2" port: 42255 } health_report { overall_health: UNKNOWN } } peers { permanent_uuid: "264e513b091047008c798518012843e8" member_type: VOTER last_known_addr { host: "127.4.166.3" port: 36969 } health_report { overall_health: UNKNOWN } } }
I20260710 11:12:11.240742  6680 raft_consensus.cc:993] T 516b78cf7bd54a33ab10acb77f7fc985 P c33e5ab47f884c2d971ab7a2939d6841: : Instructing follower 8467ba5d9f0041089c1305ef597b2b44 to start an election
I20260710 11:12:11.241134  6658 raft_consensus.cc:1081] T 516b78cf7bd54a33ab10acb77f7fc985 P c33e5ab47f884c2d971ab7a2939d6841 [term 1 LEADER]: Signalling peer 8467ba5d9f0041089c1305ef597b2b44 to start an election
I20260710 11:12:11.242439  6312 tablet_service.cc:2044] Received Run Leader Election RPC: tablet_id: "516b78cf7bd54a33ab10acb77f7fc985"
dest_uuid: "8467ba5d9f0041089c1305ef597b2b44"
 from {username='slave'} at 127.0.0.1:52032
I20260710 11:12:11.242836  6312 raft_consensus.cc:493] T 516b78cf7bd54a33ab10acb77f7fc985 P 8467ba5d9f0041089c1305ef597b2b44 [term 1 FOLLOWER]: Starting forced leader election (received explicit request)
I20260710 11:12:11.243136  6312 raft_consensus.cc:3060] T 516b78cf7bd54a33ab10acb77f7fc985 P 8467ba5d9f0041089c1305ef597b2b44 [term 1 FOLLOWER]: Advancing to term 2
I20260710 11:12:11.247635  6312 raft_consensus.cc:515] T 516b78cf7bd54a33ab10acb77f7fc985 P 8467ba5d9f0041089c1305ef597b2b44 [term 2 FOLLOWER]: Starting forced leader election with config: opid_index: 4 OBSOLETE_local: false peers { permanent_uuid: "c33e5ab47f884c2d971ab7a2939d6841" member_type: VOTER last_known_addr { host: "127.4.166.2" port: 42255 } } peers { permanent_uuid: "264e513b091047008c798518012843e8" member_type: VOTER last_known_addr { host: "127.4.166.3" port: 36969 } } peers { permanent_uuid: "8467ba5d9f0041089c1305ef597b2b44" member_type: VOTER last_known_addr { host: "127.4.166.4" port: 44421 } attrs { promote: false } }
I20260710 11:12:11.249166  6312 leader_election.cc:290] T 516b78cf7bd54a33ab10acb77f7fc985 P 8467ba5d9f0041089c1305ef597b2b44 [CANDIDATE]: Term 2 election: Requested vote from peers c33e5ab47f884c2d971ab7a2939d6841 (127.4.166.2:42255), 264e513b091047008c798518012843e8 (127.4.166.3:36969)
I20260710 11:12:11.249922  5961 tablet_service.cc:1917] Received RequestConsensusVote() RPC: tablet_id: "516b78cf7bd54a33ab10acb77f7fc985" candidate_uuid: "8467ba5d9f0041089c1305ef597b2b44" candidate_term: 2 candidate_status { last_received { term: 1 index: 4 } } ignore_live_leader: true dest_uuid: "c33e5ab47f884c2d971ab7a2939d6841"
I20260710 11:12:11.250272  6033 tablet_service.cc:1917] Received RequestConsensusVote() RPC: tablet_id: "516b78cf7bd54a33ab10acb77f7fc985" candidate_uuid: "8467ba5d9f0041089c1305ef597b2b44" candidate_term: 2 candidate_status { last_received { term: 1 index: 4 } } ignore_live_leader: true dest_uuid: "264e513b091047008c798518012843e8"
I20260710 11:12:11.250469  5961 raft_consensus.cc:3055] T 516b78cf7bd54a33ab10acb77f7fc985 P c33e5ab47f884c2d971ab7a2939d6841 [term 1 LEADER]: Stepping down as leader of term 1
I20260710 11:12:11.250797  6033 raft_consensus.cc:3060] T 516b78cf7bd54a33ab10acb77f7fc985 P 264e513b091047008c798518012843e8 [term 1 FOLLOWER]: Advancing to term 2
I20260710 11:12:11.250772  5961 raft_consensus.cc:740] T 516b78cf7bd54a33ab10acb77f7fc985 P c33e5ab47f884c2d971ab7a2939d6841 [term 1 LEADER]: Becoming Follower/Learner. State: Replica: c33e5ab47f884c2d971ab7a2939d6841, State: Running, Role: LEADER
I20260710 11:12:11.251637  5961 consensus_queue.cc:260] T 516b78cf7bd54a33ab10acb77f7fc985 P c33e5ab47f884c2d971ab7a2939d6841 [NON_LEADER]: Queue going to NON_LEADER mode. State: All replicated index: 0, Majority replicated index: 4, Committed index: 4, Last appended: 1.4, Last appended by leader: 4, Current term: 1, Majority size: -1, State: 0, Mode: NON_LEADER, active raft config: opid_index: 4 OBSOLETE_local: false peers { permanent_uuid: "c33e5ab47f884c2d971ab7a2939d6841" member_type: VOTER last_known_addr { host: "127.4.166.2" port: 42255 } } peers { permanent_uuid: "264e513b091047008c798518012843e8" member_type: VOTER last_known_addr { host: "127.4.166.3" port: 36969 } } peers { permanent_uuid: "8467ba5d9f0041089c1305ef597b2b44" member_type: VOTER last_known_addr { host: "127.4.166.4" port: 44421 } attrs { promote: false } }
I20260710 11:12:11.252497  5961 raft_consensus.cc:3060] T 516b78cf7bd54a33ab10acb77f7fc985 P c33e5ab47f884c2d971ab7a2939d6841 [term 1 FOLLOWER]: Advancing to term 2
I20260710 11:12:11.255268  6033 raft_consensus.cc:2468] T 516b78cf7bd54a33ab10acb77f7fc985 P 264e513b091047008c798518012843e8 [term 2 FOLLOWER]: Leader election vote request: Granting yes vote for candidate 8467ba5d9f0041089c1305ef597b2b44 in term 2.
I20260710 11:12:11.256248  6279 leader_election.cc:304] T 516b78cf7bd54a33ab10acb77f7fc985 P 8467ba5d9f0041089c1305ef597b2b44 [CANDIDATE]: Term 2 election: Election decided. Result: candidate won. Election summary: received 2 responses out of 3 voters: 2 yes votes; 0 no votes. yes voters: 264e513b091047008c798518012843e8, 8467ba5d9f0041089c1305ef597b2b44; no voters: 
I20260710 11:12:11.257891  6695 raft_consensus.cc:2804] T 516b78cf7bd54a33ab10acb77f7fc985 P 8467ba5d9f0041089c1305ef597b2b44 [term 2 FOLLOWER]: Leader election won for term 2
I20260710 11:12:11.258015  5961 raft_consensus.cc:2468] T 516b78cf7bd54a33ab10acb77f7fc985 P c33e5ab47f884c2d971ab7a2939d6841 [term 2 FOLLOWER]: Leader election vote request: Granting yes vote for candidate 8467ba5d9f0041089c1305ef597b2b44 in term 2.
I20260710 11:12:11.259266  6695 raft_consensus.cc:697] T 516b78cf7bd54a33ab10acb77f7fc985 P 8467ba5d9f0041089c1305ef597b2b44 [term 2 LEADER]: Becoming Leader. State: Replica: 8467ba5d9f0041089c1305ef597b2b44, State: Running, Role: LEADER
I20260710 11:12:11.260135  6695 consensus_queue.cc:237] T 516b78cf7bd54a33ab10acb77f7fc985 P 8467ba5d9f0041089c1305ef597b2b44 [LEADER]: Queue going to LEADER mode. State: All replicated index: 0, Majority replicated index: 4, Committed index: 4, Last appended: 1.4, Last appended by leader: 4, Current term: 2, Majority size: 2, State: 0, Mode: LEADER, active raft config: opid_index: 4 OBSOLETE_local: false peers { permanent_uuid: "c33e5ab47f884c2d971ab7a2939d6841" member_type: VOTER last_known_addr { host: "127.4.166.2" port: 42255 } } peers { permanent_uuid: "264e513b091047008c798518012843e8" member_type: VOTER last_known_addr { host: "127.4.166.3" port: 36969 } } peers { permanent_uuid: "8467ba5d9f0041089c1305ef597b2b44" member_type: VOTER last_known_addr { host: "127.4.166.4" port: 44421 } attrs { promote: false } }
I20260710 11:12:11.267208  5784 catalog_manager.cc:5697] T 516b78cf7bd54a33ab10acb77f7fc985 P 8467ba5d9f0041089c1305ef597b2b44 reported cstate change: term changed from 1 to 2, leader changed from c33e5ab47f884c2d971ab7a2939d6841 (127.4.166.2) to 8467ba5d9f0041089c1305ef597b2b44 (127.4.166.4). New cstate: current_term: 2 leader_uuid: "8467ba5d9f0041089c1305ef597b2b44" committed_config { opid_index: 4 OBSOLETE_local: false peers { permanent_uuid: "c33e5ab47f884c2d971ab7a2939d6841" member_type: VOTER last_known_addr { host: "127.4.166.2" port: 42255 } health_report { overall_health: UNKNOWN } } peers { permanent_uuid: "264e513b091047008c798518012843e8" member_type: VOTER last_known_addr { host: "127.4.166.3" port: 36969 } health_report { overall_health: UNKNOWN } } peers { permanent_uuid: "8467ba5d9f0041089c1305ef597b2b44" member_type: VOTER last_known_addr { host: "127.4.166.4" port: 44421 } attrs { promote: false } health_report { overall_health: HEALTHY } } }
I20260710 11:12:11.303946  6680 raft_consensus.cc:993] T 458190fe0ccd4933b287fadbfe034e9a P c33e5ab47f884c2d971ab7a2939d6841: : Instructing follower 264e513b091047008c798518012843e8 to start an election
I20260710 11:12:11.304379  6680 raft_consensus.cc:1081] T 458190fe0ccd4933b287fadbfe034e9a P c33e5ab47f884c2d971ab7a2939d6841 [term 1 LEADER]: Signalling peer 264e513b091047008c798518012843e8 to start an election
I20260710 11:12:11.305644  6033 tablet_service.cc:2044] Received Run Leader Election RPC: tablet_id: "458190fe0ccd4933b287fadbfe034e9a"
dest_uuid: "264e513b091047008c798518012843e8"
 from {username='slave'} at 127.0.0.1:56598
I20260710 11:12:11.306051  6033 raft_consensus.cc:493] T 458190fe0ccd4933b287fadbfe034e9a P 264e513b091047008c798518012843e8 [term 1 FOLLOWER]: Starting forced leader election (received explicit request)
I20260710 11:12:11.306341  6033 raft_consensus.cc:3060] T 458190fe0ccd4933b287fadbfe034e9a P 264e513b091047008c798518012843e8 [term 1 FOLLOWER]: Advancing to term 2
I20260710 11:12:11.310753  6033 raft_consensus.cc:515] T 458190fe0ccd4933b287fadbfe034e9a P 264e513b091047008c798518012843e8 [term 2 FOLLOWER]: Starting forced leader election with config: opid_index: -1 OBSOLETE_local: false peers { permanent_uuid: "f87f1dada6cc44f7bc780497e5d30278" member_type: VOTER last_known_addr { host: "127.4.166.1" port: 42713 } } peers { permanent_uuid: "c33e5ab47f884c2d971ab7a2939d6841" member_type: VOTER last_known_addr { host: "127.4.166.2" port: 42255 } } peers { permanent_uuid: "264e513b091047008c798518012843e8" member_type: VOTER last_known_addr { host: "127.4.166.3" port: 36969 } }
I20260710 11:12:11.312179  6033 leader_election.cc:290] T 458190fe0ccd4933b287fadbfe034e9a P 264e513b091047008c798518012843e8 [CANDIDATE]: Term 2 election: Requested vote from peers f87f1dada6cc44f7bc780497e5d30278 (127.4.166.1:42713), c33e5ab47f884c2d971ab7a2939d6841 (127.4.166.2:42255)
I20260710 11:12:11.312983  5883 tablet_service.cc:1917] Received RequestConsensusVote() RPC: tablet_id: "458190fe0ccd4933b287fadbfe034e9a" candidate_uuid: "264e513b091047008c798518012843e8" candidate_term: 2 candidate_status { last_received { term: 1 index: 1 } } ignore_live_leader: true dest_uuid: "f87f1dada6cc44f7bc780497e5d30278"
I20260710 11:12:11.313156  5961 tablet_service.cc:1917] Received RequestConsensusVote() RPC: tablet_id: "458190fe0ccd4933b287fadbfe034e9a" candidate_uuid: "264e513b091047008c798518012843e8" candidate_term: 2 candidate_status { last_received { term: 1 index: 1 } } ignore_live_leader: true dest_uuid: "c33e5ab47f884c2d971ab7a2939d6841"
I20260710 11:12:11.313570  5883 raft_consensus.cc:3060] T 458190fe0ccd4933b287fadbfe034e9a P f87f1dada6cc44f7bc780497e5d30278 [term 1 FOLLOWER]: Advancing to term 2
I20260710 11:12:11.313704  5961 raft_consensus.cc:3055] T 458190fe0ccd4933b287fadbfe034e9a P c33e5ab47f884c2d971ab7a2939d6841 [term 1 LEADER]: Stepping down as leader of term 1
I20260710 11:12:11.314051  5961 raft_consensus.cc:740] T 458190fe0ccd4933b287fadbfe034e9a P c33e5ab47f884c2d971ab7a2939d6841 [term 1 LEADER]: Becoming Follower/Learner. State: Replica: c33e5ab47f884c2d971ab7a2939d6841, State: Running, Role: LEADER
I20260710 11:12:11.314798  5961 consensus_queue.cc:260] T 458190fe0ccd4933b287fadbfe034e9a P c33e5ab47f884c2d971ab7a2939d6841 [NON_LEADER]: Queue going to NON_LEADER mode. State: All replicated index: 0, Majority replicated index: 1, Committed index: 1, Last appended: 1.1, Last appended by leader: 1, Current term: 1, Majority size: -1, State: 0, Mode: NON_LEADER, active raft config: opid_index: -1 OBSOLETE_local: false peers { permanent_uuid: "f87f1dada6cc44f7bc780497e5d30278" member_type: VOTER last_known_addr { host: "127.4.166.1" port: 42713 } } peers { permanent_uuid: "c33e5ab47f884c2d971ab7a2939d6841" member_type: VOTER last_known_addr { host: "127.4.166.2" port: 42255 } } peers { permanent_uuid: "264e513b091047008c798518012843e8" member_type: VOTER last_known_addr { host: "127.4.166.3" port: 36969 } }
I20260710 11:12:11.315749  5961 raft_consensus.cc:3060] T 458190fe0ccd4933b287fadbfe034e9a P c33e5ab47f884c2d971ab7a2939d6841 [term 1 FOLLOWER]: Advancing to term 2
I20260710 11:12:11.318137  5883 raft_consensus.cc:2468] T 458190fe0ccd4933b287fadbfe034e9a P f87f1dada6cc44f7bc780497e5d30278 [term 2 FOLLOWER]: Leader election vote request: Granting yes vote for candidate 264e513b091047008c798518012843e8 in term 2.
I20260710 11:12:11.319271  6003 leader_election.cc:304] T 458190fe0ccd4933b287fadbfe034e9a P 264e513b091047008c798518012843e8 [CANDIDATE]: Term 2 election: Election decided. Result: candidate won. Election summary: received 2 responses out of 3 voters: 2 yes votes; 0 no votes. yes voters: 264e513b091047008c798518012843e8, f87f1dada6cc44f7bc780497e5d30278; no voters: 
I20260710 11:12:11.320104  6685 raft_consensus.cc:2804] T 458190fe0ccd4933b287fadbfe034e9a P 264e513b091047008c798518012843e8 [term 2 FOLLOWER]: Leader election won for term 2
I20260710 11:12:11.320128  5961 raft_consensus.cc:2468] T 458190fe0ccd4933b287fadbfe034e9a P c33e5ab47f884c2d971ab7a2939d6841 [term 2 FOLLOWER]: Leader election vote request: Granting yes vote for candidate 264e513b091047008c798518012843e8 in term 2.
I20260710 11:12:11.321395  6685 raft_consensus.cc:697] T 458190fe0ccd4933b287fadbfe034e9a P 264e513b091047008c798518012843e8 [term 2 LEADER]: Becoming Leader. State: Replica: 264e513b091047008c798518012843e8, State: Running, Role: LEADER
I20260710 11:12:11.322072  6685 consensus_queue.cc:237] T 458190fe0ccd4933b287fadbfe034e9a P 264e513b091047008c798518012843e8 [LEADER]: Queue going to LEADER mode. State: All replicated index: 0, Majority replicated index: 1, Committed index: 1, Last appended: 1.1, Last appended by leader: 1, Current term: 2, Majority size: 2, State: 0, Mode: LEADER, active raft config: opid_index: -1 OBSOLETE_local: false peers { permanent_uuid: "f87f1dada6cc44f7bc780497e5d30278" member_type: VOTER last_known_addr { host: "127.4.166.1" port: 42713 } } peers { permanent_uuid: "c33e5ab47f884c2d971ab7a2939d6841" member_type: VOTER last_known_addr { host: "127.4.166.2" port: 42255 } } peers { permanent_uuid: "264e513b091047008c798518012843e8" member_type: VOTER last_known_addr { host: "127.4.166.3" port: 36969 } }
I20260710 11:12:11.328799  5784 catalog_manager.cc:5697] T 458190fe0ccd4933b287fadbfe034e9a P 264e513b091047008c798518012843e8 reported cstate change: term changed from 1 to 2, leader changed from c33e5ab47f884c2d971ab7a2939d6841 (127.4.166.2) to 264e513b091047008c798518012843e8 (127.4.166.3). New cstate: current_term: 2 leader_uuid: "264e513b091047008c798518012843e8" committed_config { opid_index: -1 OBSOLETE_local: false peers { permanent_uuid: "f87f1dada6cc44f7bc780497e5d30278" member_type: VOTER last_known_addr { host: "127.4.166.1" port: 42713 } health_report { overall_health: UNKNOWN } } peers { permanent_uuid: "c33e5ab47f884c2d971ab7a2939d6841" member_type: VOTER last_known_addr { host: "127.4.166.2" port: 42255 } health_report { overall_health: UNKNOWN } } peers { permanent_uuid: "264e513b091047008c798518012843e8" member_type: VOTER last_known_addr { host: "127.4.166.3" port: 36969 } health_report { overall_health: HEALTHY } } }
I20260710 11:12:11.389096  6658 raft_consensus.cc:993] T 5a2b2463b6304d9c9a1fe91058c82e37 P c33e5ab47f884c2d971ab7a2939d6841: : Instructing follower 8467ba5d9f0041089c1305ef597b2b44 to start an election
I20260710 11:12:11.389565  6680 raft_consensus.cc:1081] T 5a2b2463b6304d9c9a1fe91058c82e37 P c33e5ab47f884c2d971ab7a2939d6841 [term 1 LEADER]: Signalling peer 8467ba5d9f0041089c1305ef597b2b44 to start an election
I20260710 11:12:11.390748  6312 tablet_service.cc:2044] Received Run Leader Election RPC: tablet_id: "5a2b2463b6304d9c9a1fe91058c82e37"
dest_uuid: "8467ba5d9f0041089c1305ef597b2b44"
 from {username='slave'} at 127.0.0.1:52032
I20260710 11:12:11.391108  6312 raft_consensus.cc:493] T 5a2b2463b6304d9c9a1fe91058c82e37 P 8467ba5d9f0041089c1305ef597b2b44 [term 1 FOLLOWER]: Starting forced leader election (received explicit request)
I20260710 11:12:11.391315  6312 raft_consensus.cc:3060] T 5a2b2463b6304d9c9a1fe91058c82e37 P 8467ba5d9f0041089c1305ef597b2b44 [term 1 FOLLOWER]: Advancing to term 2
I20260710 11:12:11.395496  6312 raft_consensus.cc:515] T 5a2b2463b6304d9c9a1fe91058c82e37 P 8467ba5d9f0041089c1305ef597b2b44 [term 2 FOLLOWER]: Starting forced leader election with config: opid_index: 4 OBSOLETE_local: false peers { permanent_uuid: "f87f1dada6cc44f7bc780497e5d30278" member_type: VOTER last_known_addr { host: "127.4.166.1" port: 42713 } } peers { permanent_uuid: "c33e5ab47f884c2d971ab7a2939d6841" member_type: VOTER last_known_addr { host: "127.4.166.2" port: 42255 } } peers { permanent_uuid: "8467ba5d9f0041089c1305ef597b2b44" member_type: VOTER last_known_addr { host: "127.4.166.4" port: 44421 } attrs { promote: false } }
I20260710 11:12:11.397007  6312 leader_election.cc:290] T 5a2b2463b6304d9c9a1fe91058c82e37 P 8467ba5d9f0041089c1305ef597b2b44 [CANDIDATE]: Term 2 election: Requested vote from peers f87f1dada6cc44f7bc780497e5d30278 (127.4.166.1:42713), c33e5ab47f884c2d971ab7a2939d6841 (127.4.166.2:42255)
I20260710 11:12:11.397661  5883 tablet_service.cc:1917] Received RequestConsensusVote() RPC: tablet_id: "5a2b2463b6304d9c9a1fe91058c82e37" candidate_uuid: "8467ba5d9f0041089c1305ef597b2b44" candidate_term: 2 candidate_status { last_received { term: 1 index: 4 } } ignore_live_leader: true dest_uuid: "f87f1dada6cc44f7bc780497e5d30278"
I20260710 11:12:11.397955  5961 tablet_service.cc:1917] Received RequestConsensusVote() RPC: tablet_id: "5a2b2463b6304d9c9a1fe91058c82e37" candidate_uuid: "8467ba5d9f0041089c1305ef597b2b44" candidate_term: 2 candidate_status { last_received { term: 1 index: 4 } } ignore_live_leader: true dest_uuid: "c33e5ab47f884c2d971ab7a2939d6841"
I20260710 11:12:11.398203  5883 raft_consensus.cc:3060] T 5a2b2463b6304d9c9a1fe91058c82e37 P f87f1dada6cc44f7bc780497e5d30278 [term 1 FOLLOWER]: Advancing to term 2
I20260710 11:12:11.398523  5961 raft_consensus.cc:3055] T 5a2b2463b6304d9c9a1fe91058c82e37 P c33e5ab47f884c2d971ab7a2939d6841 [term 1 LEADER]: Stepping down as leader of term 1
I20260710 11:12:11.398803  5961 raft_consensus.cc:740] T 5a2b2463b6304d9c9a1fe91058c82e37 P c33e5ab47f884c2d971ab7a2939d6841 [term 1 LEADER]: Becoming Follower/Learner. State: Replica: c33e5ab47f884c2d971ab7a2939d6841, State: Running, Role: LEADER
I20260710 11:12:11.399430  5961 consensus_queue.cc:260] T 5a2b2463b6304d9c9a1fe91058c82e37 P c33e5ab47f884c2d971ab7a2939d6841 [NON_LEADER]: Queue going to NON_LEADER mode. State: All replicated index: 0, Majority replicated index: 4, Committed index: 4, Last appended: 1.4, Last appended by leader: 4, Current term: 1, Majority size: -1, State: 0, Mode: NON_LEADER, active raft config: opid_index: 4 OBSOLETE_local: false peers { permanent_uuid: "f87f1dada6cc44f7bc780497e5d30278" member_type: VOTER last_known_addr { host: "127.4.166.1" port: 42713 } } peers { permanent_uuid: "c33e5ab47f884c2d971ab7a2939d6841" member_type: VOTER last_known_addr { host: "127.4.166.2" port: 42255 } } peers { permanent_uuid: "8467ba5d9f0041089c1305ef597b2b44" member_type: VOTER last_known_addr { host: "127.4.166.4" port: 44421 } attrs { promote: false } }
I20260710 11:12:11.400292  5961 raft_consensus.cc:3060] T 5a2b2463b6304d9c9a1fe91058c82e37 P c33e5ab47f884c2d971ab7a2939d6841 [term 1 FOLLOWER]: Advancing to term 2
I20260710 11:12:11.402961  5883 raft_consensus.cc:2468] T 5a2b2463b6304d9c9a1fe91058c82e37 P f87f1dada6cc44f7bc780497e5d30278 [term 2 FOLLOWER]: Leader election vote request: Granting yes vote for candidate 8467ba5d9f0041089c1305ef597b2b44 in term 2.
I20260710 11:12:11.404170  6282 leader_election.cc:304] T 5a2b2463b6304d9c9a1fe91058c82e37 P 8467ba5d9f0041089c1305ef597b2b44 [CANDIDATE]: Term 2 election: Election decided. Result: candidate won. Election summary: received 2 responses out of 3 voters: 2 yes votes; 0 no votes. yes voters: 8467ba5d9f0041089c1305ef597b2b44, f87f1dada6cc44f7bc780497e5d30278; no voters: 
I20260710 11:12:11.404829  6695 raft_consensus.cc:2804] T 5a2b2463b6304d9c9a1fe91058c82e37 P 8467ba5d9f0041089c1305ef597b2b44 [term 2 FOLLOWER]: Leader election won for term 2
I20260710 11:12:11.405284  6695 raft_consensus.cc:697] T 5a2b2463b6304d9c9a1fe91058c82e37 P 8467ba5d9f0041089c1305ef597b2b44 [term 2 LEADER]: Becoming Leader. State: Replica: 8467ba5d9f0041089c1305ef597b2b44, State: Running, Role: LEADER
I20260710 11:12:11.405362  5961 raft_consensus.cc:2468] T 5a2b2463b6304d9c9a1fe91058c82e37 P c33e5ab47f884c2d971ab7a2939d6841 [term 2 FOLLOWER]: Leader election vote request: Granting yes vote for candidate 8467ba5d9f0041089c1305ef597b2b44 in term 2.
I20260710 11:12:11.406307  6695 consensus_queue.cc:237] T 5a2b2463b6304d9c9a1fe91058c82e37 P 8467ba5d9f0041089c1305ef597b2b44 [LEADER]: Queue going to LEADER mode. State: All replicated index: 0, Majority replicated index: 4, Committed index: 4, Last appended: 1.4, Last appended by leader: 4, Current term: 2, Majority size: 2, State: 0, Mode: LEADER, active raft config: opid_index: 4 OBSOLETE_local: false peers { permanent_uuid: "f87f1dada6cc44f7bc780497e5d30278" member_type: VOTER last_known_addr { host: "127.4.166.1" port: 42713 } } peers { permanent_uuid: "c33e5ab47f884c2d971ab7a2939d6841" member_type: VOTER last_known_addr { host: "127.4.166.2" port: 42255 } } peers { permanent_uuid: "8467ba5d9f0041089c1305ef597b2b44" member_type: VOTER last_known_addr { host: "127.4.166.4" port: 44421 } attrs { promote: false } }
I20260710 11:12:11.413300  5784 catalog_manager.cc:5697] T 5a2b2463b6304d9c9a1fe91058c82e37 P 8467ba5d9f0041089c1305ef597b2b44 reported cstate change: term changed from 1 to 2, leader changed from c33e5ab47f884c2d971ab7a2939d6841 (127.4.166.2) to 8467ba5d9f0041089c1305ef597b2b44 (127.4.166.4). New cstate: current_term: 2 leader_uuid: "8467ba5d9f0041089c1305ef597b2b44" committed_config { opid_index: 4 OBSOLETE_local: false peers { permanent_uuid: "f87f1dada6cc44f7bc780497e5d30278" member_type: VOTER last_known_addr { host: "127.4.166.1" port: 42713 } health_report { overall_health: UNKNOWN } } peers { permanent_uuid: "c33e5ab47f884c2d971ab7a2939d6841" member_type: VOTER last_known_addr { host: "127.4.166.2" port: 42255 } health_report { overall_health: UNKNOWN } } peers { permanent_uuid: "8467ba5d9f0041089c1305ef597b2b44" member_type: VOTER last_known_addr { host: "127.4.166.4" port: 44421 } attrs { promote: false } health_report { overall_health: HEALTHY } } }
I20260710 11:12:11.455435  6658 raft_consensus.cc:993] T a32fe62f068e44248a4b09e0ac02cbff P c33e5ab47f884c2d971ab7a2939d6841: : Instructing follower 8467ba5d9f0041089c1305ef597b2b44 to start an election
I20260710 11:12:11.455937  6680 raft_consensus.cc:1081] T a32fe62f068e44248a4b09e0ac02cbff P c33e5ab47f884c2d971ab7a2939d6841 [term 1 LEADER]: Signalling peer 8467ba5d9f0041089c1305ef597b2b44 to start an election
I20260710 11:12:11.457201  6312 tablet_service.cc:2044] Received Run Leader Election RPC: tablet_id: "a32fe62f068e44248a4b09e0ac02cbff"
dest_uuid: "8467ba5d9f0041089c1305ef597b2b44"
 from {username='slave'} at 127.0.0.1:52032
I20260710 11:12:11.457616  6312 raft_consensus.cc:493] T a32fe62f068e44248a4b09e0ac02cbff P 8467ba5d9f0041089c1305ef597b2b44 [term 1 FOLLOWER]: Starting forced leader election (received explicit request)
I20260710 11:12:11.457870  6312 raft_consensus.cc:3060] T a32fe62f068e44248a4b09e0ac02cbff P 8467ba5d9f0041089c1305ef597b2b44 [term 1 FOLLOWER]: Advancing to term 2
I20260710 11:12:11.461886  6312 raft_consensus.cc:515] T a32fe62f068e44248a4b09e0ac02cbff P 8467ba5d9f0041089c1305ef597b2b44 [term 2 FOLLOWER]: Starting forced leader election with config: opid_index: 4 OBSOLETE_local: false peers { permanent_uuid: "c33e5ab47f884c2d971ab7a2939d6841" member_type: VOTER last_known_addr { host: "127.4.166.2" port: 42255 } } peers { permanent_uuid: "264e513b091047008c798518012843e8" member_type: VOTER last_known_addr { host: "127.4.166.3" port: 36969 } } peers { permanent_uuid: "8467ba5d9f0041089c1305ef597b2b44" member_type: VOTER last_known_addr { host: "127.4.166.4" port: 44421 } attrs { promote: false } }
I20260710 11:12:11.463125  6312 leader_election.cc:290] T a32fe62f068e44248a4b09e0ac02cbff P 8467ba5d9f0041089c1305ef597b2b44 [CANDIDATE]: Term 2 election: Requested vote from peers c33e5ab47f884c2d971ab7a2939d6841 (127.4.166.2:42255), 264e513b091047008c798518012843e8 (127.4.166.3:36969)
