I20260710 11:11:32.948096 21588 leader_election.cc:304] T 3b56e8806f9b4674bc2ca495e1dff9c1 P 8cb77f6e3f8f458f8ae148b5c58ef79e [CANDIDATE]: Term 1 election: Election decided. Result: candidate won. Election summary: received 2 responses out of 3 voters: 2 yes votes; 0 no votes. yes voters: 2d170ef731bc438b8f8d2650360d8b7b, 8cb77f6e3f8f458f8ae148b5c58ef79e; no voters: 
I20260710 11:11:32.949018 21698 raft_consensus.cc:2804] T 3b56e8806f9b4674bc2ca495e1dff9c1 P 8cb77f6e3f8f458f8ae148b5c58ef79e [term 1 FOLLOWER]: Leader election won for term 1
I20260710 11:11:32.949369 21548 tablet_service.cc:1917] Received RequestConsensusVote() RPC: tablet_id: "421dfae37e5442509c164c962c3b95e3" candidate_uuid: "8cb77f6e3f8f458f8ae148b5c58ef79e" candidate_term: 1 candidate_status { last_received { term: 0 index: 0 } } ignore_live_leader: false dest_uuid: "2d170ef731bc438b8f8d2650360d8b7b" is_pre_election: true
I20260710 11:11:32.949561 21698 raft_consensus.cc:697] T 3b56e8806f9b4674bc2ca495e1dff9c1 P 8cb77f6e3f8f458f8ae148b5c58ef79e [term 1 LEADER]: Becoming Leader. State: Replica: 8cb77f6e3f8f458f8ae148b5c58ef79e, State: Running, Role: LEADER
I20260710 11:11:32.950013 21548 raft_consensus.cc:2468] T 421dfae37e5442509c164c962c3b95e3 P 2d170ef731bc438b8f8d2650360d8b7b [term 0 FOLLOWER]: Leader pre-election vote request: Granting yes vote for candidate 8cb77f6e3f8f458f8ae148b5c58ef79e in term 0.
I20260710 11:11:32.950629 21663 tablet_bootstrap.cc:654] T 421dfae37e5442509c164c962c3b95e3 P 772b3139f12e4bc2a0693c0449256701: Neither blocks nor log segments found. Creating new log.
I20260710 11:11:32.951709 21698 consensus_queue.cc:237] T 3b56e8806f9b4674bc2ca495e1dff9c1 P 8cb77f6e3f8f458f8ae148b5c58ef79e [LEADER]: Queue going to LEADER mode. State: All replicated index: 0, Majority replicated index: 0, Committed index: 0, Last appended: 0.0, Last appended by leader: 0, Current term: 1, Majority size: 2, State: 0, Mode: LEADER, active raft config: opid_index: -1 OBSOLETE_local: false peers { permanent_uuid: "772b3139f12e4bc2a0693c0449256701" member_type: VOTER last_known_addr { host: "127.20.93.65" port: 45829 } } peers { permanent_uuid: "2d170ef731bc438b8f8d2650360d8b7b" member_type: VOTER last_known_addr { host: "127.20.93.66" port: 38995 } } peers { permanent_uuid: "8cb77f6e3f8f458f8ae148b5c58ef79e" member_type: VOTER last_known_addr { host: "127.20.93.67" port: 45937 } }
I20260710 11:11:32.952412 21689 leader_election.cc:290] T 905d628a2b7e4d65a3f5e3b5121e7be4 P 8cb77f6e3f8f458f8ae148b5c58ef79e [CANDIDATE]: Term 1 election: Requested vote from peers 772b3139f12e4bc2a0693c0449256701 (127.20.93.65:45829), 2d170ef731bc438b8f8d2650360d8b7b (127.20.93.66:38995)
W20260710 11:11:32.949010 21588 leader_election.cc:343] T c758273a8a384cefafa24986e4336bbf P 8cb77f6e3f8f458f8ae148b5c58ef79e [CANDIDATE]: Term 1 pre-election: Tablet error from VoteRequest() call to peer 2d170ef731bc438b8f8d2650360d8b7b (127.20.93.66:38995): Illegal state: must be running to vote when last-logged opid is not known
I20260710 11:11:32.958374 21548 tablet_service.cc:1917] Received RequestConsensusVote() RPC: tablet_id: "905d628a2b7e4d65a3f5e3b5121e7be4" candidate_uuid: "8cb77f6e3f8f458f8ae148b5c58ef79e" candidate_term: 1 candidate_status { last_received { term: 0 index: 0 } } ignore_live_leader: false dest_uuid: "2d170ef731bc438b8f8d2650360d8b7b"
I20260710 11:11:32.960958 21548 raft_consensus.cc:3060] T 905d628a2b7e4d65a3f5e3b5121e7be4 P 2d170ef731bc438b8f8d2650360d8b7b [term 0 FOLLOWER]: Advancing to term 1
I20260710 11:11:32.961684 21622 tablet_service.cc:1917] Received RequestConsensusVote() RPC: tablet_id: "4d768575169d4a93b4400d29a7b093d4" candidate_uuid: "772b3139f12e4bc2a0693c0449256701" candidate_term: 1 candidate_status { last_received { term: 0 index: 0 } } ignore_live_leader: false dest_uuid: "8cb77f6e3f8f458f8ae148b5c58ef79e" is_pre_election: true
I20260710 11:11:32.958806 21663 tablet_bootstrap.cc:492] T 421dfae37e5442509c164c962c3b95e3 P 772b3139f12e4bc2a0693c0449256701: No bootstrap required, opened a new log
I20260710 11:11:32.962615 21621 tablet_service.cc:1917] Received RequestConsensusVote() RPC: tablet_id: "767e4d4124b14e178ab9a71066a07509" candidate_uuid: "772b3139f12e4bc2a0693c0449256701" candidate_term: 1 candidate_status { last_received { term: 0 index: 0 } } ignore_live_leader: false dest_uuid: "8cb77f6e3f8f458f8ae148b5c58ef79e" is_pre_election: true
I20260710 11:11:32.963225 21663 ts_tablet_manager.cc:1403] T 421dfae37e5442509c164c962c3b95e3 P 772b3139f12e4bc2a0693c0449256701: Time spent bootstrapping tablet: real 0.018s	user 0.010s	sys 0.000s
I20260710 11:11:32.959501 21623 tablet_service.cc:1917] Received RequestConsensusVote() RPC: tablet_id: "1593c94ce44046d5a81d0155a1062b54" candidate_uuid: "2d170ef731bc438b8f8d2650360d8b7b" candidate_term: 1 candidate_status { last_received { term: 0 index: 0 } } ignore_live_leader: false dest_uuid: "8cb77f6e3f8f458f8ae148b5c58ef79e" is_pre_election: true
I20260710 11:11:32.964571 21623 raft_consensus.cc:2468] T 1593c94ce44046d5a81d0155a1062b54 P 8cb77f6e3f8f458f8ae148b5c58ef79e [term 0 FOLLOWER]: Leader pre-election vote request: Granting yes vote for candidate 2d170ef731bc438b8f8d2650360d8b7b in term 0.
I20260710 11:11:32.959694 21549 tablet_service.cc:1917] Received RequestConsensusVote() RPC: tablet_id: "4d768575169d4a93b4400d29a7b093d4" candidate_uuid: "772b3139f12e4bc2a0693c0449256701" candidate_term: 1 candidate_status { last_received { term: 0 index: 0 } } ignore_live_leader: false dest_uuid: "2d170ef731bc438b8f8d2650360d8b7b" is_pre_election: true
I20260710 11:11:32.965178 21472 tablet_service.cc:1917] Received RequestConsensusVote() RPC: tablet_id: "905d628a2b7e4d65a3f5e3b5121e7be4" candidate_uuid: "8cb77f6e3f8f458f8ae148b5c58ef79e" candidate_term: 1 candidate_status { last_received { term: 0 index: 0 } } ignore_live_leader: false dest_uuid: "772b3139f12e4bc2a0693c0449256701"
I20260710 11:11:32.965459 21549 raft_consensus.cc:2468] T 4d768575169d4a93b4400d29a7b093d4 P 2d170ef731bc438b8f8d2650360d8b7b [term 0 FOLLOWER]: Leader pre-election vote request: Granting yes vote for candidate 772b3139f12e4bc2a0693c0449256701 in term 0.
I20260710 11:11:32.965775 21472 raft_consensus.cc:3060] T 905d628a2b7e4d65a3f5e3b5121e7be4 P 772b3139f12e4bc2a0693c0449256701 [term 0 FOLLOWER]: Advancing to term 1
I20260710 11:11:32.966270 21622 raft_consensus.cc:2468] T 4d768575169d4a93b4400d29a7b093d4 P 8cb77f6e3f8f458f8ae148b5c58ef79e [term 0 FOLLOWER]: Leader pre-election vote request: Granting yes vote for candidate 772b3139f12e4bc2a0693c0449256701 in term 0.
I20260710 11:11:32.968541 21548 raft_consensus.cc:2468] T 905d628a2b7e4d65a3f5e3b5121e7be4 P 2d170ef731bc438b8f8d2650360d8b7b [term 1 FOLLOWER]: Leader election vote request: Granting yes vote for candidate 8cb77f6e3f8f458f8ae148b5c58ef79e in term 1.
I20260710 11:11:32.964010 21473 tablet_service.cc:1917] Received RequestConsensusVote() RPC: tablet_id: "c758273a8a384cefafa24986e4336bbf" candidate_uuid: "8cb77f6e3f8f458f8ae148b5c58ef79e" candidate_term: 1 candidate_status { last_received { term: 0 index: 0 } } ignore_live_leader: false dest_uuid: "772b3139f12e4bc2a0693c0449256701" is_pre_election: true
I20260710 11:11:32.970026 21371 catalog_manager.cc:5697] T c758273a8a384cefafa24986e4336bbf P 772b3139f12e4bc2a0693c0449256701 reported cstate change: term changed from 0 to 1, leader changed from <none> to 772b3139f12e4bc2a0693c0449256701 (127.20.93.65). New cstate: current_term: 1 leader_uuid: "772b3139f12e4bc2a0693c0449256701" committed_config { opid_index: -1 OBSOLETE_local: false peers { permanent_uuid: "772b3139f12e4bc2a0693c0449256701" member_type: VOTER last_known_addr { host: "127.20.93.65" port: 45829 } health_report { overall_health: HEALTHY } } peers { permanent_uuid: "2d170ef731bc438b8f8d2650360d8b7b" member_type: VOTER last_known_addr { host: "127.20.93.66" port: 38995 } health_report { overall_health: UNKNOWN } } peers { permanent_uuid: "8cb77f6e3f8f458f8ae148b5c58ef79e" member_type: VOTER last_known_addr { host: "127.20.93.67" port: 45937 } health_report { overall_health: UNKNOWN } } }
I20260710 11:11:32.973145 21666 tablet_bootstrap.cc:492] T c758273a8a384cefafa24986e4336bbf P 2d170ef731bc438b8f8d2650360d8b7b: No bootstrap required, opened a new log
I20260710 11:11:32.962749 21474 tablet_service.cc:1917] Received RequestConsensusVote() RPC: tablet_id: "421dfae37e5442509c164c962c3b95e3" candidate_uuid: "8cb77f6e3f8f458f8ae148b5c58ef79e" candidate_term: 1 candidate_status { last_received { term: 0 index: 0 } } ignore_live_leader: false dest_uuid: "772b3139f12e4bc2a0693c0449256701" is_pre_election: true
I20260710 11:11:32.959416 21588 leader_election.cc:304] T 421dfae37e5442509c164c962c3b95e3 P 8cb77f6e3f8f458f8ae148b5c58ef79e [CANDIDATE]: Term 1 pre-election: Election decided. Result: candidate won. Election summary: received 2 responses out of 3 voters: 2 yes votes; 0 no votes. yes voters: 2d170ef731bc438b8f8d2650360d8b7b, 8cb77f6e3f8f458f8ae148b5c58ef79e; no voters: 
I20260710 11:11:32.973639 21472 raft_consensus.cc:2468] T 905d628a2b7e4d65a3f5e3b5121e7be4 P 772b3139f12e4bc2a0693c0449256701 [term 1 FOLLOWER]: Leader election vote request: Granting yes vote for candidate 8cb77f6e3f8f458f8ae148b5c58ef79e in term 1.
I20260710 11:11:32.974520 21586 leader_election.cc:304] T c758273a8a384cefafa24986e4336bbf P 8cb77f6e3f8f458f8ae148b5c58ef79e [CANDIDATE]: Term 1 pre-election: Election decided. Result: candidate lost. Election summary: received 3 responses out of 3 voters: 1 yes votes; 2 no votes. yes voters: 8cb77f6e3f8f458f8ae148b5c58ef79e; no voters: 2d170ef731bc438b8f8d2650360d8b7b, 772b3139f12e4bc2a0693c0449256701
I20260710 11:11:32.974632 21514 leader_election.cc:304] T 1593c94ce44046d5a81d0155a1062b54 P 2d170ef731bc438b8f8d2650360d8b7b [CANDIDATE]: Term 1 pre-election: Election decided. Result: candidate won. Election summary: received 3 responses out of 3 voters: 2 yes votes; 1 no votes. yes voters: 2d170ef731bc438b8f8d2650360d8b7b, 8cb77f6e3f8f458f8ae148b5c58ef79e; no voters: 772b3139f12e4bc2a0693c0449256701
I20260710 11:11:32.975266 21696 raft_consensus.cc:2804] T 421dfae37e5442509c164c962c3b95e3 P 8cb77f6e3f8f458f8ae148b5c58ef79e [term 0 FOLLOWER]: Leader pre-election won for term 1
I20260710 11:11:32.965795 21663 raft_consensus.cc:359] T 421dfae37e5442509c164c962c3b95e3 P 772b3139f12e4bc2a0693c0449256701 [term 0 FOLLOWER]: Replica starting. Triggering 0 pending ops. Active config: opid_index: -1 OBSOLETE_local: false peers { permanent_uuid: "772b3139f12e4bc2a0693c0449256701" member_type: VOTER last_known_addr { host: "127.20.93.65" port: 45829 } } peers { permanent_uuid: "2d170ef731bc438b8f8d2650360d8b7b" member_type: VOTER last_known_addr { host: "127.20.93.66" port: 38995 } } peers { permanent_uuid: "8cb77f6e3f8f458f8ae148b5c58ef79e" member_type: VOTER last_known_addr { host: "127.20.93.67" port: 45937 } }
I20260710 11:11:32.975592 21696 raft_consensus.cc:493] T 421dfae37e5442509c164c962c3b95e3 P 8cb77f6e3f8f458f8ae148b5c58ef79e [term 0 FOLLOWER]: Starting leader election (no leader contacted us within the election timeout)
I20260710 11:11:32.975842 21663 raft_consensus.cc:385] T 421dfae37e5442509c164c962c3b95e3 P 772b3139f12e4bc2a0693c0449256701 [term 0 FOLLOWER]: Consensus starting up: Expiring failure detector timer to make a prompt election more likely
I20260710 11:11:32.975711 21671 raft_consensus.cc:2804] T 1593c94ce44046d5a81d0155a1062b54 P 2d170ef731bc438b8f8d2650360d8b7b [term 0 FOLLOWER]: Leader pre-election won for term 1
I20260710 11:11:32.975948 21696 raft_consensus.cc:3060] T 421dfae37e5442509c164c962c3b95e3 P 8cb77f6e3f8f458f8ae148b5c58ef79e [term 0 FOLLOWER]: Advancing to term 1
I20260710 11:11:32.976162 21663 raft_consensus.cc:740] T 421dfae37e5442509c164c962c3b95e3 P 772b3139f12e4bc2a0693c0449256701 [term 0 FOLLOWER]: Becoming Follower/Learner. State: Replica: 772b3139f12e4bc2a0693c0449256701, State: Initialized, Role: FOLLOWER
I20260710 11:11:32.976275 21671 raft_consensus.cc:493] T 1593c94ce44046d5a81d0155a1062b54 P 2d170ef731bc438b8f8d2650360d8b7b [term 0 FOLLOWER]: Starting leader election (no leader contacted us within the election timeout)
I20260710 11:11:32.976675 21671 raft_consensus.cc:3060] T 1593c94ce44046d5a81d0155a1062b54 P 2d170ef731bc438b8f8d2650360d8b7b [term 0 FOLLOWER]: Advancing to term 1
I20260710 11:11:32.976825 21663 consensus_queue.cc:260] T 421dfae37e5442509c164c962c3b95e3 P 772b3139f12e4bc2a0693c0449256701 [NON_LEADER]: Queue going to NON_LEADER mode. State: All replicated index: 0, Majority replicated index: 0, Committed index: 0, Last appended: 0.0, Last appended by leader: 0, Current term: 0, Majority size: -1, State: 0, Mode: NON_LEADER, active raft config: opid_index: -1 OBSOLETE_local: false peers { permanent_uuid: "772b3139f12e4bc2a0693c0449256701" member_type: VOTER last_known_addr { host: "127.20.93.65" port: 45829 } } peers { permanent_uuid: "2d170ef731bc438b8f8d2650360d8b7b" member_type: VOTER last_known_addr { host: "127.20.93.66" port: 38995 } } peers { permanent_uuid: "8cb77f6e3f8f458f8ae148b5c58ef79e" member_type: VOTER last_known_addr { host: "127.20.93.67" port: 45937 } }
I20260710 11:11:32.977707 21474 raft_consensus.cc:2468] T 421dfae37e5442509c164c962c3b95e3 P 772b3139f12e4bc2a0693c0449256701 [term 0 FOLLOWER]: Leader pre-election vote request: Granting yes vote for candidate 8cb77f6e3f8f458f8ae148b5c58ef79e in term 0.
I20260710 11:11:32.980123 21663 ts_tablet_manager.cc:1434] T 421dfae37e5442509c164c962c3b95e3 P 772b3139f12e4bc2a0693c0449256701: Time spent starting tablet: real 0.017s	user 0.005s	sys 0.000s
I20260710 11:11:32.980944 21663 tablet_bootstrap.cc:492] T 3a238b4f0e8441998b25fc44b6308154 P 772b3139f12e4bc2a0693c0449256701: Bootstrap starting.
I20260710 11:11:32.982803 21696 raft_consensus.cc:515] T 421dfae37e5442509c164c962c3b95e3 P 8cb77f6e3f8f458f8ae148b5c58ef79e [term 1 FOLLOWER]: Starting leader election with config: opid_index: -1 OBSOLETE_local: false peers { permanent_uuid: "772b3139f12e4bc2a0693c0449256701" member_type: VOTER last_known_addr { host: "127.20.93.65" port: 45829 } } peers { permanent_uuid: "2d170ef731bc438b8f8d2650360d8b7b" member_type: VOTER last_known_addr { host: "127.20.93.66" port: 38995 } } peers { permanent_uuid: "8cb77f6e3f8f458f8ae148b5c58ef79e" member_type: VOTER last_known_addr { host: "127.20.93.67" port: 45937 } }
I20260710 11:11:32.984452 21671 raft_consensus.cc:515] T 1593c94ce44046d5a81d0155a1062b54 P 2d170ef731bc438b8f8d2650360d8b7b [term 1 FOLLOWER]: Starting leader election with config: opid_index: -1 OBSOLETE_local: false peers { permanent_uuid: "772b3139f12e4bc2a0693c0449256701" member_type: VOTER last_known_addr { host: "127.20.93.65" port: 45829 } } peers { permanent_uuid: "2d170ef731bc438b8f8d2650360d8b7b" member_type: VOTER last_known_addr { host: "127.20.93.66" port: 38995 } } peers { permanent_uuid: "8cb77f6e3f8f458f8ae148b5c58ef79e" member_type: VOTER last_known_addr { host: "127.20.93.67" port: 45937 } }
I20260710 11:11:32.986469 21663 tablet_bootstrap.cc:654] T 3a238b4f0e8441998b25fc44b6308154 P 772b3139f12e4bc2a0693c0449256701: Neither blocks nor log segments found. Creating new log.
I20260710 11:11:32.986842 21696 leader_election.cc:290] T 421dfae37e5442509c164c962c3b95e3 P 8cb77f6e3f8f458f8ae148b5c58ef79e [CANDIDATE]: Term 1 election: Requested vote from peers 772b3139f12e4bc2a0693c0449256701 (127.20.93.65:45829), 2d170ef731bc438b8f8d2650360d8b7b (127.20.93.66:38995)
I20260710 11:11:32.987392 21474 tablet_service.cc:1917] Received RequestConsensusVote() RPC: tablet_id: "1593c94ce44046d5a81d0155a1062b54" candidate_uuid: "2d170ef731bc438b8f8d2650360d8b7b" candidate_term: 1 candidate_status { last_received { term: 0 index: 0 } } ignore_live_leader: false dest_uuid: "772b3139f12e4bc2a0693c0449256701"
W20260710 11:11:32.988961 21512 leader_election.cc:343] T 1593c94ce44046d5a81d0155a1062b54 P 2d170ef731bc438b8f8d2650360d8b7b [CANDIDATE]: Term 1 election: Tablet error from VoteRequest() call to peer 772b3139f12e4bc2a0693c0449256701 (127.20.93.65:45829): Illegal state: must be running to vote when last-logged opid is not known
I20260710 11:11:32.990005 21588 leader_election.cc:304] T 905d628a2b7e4d65a3f5e3b5121e7be4 P 8cb77f6e3f8f458f8ae148b5c58ef79e [CANDIDATE]: Term 1 election: Election decided. Result: candidate won. Election summary: received 2 responses out of 3 voters: 2 yes votes; 0 no votes. yes voters: 2d170ef731bc438b8f8d2650360d8b7b, 8cb77f6e3f8f458f8ae148b5c58ef79e; no voters: 
I20260710 11:11:32.990883 21672 raft_consensus.cc:2804] T 905d628a2b7e4d65a3f5e3b5121e7be4 P 8cb77f6e3f8f458f8ae148b5c58ef79e [term 1 FOLLOWER]: Leader election won for term 1
I20260710 11:11:32.991387 21672 raft_consensus.cc:697] T 905d628a2b7e4d65a3f5e3b5121e7be4 P 8cb77f6e3f8f458f8ae148b5c58ef79e [term 1 LEADER]: Becoming Leader. State: Replica: 8cb77f6e3f8f458f8ae148b5c58ef79e, State: Running, Role: LEADER
I20260710 11:11:32.992226 21672 consensus_queue.cc:237] T 905d628a2b7e4d65a3f5e3b5121e7be4 P 8cb77f6e3f8f458f8ae148b5c58ef79e [LEADER]: Queue going to LEADER mode. State: All replicated index: 0, Majority replicated index: 0, Committed index: 0, Last appended: 0.0, Last appended by leader: 0, Current term: 1, Majority size: 2, State: 0, Mode: LEADER, active raft config: opid_index: -1 OBSOLETE_local: false peers { permanent_uuid: "772b3139f12e4bc2a0693c0449256701" member_type: VOTER last_known_addr { host: "127.20.93.65" port: 45829 } } peers { permanent_uuid: "2d170ef731bc438b8f8d2650360d8b7b" member_type: VOTER last_known_addr { host: "127.20.93.66" port: 38995 } } peers { permanent_uuid: "8cb77f6e3f8f458f8ae148b5c58ef79e" member_type: VOTER last_known_addr { host: "127.20.93.67" port: 45937 } }
I20260710 11:11:32.975713 21439 leader_election.cc:304] T 4d768575169d4a93b4400d29a7b093d4 P 772b3139f12e4bc2a0693c0449256701 [CANDIDATE]: Term 1 pre-election: Election decided. Result: candidate won. Election summary: received 2 responses out of 3 voters: 2 yes votes; 0 no votes. yes voters: 2d170ef731bc438b8f8d2650360d8b7b, 772b3139f12e4bc2a0693c0449256701; no voters: 
I20260710 11:11:32.997205 21548 tablet_service.cc:1917] Received RequestConsensusVote() RPC: tablet_id: "421dfae37e5442509c164c962c3b95e3" candidate_uuid: "8cb77f6e3f8f458f8ae148b5c58ef79e" candidate_term: 1 candidate_status { last_received { term: 0 index: 0 } } ignore_live_leader: false dest_uuid: "2d170ef731bc438b8f8d2650360d8b7b"
I20260710 11:11:32.973663 21666 ts_tablet_manager.cc:1403] T c758273a8a384cefafa24986e4336bbf P 2d170ef731bc438b8f8d2650360d8b7b: Time spent bootstrapping tablet: real 0.139s	user 0.011s	sys 0.000s
I20260710 11:11:32.997735 21548 raft_consensus.cc:3060] T 421dfae37e5442509c164c962c3b95e3 P 2d170ef731bc438b8f8d2650360d8b7b [term 0 FOLLOWER]: Advancing to term 1
I20260710 11:11:32.987334 21696 raft_consensus.cc:2749] T c758273a8a384cefafa24986e4336bbf P 8cb77f6e3f8f458f8ae148b5c58ef79e [term 1 FOLLOWER]: Leader pre-election lost for term 1. Reason: could not achieve majority
I20260710 11:11:33.003444 21666 raft_consensus.cc:359] T c758273a8a384cefafa24986e4336bbf P 2d170ef731bc438b8f8d2650360d8b7b [term 0 FOLLOWER]: Replica starting. Triggering 0 pending ops. Active config: opid_index: -1 OBSOLETE_local: false peers { permanent_uuid: "772b3139f12e4bc2a0693c0449256701" member_type: VOTER last_known_addr { host: "127.20.93.65" port: 45829 } } peers { permanent_uuid: "2d170ef731bc438b8f8d2650360d8b7b" member_type: VOTER last_known_addr { host: "127.20.93.66" port: 38995 } } peers { permanent_uuid: "8cb77f6e3f8f458f8ae148b5c58ef79e" member_type: VOTER last_known_addr { host: "127.20.93.67" port: 45937 } }
I20260710 11:11:33.004117 21666 raft_consensus.cc:385] T c758273a8a384cefafa24986e4336bbf P 2d170ef731bc438b8f8d2650360d8b7b [term 0 FOLLOWER]: Consensus starting up: Expiring failure detector timer to make a prompt election more likely
I20260710 11:11:33.004383 21666 raft_consensus.cc:740] T c758273a8a384cefafa24986e4336bbf P 2d170ef731bc438b8f8d2650360d8b7b [term 0 FOLLOWER]: Becoming Follower/Learner. State: Replica: 2d170ef731bc438b8f8d2650360d8b7b, State: Initialized, Role: FOLLOWER
I20260710 11:11:33.005120 21666 consensus_queue.cc:260] T c758273a8a384cefafa24986e4336bbf P 2d170ef731bc438b8f8d2650360d8b7b [NON_LEADER]: Queue going to NON_LEADER mode. State: All replicated index: 0, Majority replicated index: 0, Committed index: 0, Last appended: 0.0, Last appended by leader: 0, Current term: 0, Majority size: -1, State: 0, Mode: NON_LEADER, active raft config: opid_index: -1 OBSOLETE_local: false peers { permanent_uuid: "772b3139f12e4bc2a0693c0449256701" member_type: VOTER last_known_addr { host: "127.20.93.65" port: 45829 } } peers { permanent_uuid: "2d170ef731bc438b8f8d2650360d8b7b" member_type: VOTER last_known_addr { host: "127.20.93.66" port: 38995 } } peers { permanent_uuid: "8cb77f6e3f8f458f8ae148b5c58ef79e" member_type: VOTER last_known_addr { host: "127.20.93.67" port: 45937 } }
I20260710 11:11:33.006541 21548 raft_consensus.cc:2468] T 421dfae37e5442509c164c962c3b95e3 P 2d170ef731bc438b8f8d2650360d8b7b [term 1 FOLLOWER]: Leader election vote request: Granting yes vote for candidate 8cb77f6e3f8f458f8ae148b5c58ef79e in term 1.
I20260710 11:11:33.007769 21588 leader_election.cc:304] T 421dfae37e5442509c164c962c3b95e3 P 8cb77f6e3f8f458f8ae148b5c58ef79e [CANDIDATE]: Term 1 election: Election decided. Result: candidate won. Election summary: received 2 responses out of 3 voters: 2 yes votes; 0 no votes. yes voters: 2d170ef731bc438b8f8d2650360d8b7b, 8cb77f6e3f8f458f8ae148b5c58ef79e; no voters: 
I20260710 11:11:33.008781 21689 raft_consensus.cc:2804] T 421dfae37e5442509c164c962c3b95e3 P 8cb77f6e3f8f458f8ae148b5c58ef79e [term 1 FOLLOWER]: Leader election won for term 1
I20260710 11:11:33.009260 21689 raft_consensus.cc:697] T 421dfae37e5442509c164c962c3b95e3 P 8cb77f6e3f8f458f8ae148b5c58ef79e [term 1 LEADER]: Becoming Leader. State: Replica: 8cb77f6e3f8f458f8ae148b5c58ef79e, State: Running, Role: LEADER
I20260710 11:11:33.010099 21689 consensus_queue.cc:237] T 421dfae37e5442509c164c962c3b95e3 P 8cb77f6e3f8f458f8ae148b5c58ef79e [LEADER]: Queue going to LEADER mode. State: All replicated index: 0, Majority replicated index: 0, Committed index: 0, Last appended: 0.0, Last appended by leader: 0, Current term: 1, Majority size: 2, State: 0, Mode: LEADER, active raft config: opid_index: -1 OBSOLETE_local: false peers { permanent_uuid: "772b3139f12e4bc2a0693c0449256701" member_type: VOTER last_known_addr { host: "127.20.93.65" port: 45829 } } peers { permanent_uuid: "2d170ef731bc438b8f8d2650360d8b7b" member_type: VOTER last_known_addr { host: "127.20.93.66" port: 38995 } } peers { permanent_uuid: "8cb77f6e3f8f458f8ae148b5c58ef79e" member_type: VOTER last_known_addr { host: "127.20.93.67" port: 45937 } }
I20260710 11:11:33.014986 21622 tablet_service.cc:1917] Received RequestConsensusVote() RPC: tablet_id: "1593c94ce44046d5a81d0155a1062b54" candidate_uuid: "2d170ef731bc438b8f8d2650360d8b7b" candidate_term: 1 candidate_status { last_received { term: 0 index: 0 } } ignore_live_leader: false dest_uuid: "8cb77f6e3f8f458f8ae148b5c58ef79e"
I20260710 11:11:33.015666 21622 raft_consensus.cc:3060] T 1593c94ce44046d5a81d0155a1062b54 P 8cb77f6e3f8f458f8ae148b5c58ef79e [term 0 FOLLOWER]: Advancing to term 1
W20260710 11:11:32.998922 21439 leader_election.cc:343] T 767e4d4124b14e178ab9a71066a07509 P 772b3139f12e4bc2a0693c0449256701 [CANDIDATE]: Term 1 pre-election: Tablet error from VoteRequest() call to peer 8cb77f6e3f8f458f8ae148b5c58ef79e (127.20.93.67:45937): Illegal state: must be running to vote when last-logged opid is not known
I20260710 11:11:32.999542 21706 raft_consensus.cc:2804] T 4d768575169d4a93b4400d29a7b093d4 P 772b3139f12e4bc2a0693c0449256701 [term 0 FOLLOWER]: Leader pre-election won for term 1
I20260710 11:11:33.017138 21706 raft_consensus.cc:493] T 4d768575169d4a93b4400d29a7b093d4 P 772b3139f12e4bc2a0693c0449256701 [term 0 FOLLOWER]: Starting leader election (no leader contacted us within the election timeout)
I20260710 11:11:33.017099 21439 leader_election.cc:304] T 767e4d4124b14e178ab9a71066a07509 P 772b3139f12e4bc2a0693c0449256701 [CANDIDATE]: Term 1 pre-election: Election decided. Result: candidate lost. Election summary: received 3 responses out of 3 voters: 1 yes votes; 2 no votes. yes voters: 772b3139f12e4bc2a0693c0449256701; no voters: 2d170ef731bc438b8f8d2650360d8b7b, 8cb77f6e3f8f458f8ae148b5c58ef79e
I20260710 11:11:33.017568 21706 raft_consensus.cc:3060] T 4d768575169d4a93b4400d29a7b093d4 P 772b3139f12e4bc2a0693c0449256701 [term 0 FOLLOWER]: Advancing to term 1
I20260710 11:11:33.017904 21667 raft_consensus.cc:2749] T 767e4d4124b14e178ab9a71066a07509 P 772b3139f12e4bc2a0693c0449256701 [term 0 FOLLOWER]: Leader pre-election lost for term 1. Reason: could not achieve majority
I20260710 11:11:33.021390 21663 tablet_bootstrap.cc:492] T 3a238b4f0e8441998b25fc44b6308154 P 772b3139f12e4bc2a0693c0449256701: No bootstrap required, opened a new log
I20260710 11:11:33.021813 21663 ts_tablet_manager.cc:1403] T 3a238b4f0e8441998b25fc44b6308154 P 772b3139f12e4bc2a0693c0449256701: Time spent bootstrapping tablet: real 0.041s	user 0.018s	sys 0.019s
I20260710 11:11:33.022336 21622 raft_consensus.cc:2468] T 1593c94ce44046d5a81d0155a1062b54 P 8cb77f6e3f8f458f8ae148b5c58ef79e [term 1 FOLLOWER]: Leader election vote request: Granting yes vote for candidate 2d170ef731bc438b8f8d2650360d8b7b in term 1.
I20260710 11:11:32.999712 21664 tablet_bootstrap.cc:492] T 1786d0b9ecec46ac995c24ef7180bbf1 P 8cb77f6e3f8f458f8ae148b5c58ef79e: No bootstrap required, opened a new log
I20260710 11:11:33.026556 21371 catalog_manager.cc:5697] T 3b56e8806f9b4674bc2ca495e1dff9c1 P 8cb77f6e3f8f458f8ae148b5c58ef79e reported cstate change: term changed from 0 to 1, leader changed from <none> to 8cb77f6e3f8f458f8ae148b5c58ef79e (127.20.93.67). New cstate: current_term: 1 leader_uuid: "8cb77f6e3f8f458f8ae148b5c58ef79e" committed_config { opid_index: -1 OBSOLETE_local: false peers { permanent_uuid: "772b3139f12e4bc2a0693c0449256701" member_type: VOTER last_known_addr { host: "127.20.93.65" port: 45829 } health_report { overall_health: UNKNOWN } } peers { permanent_uuid: "2d170ef731bc438b8f8d2650360d8b7b" member_type: VOTER last_known_addr { host: "127.20.93.66" port: 38995 } health_report { overall_health: UNKNOWN } } peers { permanent_uuid: "8cb77f6e3f8f458f8ae148b5c58ef79e" member_type: VOTER last_known_addr { host: "127.20.93.67" port: 45937 } health_report { overall_health: HEALTHY } } }
I20260710 11:11:33.027594 21664 ts_tablet_manager.cc:1403] T 1786d0b9ecec46ac995c24ef7180bbf1 P 8cb77f6e3f8f458f8ae148b5c58ef79e: Time spent bootstrapping tablet: real 0.135s	user 0.011s	sys 0.003s
I20260710 11:11:33.028002 21706 raft_consensus.cc:515] T 4d768575169d4a93b4400d29a7b093d4 P 772b3139f12e4bc2a0693c0449256701 [term 1 FOLLOWER]: Starting leader election with config: opid_index: -1 OBSOLETE_local: false peers { permanent_uuid: "772b3139f12e4bc2a0693c0449256701" member_type: VOTER last_known_addr { host: "127.20.93.65" port: 45829 } } peers { permanent_uuid: "2d170ef731bc438b8f8d2650360d8b7b" member_type: VOTER last_known_addr { host: "127.20.93.66" port: 38995 } } peers { permanent_uuid: "8cb77f6e3f8f458f8ae148b5c58ef79e" member_type: VOTER last_known_addr { host: "127.20.93.67" port: 45937 } }
I20260710 11:11:33.030269 21706 leader_election.cc:290] T 4d768575169d4a93b4400d29a7b093d4 P 772b3139f12e4bc2a0693c0449256701 [CANDIDATE]: Term 1 election: Requested vote from peers 2d170ef731bc438b8f8d2650360d8b7b (127.20.93.66:38995), 8cb77f6e3f8f458f8ae148b5c58ef79e (127.20.93.67:45937)
I20260710 11:11:33.031423 21514 leader_election.cc:304] T 1593c94ce44046d5a81d0155a1062b54 P 2d170ef731bc438b8f8d2650360d8b7b [CANDIDATE]: Term 1 election: Election decided. Result: candidate won. Election summary: received 3 responses out of 3 voters: 2 yes votes; 1 no votes. yes voters: 2d170ef731bc438b8f8d2650360d8b7b, 8cb77f6e3f8f458f8ae148b5c58ef79e; no voters: 772b3139f12e4bc2a0693c0449256701
I20260710 11:11:33.024286 21663 raft_consensus.cc:359] T 3a238b4f0e8441998b25fc44b6308154 P 772b3139f12e4bc2a0693c0449256701 [term 0 FOLLOWER]: Replica starting. Triggering 0 pending ops. Active config: opid_index: -1 OBSOLETE_local: false peers { permanent_uuid: "772b3139f12e4bc2a0693c0449256701" member_type: VOTER last_known_addr { host: "127.20.93.65" port: 45829 } } peers { permanent_uuid: "2d170ef731bc438b8f8d2650360d8b7b" member_type: VOTER last_known_addr { host: "127.20.93.66" port: 38995 } } peers { permanent_uuid: "8cb77f6e3f8f458f8ae148b5c58ef79e" member_type: VOTER last_known_addr { host: "127.20.93.67" port: 45937 } }
I20260710 11:11:33.024438 21474 tablet_service.cc:1917] Received RequestConsensusVote() RPC: tablet_id: "421dfae37e5442509c164c962c3b95e3" candidate_uuid: "8cb77f6e3f8f458f8ae148b5c58ef79e" candidate_term: 1 candidate_status { last_received { term: 0 index: 0 } } ignore_live_leader: false dest_uuid: "772b3139f12e4bc2a0693c0449256701"
I20260710 11:11:33.032172 21474 raft_consensus.cc:3060] T 421dfae37e5442509c164c962c3b95e3 P 772b3139f12e4bc2a0693c0449256701 [term 0 FOLLOWER]: Advancing to term 1
I20260710 11:11:33.030037 21664 raft_consensus.cc:359] T 1786d0b9ecec46ac995c24ef7180bbf1 P 8cb77f6e3f8f458f8ae148b5c58ef79e [term 0 FOLLOWER]: Replica starting. Triggering 0 pending ops. Active config: opid_index: -1 OBSOLETE_local: false peers { permanent_uuid: "772b3139f12e4bc2a0693c0449256701" member_type: VOTER last_known_addr { host: "127.20.93.65" port: 45829 } } peers { permanent_uuid: "2d170ef731bc438b8f8d2650360d8b7b" member_type: VOTER last_known_addr { host: "127.20.93.66" port: 38995 } } peers { permanent_uuid: "8cb77f6e3f8f458f8ae148b5c58ef79e" member_type: VOTER last_known_addr { host: "127.20.93.67" port: 45937 } }
I20260710 11:11:33.033327 21664 raft_consensus.cc:385] T 1786d0b9ecec46ac995c24ef7180bbf1 P 8cb77f6e3f8f458f8ae148b5c58ef79e [term 0 FOLLOWER]: Consensus starting up: Expiring failure detector timer to make a prompt election more likely
I20260710 11:11:33.033608 21623 tablet_service.cc:1917] Received RequestConsensusVote() RPC: tablet_id: "4d768575169d4a93b4400d29a7b093d4" candidate_uuid: "772b3139f12e4bc2a0693c0449256701" candidate_term: 1 candidate_status { last_received { term: 0 index: 0 } } ignore_live_leader: false dest_uuid: "8cb77f6e3f8f458f8ae148b5c58ef79e"
I20260710 11:11:33.034125 21623 raft_consensus.cc:3060] T 4d768575169d4a93b4400d29a7b093d4 P 8cb77f6e3f8f458f8ae148b5c58ef79e [term 0 FOLLOWER]: Advancing to term 1
I20260710 11:11:33.036662 21548 tablet_service.cc:1917] Received RequestConsensusVote() RPC: tablet_id: "4d768575169d4a93b4400d29a7b093d4" candidate_uuid: "772b3139f12e4bc2a0693c0449256701" candidate_term: 1 candidate_status { last_received { term: 0 index: 0 } } ignore_live_leader: false dest_uuid: "2d170ef731bc438b8f8d2650360d8b7b"
I20260710 11:11:33.037207 21548 raft_consensus.cc:3060] T 4d768575169d4a93b4400d29a7b093d4 P 2d170ef731bc438b8f8d2650360d8b7b [term 0 FOLLOWER]: Advancing to term 1
I20260710 11:11:33.033588 21664 raft_consensus.cc:740] T 1786d0b9ecec46ac995c24ef7180bbf1 P 8cb77f6e3f8f458f8ae148b5c58ef79e [term 0 FOLLOWER]: Becoming Follower/Learner. State: Replica: 8cb77f6e3f8f458f8ae148b5c58ef79e, State: Initialized, Role: FOLLOWER
I20260710 11:11:33.038992 21664 consensus_queue.cc:260] T 1786d0b9ecec46ac995c24ef7180bbf1 P 8cb77f6e3f8f458f8ae148b5c58ef79e [NON_LEADER]: Queue going to NON_LEADER mode. State: All replicated index: 0, Majority replicated index: 0, Committed index: 0, Last appended: 0.0, Last appended by leader: 0, Current term: 0, Majority size: -1, State: 0, Mode: NON_LEADER, active raft config: opid_index: -1 OBSOLETE_local: false peers { permanent_uuid: "772b3139f12e4bc2a0693c0449256701" member_type: VOTER last_known_addr { host: "127.20.93.65" port: 45829 } } peers { permanent_uuid: "2d170ef731bc438b8f8d2650360d8b7b" member_type: VOTER last_known_addr { host: "127.20.93.66" port: 38995 } } peers { permanent_uuid: "8cb77f6e3f8f458f8ae148b5c58ef79e" member_type: VOTER last_known_addr { host: "127.20.93.67" port: 45937 } }
I20260710 11:11:33.039902 21666 ts_tablet_manager.cc:1434] T c758273a8a384cefafa24986e4336bbf P 2d170ef731bc438b8f8d2650360d8b7b: Time spent starting tablet: real 0.040s	user 0.011s	sys 0.003s
I20260710 11:11:33.040866 21666 tablet_bootstrap.cc:492] T 3a238b4f0e8441998b25fc44b6308154 P 2d170ef731bc438b8f8d2650360d8b7b: Bootstrap starting.
I20260710 11:11:33.042279 21663 raft_consensus.cc:385] T 3a238b4f0e8441998b25fc44b6308154 P 772b3139f12e4bc2a0693c0449256701 [term 0 FOLLOWER]: Consensus starting up: Expiring failure detector timer to make a prompt election more likely
I20260710 11:11:33.042584 21663 raft_consensus.cc:740] T 3a238b4f0e8441998b25fc44b6308154 P 772b3139f12e4bc2a0693c0449256701 [term 0 FOLLOWER]: Becoming Follower/Learner. State: Replica: 772b3139f12e4bc2a0693c0449256701, State: Initialized, Role: FOLLOWER
I20260710 11:11:33.043623 21664 ts_tablet_manager.cc:1434] T 1786d0b9ecec46ac995c24ef7180bbf1 P 8cb77f6e3f8f458f8ae148b5c58ef79e: Time spent starting tablet: real 0.016s	user 0.005s	sys 0.000s
I20260710 11:11:33.043259 21663 consensus_queue.cc:260] T 3a238b4f0e8441998b25fc44b6308154 P 772b3139f12e4bc2a0693c0449256701 [NON_LEADER]: Queue going to NON_LEADER mode. State: All replicated index: 0, Majority replicated index: 0, Committed index: 0, Last appended: 0.0, Last appended by leader: 0, Current term: 0, Majority size: -1, State: 0, Mode: NON_LEADER, active raft config: opid_index: -1 OBSOLETE_local: false peers { permanent_uuid: "772b3139f12e4bc2a0693c0449256701" member_type: VOTER last_known_addr { host: "127.20.93.65" port: 45829 } } peers { permanent_uuid: "2d170ef731bc438b8f8d2650360d8b7b" member_type: VOTER last_known_addr { host: "127.20.93.66" port: 38995 } } peers { permanent_uuid: "8cb77f6e3f8f458f8ae148b5c58ef79e" member_type: VOTER last_known_addr { host: "127.20.93.67" port: 45937 } }
I20260710 11:11:33.044462 21664 tablet_bootstrap.cc:492] T 3a238b4f0e8441998b25fc44b6308154 P 8cb77f6e3f8f458f8ae148b5c58ef79e: Bootstrap starting.
I20260710 11:11:33.045207 21663 ts_tablet_manager.cc:1434] T 3a238b4f0e8441998b25fc44b6308154 P 772b3139f12e4bc2a0693c0449256701: Time spent starting tablet: real 0.023s	user 0.005s	sys 0.001s
I20260710 11:11:33.046881 21474 raft_consensus.cc:2468] T 421dfae37e5442509c164c962c3b95e3 P 772b3139f12e4bc2a0693c0449256701 [term 1 FOLLOWER]: Leader election vote request: Granting yes vote for candidate 8cb77f6e3f8f458f8ae148b5c58ef79e in term 1.
I20260710 11:11:33.041956 21623 raft_consensus.cc:2468] T 4d768575169d4a93b4400d29a7b093d4 P 8cb77f6e3f8f458f8ae148b5c58ef79e [term 1 FOLLOWER]: Leader election vote request: Granting yes vote for candidate 772b3139f12e4bc2a0693c0449256701 in term 1.
I20260710 11:11:33.049459 21439 leader_election.cc:304] T 4d768575169d4a93b4400d29a7b093d4 P 772b3139f12e4bc2a0693c0449256701 [CANDIDATE]: Term 1 election: Election decided. Result: candidate won. Election summary: received 2 responses out of 3 voters: 2 yes votes; 0 no votes. yes voters: 772b3139f12e4bc2a0693c0449256701, 8cb77f6e3f8f458f8ae148b5c58ef79e; no voters: 
I20260710 11:11:33.050275 21706 raft_consensus.cc:2804] T 4d768575169d4a93b4400d29a7b093d4 P 772b3139f12e4bc2a0693c0449256701 [term 1 FOLLOWER]: Leader election won for term 1
I20260710 11:11:33.050874 21706 raft_consensus.cc:697] T 4d768575169d4a93b4400d29a7b093d4 P 772b3139f12e4bc2a0693c0449256701 [term 1 LEADER]: Becoming Leader. State: Replica: 772b3139f12e4bc2a0693c0449256701, State: Running, Role: LEADER
I20260710 11:11:33.051908 21706 consensus_queue.cc:237] T 4d768575169d4a93b4400d29a7b093d4 P 772b3139f12e4bc2a0693c0449256701 [LEADER]: Queue going to LEADER mode. State: All replicated index: 0, Majority replicated index: 0, Committed index: 0, Last appended: 0.0, Last appended by leader: 0, Current term: 1, Majority size: 2, State: 0, Mode: LEADER, active raft config: opid_index: -1 OBSOLETE_local: false peers { permanent_uuid: "772b3139f12e4bc2a0693c0449256701" member_type: VOTER last_known_addr { host: "127.20.93.65" port: 45829 } } peers { permanent_uuid: "2d170ef731bc438b8f8d2650360d8b7b" member_type: VOTER last_known_addr { host: "127.20.93.66" port: 38995 } } peers { permanent_uuid: "8cb77f6e3f8f458f8ae148b5c58ef79e" member_type: VOTER last_known_addr { host: "127.20.93.67" port: 45937 } }
I20260710 11:11:33.009271 21671 leader_election.cc:290] T 1593c94ce44046d5a81d0155a1062b54 P 2d170ef731bc438b8f8d2650360d8b7b [CANDIDATE]: Term 1 election: Requested vote from peers 772b3139f12e4bc2a0693c0449256701 (127.20.93.65:45829), 8cb77f6e3f8f458f8ae148b5c58ef79e (127.20.93.67:45937)
I20260710 11:11:33.055295 21666 tablet_bootstrap.cc:654] T 3a238b4f0e8441998b25fc44b6308154 P 2d170ef731bc438b8f8d2650360d8b7b: Neither blocks nor log segments found. Creating new log.
I20260710 11:11:33.056937 21372 catalog_manager.cc:5697] T 421dfae37e5442509c164c962c3b95e3 P 8cb77f6e3f8f458f8ae148b5c58ef79e reported cstate change: term changed from 0 to 1, leader changed from <none> to 8cb77f6e3f8f458f8ae148b5c58ef79e (127.20.93.67). New cstate: current_term: 1 leader_uuid: "8cb77f6e3f8f458f8ae148b5c58ef79e" committed_config { opid_index: -1 OBSOLETE_local: false peers { permanent_uuid: "772b3139f12e4bc2a0693c0449256701" member_type: VOTER last_known_addr { host: "127.20.93.65" port: 45829 } health_report { overall_health: UNKNOWN } } peers { permanent_uuid: "2d170ef731bc438b8f8d2650360d8b7b" member_type: VOTER last_known_addr { host: "127.20.93.66" port: 38995 } health_report { overall_health: UNKNOWN } } peers { permanent_uuid: "8cb77f6e3f8f458f8ae148b5c58ef79e" member_type: VOTER last_known_addr { host: "127.20.93.67" port: 45937 } health_report { overall_health: HEALTHY } } }
I20260710 11:11:33.046073 21663 tablet_bootstrap.cc:492] T 1593c94ce44046d5a81d0155a1062b54 P 772b3139f12e4bc2a0693c0449256701: Bootstrap starting.
I20260710 11:11:33.058279 21671 raft_consensus.cc:2804] T 1593c94ce44046d5a81d0155a1062b54 P 2d170ef731bc438b8f8d2650360d8b7b [term 1 FOLLOWER]: Leader election won for term 1
I20260710 11:11:33.058732 21671 raft_consensus.cc:697] T 1593c94ce44046d5a81d0155a1062b54 P 2d170ef731bc438b8f8d2650360d8b7b [term 1 LEADER]: Becoming Leader. State: Replica: 2d170ef731bc438b8f8d2650360d8b7b, State: Running, Role: LEADER
I20260710 11:11:33.059510 21671 consensus_queue.cc:237] T 1593c94ce44046d5a81d0155a1062b54 P 2d170ef731bc438b8f8d2650360d8b7b [LEADER]: Queue going to LEADER mode. State: All replicated index: 0, Majority replicated index: 0, Committed index: 0, Last appended: 0.0, Last appended by leader: 0, Current term: 1, Majority size: 2, State: 0, Mode: LEADER, active raft config: opid_index: -1 OBSOLETE_local: false peers { permanent_uuid: "772b3139f12e4bc2a0693c0449256701" member_type: VOTER last_known_addr { host: "127.20.93.65" port: 45829 } } peers { permanent_uuid: "2d170ef731bc438b8f8d2650360d8b7b" member_type: VOTER last_known_addr { host: "127.20.93.66" port: 38995 } } peers { permanent_uuid: "8cb77f6e3f8f458f8ae148b5c58ef79e" member_type: VOTER last_known_addr { host: "127.20.93.67" port: 45937 } }
I20260710 11:11:33.063918 21663 tablet_bootstrap.cc:654] T 1593c94ce44046d5a81d0155a1062b54 P 772b3139f12e4bc2a0693c0449256701: Neither blocks nor log segments found. Creating new log.
I20260710 11:11:33.064888 21664 tablet_bootstrap.cc:654] T 3a238b4f0e8441998b25fc44b6308154 P 8cb77f6e3f8f458f8ae148b5c58ef79e: Neither blocks nor log segments found. Creating new log.
I20260710 11:11:33.068958 21666 tablet_bootstrap.cc:492] T 3a238b4f0e8441998b25fc44b6308154 P 2d170ef731bc438b8f8d2650360d8b7b: No bootstrap required, opened a new log
I20260710 11:11:33.069416 21666 ts_tablet_manager.cc:1403] T 3a238b4f0e8441998b25fc44b6308154 P 2d170ef731bc438b8f8d2650360d8b7b: Time spent bootstrapping tablet: real 0.029s	user 0.005s	sys 0.004s
I20260710 11:11:33.071456 21372 catalog_manager.cc:5697] T 905d628a2b7e4d65a3f5e3b5121e7be4 P 8cb77f6e3f8f458f8ae148b5c58ef79e reported cstate change: term changed from 0 to 1, leader changed from <none> to 8cb77f6e3f8f458f8ae148b5c58ef79e (127.20.93.67). New cstate: current_term: 1 leader_uuid: "8cb77f6e3f8f458f8ae148b5c58ef79e" committed_config { opid_index: -1 OBSOLETE_local: false peers { permanent_uuid: "772b3139f12e4bc2a0693c0449256701" member_type: VOTER last_known_addr { host: "127.20.93.65" port: 45829 } health_report { overall_health: UNKNOWN } } peers { permanent_uuid: "2d170ef731bc438b8f8d2650360d8b7b" member_type: VOTER last_known_addr { host: "127.20.93.66" port: 38995 } health_report { overall_health: UNKNOWN } } peers { permanent_uuid: "8cb77f6e3f8f458f8ae148b5c58ef79e" member_type: VOTER last_known_addr { host: "127.20.93.67" port: 45937 } health_report { overall_health: HEALTHY } } }
I20260710 11:11:33.078270 21664 tablet_bootstrap.cc:492] T 3a238b4f0e8441998b25fc44b6308154 P 8cb77f6e3f8f458f8ae148b5c58ef79e: No bootstrap required, opened a new log
I20260710 11:11:33.078670 21664 ts_tablet_manager.cc:1403] T 3a238b4f0e8441998b25fc44b6308154 P 8cb77f6e3f8f458f8ae148b5c58ef79e: Time spent bootstrapping tablet: real 0.034s	user 0.013s	sys 0.000s
I20260710 11:11:33.072038 21666 raft_consensus.cc:359] T 3a238b4f0e8441998b25fc44b6308154 P 2d170ef731bc438b8f8d2650360d8b7b [term 0 FOLLOWER]: Replica starting. Triggering 0 pending ops. Active config: opid_index: -1 OBSOLETE_local: false peers { permanent_uuid: "772b3139f12e4bc2a0693c0449256701" member_type: VOTER last_known_addr { host: "127.20.93.65" port: 45829 } } peers { permanent_uuid: "2d170ef731bc438b8f8d2650360d8b7b" member_type: VOTER last_known_addr { host: "127.20.93.66" port: 38995 } } peers { permanent_uuid: "8cb77f6e3f8f458f8ae148b5c58ef79e" member_type: VOTER last_known_addr { host: "127.20.93.67" port: 45937 } }
I20260710 11:11:33.074721 21663 tablet_bootstrap.cc:492] T 1593c94ce44046d5a81d0155a1062b54 P 772b3139f12e4bc2a0693c0449256701: No bootstrap required, opened a new log
I20260710 11:11:33.080284 21666 raft_consensus.cc:385] T 3a238b4f0e8441998b25fc44b6308154 P 2d170ef731bc438b8f8d2650360d8b7b [term 0 FOLLOWER]: Consensus starting up: Expiring failure detector timer to make a prompt election more likely
I20260710 11:11:33.080473 21663 ts_tablet_manager.cc:1403] T 1593c94ce44046d5a81d0155a1062b54 P 772b3139f12e4bc2a0693c0449256701: Time spent bootstrapping tablet: real 0.035s	user 0.011s	sys 0.006s
I20260710 11:11:33.080580 21666 raft_consensus.cc:740] T 3a238b4f0e8441998b25fc44b6308154 P 2d170ef731bc438b8f8d2650360d8b7b [term 0 FOLLOWER]: Becoming Follower/Learner. State: Replica: 2d170ef731bc438b8f8d2650360d8b7b, State: Initialized, Role: FOLLOWER
I20260710 11:11:33.081228 21666 consensus_queue.cc:260] T 3a238b4f0e8441998b25fc44b6308154 P 2d170ef731bc438b8f8d2650360d8b7b [NON_LEADER]: Queue going to NON_LEADER mode. State: All replicated index: 0, Majority replicated index: 0, Committed index: 0, Last appended: 0.0, Last appended by leader: 0, Current term: 0, Majority size: -1, State: 0, Mode: NON_LEADER, active raft config: opid_index: -1 OBSOLETE_local: false peers { permanent_uuid: "772b3139f12e4bc2a0693c0449256701" member_type: VOTER last_known_addr { host: "127.20.93.65" port: 45829 } } peers { permanent_uuid: "2d170ef731bc438b8f8d2650360d8b7b" member_type: VOTER last_known_addr { host: "127.20.93.66" port: 38995 } } peers { permanent_uuid: "8cb77f6e3f8f458f8ae148b5c58ef79e" member_type: VOTER last_known_addr { host: "127.20.93.67" port: 45937 } }
I20260710 11:11:33.083097 21666 ts_tablet_manager.cc:1434] T 3a238b4f0e8441998b25fc44b6308154 P 2d170ef731bc438b8f8d2650360d8b7b: Time spent starting tablet: real 0.013s	user 0.007s	sys 0.000s
I20260710 11:11:33.077407 21548 raft_consensus.cc:2468] T 4d768575169d4a93b4400d29a7b093d4 P 2d170ef731bc438b8f8d2650360d8b7b [term 1 FOLLOWER]: Leader election vote request: Granting yes vote for candidate 772b3139f12e4bc2a0693c0449256701 in term 1.
I20260710 11:11:33.082298 21368 catalog_manager.cc:5697] T 1593c94ce44046d5a81d0155a1062b54 P 2d170ef731bc438b8f8d2650360d8b7b reported cstate change: term changed from 0 to 1, leader changed from <none> to 2d170ef731bc438b8f8d2650360d8b7b (127.20.93.66). New cstate: current_term: 1 leader_uuid: "2d170ef731bc438b8f8d2650360d8b7b" committed_config { opid_index: -1 OBSOLETE_local: false peers { permanent_uuid: "772b3139f12e4bc2a0693c0449256701" member_type: VOTER last_known_addr { host: "127.20.93.65" port: 45829 } health_report { overall_health: UNKNOWN } } peers { permanent_uuid: "2d170ef731bc438b8f8d2650360d8b7b" member_type: VOTER last_known_addr { host: "127.20.93.66" port: 38995 } health_report { overall_health: HEALTHY } } peers { permanent_uuid: "8cb77f6e3f8f458f8ae148b5c58ef79e" member_type: VOTER last_known_addr { host: "127.20.93.67" port: 45937 } health_report { overall_health: UNKNOWN } } }
I20260710 11:11:33.084326 21666 tablet_bootstrap.cc:492] T b8cfb32c286241e892c54be042c79b54 P 2d170ef731bc438b8f8d2650360d8b7b: Bootstrap starting.
I20260710 11:11:33.084038 21664 raft_consensus.cc:359] T 3a238b4f0e8441998b25fc44b6308154 P 8cb77f6e3f8f458f8ae148b5c58ef79e [term 0 FOLLOWER]: Replica starting. Triggering 0 pending ops. Active config: opid_index: -1 OBSOLETE_local: false peers { permanent_uuid: "772b3139f12e4bc2a0693c0449256701" member_type: VOTER last_known_addr { host: "127.20.93.65" port: 45829 } } peers { permanent_uuid: "2d170ef731bc438b8f8d2650360d8b7b" member_type: VOTER last_known_addr { host: "127.20.93.66" port: 38995 } } peers { permanent_uuid: "8cb77f6e3f8f458f8ae148b5c58ef79e" member_type: VOTER last_known_addr { host: "127.20.93.67" port: 45937 } }
I20260710 11:11:33.084622 21664 raft_consensus.cc:385] T 3a238b4f0e8441998b25fc44b6308154 P 8cb77f6e3f8f458f8ae148b5c58ef79e [term 0 FOLLOWER]: Consensus starting up: Expiring failure detector timer to make a prompt election more likely
I20260710 11:11:33.084867 21664 raft_consensus.cc:740] T 3a238b4f0e8441998b25fc44b6308154 P 8cb77f6e3f8f458f8ae148b5c58ef79e [term 0 FOLLOWER]: Becoming Follower/Learner. State: Replica: 8cb77f6e3f8f458f8ae148b5c58ef79e, State: Initialized, Role: FOLLOWER
I20260710 11:11:33.085492 21664 consensus_queue.cc:260] T 3a238b4f0e8441998b25fc44b6308154 P 8cb77f6e3f8f458f8ae148b5c58ef79e [NON_LEADER]: Queue going to NON_LEADER mode. State: All replicated index: 0, Majority replicated index: 0, Committed index: 0, Last appended: 0.0, Last appended by leader: 0, Current term: 0, Majority size: -1, State: 0, Mode: NON_LEADER, active raft config: opid_index: -1 OBSOLETE_local: false peers { permanent_uuid: "772b3139f12e4bc2a0693c0449256701" member_type: VOTER last_known_addr { host: "127.20.93.65" port: 45829 } } peers { permanent_uuid: "2d170ef731bc438b8f8d2650360d8b7b" member_type: VOTER last_known_addr { host: "127.20.93.66" port: 38995 } } peers { permanent_uuid: "8cb77f6e3f8f458f8ae148b5c58ef79e" member_type: VOTER last_known_addr { host: "127.20.93.67" port: 45937 } }
I20260710 11:11:33.083127 21663 raft_consensus.cc:359] T 1593c94ce44046d5a81d0155a1062b54 P 772b3139f12e4bc2a0693c0449256701 [term 0 FOLLOWER]: Replica starting. Triggering 0 pending ops. Active config: opid_index: -1 OBSOLETE_local: false peers { permanent_uuid: "772b3139f12e4bc2a0693c0449256701" member_type: VOTER last_known_addr { host: "127.20.93.65" port: 45829 } } peers { permanent_uuid: "2d170ef731bc438b8f8d2650360d8b7b" member_type: VOTER last_known_addr { host: "127.20.93.66" port: 38995 } } peers { permanent_uuid: "8cb77f6e3f8f458f8ae148b5c58ef79e" member_type: VOTER last_known_addr { host: "127.20.93.67" port: 45937 } }
I20260710 11:11:33.086845 21663 raft_consensus.cc:385] T 1593c94ce44046d5a81d0155a1062b54 P 772b3139f12e4bc2a0693c0449256701 [term 0 FOLLOWER]: Consensus starting up: Expiring failure detector timer to make a prompt election more likely
I20260710 11:11:33.087123 21663 raft_consensus.cc:740] T 1593c94ce44046d5a81d0155a1062b54 P 772b3139f12e4bc2a0693c0449256701 [term 0 FOLLOWER]: Becoming Follower/Learner. State: Replica: 772b3139f12e4bc2a0693c0449256701, State: Initialized, Role: FOLLOWER
I20260710 11:11:33.087723 21663 consensus_queue.cc:260] T 1593c94ce44046d5a81d0155a1062b54 P 772b3139f12e4bc2a0693c0449256701 [NON_LEADER]: Queue going to NON_LEADER mode. State: All replicated index: 0, Majority replicated index: 0, Committed index: 0, Last appended: 0.0, Last appended by leader: 0, Current term: 0, Majority size: -1, State: 0, Mode: NON_LEADER, active raft config: opid_index: -1 OBSOLETE_local: false peers { permanent_uuid: "772b3139f12e4bc2a0693c0449256701" member_type: VOTER last_known_addr { host: "127.20.93.65" port: 45829 } } peers { permanent_uuid: "2d170ef731bc438b8f8d2650360d8b7b" member_type: VOTER last_known_addr { host: "127.20.93.66" port: 38995 } } peers { permanent_uuid: "8cb77f6e3f8f458f8ae148b5c58ef79e" member_type: VOTER last_known_addr { host: "127.20.93.67" port: 45937 } }
I20260710 11:11:33.089511 21663 ts_tablet_manager.cc:1434] T 1593c94ce44046d5a81d0155a1062b54 P 772b3139f12e4bc2a0693c0449256701: Time spent starting tablet: real 0.009s	user 0.003s	sys 0.000s
I20260710 11:11:33.089955 21666 tablet_bootstrap.cc:654] T b8cfb32c286241e892c54be042c79b54 P 2d170ef731bc438b8f8d2650360d8b7b: Neither blocks nor log segments found. Creating new log.
I20260710 11:11:33.091452 21664 ts_tablet_manager.cc:1434] T 3a238b4f0e8441998b25fc44b6308154 P 8cb77f6e3f8f458f8ae148b5c58ef79e: Time spent starting tablet: real 0.013s	user 0.005s	sys 0.000s
I20260710 11:11:33.092288 21664 tablet_bootstrap.cc:492] T 767e4d4124b14e178ab9a71066a07509 P 8cb77f6e3f8f458f8ae148b5c58ef79e: Bootstrap starting.
