I20260710 11:11:50.001833 13787 raft_consensus.cc:1275] T 63d358895e4e4d16a4e76e51da97ca5b P 23304b32cc554f229263b52351b3f9c6 [term 1 FOLLOWER]: Refusing update from remote peer 6c0669d149044f04a49bef526ad30822: Log matching property violated. Preceding OpId in replica: term: 1 index: 1. Preceding OpId from leader: term: 1 index: 2. (index mismatch)
I20260710 11:11:50.003855 14089 consensus_queue.cc:1048] T 63d358895e4e4d16a4e76e51da97ca5b P 6c0669d149044f04a49bef526ad30822 [LEADER]: Connected to new peer: Peer: permanent_uuid: "23304b32cc554f229263b52351b3f9c6" member_type: VOTER last_known_addr { host: "127.12.88.1" port: 40059 }, Status: LMP_MISMATCH, Last received: 0.0, Next index: 2, Last known committed idx: 1, Time since last communication: 0.001s
I20260710 11:11:50.005209 14044 consensus_queue.cc:1048] T 63d358895e4e4d16a4e76e51da97ca5b P 6c0669d149044f04a49bef526ad30822 [LEADER]: Connected to new peer: Peer: permanent_uuid: "6641b08d39e6481591355dce8207dc39" member_type: VOTER last_known_addr { host: "127.12.88.2" port: 43753 } attrs { replace: true }, Status: LMP_MISMATCH, Last received: 0.0, Next index: 2, Last known committed idx: 1, Time since last communication: 0.001s
W20260710 11:11:50.025725 13902 consensus_peers.cc:597] T 63d358895e4e4d16a4e76e51da97ca5b P 6c0669d149044f04a49bef526ad30822 -> Peer c3aa7e0612bc4aaf8fc8b8d2c32791fd (127.12.88.4:36825): Couldn't send request to peer c3aa7e0612bc4aaf8fc8b8d2c32791fd. Error code: TABLET_NOT_FOUND (6). Status: Not found: Tablet not found: 63d358895e4e4d16a4e76e51da97ca5b. This is attempt 1: this message will repeat every 5th retry.
I20260710 11:11:50.026624 13997 raft_consensus.cc:2955] T 63d358895e4e4d16a4e76e51da97ca5b P 6c0669d149044f04a49bef526ad30822 [term 1 LEADER]: Committing config change with OpId 1.2: config changed from index -1 to 2, NON_VOTER c3aa7e0612bc4aaf8fc8b8d2c32791fd (127.12.88.4) added. New config: { opid_index: 2 OBSOLETE_local: false peers { permanent_uuid: "23304b32cc554f229263b52351b3f9c6" member_type: VOTER last_known_addr { host: "127.12.88.1" port: 40059 } } peers { permanent_uuid: "6641b08d39e6481591355dce8207dc39" member_type: VOTER last_known_addr { host: "127.12.88.2" port: 43753 } attrs { replace: true } } peers { permanent_uuid: "6c0669d149044f04a49bef526ad30822" member_type: VOTER last_known_addr { host: "127.12.88.3" port: 32901 } } peers { permanent_uuid: "c3aa7e0612bc4aaf8fc8b8d2c32791fd" member_type: NON_VOTER last_known_addr { host: "127.12.88.4" port: 36825 } attrs { promote: true } } }
I20260710 11:11:50.028100 13785 raft_consensus.cc:2955] T 63d358895e4e4d16a4e76e51da97ca5b P 23304b32cc554f229263b52351b3f9c6 [term 1 FOLLOWER]: Committing config change with OpId 1.2: config changed from index -1 to 2, NON_VOTER c3aa7e0612bc4aaf8fc8b8d2c32791fd (127.12.88.4) added. New config: { opid_index: 2 OBSOLETE_local: false peers { permanent_uuid: "23304b32cc554f229263b52351b3f9c6" member_type: VOTER last_known_addr { host: "127.12.88.1" port: 40059 } } peers { permanent_uuid: "6641b08d39e6481591355dce8207dc39" member_type: VOTER last_known_addr { host: "127.12.88.2" port: 43753 } attrs { replace: true } } peers { permanent_uuid: "6c0669d149044f04a49bef526ad30822" member_type: VOTER last_known_addr { host: "127.12.88.3" port: 32901 } } peers { permanent_uuid: "c3aa7e0612bc4aaf8fc8b8d2c32791fd" member_type: NON_VOTER last_known_addr { host: "127.12.88.4" port: 36825 } attrs { promote: true } } }
I20260710 11:11:50.029407 13862 raft_consensus.cc:2955] T 63d358895e4e4d16a4e76e51da97ca5b P 6641b08d39e6481591355dce8207dc39 [term 1 FOLLOWER]: Committing config change with OpId 1.2: config changed from index -1 to 2, NON_VOTER c3aa7e0612bc4aaf8fc8b8d2c32791fd (127.12.88.4) added. New config: { opid_index: 2 OBSOLETE_local: false peers { permanent_uuid: "23304b32cc554f229263b52351b3f9c6" member_type: VOTER last_known_addr { host: "127.12.88.1" port: 40059 } } peers { permanent_uuid: "6641b08d39e6481591355dce8207dc39" member_type: VOTER last_known_addr { host: "127.12.88.2" port: 43753 } attrs { replace: true } } peers { permanent_uuid: "6c0669d149044f04a49bef526ad30822" member_type: VOTER last_known_addr { host: "127.12.88.3" port: 32901 } } peers { permanent_uuid: "c3aa7e0612bc4aaf8fc8b8d2c32791fd" member_type: NON_VOTER last_known_addr { host: "127.12.88.4" port: 36825 } attrs { promote: true } } }
I20260710 11:11:50.044178 13935 consensus_queue.cc:237] T ce6dc6f470b446808d7ce482e4f7855f P 6c0669d149044f04a49bef526ad30822 [LEADER]: Queue going to LEADER mode. State: All replicated index: 0, Majority replicated index: 1, Committed index: 1, Last appended: 1.1, Last appended by leader: 0, Current term: 1, Majority size: 2, State: 0, Mode: LEADER, active raft config: opid_index: 2 OBSOLETE_local: false peers { permanent_uuid: "23304b32cc554f229263b52351b3f9c6" member_type: VOTER last_known_addr { host: "127.12.88.1" port: 40059 } attrs { replace: true } } peers { permanent_uuid: "6641b08d39e6481591355dce8207dc39" member_type: VOTER last_known_addr { host: "127.12.88.2" port: 43753 } } peers { permanent_uuid: "6c0669d149044f04a49bef526ad30822" member_type: VOTER last_known_addr { host: "127.12.88.3" port: 32901 } } peers { permanent_uuid: "c3aa7e0612bc4aaf8fc8b8d2c32791fd" member_type: NON_VOTER last_known_addr { host: "127.12.88.4" port: 36825 } attrs { promote: true } }
I20260710 11:11:50.044631 13684 catalog_manager.cc:5697] T 63d358895e4e4d16a4e76e51da97ca5b P 23304b32cc554f229263b52351b3f9c6 reported cstate change: config changed from index -1 to 2, NON_VOTER c3aa7e0612bc4aaf8fc8b8d2c32791fd (127.12.88.4) added. New cstate: current_term: 1 leader_uuid: "6c0669d149044f04a49bef526ad30822" committed_config { opid_index: 2 OBSOLETE_local: false peers { permanent_uuid: "23304b32cc554f229263b52351b3f9c6" member_type: VOTER last_known_addr { host: "127.12.88.1" port: 40059 } } peers { permanent_uuid: "6641b08d39e6481591355dce8207dc39" member_type: VOTER last_known_addr { host: "127.12.88.2" port: 43753 } attrs { replace: true } } peers { permanent_uuid: "6c0669d149044f04a49bef526ad30822" member_type: VOTER last_known_addr { host: "127.12.88.3" port: 32901 } } peers { permanent_uuid: "c3aa7e0612bc4aaf8fc8b8d2c32791fd" member_type: NON_VOTER last_known_addr { host: "127.12.88.4" port: 36825 } attrs { promote: true } } }
I20260710 11:11:50.053795 13862 raft_consensus.cc:1275] T ce6dc6f470b446808d7ce482e4f7855f P 6641b08d39e6481591355dce8207dc39 [term 1 FOLLOWER]: Refusing update from remote peer 6c0669d149044f04a49bef526ad30822: Log matching property violated. Preceding OpId in replica: term: 1 index: 1. Preceding OpId from leader: term: 1 index: 2. (index mismatch)
W20260710 11:11:50.054399 13902 consensus_peers.cc:597] T ce6dc6f470b446808d7ce482e4f7855f P 6c0669d149044f04a49bef526ad30822 -> Peer c3aa7e0612bc4aaf8fc8b8d2c32791fd (127.12.88.4:36825): Couldn't send request to peer c3aa7e0612bc4aaf8fc8b8d2c32791fd. Error code: TABLET_NOT_FOUND (6). Status: Not found: Tablet not found: ce6dc6f470b446808d7ce482e4f7855f. This is attempt 1: this message will repeat every 5th retry.
I20260710 11:11:50.055328 14044 consensus_queue.cc:1048] T ce6dc6f470b446808d7ce482e4f7855f P 6c0669d149044f04a49bef526ad30822 [LEADER]: Connected to new peer: Peer: permanent_uuid: "6641b08d39e6481591355dce8207dc39" member_type: VOTER last_known_addr { host: "127.12.88.2" port: 43753 }, Status: LMP_MISMATCH, Last received: 0.0, Next index: 2, Last known committed idx: 1, Time since last communication: 0.000s
I20260710 11:11:50.060123 13785 raft_consensus.cc:1275] T ce6dc6f470b446808d7ce482e4f7855f P 23304b32cc554f229263b52351b3f9c6 [term 1 FOLLOWER]: Refusing update from remote peer 6c0669d149044f04a49bef526ad30822: Log matching property violated. Preceding OpId in replica: term: 1 index: 1. Preceding OpId from leader: term: 1 index: 2. (index mismatch)
I20260710 11:11:50.061573 14044 consensus_queue.cc:1048] T ce6dc6f470b446808d7ce482e4f7855f P 6c0669d149044f04a49bef526ad30822 [LEADER]: Connected to new peer: Peer: permanent_uuid: "23304b32cc554f229263b52351b3f9c6" member_type: VOTER last_known_addr { host: "127.12.88.1" port: 40059 } attrs { replace: true }, Status: LMP_MISMATCH, Last received: 0.0, Next index: 2, Last known committed idx: 1, Time since last communication: 0.000s
I20260710 11:11:50.066489 14089 raft_consensus.cc:2955] T ce6dc6f470b446808d7ce482e4f7855f P 6c0669d149044f04a49bef526ad30822 [term 1 LEADER]: Committing config change with OpId 1.2: config changed from index -1 to 2, NON_VOTER c3aa7e0612bc4aaf8fc8b8d2c32791fd (127.12.88.4) added. New config: { opid_index: 2 OBSOLETE_local: false peers { permanent_uuid: "23304b32cc554f229263b52351b3f9c6" member_type: VOTER last_known_addr { host: "127.12.88.1" port: 40059 } attrs { replace: true } } peers { permanent_uuid: "6641b08d39e6481591355dce8207dc39" member_type: VOTER last_known_addr { host: "127.12.88.2" port: 43753 } } peers { permanent_uuid: "6c0669d149044f04a49bef526ad30822" member_type: VOTER last_known_addr { host: "127.12.88.3" port: 32901 } } peers { permanent_uuid: "c3aa7e0612bc4aaf8fc8b8d2c32791fd" member_type: NON_VOTER last_known_addr { host: "127.12.88.4" port: 36825 } attrs { promote: true } } }
I20260710 11:11:50.069420 13859 raft_consensus.cc:2955] T ce6dc6f470b446808d7ce482e4f7855f P 6641b08d39e6481591355dce8207dc39 [term 1 FOLLOWER]: Committing config change with OpId 1.2: config changed from index -1 to 2, NON_VOTER c3aa7e0612bc4aaf8fc8b8d2c32791fd (127.12.88.4) added. New config: { opid_index: 2 OBSOLETE_local: false peers { permanent_uuid: "23304b32cc554f229263b52351b3f9c6" member_type: VOTER last_known_addr { host: "127.12.88.1" port: 40059 } attrs { replace: true } } peers { permanent_uuid: "6641b08d39e6481591355dce8207dc39" member_type: VOTER last_known_addr { host: "127.12.88.2" port: 43753 } } peers { permanent_uuid: "6c0669d149044f04a49bef526ad30822" member_type: VOTER last_known_addr { host: "127.12.88.3" port: 32901 } } peers { permanent_uuid: "c3aa7e0612bc4aaf8fc8b8d2c32791fd" member_type: NON_VOTER last_known_addr { host: "127.12.88.4" port: 36825 } attrs { promote: true } } }
I20260710 11:11:50.071553 13785 raft_consensus.cc:2955] T ce6dc6f470b446808d7ce482e4f7855f P 23304b32cc554f229263b52351b3f9c6 [term 1 FOLLOWER]: Committing config change with OpId 1.2: config changed from index -1 to 2, NON_VOTER c3aa7e0612bc4aaf8fc8b8d2c32791fd (127.12.88.4) added. New config: { opid_index: 2 OBSOLETE_local: false peers { permanent_uuid: "23304b32cc554f229263b52351b3f9c6" member_type: VOTER last_known_addr { host: "127.12.88.1" port: 40059 } attrs { replace: true } } peers { permanent_uuid: "6641b08d39e6481591355dce8207dc39" member_type: VOTER last_known_addr { host: "127.12.88.2" port: 43753 } } peers { permanent_uuid: "6c0669d149044f04a49bef526ad30822" member_type: VOTER last_known_addr { host: "127.12.88.3" port: 32901 } } peers { permanent_uuid: "c3aa7e0612bc4aaf8fc8b8d2c32791fd" member_type: NON_VOTER last_known_addr { host: "127.12.88.4" port: 36825 } attrs { promote: true } } }
I20260710 11:11:50.082942 13787 consensus_queue.cc:237] T 8f728cd59a2f4746868a31aa070388c2 P 23304b32cc554f229263b52351b3f9c6 [LEADER]: Queue going to LEADER mode. State: All replicated index: 0, Majority replicated index: 1, Committed index: 1, Last appended: 1.1, Last appended by leader: 0, Current term: 1, Majority size: 2, State: 0, Mode: LEADER, active raft config: opid_index: 2 OBSOLETE_local: false peers { permanent_uuid: "23304b32cc554f229263b52351b3f9c6" member_type: VOTER last_known_addr { host: "127.12.88.1" port: 40059 } } peers { permanent_uuid: "6641b08d39e6481591355dce8207dc39" member_type: VOTER last_known_addr { host: "127.12.88.2" port: 43753 } } peers { permanent_uuid: "6c0669d149044f04a49bef526ad30822" member_type: VOTER last_known_addr { host: "127.12.88.3" port: 32901 } attrs { replace: true } } peers { permanent_uuid: "c3aa7e0612bc4aaf8fc8b8d2c32791fd" member_type: NON_VOTER last_known_addr { host: "127.12.88.4" port: 36825 } attrs { promote: true } }
I20260710 11:11:50.084287 13683 catalog_manager.cc:5697] T ce6dc6f470b446808d7ce482e4f7855f P 6c0669d149044f04a49bef526ad30822 reported cstate change: config changed from index -1 to 2, NON_VOTER c3aa7e0612bc4aaf8fc8b8d2c32791fd (127.12.88.4) added. New cstate: current_term: 1 leader_uuid: "6c0669d149044f04a49bef526ad30822" committed_config { opid_index: 2 OBSOLETE_local: false peers { permanent_uuid: "23304b32cc554f229263b52351b3f9c6" member_type: VOTER last_known_addr { host: "127.12.88.1" port: 40059 } attrs { replace: true } health_report { overall_health: HEALTHY } } peers { permanent_uuid: "6641b08d39e6481591355dce8207dc39" member_type: VOTER last_known_addr { host: "127.12.88.2" port: 43753 } health_report { overall_health: HEALTHY } } peers { permanent_uuid: "6c0669d149044f04a49bef526ad30822" member_type: VOTER last_known_addr { host: "127.12.88.3" port: 32901 } health_report { overall_health: HEALTHY } } peers { permanent_uuid: "c3aa7e0612bc4aaf8fc8b8d2c32791fd" member_type: NON_VOTER last_known_addr { host: "127.12.88.4" port: 36825 } attrs { promote: true } health_report { overall_health: UNKNOWN } } }
W20260710 11:11:50.090924 13753 consensus_peers.cc:597] T 8f728cd59a2f4746868a31aa070388c2 P 23304b32cc554f229263b52351b3f9c6 -> Peer c3aa7e0612bc4aaf8fc8b8d2c32791fd (127.12.88.4:36825): Couldn't send request to peer c3aa7e0612bc4aaf8fc8b8d2c32791fd. Error code: TABLET_NOT_FOUND (6). Status: Not found: Tablet not found: 8f728cd59a2f4746868a31aa070388c2. This is attempt 1: this message will repeat every 5th retry.
I20260710 11:11:50.091053 13859 raft_consensus.cc:1275] T 8f728cd59a2f4746868a31aa070388c2 P 6641b08d39e6481591355dce8207dc39 [term 1 FOLLOWER]: Refusing update from remote peer 23304b32cc554f229263b52351b3f9c6: Log matching property violated. Preceding OpId in replica: term: 1 index: 1. Preceding OpId from leader: term: 1 index: 2. (index mismatch)
I20260710 11:11:50.090071 13935 raft_consensus.cc:1275] T 8f728cd59a2f4746868a31aa070388c2 P 6c0669d149044f04a49bef526ad30822 [term 1 FOLLOWER]: Refusing update from remote peer 23304b32cc554f229263b52351b3f9c6: Log matching property violated. Preceding OpId in replica: term: 1 index: 1. Preceding OpId from leader: term: 1 index: 2. (index mismatch)
I20260710 11:11:50.092737 14048 consensus_queue.cc:1048] T 8f728cd59a2f4746868a31aa070388c2 P 23304b32cc554f229263b52351b3f9c6 [LEADER]: Connected to new peer: Peer: permanent_uuid: "6c0669d149044f04a49bef526ad30822" member_type: VOTER last_known_addr { host: "127.12.88.3" port: 32901 } attrs { replace: true }, Status: LMP_MISMATCH, Last received: 0.0, Next index: 2, Last known committed idx: 1, Time since last communication: 0.000s
I20260710 11:11:50.093580 14046 consensus_queue.cc:1048] T 8f728cd59a2f4746868a31aa070388c2 P 23304b32cc554f229263b52351b3f9c6 [LEADER]: Connected to new peer: Peer: permanent_uuid: "6641b08d39e6481591355dce8207dc39" member_type: VOTER last_known_addr { host: "127.12.88.2" port: 43753 }, Status: LMP_MISMATCH, Last received: 0.0, Next index: 2, Last known committed idx: 1, Time since last communication: 0.000s
I20260710 11:11:50.102280 14048 raft_consensus.cc:2955] T 8f728cd59a2f4746868a31aa070388c2 P 23304b32cc554f229263b52351b3f9c6 [term 1 LEADER]: Committing config change with OpId 1.2: config changed from index -1 to 2, NON_VOTER c3aa7e0612bc4aaf8fc8b8d2c32791fd (127.12.88.4) added. New config: { opid_index: 2 OBSOLETE_local: false peers { permanent_uuid: "23304b32cc554f229263b52351b3f9c6" member_type: VOTER last_known_addr { host: "127.12.88.1" port: 40059 } } peers { permanent_uuid: "6641b08d39e6481591355dce8207dc39" member_type: VOTER last_known_addr { host: "127.12.88.2" port: 43753 } } peers { permanent_uuid: "6c0669d149044f04a49bef526ad30822" member_type: VOTER last_known_addr { host: "127.12.88.3" port: 32901 } attrs { replace: true } } peers { permanent_uuid: "c3aa7e0612bc4aaf8fc8b8d2c32791fd" member_type: NON_VOTER last_known_addr { host: "127.12.88.4" port: 36825 } attrs { promote: true } } }
I20260710 11:11:50.104815 13936 raft_consensus.cc:2955] T 8f728cd59a2f4746868a31aa070388c2 P 6c0669d149044f04a49bef526ad30822 [term 1 FOLLOWER]: Committing config change with OpId 1.2: config changed from index -1 to 2, NON_VOTER c3aa7e0612bc4aaf8fc8b8d2c32791fd (127.12.88.4) added. New config: { opid_index: 2 OBSOLETE_local: false peers { permanent_uuid: "23304b32cc554f229263b52351b3f9c6" member_type: VOTER last_known_addr { host: "127.12.88.1" port: 40059 } } peers { permanent_uuid: "6641b08d39e6481591355dce8207dc39" member_type: VOTER last_known_addr { host: "127.12.88.2" port: 43753 } } peers { permanent_uuid: "6c0669d149044f04a49bef526ad30822" member_type: VOTER last_known_addr { host: "127.12.88.3" port: 32901 } attrs { replace: true } } peers { permanent_uuid: "c3aa7e0612bc4aaf8fc8b8d2c32791fd" member_type: NON_VOTER last_known_addr { host: "127.12.88.4" port: 36825 } attrs { promote: true } } }
I20260710 11:11:50.114184 13859 raft_consensus.cc:2955] T 8f728cd59a2f4746868a31aa070388c2 P 6641b08d39e6481591355dce8207dc39 [term 1 FOLLOWER]: Committing config change with OpId 1.2: config changed from index -1 to 2, NON_VOTER c3aa7e0612bc4aaf8fc8b8d2c32791fd (127.12.88.4) added. New config: { opid_index: 2 OBSOLETE_local: false peers { permanent_uuid: "23304b32cc554f229263b52351b3f9c6" member_type: VOTER last_known_addr { host: "127.12.88.1" port: 40059 } } peers { permanent_uuid: "6641b08d39e6481591355dce8207dc39" member_type: VOTER last_known_addr { host: "127.12.88.2" port: 43753 } } peers { permanent_uuid: "6c0669d149044f04a49bef526ad30822" member_type: VOTER last_known_addr { host: "127.12.88.3" port: 32901 } attrs { replace: true } } peers { permanent_uuid: "c3aa7e0612bc4aaf8fc8b8d2c32791fd" member_type: NON_VOTER last_known_addr { host: "127.12.88.4" port: 36825 } attrs { promote: true } } }
I20260710 11:11:50.126585 13681 catalog_manager.cc:5697] T 8f728cd59a2f4746868a31aa070388c2 P 6c0669d149044f04a49bef526ad30822 reported cstate change: config changed from index -1 to 2, NON_VOTER c3aa7e0612bc4aaf8fc8b8d2c32791fd (127.12.88.4) added. New cstate: current_term: 1 leader_uuid: "23304b32cc554f229263b52351b3f9c6" committed_config { opid_index: 2 OBSOLETE_local: false peers { permanent_uuid: "23304b32cc554f229263b52351b3f9c6" member_type: VOTER last_known_addr { host: "127.12.88.1" port: 40059 } } peers { permanent_uuid: "6641b08d39e6481591355dce8207dc39" member_type: VOTER last_known_addr { host: "127.12.88.2" port: 43753 } } peers { permanent_uuid: "6c0669d149044f04a49bef526ad30822" member_type: VOTER last_known_addr { host: "127.12.88.3" port: 32901 } attrs { replace: true } } peers { permanent_uuid: "c3aa7e0612bc4aaf8fc8b8d2c32791fd" member_type: NON_VOTER last_known_addr { host: "127.12.88.4" port: 36825 } attrs { promote: true } } }
I20260710 11:11:50.299052 14219 heartbeater.cc:499] Master 127.12.88.62:44067 was elected leader, sending a full tablet report...
I20260710 11:11:50.368398 14245 ts_tablet_manager.cc:933] T c74570bcab0b421aaeebd0294c7ace77 P c3aa7e0612bc4aaf8fc8b8d2c32791fd: Initiating tablet copy from peer 23304b32cc554f229263b52351b3f9c6 (127.12.88.1:40059)
I20260710 11:11:50.370501 14245 tablet_copy_client.cc:323] T c74570bcab0b421aaeebd0294c7ace77 P c3aa7e0612bc4aaf8fc8b8d2c32791fd: tablet copy: Beginning tablet copy session from remote peer at address 127.12.88.1:40059
I20260710 11:11:50.382611 13797 tablet_copy_service.cc:140] P 23304b32cc554f229263b52351b3f9c6: Received BeginTabletCopySession request for tablet c74570bcab0b421aaeebd0294c7ace77 from peer c3aa7e0612bc4aaf8fc8b8d2c32791fd ({username='slave'} at 127.0.0.1:45080)
I20260710 11:11:50.383157 13797 tablet_copy_service.cc:161] P 23304b32cc554f229263b52351b3f9c6: Beginning new tablet copy session on tablet c74570bcab0b421aaeebd0294c7ace77 from peer c3aa7e0612bc4aaf8fc8b8d2c32791fd at {username='slave'} at 127.0.0.1:45080: session id = c3aa7e0612bc4aaf8fc8b8d2c32791fd-c74570bcab0b421aaeebd0294c7ace77
I20260710 11:11:50.388603 13797 tablet_copy_source_session.cc:215] T c74570bcab0b421aaeebd0294c7ace77 P 23304b32cc554f229263b52351b3f9c6: Tablet Copy: opened 0 blocks and 1 log segments
I20260710 11:11:50.391970 14245 data_dirs.cc:400] Could only allocate 1 dirs of requested 3 for tablet c74570bcab0b421aaeebd0294c7ace77. 1 dirs total, 0 dirs full, 0 dirs failed
I20260710 11:11:50.402535 14245 tablet_copy_client.cc:806] T c74570bcab0b421aaeebd0294c7ace77 P c3aa7e0612bc4aaf8fc8b8d2c32791fd: tablet copy: Starting download of 0 data blocks...
I20260710 11:11:50.403259 14245 tablet_copy_client.cc:670] T c74570bcab0b421aaeebd0294c7ace77 P c3aa7e0612bc4aaf8fc8b8d2c32791fd: tablet copy: Starting download of 1 WAL segments...
I20260710 11:11:50.407702 14245 tablet_copy_client.cc:538] T c74570bcab0b421aaeebd0294c7ace77 P c3aa7e0612bc4aaf8fc8b8d2c32791fd: tablet copy: Tablet Copy complete. Replacing tablet superblock.
I20260710 11:11:50.415458 14245 tablet_bootstrap.cc:492] T c74570bcab0b421aaeebd0294c7ace77 P c3aa7e0612bc4aaf8fc8b8d2c32791fd: Bootstrap starting.
I20260710 11:11:50.434185 14245 tablet_bootstrap.cc:492] T c74570bcab0b421aaeebd0294c7ace77 P c3aa7e0612bc4aaf8fc8b8d2c32791fd: Bootstrap replayed 1/1 log segments. Stats: ops{read=2 overwritten=0 applied=2 ignored=0} inserts{seen=0 ignored=0} mutations{seen=0 ignored=0} orphaned_commits=0. Pending: 0 replicates
I20260710 11:11:50.435149 14245 tablet_bootstrap.cc:492] T c74570bcab0b421aaeebd0294c7ace77 P c3aa7e0612bc4aaf8fc8b8d2c32791fd: Bootstrap complete.
I20260710 11:11:50.435736 14245 ts_tablet_manager.cc:1403] T c74570bcab0b421aaeebd0294c7ace77 P c3aa7e0612bc4aaf8fc8b8d2c32791fd: Time spent bootstrapping tablet: real 0.020s	user 0.013s	sys 0.007s
I20260710 11:11:50.438287 14245 raft_consensus.cc:359] T c74570bcab0b421aaeebd0294c7ace77 P c3aa7e0612bc4aaf8fc8b8d2c32791fd [term 1 LEARNER]: Replica starting. Triggering 0 pending ops. Active config: opid_index: 2 OBSOLETE_local: false peers { permanent_uuid: "23304b32cc554f229263b52351b3f9c6" member_type: VOTER last_known_addr { host: "127.12.88.1" port: 40059 } } peers { permanent_uuid: "6c0669d149044f04a49bef526ad30822" member_type: VOTER last_known_addr { host: "127.12.88.3" port: 32901 } attrs { replace: true } } peers { permanent_uuid: "6641b08d39e6481591355dce8207dc39" member_type: VOTER last_known_addr { host: "127.12.88.2" port: 43753 } } peers { permanent_uuid: "c3aa7e0612bc4aaf8fc8b8d2c32791fd" member_type: NON_VOTER last_known_addr { host: "127.12.88.4" port: 36825 } attrs { promote: true } }
I20260710 11:11:50.438905 14245 raft_consensus.cc:740] T c74570bcab0b421aaeebd0294c7ace77 P c3aa7e0612bc4aaf8fc8b8d2c32791fd [term 1 LEARNER]: Becoming Follower/Learner. State: Replica: c3aa7e0612bc4aaf8fc8b8d2c32791fd, State: Initialized, Role: LEARNER
I20260710 11:11:50.439491 14245 consensus_queue.cc:260] T c74570bcab0b421aaeebd0294c7ace77 P c3aa7e0612bc4aaf8fc8b8d2c32791fd [NON_LEADER]: Queue going to NON_LEADER mode. State: All replicated index: 0, Majority replicated index: 0, Committed index: 2, Last appended: 1.2, Last appended by leader: 2, Current term: 0, Majority size: -1, State: 0, Mode: NON_LEADER, active raft config: opid_index: 2 OBSOLETE_local: false peers { permanent_uuid: "23304b32cc554f229263b52351b3f9c6" member_type: VOTER last_known_addr { host: "127.12.88.1" port: 40059 } } peers { permanent_uuid: "6c0669d149044f04a49bef526ad30822" member_type: VOTER last_known_addr { host: "127.12.88.3" port: 32901 } attrs { replace: true } } peers { permanent_uuid: "6641b08d39e6481591355dce8207dc39" member_type: VOTER last_known_addr { host: "127.12.88.2" port: 43753 } } peers { permanent_uuid: "c3aa7e0612bc4aaf8fc8b8d2c32791fd" member_type: NON_VOTER last_known_addr { host: "127.12.88.4" port: 36825 } attrs { promote: true } }
I20260710 11:11:50.451220 14245 ts_tablet_manager.cc:1434] T c74570bcab0b421aaeebd0294c7ace77 P c3aa7e0612bc4aaf8fc8b8d2c32791fd: Time spent starting tablet: real 0.015s	user 0.010s	sys 0.005s
I20260710 11:11:50.453435 13797 tablet_copy_service.cc:342] P 23304b32cc554f229263b52351b3f9c6: Request end of tablet copy session c3aa7e0612bc4aaf8fc8b8d2c32791fd-c74570bcab0b421aaeebd0294c7ace77 received from {username='slave'} at 127.0.0.1:45080
I20260710 11:11:50.454015 13797 tablet_copy_service.cc:434] P 23304b32cc554f229263b52351b3f9c6: ending tablet copy session c3aa7e0612bc4aaf8fc8b8d2c32791fd-c74570bcab0b421aaeebd0294c7ace77 on tablet c74570bcab0b421aaeebd0294c7ace77 with peer c3aa7e0612bc4aaf8fc8b8d2c32791fd
I20260710 11:11:50.474807 14245 ts_tablet_manager.cc:933] T ce6dc6f470b446808d7ce482e4f7855f P c3aa7e0612bc4aaf8fc8b8d2c32791fd: Initiating tablet copy from peer 6c0669d149044f04a49bef526ad30822 (127.12.88.3:32901)
I20260710 11:11:50.476442 14245 tablet_copy_client.cc:323] T ce6dc6f470b446808d7ce482e4f7855f P c3aa7e0612bc4aaf8fc8b8d2c32791fd: tablet copy: Beginning tablet copy session from remote peer at address 127.12.88.3:32901
I20260710 11:11:50.485723 13946 tablet_copy_service.cc:140] P 6c0669d149044f04a49bef526ad30822: Received BeginTabletCopySession request for tablet ce6dc6f470b446808d7ce482e4f7855f from peer c3aa7e0612bc4aaf8fc8b8d2c32791fd ({username='slave'} at 127.0.0.1:44676)
I20260710 11:11:50.486315 13946 tablet_copy_service.cc:161] P 6c0669d149044f04a49bef526ad30822: Beginning new tablet copy session on tablet ce6dc6f470b446808d7ce482e4f7855f from peer c3aa7e0612bc4aaf8fc8b8d2c32791fd at {username='slave'} at 127.0.0.1:44676: session id = c3aa7e0612bc4aaf8fc8b8d2c32791fd-ce6dc6f470b446808d7ce482e4f7855f
I20260710 11:11:50.488531 14251 ts_tablet_manager.cc:933] T 8f728cd59a2f4746868a31aa070388c2 P c3aa7e0612bc4aaf8fc8b8d2c32791fd: Initiating tablet copy from peer 23304b32cc554f229263b52351b3f9c6 (127.12.88.1:40059)
I20260710 11:11:50.493417 13946 tablet_copy_source_session.cc:215] T ce6dc6f470b446808d7ce482e4f7855f P 6c0669d149044f04a49bef526ad30822: Tablet Copy: opened 0 blocks and 1 log segments
I20260710 11:11:50.494021 14251 tablet_copy_client.cc:323] T 8f728cd59a2f4746868a31aa070388c2 P c3aa7e0612bc4aaf8fc8b8d2c32791fd: tablet copy: Beginning tablet copy session from remote peer at address 127.12.88.1:40059
I20260710 11:11:50.495702 13797 tablet_copy_service.cc:140] P 23304b32cc554f229263b52351b3f9c6: Received BeginTabletCopySession request for tablet 8f728cd59a2f4746868a31aa070388c2 from peer c3aa7e0612bc4aaf8fc8b8d2c32791fd ({username='slave'} at 127.0.0.1:45080)
I20260710 11:11:50.496199 13797 tablet_copy_service.cc:161] P 23304b32cc554f229263b52351b3f9c6: Beginning new tablet copy session on tablet 8f728cd59a2f4746868a31aa070388c2 from peer c3aa7e0612bc4aaf8fc8b8d2c32791fd at {username='slave'} at 127.0.0.1:45080: session id = c3aa7e0612bc4aaf8fc8b8d2c32791fd-8f728cd59a2f4746868a31aa070388c2
I20260710 11:11:50.496521 14245 data_dirs.cc:400] Could only allocate 1 dirs of requested 3 for tablet ce6dc6f470b446808d7ce482e4f7855f. 1 dirs total, 0 dirs full, 0 dirs failed
I20260710 11:11:50.502918 13797 tablet_copy_source_session.cc:215] T 8f728cd59a2f4746868a31aa070388c2 P 23304b32cc554f229263b52351b3f9c6: Tablet Copy: opened 0 blocks and 1 log segments
I20260710 11:11:50.506196 14251 data_dirs.cc:400] Could only allocate 1 dirs of requested 3 for tablet 8f728cd59a2f4746868a31aa070388c2. 1 dirs total, 0 dirs full, 0 dirs failed
I20260710 11:11:50.508991 14245 tablet_copy_client.cc:806] T ce6dc6f470b446808d7ce482e4f7855f P c3aa7e0612bc4aaf8fc8b8d2c32791fd: tablet copy: Starting download of 0 data blocks...
I20260710 11:11:50.509572 14245 tablet_copy_client.cc:670] T ce6dc6f470b446808d7ce482e4f7855f P c3aa7e0612bc4aaf8fc8b8d2c32791fd: tablet copy: Starting download of 1 WAL segments...
I20260710 11:11:50.512365 14253 ts_tablet_manager.cc:933] T 63d358895e4e4d16a4e76e51da97ca5b P c3aa7e0612bc4aaf8fc8b8d2c32791fd: Initiating tablet copy from peer 6c0669d149044f04a49bef526ad30822 (127.12.88.3:32901)
I20260710 11:11:50.513558 14245 tablet_copy_client.cc:538] T ce6dc6f470b446808d7ce482e4f7855f P c3aa7e0612bc4aaf8fc8b8d2c32791fd: tablet copy: Tablet Copy complete. Replacing tablet superblock.
I20260710 11:11:50.525695 14251 tablet_copy_client.cc:806] T 8f728cd59a2f4746868a31aa070388c2 P c3aa7e0612bc4aaf8fc8b8d2c32791fd: tablet copy: Starting download of 0 data blocks...
I20260710 11:11:50.526284 14251 tablet_copy_client.cc:670] T 8f728cd59a2f4746868a31aa070388c2 P c3aa7e0612bc4aaf8fc8b8d2c32791fd: tablet copy: Starting download of 1 WAL segments...
I20260710 11:11:50.528831 14245 tablet_bootstrap.cc:492] T ce6dc6f470b446808d7ce482e4f7855f P c3aa7e0612bc4aaf8fc8b8d2c32791fd: Bootstrap starting.
I20260710 11:11:50.546690 14251 tablet_copy_client.cc:538] T 8f728cd59a2f4746868a31aa070388c2 P c3aa7e0612bc4aaf8fc8b8d2c32791fd: tablet copy: Tablet Copy complete. Replacing tablet superblock.
I20260710 11:11:50.546741 14253 tablet_copy_client.cc:323] T 63d358895e4e4d16a4e76e51da97ca5b P c3aa7e0612bc4aaf8fc8b8d2c32791fd: tablet copy: Beginning tablet copy session from remote peer at address 127.12.88.3:32901
I20260710 11:11:50.548851 13946 tablet_copy_service.cc:140] P 6c0669d149044f04a49bef526ad30822: Received BeginTabletCopySession request for tablet 63d358895e4e4d16a4e76e51da97ca5b from peer c3aa7e0612bc4aaf8fc8b8d2c32791fd ({username='slave'} at 127.0.0.1:44676)
I20260710 11:11:50.549417 13946 tablet_copy_service.cc:161] P 6c0669d149044f04a49bef526ad30822: Beginning new tablet copy session on tablet 63d358895e4e4d16a4e76e51da97ca5b from peer c3aa7e0612bc4aaf8fc8b8d2c32791fd at {username='slave'} at 127.0.0.1:44676: session id = c3aa7e0612bc4aaf8fc8b8d2c32791fd-63d358895e4e4d16a4e76e51da97ca5b
I20260710 11:11:50.555253 14245 tablet_bootstrap.cc:492] T ce6dc6f470b446808d7ce482e4f7855f P c3aa7e0612bc4aaf8fc8b8d2c32791fd: Bootstrap replayed 1/1 log segments. Stats: ops{read=2 overwritten=0 applied=2 ignored=0} inserts{seen=0 ignored=0} mutations{seen=0 ignored=0} orphaned_commits=0. Pending: 0 replicates
I20260710 11:11:50.555665 14251 tablet_bootstrap.cc:492] T 8f728cd59a2f4746868a31aa070388c2 P c3aa7e0612bc4aaf8fc8b8d2c32791fd: Bootstrap starting.
I20260710 11:11:50.556133 14245 tablet_bootstrap.cc:492] T ce6dc6f470b446808d7ce482e4f7855f P c3aa7e0612bc4aaf8fc8b8d2c32791fd: Bootstrap complete.
I20260710 11:11:50.556789 14245 ts_tablet_manager.cc:1403] T ce6dc6f470b446808d7ce482e4f7855f P c3aa7e0612bc4aaf8fc8b8d2c32791fd: Time spent bootstrapping tablet: real 0.028s	user 0.021s	sys 0.004s
I20260710 11:11:50.559154 13946 tablet_copy_source_session.cc:215] T 63d358895e4e4d16a4e76e51da97ca5b P 6c0669d149044f04a49bef526ad30822: Tablet Copy: opened 0 blocks and 1 log segments
I20260710 11:11:50.560274 14245 raft_consensus.cc:359] T ce6dc6f470b446808d7ce482e4f7855f P c3aa7e0612bc4aaf8fc8b8d2c32791fd [term 1 LEARNER]: Replica starting. Triggering 0 pending ops. Active config: opid_index: 2 OBSOLETE_local: false peers { permanent_uuid: "23304b32cc554f229263b52351b3f9c6" member_type: VOTER last_known_addr { host: "127.12.88.1" port: 40059 } attrs { replace: true } } peers { permanent_uuid: "6641b08d39e6481591355dce8207dc39" member_type: VOTER last_known_addr { host: "127.12.88.2" port: 43753 } } peers { permanent_uuid: "6c0669d149044f04a49bef526ad30822" member_type: VOTER last_known_addr { host: "127.12.88.3" port: 32901 } } peers { permanent_uuid: "c3aa7e0612bc4aaf8fc8b8d2c32791fd" member_type: NON_VOTER last_known_addr { host: "127.12.88.4" port: 36825 } attrs { promote: true } }
I20260710 11:11:50.561300 14245 raft_consensus.cc:740] T ce6dc6f470b446808d7ce482e4f7855f P c3aa7e0612bc4aaf8fc8b8d2c32791fd [term 1 LEARNER]: Becoming Follower/Learner. State: Replica: c3aa7e0612bc4aaf8fc8b8d2c32791fd, State: Initialized, Role: LEARNER
I20260710 11:11:50.561972 14245 consensus_queue.cc:260] T ce6dc6f470b446808d7ce482e4f7855f P c3aa7e0612bc4aaf8fc8b8d2c32791fd [NON_LEADER]: Queue going to NON_LEADER mode. State: All replicated index: 0, Majority replicated index: 0, Committed index: 2, Last appended: 1.2, Last appended by leader: 2, Current term: 0, Majority size: -1, State: 0, Mode: NON_LEADER, active raft config: opid_index: 2 OBSOLETE_local: false peers { permanent_uuid: "23304b32cc554f229263b52351b3f9c6" member_type: VOTER last_known_addr { host: "127.12.88.1" port: 40059 } attrs { replace: true } } peers { permanent_uuid: "6641b08d39e6481591355dce8207dc39" member_type: VOTER last_known_addr { host: "127.12.88.2" port: 43753 } } peers { permanent_uuid: "6c0669d149044f04a49bef526ad30822" member_type: VOTER last_known_addr { host: "127.12.88.3" port: 32901 } } peers { permanent_uuid: "c3aa7e0612bc4aaf8fc8b8d2c32791fd" member_type: NON_VOTER last_known_addr { host: "127.12.88.4" port: 36825 } attrs { promote: true } }
I20260710 11:11:50.562834 14253 data_dirs.cc:400] Could only allocate 1 dirs of requested 3 for tablet 63d358895e4e4d16a4e76e51da97ca5b. 1 dirs total, 0 dirs full, 0 dirs failed
I20260710 11:11:50.564103 14245 ts_tablet_manager.cc:1434] T ce6dc6f470b446808d7ce482e4f7855f P c3aa7e0612bc4aaf8fc8b8d2c32791fd: Time spent starting tablet: real 0.007s	user 0.007s	sys 0.000s
I20260710 11:11:50.570151 13946 tablet_copy_service.cc:342] P 6c0669d149044f04a49bef526ad30822: Request end of tablet copy session c3aa7e0612bc4aaf8fc8b8d2c32791fd-ce6dc6f470b446808d7ce482e4f7855f received from {username='slave'} at 127.0.0.1:44676
I20260710 11:11:50.570585 13946 tablet_copy_service.cc:434] P 6c0669d149044f04a49bef526ad30822: ending tablet copy session c3aa7e0612bc4aaf8fc8b8d2c32791fd-ce6dc6f470b446808d7ce482e4f7855f on tablet ce6dc6f470b446808d7ce482e4f7855f with peer c3aa7e0612bc4aaf8fc8b8d2c32791fd
I20260710 11:11:50.582172 14253 tablet_copy_client.cc:806] T 63d358895e4e4d16a4e76e51da97ca5b P c3aa7e0612bc4aaf8fc8b8d2c32791fd: tablet copy: Starting download of 0 data blocks...
I20260710 11:11:50.583134 14253 tablet_copy_client.cc:670] T 63d358895e4e4d16a4e76e51da97ca5b P c3aa7e0612bc4aaf8fc8b8d2c32791fd: tablet copy: Starting download of 1 WAL segments...
I20260710 11:11:50.586694 14253 tablet_copy_client.cc:538] T 63d358895e4e4d16a4e76e51da97ca5b P c3aa7e0612bc4aaf8fc8b8d2c32791fd: tablet copy: Tablet Copy complete. Replacing tablet superblock.
I20260710 11:11:50.589913 14251 tablet_bootstrap.cc:492] T 8f728cd59a2f4746868a31aa070388c2 P c3aa7e0612bc4aaf8fc8b8d2c32791fd: Bootstrap replayed 1/1 log segments. Stats: ops{read=2 overwritten=0 applied=2 ignored=0} inserts{seen=0 ignored=0} mutations{seen=0 ignored=0} orphaned_commits=0. Pending: 0 replicates
I20260710 11:11:50.590706 14251 tablet_bootstrap.cc:492] T 8f728cd59a2f4746868a31aa070388c2 P c3aa7e0612bc4aaf8fc8b8d2c32791fd: Bootstrap complete.
I20260710 11:11:50.591337 14251 ts_tablet_manager.cc:1403] T 8f728cd59a2f4746868a31aa070388c2 P c3aa7e0612bc4aaf8fc8b8d2c32791fd: Time spent bootstrapping tablet: real 0.036s	user 0.019s	sys 0.008s
I20260710 11:11:50.594276 14251 raft_consensus.cc:359] T 8f728cd59a2f4746868a31aa070388c2 P c3aa7e0612bc4aaf8fc8b8d2c32791fd [term 1 LEARNER]: Replica starting. Triggering 0 pending ops. Active config: opid_index: 2 OBSOLETE_local: false peers { permanent_uuid: "23304b32cc554f229263b52351b3f9c6" member_type: VOTER last_known_addr { host: "127.12.88.1" port: 40059 } } peers { permanent_uuid: "6641b08d39e6481591355dce8207dc39" member_type: VOTER last_known_addr { host: "127.12.88.2" port: 43753 } } peers { permanent_uuid: "6c0669d149044f04a49bef526ad30822" member_type: VOTER last_known_addr { host: "127.12.88.3" port: 32901 } attrs { replace: true } } peers { permanent_uuid: "c3aa7e0612bc4aaf8fc8b8d2c32791fd" member_type: NON_VOTER last_known_addr { host: "127.12.88.4" port: 36825 } attrs { promote: true } }
I20260710 11:11:50.594875 14253 tablet_bootstrap.cc:492] T 63d358895e4e4d16a4e76e51da97ca5b P c3aa7e0612bc4aaf8fc8b8d2c32791fd: Bootstrap starting.
I20260710 11:11:50.594923 14251 raft_consensus.cc:740] T 8f728cd59a2f4746868a31aa070388c2 P c3aa7e0612bc4aaf8fc8b8d2c32791fd [term 1 LEARNER]: Becoming Follower/Learner. State: Replica: c3aa7e0612bc4aaf8fc8b8d2c32791fd, State: Initialized, Role: LEARNER
I20260710 11:11:50.595700 14251 consensus_queue.cc:260] T 8f728cd59a2f4746868a31aa070388c2 P c3aa7e0612bc4aaf8fc8b8d2c32791fd [NON_LEADER]: Queue going to NON_LEADER mode. State: All replicated index: 0, Majority replicated index: 0, Committed index: 2, Last appended: 1.2, Last appended by leader: 2, Current term: 0, Majority size: -1, State: 0, Mode: NON_LEADER, active raft config: opid_index: 2 OBSOLETE_local: false peers { permanent_uuid: "23304b32cc554f229263b52351b3f9c6" member_type: VOTER last_known_addr { host: "127.12.88.1" port: 40059 } } peers { permanent_uuid: "6641b08d39e6481591355dce8207dc39" member_type: VOTER last_known_addr { host: "127.12.88.2" port: 43753 } } peers { permanent_uuid: "6c0669d149044f04a49bef526ad30822" member_type: VOTER last_known_addr { host: "127.12.88.3" port: 32901 } attrs { replace: true } } peers { permanent_uuid: "c3aa7e0612bc4aaf8fc8b8d2c32791fd" member_type: NON_VOTER last_known_addr { host: "127.12.88.4" port: 36825 } attrs { promote: true } }
I20260710 11:11:50.597952 14251 ts_tablet_manager.cc:1434] T 8f728cd59a2f4746868a31aa070388c2 P c3aa7e0612bc4aaf8fc8b8d2c32791fd: Time spent starting tablet: real 0.006s	user 0.003s	sys 0.004s
I20260710 11:11:50.599519 13797 tablet_copy_service.cc:342] P 23304b32cc554f229263b52351b3f9c6: Request end of tablet copy session c3aa7e0612bc4aaf8fc8b8d2c32791fd-8f728cd59a2f4746868a31aa070388c2 received from {username='slave'} at 127.0.0.1:45080
I20260710 11:11:50.599925 13797 tablet_copy_service.cc:434] P 23304b32cc554f229263b52351b3f9c6: ending tablet copy session c3aa7e0612bc4aaf8fc8b8d2c32791fd-8f728cd59a2f4746868a31aa070388c2 on tablet 8f728cd59a2f4746868a31aa070388c2 with peer c3aa7e0612bc4aaf8fc8b8d2c32791fd
I20260710 11:11:50.614964 14253 tablet_bootstrap.cc:492] T 63d358895e4e4d16a4e76e51da97ca5b P c3aa7e0612bc4aaf8fc8b8d2c32791fd: Bootstrap replayed 1/1 log segments. Stats: ops{read=2 overwritten=0 applied=2 ignored=0} inserts{seen=0 ignored=0} mutations{seen=0 ignored=0} orphaned_commits=0. Pending: 0 replicates
I20260710 11:11:50.615799 14253 tablet_bootstrap.cc:492] T 63d358895e4e4d16a4e76e51da97ca5b P c3aa7e0612bc4aaf8fc8b8d2c32791fd: Bootstrap complete.
I20260710 11:11:50.616429 14253 ts_tablet_manager.cc:1403] T 63d358895e4e4d16a4e76e51da97ca5b P c3aa7e0612bc4aaf8fc8b8d2c32791fd: Time spent bootstrapping tablet: real 0.022s	user 0.015s	sys 0.009s
I20260710 11:11:50.619199 14253 raft_consensus.cc:359] T 63d358895e4e4d16a4e76e51da97ca5b P c3aa7e0612bc4aaf8fc8b8d2c32791fd [term 1 LEARNER]: Replica starting. Triggering 0 pending ops. Active config: opid_index: 2 OBSOLETE_local: false peers { permanent_uuid: "23304b32cc554f229263b52351b3f9c6" member_type: VOTER last_known_addr { host: "127.12.88.1" port: 40059 } } peers { permanent_uuid: "6641b08d39e6481591355dce8207dc39" member_type: VOTER last_known_addr { host: "127.12.88.2" port: 43753 } attrs { replace: true } } peers { permanent_uuid: "6c0669d149044f04a49bef526ad30822" member_type: VOTER last_known_addr { host: "127.12.88.3" port: 32901 } } peers { permanent_uuid: "c3aa7e0612bc4aaf8fc8b8d2c32791fd" member_type: NON_VOTER last_known_addr { host: "127.12.88.4" port: 36825 } attrs { promote: true } }
I20260710 11:11:50.620038 14253 raft_consensus.cc:740] T 63d358895e4e4d16a4e76e51da97ca5b P c3aa7e0612bc4aaf8fc8b8d2c32791fd [term 1 LEARNER]: Becoming Follower/Learner. State: Replica: c3aa7e0612bc4aaf8fc8b8d2c32791fd, State: Initialized, Role: LEARNER
I20260710 11:11:50.620620 14253 consensus_queue.cc:260] T 63d358895e4e4d16a4e76e51da97ca5b P c3aa7e0612bc4aaf8fc8b8d2c32791fd [NON_LEADER]: Queue going to NON_LEADER mode. State: All replicated index: 0, Majority replicated index: 0, Committed index: 2, Last appended: 1.2, Last appended by leader: 2, Current term: 0, Majority size: -1, State: 0, Mode: NON_LEADER, active raft config: opid_index: 2 OBSOLETE_local: false peers { permanent_uuid: "23304b32cc554f229263b52351b3f9c6" member_type: VOTER last_known_addr { host: "127.12.88.1" port: 40059 } } peers { permanent_uuid: "6641b08d39e6481591355dce8207dc39" member_type: VOTER last_known_addr { host: "127.12.88.2" port: 43753 } attrs { replace: true } } peers { permanent_uuid: "6c0669d149044f04a49bef526ad30822" member_type: VOTER last_known_addr { host: "127.12.88.3" port: 32901 } } peers { permanent_uuid: "c3aa7e0612bc4aaf8fc8b8d2c32791fd" member_type: NON_VOTER last_known_addr { host: "127.12.88.4" port: 36825 } attrs { promote: true } }
I20260710 11:11:50.622766 14253 ts_tablet_manager.cc:1434] T 63d358895e4e4d16a4e76e51da97ca5b P c3aa7e0612bc4aaf8fc8b8d2c32791fd: Time spent starting tablet: real 0.006s	user 0.004s	sys 0.000s
I20260710 11:11:50.624344 13946 tablet_copy_service.cc:342] P 6c0669d149044f04a49bef526ad30822: Request end of tablet copy session c3aa7e0612bc4aaf8fc8b8d2c32791fd-63d358895e4e4d16a4e76e51da97ca5b received from {username='slave'} at 127.0.0.1:44676
I20260710 11:11:50.624696 13946 tablet_copy_service.cc:434] P 6c0669d149044f04a49bef526ad30822: ending tablet copy session c3aa7e0612bc4aaf8fc8b8d2c32791fd-63d358895e4e4d16a4e76e51da97ca5b on tablet 63d358895e4e4d16a4e76e51da97ca5b with peer c3aa7e0612bc4aaf8fc8b8d2c32791fd
I20260710 11:11:50.949851 14190 raft_consensus.cc:1217] T c74570bcab0b421aaeebd0294c7ace77 P c3aa7e0612bc4aaf8fc8b8d2c32791fd [term 1 LEARNER]: Deduplicated request from leader. Original: 1.1->[1.2-1.2]   Dedup: 1.2->[]
I20260710 11:11:50.982594 14190 raft_consensus.cc:1217] T 8f728cd59a2f4746868a31aa070388c2 P c3aa7e0612bc4aaf8fc8b8d2c32791fd [term 1 LEARNER]: Deduplicated request from leader. Original: 1.1->[1.2-1.2]   Dedup: 1.2->[]
I20260710 11:11:51.016242 14190 raft_consensus.cc:1217] T 63d358895e4e4d16a4e76e51da97ca5b P c3aa7e0612bc4aaf8fc8b8d2c32791fd [term 1 LEARNER]: Deduplicated request from leader. Original: 1.1->[1.2-1.2]   Dedup: 1.2->[]
I20260710 11:11:51.070363 14190 raft_consensus.cc:1217] T ce6dc6f470b446808d7ce482e4f7855f P c3aa7e0612bc4aaf8fc8b8d2c32791fd [term 1 LEARNER]: Deduplicated request from leader. Original: 1.1->[1.2-1.2]   Dedup: 1.2->[]
I20260710 11:11:51.441145 14259 raft_consensus.cc:1064] T 63d358895e4e4d16a4e76e51da97ca5b P 6c0669d149044f04a49bef526ad30822: attempting to promote NON_VOTER c3aa7e0612bc4aaf8fc8b8d2c32791fd to VOTER
I20260710 11:11:51.443702 14259 consensus_queue.cc:237] T 63d358895e4e4d16a4e76e51da97ca5b P 6c0669d149044f04a49bef526ad30822 [LEADER]: Queue going to LEADER mode. State: All replicated index: 0, Majority replicated index: 2, Committed index: 2, Last appended: 1.2, Last appended by leader: 0, Current term: 1, Majority size: 3, State: 0, Mode: LEADER, active raft config: opid_index: 3 OBSOLETE_local: false peers { permanent_uuid: "23304b32cc554f229263b52351b3f9c6" member_type: VOTER last_known_addr { host: "127.12.88.1" port: 40059 } } peers { permanent_uuid: "6641b08d39e6481591355dce8207dc39" member_type: VOTER last_known_addr { host: "127.12.88.2" port: 43753 } attrs { replace: true } } peers { permanent_uuid: "6c0669d149044f04a49bef526ad30822" member_type: VOTER last_known_addr { host: "127.12.88.3" port: 32901 } } peers { permanent_uuid: "c3aa7e0612bc4aaf8fc8b8d2c32791fd" member_type: VOTER last_known_addr { host: "127.12.88.4" port: 36825 } attrs { promote: false } }
I20260710 11:11:51.450836 14190 raft_consensus.cc:1275] T 63d358895e4e4d16a4e76e51da97ca5b P c3aa7e0612bc4aaf8fc8b8d2c32791fd [term 1 LEARNER]: Refusing update from remote peer 6c0669d149044f04a49bef526ad30822: Log matching property violated. Preceding OpId in replica: term: 1 index: 2. Preceding OpId from leader: term: 1 index: 3. (index mismatch)
I20260710 11:11:51.451198 13859 raft_consensus.cc:1275] T 63d358895e4e4d16a4e76e51da97ca5b P 6641b08d39e6481591355dce8207dc39 [term 1 FOLLOWER]: Refusing update from remote peer 6c0669d149044f04a49bef526ad30822: Log matching property violated. Preceding OpId in replica: term: 1 index: 2. Preceding OpId from leader: term: 1 index: 3. (index mismatch)
I20260710 11:11:51.452594 14261 consensus_queue.cc:1048] T 63d358895e4e4d16a4e76e51da97ca5b P 6c0669d149044f04a49bef526ad30822 [LEADER]: Connected to new peer: Peer: permanent_uuid: "c3aa7e0612bc4aaf8fc8b8d2c32791fd" member_type: VOTER last_known_addr { host: "127.12.88.4" port: 36825 } attrs { promote: false }, Status: LMP_MISMATCH, Last received: 0.0, Next index: 3, Last known committed idx: 2, Time since last communication: 0.001s
I20260710 11:11:51.453660 14259 consensus_queue.cc:1048] T 63d358895e4e4d16a4e76e51da97ca5b P 6c0669d149044f04a49bef526ad30822 [LEADER]: Connected to new peer: Peer: permanent_uuid: "6641b08d39e6481591355dce8207dc39" member_type: VOTER last_known_addr { host: "127.12.88.2" port: 43753 } attrs { replace: true }, Status: LMP_MISMATCH, Last received: 0.0, Next index: 3, Last known committed idx: 2, Time since last communication: 0.002s
I20260710 11:11:51.458549 13785 raft_consensus.cc:1275] T 63d358895e4e4d16a4e76e51da97ca5b P 23304b32cc554f229263b52351b3f9c6 [term 1 FOLLOWER]: Refusing update from remote peer 6c0669d149044f04a49bef526ad30822: Log matching property violated. Preceding OpId in replica: term: 1 index: 2. Preceding OpId from leader: term: 1 index: 3. (index mismatch)
I20260710 11:11:51.460830 14089 consensus_queue.cc:1048] T 63d358895e4e4d16a4e76e51da97ca5b P 6c0669d149044f04a49bef526ad30822 [LEADER]: Connected to new peer: Peer: permanent_uuid: "23304b32cc554f229263b52351b3f9c6" member_type: VOTER last_known_addr { host: "127.12.88.1" port: 40059 }, Status: LMP_MISMATCH, Last received: 0.0, Next index: 3, Last known committed idx: 2, Time since last communication: 0.000s
I20260710 11:11:51.467063 14259 raft_consensus.cc:1064] T ce6dc6f470b446808d7ce482e4f7855f P 6c0669d149044f04a49bef526ad30822: attempting to promote NON_VOTER c3aa7e0612bc4aaf8fc8b8d2c32791fd to VOTER
I20260710 11:11:51.485100 14259 consensus_queue.cc:237] T ce6dc6f470b446808d7ce482e4f7855f P 6c0669d149044f04a49bef526ad30822 [LEADER]: Queue going to LEADER mode. State: All replicated index: 0, Majority replicated index: 2, Committed index: 2, Last appended: 1.2, Last appended by leader: 0, Current term: 1, Majority size: 3, State: 0, Mode: LEADER, active raft config: opid_index: 3 OBSOLETE_local: false peers { permanent_uuid: "23304b32cc554f229263b52351b3f9c6" member_type: VOTER last_known_addr { host: "127.12.88.1" port: 40059 } attrs { replace: true } } peers { permanent_uuid: "6641b08d39e6481591355dce8207dc39" member_type: VOTER last_known_addr { host: "127.12.88.2" port: 43753 } } peers { permanent_uuid: "6c0669d149044f04a49bef526ad30822" member_type: VOTER last_known_addr { host: "127.12.88.3" port: 32901 } } peers { permanent_uuid: "c3aa7e0612bc4aaf8fc8b8d2c32791fd" member_type: VOTER last_known_addr { host: "127.12.88.4" port: 36825 } attrs { promote: false } }
I20260710 11:11:51.488642 13787 raft_consensus.cc:2955] T 63d358895e4e4d16a4e76e51da97ca5b P 23304b32cc554f229263b52351b3f9c6 [term 1 FOLLOWER]: Committing config change with OpId 1.3: config changed from index 2 to 3, c3aa7e0612bc4aaf8fc8b8d2c32791fd (127.12.88.4) changed from NON_VOTER to VOTER. New config: { opid_index: 3 OBSOLETE_local: false peers { permanent_uuid: "23304b32cc554f229263b52351b3f9c6" member_type: VOTER last_known_addr { host: "127.12.88.1" port: 40059 } } peers { permanent_uuid: "6641b08d39e6481591355dce8207dc39" member_type: VOTER last_known_addr { host: "127.12.88.2" port: 43753 } attrs { replace: true } } peers { permanent_uuid: "6c0669d149044f04a49bef526ad30822" member_type: VOTER last_known_addr { host: "127.12.88.3" port: 32901 } } peers { permanent_uuid: "c3aa7e0612bc4aaf8fc8b8d2c32791fd" member_type: VOTER last_known_addr { host: "127.12.88.4" port: 36825 } attrs { promote: false } } }
I20260710 11:11:51.489217 14264 raft_consensus.cc:2955] T 63d358895e4e4d16a4e76e51da97ca5b P 6c0669d149044f04a49bef526ad30822 [term 1 LEADER]: Committing config change with OpId 1.3: config changed from index 2 to 3, c3aa7e0612bc4aaf8fc8b8d2c32791fd (127.12.88.4) changed from NON_VOTER to VOTER. New config: { opid_index: 3 OBSOLETE_local: false peers { permanent_uuid: "23304b32cc554f229263b52351b3f9c6" member_type: VOTER last_known_addr { host: "127.12.88.1" port: 40059 } } peers { permanent_uuid: "6641b08d39e6481591355dce8207dc39" member_type: VOTER last_known_addr { host: "127.12.88.2" port: 43753 } attrs { replace: true } } peers { permanent_uuid: "6c0669d149044f04a49bef526ad30822" member_type: VOTER last_known_addr { host: "127.12.88.3" port: 32901 } } peers { permanent_uuid: "c3aa7e0612bc4aaf8fc8b8d2c32791fd" member_type: VOTER last_known_addr { host: "127.12.88.4" port: 36825 } attrs { promote: false } } }
I20260710 11:11:51.500380 14190 raft_consensus.cc:2955] T 63d358895e4e4d16a4e76e51da97ca5b P c3aa7e0612bc4aaf8fc8b8d2c32791fd [term 1 FOLLOWER]: Committing config change with OpId 1.3: config changed from index 2 to 3, c3aa7e0612bc4aaf8fc8b8d2c32791fd (127.12.88.4) changed from NON_VOTER to VOTER. New config: { opid_index: 3 OBSOLETE_local: false peers { permanent_uuid: "23304b32cc554f229263b52351b3f9c6" member_type: VOTER last_known_addr { host: "127.12.88.1" port: 40059 } } peers { permanent_uuid: "6641b08d39e6481591355dce8207dc39" member_type: VOTER last_known_addr { host: "127.12.88.2" port: 43753 } attrs { replace: true } } peers { permanent_uuid: "6c0669d149044f04a49bef526ad30822" member_type: VOTER last_known_addr { host: "127.12.88.3" port: 32901 } } peers { permanent_uuid: "c3aa7e0612bc4aaf8fc8b8d2c32791fd" member_type: VOTER last_known_addr { host: "127.12.88.4" port: 36825 } attrs { promote: false } } }
