I20260710 11:11:33.222695 13237 leader_election.cc:304] T 83894fb408584eaa9fc5d04d302aa107 P 491d5aec185945e49e167060ee638565 [CANDIDATE]: Term 1 pre-election: Election decided. Result: candidate lost. Election summary: received 3 responses out of 3 voters: 1 yes votes; 2 no votes. yes voters: 491d5aec185945e49e167060ee638565; no voters: 7d683b2b380942d4928879d400900354, c31eb00585294d45ab15d0abff3ff2af
I20260710 11:11:33.221171 13171 catalog_manager.cc:5697] T 83894fb408584eaa9fc5d04d302aa107 P 7d683b2b380942d4928879d400900354 reported cstate change: term changed from 0 to 1, leader changed from <none> to 7d683b2b380942d4928879d400900354 (127.12.88.2). New cstate: current_term: 1 leader_uuid: "7d683b2b380942d4928879d400900354" committed_config { opid_index: -1 OBSOLETE_local: false peers { permanent_uuid: "491d5aec185945e49e167060ee638565" member_type: VOTER last_known_addr { host: "127.12.88.1" port: 36921 } health_report { overall_health: UNKNOWN } } peers { permanent_uuid: "7d683b2b380942d4928879d400900354" member_type: VOTER last_known_addr { host: "127.12.88.2" port: 35213 } health_report { overall_health: HEALTHY } } peers { permanent_uuid: "c31eb00585294d45ab15d0abff3ff2af" member_type: VOTER last_known_addr { host: "127.12.88.3" port: 39477 } health_report { overall_health: UNKNOWN } } }
W20260710 11:11:33.223321 13388 leader_election.cc:343] T a18bed00361c4bab99f1e3938be714b8 P c31eb00585294d45ab15d0abff3ff2af [CANDIDATE]: Term 1 pre-election: Tablet error from VoteRequest() call to peer 491d5aec185945e49e167060ee638565 (127.12.88.1:36921): Illegal state: must be running to vote when last-logged opid is not known
I20260710 11:11:33.223016 13464 tablet_bootstrap.cc:654] T 123e1f250925453f9c4d6cb62554af31 P c31eb00585294d45ab15d0abff3ff2af: Neither blocks nor log segments found. Creating new log.
I20260710 11:11:33.226505 13505 raft_consensus.cc:2749] T 83894fb408584eaa9fc5d04d302aa107 P 491d5aec185945e49e167060ee638565 [term 1 FOLLOWER]: Leader pre-election lost for term 1. Reason: could not achieve majority
I20260710 11:11:33.227370 13470 leader_election.cc:290] T 123e1f250925453f9c4d6cb62554af31 P 491d5aec185945e49e167060ee638565 [CANDIDATE]: Term 1 election: Requested vote from peers 7d683b2b380942d4928879d400900354 (127.12.88.2:35213), c31eb00585294d45ab15d0abff3ff2af (127.12.88.3:39477)
I20260710 11:11:33.226116 13386 leader_election.cc:304] T a18bed00361c4bab99f1e3938be714b8 P c31eb00585294d45ab15d0abff3ff2af [CANDIDATE]: Term 1 pre-election: Election decided. Result: candidate lost. Election summary: received 3 responses out of 3 voters: 1 yes votes; 2 no votes. yes voters: c31eb00585294d45ab15d0abff3ff2af; no voters: 491d5aec185945e49e167060ee638565, 7d683b2b380942d4928879d400900354
I20260710 11:11:33.230093 13465 ts_tablet_manager.cc:1434] T 435e6f8481e549a384edd0ab428baef8 P 491d5aec185945e49e167060ee638565: Time spent starting tablet: real 0.059s	user 0.014s	sys 0.001s
I20260710 11:11:33.223354 13504 raft_consensus.cc:2804] T 45a0e057ddf247689c525c22a11559b6 P 491d5aec185945e49e167060ee638565 [term 0 FOLLOWER]: Leader pre-election won for term 1
I20260710 11:11:33.231210 13465 tablet_bootstrap.cc:492] T 76a1073dcd7949eaa2faf51dff18005c P 491d5aec185945e49e167060ee638565: Bootstrap starting.
I20260710 11:11:33.233193 13463 tablet_bootstrap.cc:492] T a18bed00361c4bab99f1e3938be714b8 P 7d683b2b380942d4928879d400900354: No bootstrap required, opened a new log
I20260710 11:11:33.233342 13422 tablet_service.cc:1917] Received RequestConsensusVote() RPC: tablet_id: "123e1f250925453f9c4d6cb62554af31" candidate_uuid: "491d5aec185945e49e167060ee638565" candidate_term: 1 candidate_status { last_received { term: 0 index: 0 } } ignore_live_leader: false dest_uuid: "c31eb00585294d45ab15d0abff3ff2af"
I20260710 11:11:33.235281 13463 ts_tablet_manager.cc:1403] T a18bed00361c4bab99f1e3938be714b8 P 7d683b2b380942d4928879d400900354: Time spent bootstrapping tablet: real 0.049s	user 0.015s	sys 0.000s
I20260710 11:11:33.235550 13347 tablet_service.cc:1917] Received RequestConsensusVote() RPC: tablet_id: "123e1f250925453f9c4d6cb62554af31" candidate_uuid: "491d5aec185945e49e167060ee638565" candidate_term: 1 candidate_status { last_received { term: 0 index: 0 } } ignore_live_leader: false dest_uuid: "7d683b2b380942d4928879d400900354"
I20260710 11:11:33.231245 13503 raft_consensus.cc:2749] T a18bed00361c4bab99f1e3938be714b8 P c31eb00585294d45ab15d0abff3ff2af [term 0 FOLLOWER]: Leader pre-election lost for term 1. Reason: could not achieve majority
I20260710 11:11:33.236208 13347 raft_consensus.cc:3060] T 123e1f250925453f9c4d6cb62554af31 P 7d683b2b380942d4928879d400900354 [term 0 FOLLOWER]: Advancing to term 1
I20260710 11:11:33.231606 13386 leader_election.cc:304] T 76a1073dcd7949eaa2faf51dff18005c P c31eb00585294d45ab15d0abff3ff2af [CANDIDATE]: Term 1 election: Election decided. Result: candidate won. Election summary: received 3 responses out of 3 voters: 2 yes votes; 1 no votes. yes voters: 7d683b2b380942d4928879d400900354, c31eb00585294d45ab15d0abff3ff2af; no voters: 491d5aec185945e49e167060ee638565
I20260710 11:11:33.237481 13503 raft_consensus.cc:2804] T 76a1073dcd7949eaa2faf51dff18005c P c31eb00585294d45ab15d0abff3ff2af [term 1 FOLLOWER]: Leader election won for term 1
I20260710 11:11:33.237979 13503 raft_consensus.cc:697] T 76a1073dcd7949eaa2faf51dff18005c P c31eb00585294d45ab15d0abff3ff2af [term 1 LEADER]: Becoming Leader. State: Replica: c31eb00585294d45ab15d0abff3ff2af, State: Running, Role: LEADER
I20260710 11:11:33.237926 13463 raft_consensus.cc:359] T a18bed00361c4bab99f1e3938be714b8 P 7d683b2b380942d4928879d400900354 [term 0 FOLLOWER]: Replica starting. Triggering 0 pending ops. Active config: opid_index: -1 OBSOLETE_local: false peers { permanent_uuid: "491d5aec185945e49e167060ee638565" member_type: VOTER last_known_addr { host: "127.12.88.1" port: 36921 } } peers { permanent_uuid: "c31eb00585294d45ab15d0abff3ff2af" member_type: VOTER last_known_addr { host: "127.12.88.3" port: 39477 } } peers { permanent_uuid: "7d683b2b380942d4928879d400900354" member_type: VOTER last_known_addr { host: "127.12.88.2" port: 35213 } }
I20260710 11:11:33.238670 13463 raft_consensus.cc:385] T a18bed00361c4bab99f1e3938be714b8 P 7d683b2b380942d4928879d400900354 [term 0 FOLLOWER]: Consensus starting up: Expiring failure detector timer to make a prompt election more likely
I20260710 11:11:33.238966 13463 raft_consensus.cc:740] T a18bed00361c4bab99f1e3938be714b8 P 7d683b2b380942d4928879d400900354 [term 0 FOLLOWER]: Becoming Follower/Learner. State: Replica: 7d683b2b380942d4928879d400900354, State: Initialized, Role: FOLLOWER
I20260710 11:11:33.239004 13503 consensus_queue.cc:237] T 76a1073dcd7949eaa2faf51dff18005c P c31eb00585294d45ab15d0abff3ff2af [LEADER]: Queue going to LEADER mode. State: All replicated index: 0, Majority replicated index: 0, Committed index: 0, Last appended: 0.0, Last appended by leader: 0, Current term: 1, Majority size: 2, State: 0, Mode: LEADER, active raft config: opid_index: -1 OBSOLETE_local: false peers { permanent_uuid: "491d5aec185945e49e167060ee638565" member_type: VOTER last_known_addr { host: "127.12.88.1" port: 36921 } } peers { permanent_uuid: "7d683b2b380942d4928879d400900354" member_type: VOTER last_known_addr { host: "127.12.88.2" port: 35213 } } peers { permanent_uuid: "c31eb00585294d45ab15d0abff3ff2af" member_type: VOTER last_known_addr { host: "127.12.88.3" port: 39477 } }
I20260710 11:11:33.239763 13463 consensus_queue.cc:260] T a18bed00361c4bab99f1e3938be714b8 P 7d683b2b380942d4928879d400900354 [NON_LEADER]: Queue going to NON_LEADER mode. State: All replicated index: 0, Majority replicated index: 0, Committed index: 0, Last appended: 0.0, Last appended by leader: 0, Current term: 0, Majority size: -1, State: 0, Mode: NON_LEADER, active raft config: opid_index: -1 OBSOLETE_local: false peers { permanent_uuid: "491d5aec185945e49e167060ee638565" member_type: VOTER last_known_addr { host: "127.12.88.1" port: 36921 } } peers { permanent_uuid: "c31eb00585294d45ab15d0abff3ff2af" member_type: VOTER last_known_addr { host: "127.12.88.3" port: 39477 } } peers { permanent_uuid: "7d683b2b380942d4928879d400900354" member_type: VOTER last_known_addr { host: "127.12.88.2" port: 35213 } }
I20260710 11:11:33.241765 13463 ts_tablet_manager.cc:1434] T a18bed00361c4bab99f1e3938be714b8 P 7d683b2b380942d4928879d400900354: Time spent starting tablet: real 0.006s	user 0.004s	sys 0.000s
I20260710 11:11:33.232190 13423 raft_consensus.cc:2468] T f43511459e634dc397fc7990d431f581 P c31eb00585294d45ab15d0abff3ff2af [term 1 FOLLOWER]: Leader election vote request: Granting yes vote for candidate 7d683b2b380942d4928879d400900354 in term 1.
W20260710 11:11:33.243678 13240 leader_election.cc:343] T 123e1f250925453f9c4d6cb62554af31 P 491d5aec185945e49e167060ee638565 [CANDIDATE]: Term 1 election: Tablet error from VoteRequest() call to peer c31eb00585294d45ab15d0abff3ff2af (127.12.88.3:39477): Illegal state: must be running to vote when last-logged opid is not known
I20260710 11:11:33.243860 13315 leader_election.cc:304] T f43511459e634dc397fc7990d431f581 P 7d683b2b380942d4928879d400900354 [CANDIDATE]: Term 1 election: Election decided. Result: candidate won. Election summary: received 3 responses out of 3 voters: 2 yes votes; 1 no votes. yes voters: 7d683b2b380942d4928879d400900354, c31eb00585294d45ab15d0abff3ff2af; no voters: 491d5aec185945e49e167060ee638565
I20260710 11:11:33.244308 13463 tablet_bootstrap.cc:492] T 2f3c04f5256447ad9c4d67eb7e3323cc P 7d683b2b380942d4928879d400900354: Bootstrap starting.
I20260710 11:11:33.233561 13504 raft_consensus.cc:493] T 45a0e057ddf247689c525c22a11559b6 P 491d5aec185945e49e167060ee638565 [term 0 FOLLOWER]: Starting leader election (no leader contacted us within the election timeout)
I20260710 11:11:33.245007 13479 raft_consensus.cc:2804] T f43511459e634dc397fc7990d431f581 P 7d683b2b380942d4928879d400900354 [term 1 FOLLOWER]: Leader election won for term 1
I20260710 11:11:33.245114 13504 raft_consensus.cc:3060] T 45a0e057ddf247689c525c22a11559b6 P 491d5aec185945e49e167060ee638565 [term 0 FOLLOWER]: Advancing to term 1
I20260710 11:11:33.245581 13479 raft_consensus.cc:697] T f43511459e634dc397fc7990d431f581 P 7d683b2b380942d4928879d400900354 [term 1 LEADER]: Becoming Leader. State: Replica: 7d683b2b380942d4928879d400900354, State: Running, Role: LEADER
I20260710 11:11:33.246261 13465 tablet_bootstrap.cc:654] T 76a1073dcd7949eaa2faf51dff18005c P 491d5aec185945e49e167060ee638565: Neither blocks nor log segments found. Creating new log.
I20260710 11:11:33.246500 13479 consensus_queue.cc:237] T f43511459e634dc397fc7990d431f581 P 7d683b2b380942d4928879d400900354 [LEADER]: Queue going to LEADER mode. State: All replicated index: 0, Majority replicated index: 0, Committed index: 0, Last appended: 0.0, Last appended by leader: 0, Current term: 1, Majority size: 2, State: 0, Mode: LEADER, active raft config: opid_index: -1 OBSOLETE_local: false peers { permanent_uuid: "491d5aec185945e49e167060ee638565" member_type: VOTER last_known_addr { host: "127.12.88.1" port: 36921 } } peers { permanent_uuid: "7d683b2b380942d4928879d400900354" member_type: VOTER last_known_addr { host: "127.12.88.2" port: 35213 } } peers { permanent_uuid: "c31eb00585294d45ab15d0abff3ff2af" member_type: VOTER last_known_addr { host: "127.12.88.3" port: 39477 } }
I20260710 11:11:33.254073 13464 tablet_bootstrap.cc:492] T 123e1f250925453f9c4d6cb62554af31 P c31eb00585294d45ab15d0abff3ff2af: No bootstrap required, opened a new log
I20260710 11:11:33.254568 13464 ts_tablet_manager.cc:1403] T 123e1f250925453f9c4d6cb62554af31 P c31eb00585294d45ab15d0abff3ff2af: Time spent bootstrapping tablet: real 0.038s	user 0.011s	sys 0.000s
I20260710 11:11:33.258098 13465 tablet_bootstrap.cc:492] T 76a1073dcd7949eaa2faf51dff18005c P 491d5aec185945e49e167060ee638565: No bootstrap required, opened a new log
I20260710 11:11:33.258672 13465 ts_tablet_manager.cc:1403] T 76a1073dcd7949eaa2faf51dff18005c P 491d5aec185945e49e167060ee638565: Time spent bootstrapping tablet: real 0.028s	user 0.011s	sys 0.000s
I20260710 11:11:33.262156 13465 raft_consensus.cc:359] T 76a1073dcd7949eaa2faf51dff18005c P 491d5aec185945e49e167060ee638565 [term 0 FOLLOWER]: Replica starting. Triggering 0 pending ops. Active config: opid_index: -1 OBSOLETE_local: false peers { permanent_uuid: "491d5aec185945e49e167060ee638565" member_type: VOTER last_known_addr { host: "127.12.88.1" port: 36921 } } peers { permanent_uuid: "7d683b2b380942d4928879d400900354" member_type: VOTER last_known_addr { host: "127.12.88.2" port: 35213 } } peers { permanent_uuid: "c31eb00585294d45ab15d0abff3ff2af" member_type: VOTER last_known_addr { host: "127.12.88.3" port: 39477 } }
I20260710 11:11:33.263074 13465 raft_consensus.cc:385] T 76a1073dcd7949eaa2faf51dff18005c P 491d5aec185945e49e167060ee638565 [term 0 FOLLOWER]: Consensus starting up: Expiring failure detector timer to make a prompt election more likely
I20260710 11:11:33.263377 13465 raft_consensus.cc:740] T 76a1073dcd7949eaa2faf51dff18005c P 491d5aec185945e49e167060ee638565 [term 0 FOLLOWER]: Becoming Follower/Learner. State: Replica: 491d5aec185945e49e167060ee638565, State: Initialized, Role: FOLLOWER
I20260710 11:11:33.263651 13508 raft_consensus.cc:493] T 2f3c04f5256447ad9c4d67eb7e3323cc P 491d5aec185945e49e167060ee638565 [term 0 FOLLOWER]: Starting pre-election (no leader contacted us within the election timeout)
I20260710 11:11:33.264178 13508 raft_consensus.cc:515] T 2f3c04f5256447ad9c4d67eb7e3323cc P 491d5aec185945e49e167060ee638565 [term 0 FOLLOWER]: Starting pre-election with config: opid_index: -1 OBSOLETE_local: false peers { permanent_uuid: "491d5aec185945e49e167060ee638565" member_type: VOTER last_known_addr { host: "127.12.88.1" port: 36921 } } peers { permanent_uuid: "7d683b2b380942d4928879d400900354" member_type: VOTER last_known_addr { host: "127.12.88.2" port: 35213 } } peers { permanent_uuid: "c31eb00585294d45ab15d0abff3ff2af" member_type: VOTER last_known_addr { host: "127.12.88.3" port: 39477 } }
I20260710 11:11:33.264376 13465 consensus_queue.cc:260] T 76a1073dcd7949eaa2faf51dff18005c P 491d5aec185945e49e167060ee638565 [NON_LEADER]: Queue going to NON_LEADER mode. State: All replicated index: 0, Majority replicated index: 0, Committed index: 0, Last appended: 0.0, Last appended by leader: 0, Current term: 0, Majority size: -1, State: 0, Mode: NON_LEADER, active raft config: opid_index: -1 OBSOLETE_local: false peers { permanent_uuid: "491d5aec185945e49e167060ee638565" member_type: VOTER last_known_addr { host: "127.12.88.1" port: 36921 } } peers { permanent_uuid: "7d683b2b380942d4928879d400900354" member_type: VOTER last_known_addr { host: "127.12.88.2" port: 35213 } } peers { permanent_uuid: "c31eb00585294d45ab15d0abff3ff2af" member_type: VOTER last_known_addr { host: "127.12.88.3" port: 39477 } }
I20260710 11:11:33.264859 13464 raft_consensus.cc:359] T 123e1f250925453f9c4d6cb62554af31 P c31eb00585294d45ab15d0abff3ff2af [term 0 FOLLOWER]: Replica starting. Triggering 0 pending ops. Active config: opid_index: -1 OBSOLETE_local: false peers { permanent_uuid: "491d5aec185945e49e167060ee638565" member_type: VOTER last_known_addr { host: "127.12.88.1" port: 36921 } } peers { permanent_uuid: "7d683b2b380942d4928879d400900354" member_type: VOTER last_known_addr { host: "127.12.88.2" port: 35213 } } peers { permanent_uuid: "c31eb00585294d45ab15d0abff3ff2af" member_type: VOTER last_known_addr { host: "127.12.88.3" port: 39477 } }
I20260710 11:11:33.265568 13464 raft_consensus.cc:385] T 123e1f250925453f9c4d6cb62554af31 P c31eb00585294d45ab15d0abff3ff2af [term 0 FOLLOWER]: Consensus starting up: Expiring failure detector timer to make a prompt election more likely
I20260710 11:11:33.265851 13464 raft_consensus.cc:740] T 123e1f250925453f9c4d6cb62554af31 P c31eb00585294d45ab15d0abff3ff2af [term 0 FOLLOWER]: Becoming Follower/Learner. State: Replica: c31eb00585294d45ab15d0abff3ff2af, State: Initialized, Role: FOLLOWER
I20260710 11:11:33.267359 13465 ts_tablet_manager.cc:1434] T 76a1073dcd7949eaa2faf51dff18005c P 491d5aec185945e49e167060ee638565: Time spent starting tablet: real 0.008s	user 0.007s	sys 0.000s
I20260710 11:11:33.268527 13465 tablet_bootstrap.cc:492] T a18bed00361c4bab99f1e3938be714b8 P 491d5aec185945e49e167060ee638565: Bootstrap starting.
I20260710 11:11:33.270043 13463 tablet_bootstrap.cc:654] T 2f3c04f5256447ad9c4d67eb7e3323cc P 7d683b2b380942d4928879d400900354: Neither blocks nor log segments found. Creating new log.
I20260710 11:11:33.271207 13423 tablet_service.cc:1917] Received RequestConsensusVote() RPC: tablet_id: "2f3c04f5256447ad9c4d67eb7e3323cc" candidate_uuid: "491d5aec185945e49e167060ee638565" candidate_term: 1 candidate_status { last_received { term: 0 index: 0 } } ignore_live_leader: false dest_uuid: "c31eb00585294d45ab15d0abff3ff2af" is_pre_election: true
I20260710 11:11:33.272107 13423 raft_consensus.cc:2468] T 2f3c04f5256447ad9c4d67eb7e3323cc P c31eb00585294d45ab15d0abff3ff2af [term 0 FOLLOWER]: Leader pre-election vote request: Granting yes vote for candidate 491d5aec185945e49e167060ee638565 in term 0.
I20260710 11:11:33.273532 13240 leader_election.cc:304] T 2f3c04f5256447ad9c4d67eb7e3323cc P 491d5aec185945e49e167060ee638565 [CANDIDATE]: Term 1 pre-election: Election decided. Result: candidate won. Election summary: received 2 responses out of 3 voters: 2 yes votes; 0 no votes. yes voters: 491d5aec185945e49e167060ee638565, c31eb00585294d45ab15d0abff3ff2af; no voters: 
I20260710 11:11:33.274609 13470 raft_consensus.cc:2804] T 2f3c04f5256447ad9c4d67eb7e3323cc P 491d5aec185945e49e167060ee638565 [term 0 FOLLOWER]: Leader pre-election won for term 1
I20260710 11:11:33.275027 13470 raft_consensus.cc:493] T 2f3c04f5256447ad9c4d67eb7e3323cc P 491d5aec185945e49e167060ee638565 [term 0 FOLLOWER]: Starting leader election (no leader contacted us within the election timeout)
I20260710 11:11:33.275154 13465 tablet_bootstrap.cc:654] T a18bed00361c4bab99f1e3938be714b8 P 491d5aec185945e49e167060ee638565: Neither blocks nor log segments found. Creating new log.
I20260710 11:11:33.275406 13470 raft_consensus.cc:3060] T 2f3c04f5256447ad9c4d67eb7e3323cc P 491d5aec185945e49e167060ee638565 [term 0 FOLLOWER]: Advancing to term 1
I20260710 11:11:33.266595 13464 consensus_queue.cc:260] T 123e1f250925453f9c4d6cb62554af31 P c31eb00585294d45ab15d0abff3ff2af [NON_LEADER]: Queue going to NON_LEADER mode. State: All replicated index: 0, Majority replicated index: 0, Committed index: 0, Last appended: 0.0, Last appended by leader: 0, Current term: 0, Majority size: -1, State: 0, Mode: NON_LEADER, active raft config: opid_index: -1 OBSOLETE_local: false peers { permanent_uuid: "491d5aec185945e49e167060ee638565" member_type: VOTER last_known_addr { host: "127.12.88.1" port: 36921 } } peers { permanent_uuid: "7d683b2b380942d4928879d400900354" member_type: VOTER last_known_addr { host: "127.12.88.2" port: 35213 } } peers { permanent_uuid: "c31eb00585294d45ab15d0abff3ff2af" member_type: VOTER last_known_addr { host: "127.12.88.3" port: 39477 } }
I20260710 11:11:33.276540 13347 raft_consensus.cc:2468] T 123e1f250925453f9c4d6cb62554af31 P 7d683b2b380942d4928879d400900354 [term 1 FOLLOWER]: Leader election vote request: Granting yes vote for candidate 491d5aec185945e49e167060ee638565 in term 1.
I20260710 11:11:33.278353 13464 ts_tablet_manager.cc:1434] T 123e1f250925453f9c4d6cb62554af31 P c31eb00585294d45ab15d0abff3ff2af: Time spent starting tablet: real 0.023s	user 0.007s	sys 0.000s
I20260710 11:11:33.279378 13464 tablet_bootstrap.cc:492] T 45a0e057ddf247689c525c22a11559b6 P c31eb00585294d45ab15d0abff3ff2af: Bootstrap starting.
I20260710 11:11:33.284873 13463 tablet_bootstrap.cc:492] T 2f3c04f5256447ad9c4d67eb7e3323cc P 7d683b2b380942d4928879d400900354: No bootstrap required, opened a new log
I20260710 11:11:33.285398 13463 ts_tablet_manager.cc:1403] T 2f3c04f5256447ad9c4d67eb7e3323cc P 7d683b2b380942d4928879d400900354: Time spent bootstrapping tablet: real 0.041s	user 0.006s	sys 0.004s
I20260710 11:11:33.285202 13470 raft_consensus.cc:515] T 2f3c04f5256447ad9c4d67eb7e3323cc P 491d5aec185945e49e167060ee638565 [term 1 FOLLOWER]: Starting leader election with config: opid_index: -1 OBSOLETE_local: false peers { permanent_uuid: "491d5aec185945e49e167060ee638565" member_type: VOTER last_known_addr { host: "127.12.88.1" port: 36921 } } peers { permanent_uuid: "7d683b2b380942d4928879d400900354" member_type: VOTER last_known_addr { host: "127.12.88.2" port: 35213 } } peers { permanent_uuid: "c31eb00585294d45ab15d0abff3ff2af" member_type: VOTER last_known_addr { host: "127.12.88.3" port: 39477 } }
I20260710 11:11:33.288388 13347 tablet_service.cc:1917] Received RequestConsensusVote() RPC: tablet_id: "2f3c04f5256447ad9c4d67eb7e3323cc" candidate_uuid: "491d5aec185945e49e167060ee638565" candidate_term: 1 candidate_status { last_received { term: 0 index: 0 } } ignore_live_leader: false dest_uuid: "7d683b2b380942d4928879d400900354" is_pre_election: true
I20260710 11:11:33.289827 13237 leader_election.cc:304] T 123e1f250925453f9c4d6cb62554af31 P 491d5aec185945e49e167060ee638565 [CANDIDATE]: Term 1 election: Election decided. Result: candidate won. Election summary: received 3 responses out of 3 voters: 2 yes votes; 1 no votes. yes voters: 491d5aec185945e49e167060ee638565, 7d683b2b380942d4928879d400900354; no voters: c31eb00585294d45ab15d0abff3ff2af
I20260710 11:11:33.292057 13463 raft_consensus.cc:359] T 2f3c04f5256447ad9c4d67eb7e3323cc P 7d683b2b380942d4928879d400900354 [term 0 FOLLOWER]: Replica starting. Triggering 0 pending ops. Active config: opid_index: -1 OBSOLETE_local: false peers { permanent_uuid: "491d5aec185945e49e167060ee638565" member_type: VOTER last_known_addr { host: "127.12.88.1" port: 36921 } } peers { permanent_uuid: "7d683b2b380942d4928879d400900354" member_type: VOTER last_known_addr { host: "127.12.88.2" port: 35213 } } peers { permanent_uuid: "c31eb00585294d45ab15d0abff3ff2af" member_type: VOTER last_known_addr { host: "127.12.88.3" port: 39477 } }
I20260710 11:11:33.292595 13505 raft_consensus.cc:2804] T 123e1f250925453f9c4d6cb62554af31 P 491d5aec185945e49e167060ee638565 [term 1 FOLLOWER]: Leader election won for term 1
I20260710 11:11:33.292721 13463 raft_consensus.cc:385] T 2f3c04f5256447ad9c4d67eb7e3323cc P 7d683b2b380942d4928879d400900354 [term 0 FOLLOWER]: Consensus starting up: Expiring failure detector timer to make a prompt election more likely
I20260710 11:11:33.293182 13463 raft_consensus.cc:740] T 2f3c04f5256447ad9c4d67eb7e3323cc P 7d683b2b380942d4928879d400900354 [term 0 FOLLOWER]: Becoming Follower/Learner. State: Replica: 7d683b2b380942d4928879d400900354, State: Initialized, Role: FOLLOWER
I20260710 11:11:33.294400 13479 raft_consensus.cc:493] T a18bed00361c4bab99f1e3938be714b8 P 7d683b2b380942d4928879d400900354 [term 0 FOLLOWER]: Starting pre-election (no leader contacted us within the election timeout)
I20260710 11:11:33.295008 13479 raft_consensus.cc:515] T a18bed00361c4bab99f1e3938be714b8 P 7d683b2b380942d4928879d400900354 [term 0 FOLLOWER]: Starting pre-election with config: opid_index: -1 OBSOLETE_local: false peers { permanent_uuid: "491d5aec185945e49e167060ee638565" member_type: VOTER last_known_addr { host: "127.12.88.1" port: 36921 } } peers { permanent_uuid: "c31eb00585294d45ab15d0abff3ff2af" member_type: VOTER last_known_addr { host: "127.12.88.3" port: 39477 } } peers { permanent_uuid: "7d683b2b380942d4928879d400900354" member_type: VOTER last_known_addr { host: "127.12.88.2" port: 35213 } }
I20260710 11:11:33.298098 13479 leader_election.cc:290] T a18bed00361c4bab99f1e3938be714b8 P 7d683b2b380942d4928879d400900354 [CANDIDATE]: Term 1 pre-election: Requested pre-vote from peers 491d5aec185945e49e167060ee638565 (127.12.88.1:36921), c31eb00585294d45ab15d0abff3ff2af (127.12.88.3:39477)
I20260710 11:11:33.298436 13464 tablet_bootstrap.cc:654] T 45a0e057ddf247689c525c22a11559b6 P c31eb00585294d45ab15d0abff3ff2af: Neither blocks nor log segments found. Creating new log.
I20260710 11:11:33.298803 13274 tablet_service.cc:1917] Received RequestConsensusVote() RPC: tablet_id: "a18bed00361c4bab99f1e3938be714b8" candidate_uuid: "7d683b2b380942d4928879d400900354" candidate_term: 1 candidate_status { last_received { term: 0 index: 0 } } ignore_live_leader: false dest_uuid: "491d5aec185945e49e167060ee638565" is_pre_election: true
I20260710 11:11:33.303247 13508 leader_election.cc:290] T 2f3c04f5256447ad9c4d67eb7e3323cc P 491d5aec185945e49e167060ee638565 [CANDIDATE]: Term 1 pre-election: Requested pre-vote from peers 7d683b2b380942d4928879d400900354 (127.12.88.2:35213), c31eb00585294d45ab15d0abff3ff2af (127.12.88.3:39477)
W20260710 11:11:33.303355 13314 leader_election.cc:343] T a18bed00361c4bab99f1e3938be714b8 P 7d683b2b380942d4928879d400900354 [CANDIDATE]: Term 1 pre-election: Tablet error from VoteRequest() call to peer 491d5aec185945e49e167060ee638565 (127.12.88.1:36921): Illegal state: must be running to vote when last-logged opid is not known
I20260710 11:11:33.299230 13423 tablet_service.cc:1917] Received RequestConsensusVote() RPC: tablet_id: "a18bed00361c4bab99f1e3938be714b8" candidate_uuid: "7d683b2b380942d4928879d400900354" candidate_term: 1 candidate_status { last_received { term: 0 index: 0 } } ignore_live_leader: false dest_uuid: "c31eb00585294d45ab15d0abff3ff2af" is_pre_election: true
I20260710 11:11:33.304265 13423 raft_consensus.cc:2468] T a18bed00361c4bab99f1e3938be714b8 P c31eb00585294d45ab15d0abff3ff2af [term 0 FOLLOWER]: Leader pre-election vote request: Granting yes vote for candidate 7d683b2b380942d4928879d400900354 in term 0.
I20260710 11:11:33.305467 13315 leader_election.cc:304] T a18bed00361c4bab99f1e3938be714b8 P 7d683b2b380942d4928879d400900354 [CANDIDATE]: Term 1 pre-election: Election decided. Result: candidate won. Election summary: received 3 responses out of 3 voters: 2 yes votes; 1 no votes. yes voters: 7d683b2b380942d4928879d400900354, c31eb00585294d45ab15d0abff3ff2af; no voters: 491d5aec185945e49e167060ee638565
I20260710 11:11:33.306722 13479 raft_consensus.cc:2804] T a18bed00361c4bab99f1e3938be714b8 P 7d683b2b380942d4928879d400900354 [term 0 FOLLOWER]: Leader pre-election won for term 1
I20260710 11:11:33.307271 13479 raft_consensus.cc:493] T a18bed00361c4bab99f1e3938be714b8 P 7d683b2b380942d4928879d400900354 [term 0 FOLLOWER]: Starting leader election (no leader contacted us within the election timeout)
I20260710 11:11:33.307710 13479 raft_consensus.cc:3060] T a18bed00361c4bab99f1e3938be714b8 P 7d683b2b380942d4928879d400900354 [term 0 FOLLOWER]: Advancing to term 1
I20260710 11:11:33.315692 13479 raft_consensus.cc:515] T a18bed00361c4bab99f1e3938be714b8 P 7d683b2b380942d4928879d400900354 [term 1 FOLLOWER]: Starting leader election with config: opid_index: -1 OBSOLETE_local: false peers { permanent_uuid: "491d5aec185945e49e167060ee638565" member_type: VOTER last_known_addr { host: "127.12.88.1" port: 36921 } } peers { permanent_uuid: "c31eb00585294d45ab15d0abff3ff2af" member_type: VOTER last_known_addr { host: "127.12.88.3" port: 39477 } } peers { permanent_uuid: "7d683b2b380942d4928879d400900354" member_type: VOTER last_known_addr { host: "127.12.88.2" port: 35213 } }
I20260710 11:11:33.318446 13274 tablet_service.cc:1917] Received RequestConsensusVote() RPC: tablet_id: "a18bed00361c4bab99f1e3938be714b8" candidate_uuid: "7d683b2b380942d4928879d400900354" candidate_term: 1 candidate_status { last_received { term: 0 index: 0 } } ignore_live_leader: false dest_uuid: "491d5aec185945e49e167060ee638565"
I20260710 11:11:33.315653 13172 catalog_manager.cc:5697] T eaf6e34cd4ff4a98ab06254d332be4ea P c31eb00585294d45ab15d0abff3ff2af reported cstate change: term changed from 0 to 1, leader changed from <none> to c31eb00585294d45ab15d0abff3ff2af (127.12.88.3). New cstate: current_term: 1 leader_uuid: "c31eb00585294d45ab15d0abff3ff2af" committed_config { opid_index: -1 OBSOLETE_local: false peers { permanent_uuid: "491d5aec185945e49e167060ee638565" member_type: VOTER last_known_addr { host: "127.12.88.1" port: 36921 } health_report { overall_health: UNKNOWN } } peers { permanent_uuid: "7d683b2b380942d4928879d400900354" member_type: VOTER last_known_addr { host: "127.12.88.2" port: 35213 } health_report { overall_health: UNKNOWN } } peers { permanent_uuid: "c31eb00585294d45ab15d0abff3ff2af" member_type: VOTER last_known_addr { host: "127.12.88.3" port: 39477 } health_report { overall_health: HEALTHY } } }
I20260710 11:11:33.299751 13463 consensus_queue.cc:260] T 2f3c04f5256447ad9c4d67eb7e3323cc P 7d683b2b380942d4928879d400900354 [NON_LEADER]: Queue going to NON_LEADER mode. State: All replicated index: 0, Majority replicated index: 0, Committed index: 0, Last appended: 0.0, Last appended by leader: 0, Current term: 0, Majority size: -1, State: 0, Mode: NON_LEADER, active raft config: opid_index: -1 OBSOLETE_local: false peers { permanent_uuid: "491d5aec185945e49e167060ee638565" member_type: VOTER last_known_addr { host: "127.12.88.1" port: 36921 } } peers { permanent_uuid: "7d683b2b380942d4928879d400900354" member_type: VOTER last_known_addr { host: "127.12.88.2" port: 35213 } } peers { permanent_uuid: "c31eb00585294d45ab15d0abff3ff2af" member_type: VOTER last_known_addr { host: "127.12.88.3" port: 39477 } }
W20260710 11:11:33.319783 13314 leader_election.cc:343] T a18bed00361c4bab99f1e3938be714b8 P 7d683b2b380942d4928879d400900354 [CANDIDATE]: Term 1 election: Tablet error from VoteRequest() call to peer 491d5aec185945e49e167060ee638565 (127.12.88.1:36921): Illegal state: must be running to vote when last-logged opid is not known
I20260710 11:11:33.321048 13347 raft_consensus.cc:2468] T 2f3c04f5256447ad9c4d67eb7e3323cc P 7d683b2b380942d4928879d400900354 [term 0 FOLLOWER]: Leader pre-election vote request: Granting yes vote for candidate 491d5aec185945e49e167060ee638565 in term 0.
I20260710 11:11:33.322197 13463 ts_tablet_manager.cc:1434] T 2f3c04f5256447ad9c4d67eb7e3323cc P 7d683b2b380942d4928879d400900354: Time spent starting tablet: real 0.036s	user 0.008s	sys 0.000s
I20260710 11:11:33.323827 13464 tablet_bootstrap.cc:492] T 45a0e057ddf247689c525c22a11559b6 P c31eb00585294d45ab15d0abff3ff2af: No bootstrap required, opened a new log
I20260710 11:11:33.324306 13464 ts_tablet_manager.cc:1403] T 45a0e057ddf247689c525c22a11559b6 P c31eb00585294d45ab15d0abff3ff2af: Time spent bootstrapping tablet: real 0.045s	user 0.009s	sys 0.004s
I20260710 11:11:33.324589 13423 tablet_service.cc:1917] Received RequestConsensusVote() RPC: tablet_id: "a18bed00361c4bab99f1e3938be714b8" candidate_uuid: "7d683b2b380942d4928879d400900354" candidate_term: 1 candidate_status { last_received { term: 0 index: 0 } } ignore_live_leader: false dest_uuid: "c31eb00585294d45ab15d0abff3ff2af"
I20260710 11:11:33.325219 13423 raft_consensus.cc:3060] T a18bed00361c4bab99f1e3938be714b8 P c31eb00585294d45ab15d0abff3ff2af [term 0 FOLLOWER]: Advancing to term 1
I20260710 11:11:33.326906 13464 raft_consensus.cc:359] T 45a0e057ddf247689c525c22a11559b6 P c31eb00585294d45ab15d0abff3ff2af [term 0 FOLLOWER]: Replica starting. Triggering 0 pending ops. Active config: opid_index: -1 OBSOLETE_local: false peers { permanent_uuid: "491d5aec185945e49e167060ee638565" member_type: VOTER last_known_addr { host: "127.12.88.1" port: 36921 } } peers { permanent_uuid: "7d683b2b380942d4928879d400900354" member_type: VOTER last_known_addr { host: "127.12.88.2" port: 35213 } } peers { permanent_uuid: "c31eb00585294d45ab15d0abff3ff2af" member_type: VOTER last_known_addr { host: "127.12.88.3" port: 39477 } }
I20260710 11:11:33.329133 13464 raft_consensus.cc:385] T 45a0e057ddf247689c525c22a11559b6 P c31eb00585294d45ab15d0abff3ff2af [term 0 FOLLOWER]: Consensus starting up: Expiring failure detector timer to make a prompt election more likely
I20260710 11:11:33.329458 13464 raft_consensus.cc:740] T 45a0e057ddf247689c525c22a11559b6 P c31eb00585294d45ab15d0abff3ff2af [term 0 FOLLOWER]: Becoming Follower/Learner. State: Replica: c31eb00585294d45ab15d0abff3ff2af, State: Initialized, Role: FOLLOWER
I20260710 11:11:33.330341 13464 consensus_queue.cc:260] T 45a0e057ddf247689c525c22a11559b6 P c31eb00585294d45ab15d0abff3ff2af [NON_LEADER]: Queue going to NON_LEADER mode. State: All replicated index: 0, Majority replicated index: 0, Committed index: 0, Last appended: 0.0, Last appended by leader: 0, Current term: 0, Majority size: -1, State: 0, Mode: NON_LEADER, active raft config: opid_index: -1 OBSOLETE_local: false peers { permanent_uuid: "491d5aec185945e49e167060ee638565" member_type: VOTER last_known_addr { host: "127.12.88.1" port: 36921 } } peers { permanent_uuid: "7d683b2b380942d4928879d400900354" member_type: VOTER last_known_addr { host: "127.12.88.2" port: 35213 } } peers { permanent_uuid: "c31eb00585294d45ab15d0abff3ff2af" member_type: VOTER last_known_addr { host: "127.12.88.3" port: 39477 } }
I20260710 11:11:33.331073 13479 leader_election.cc:290] T a18bed00361c4bab99f1e3938be714b8 P 7d683b2b380942d4928879d400900354 [CANDIDATE]: Term 1 election: Requested vote from peers 491d5aec185945e49e167060ee638565 (127.12.88.1:36921), c31eb00585294d45ab15d0abff3ff2af (127.12.88.3:39477)
I20260710 11:11:33.332966 13423 raft_consensus.cc:2468] T a18bed00361c4bab99f1e3938be714b8 P c31eb00585294d45ab15d0abff3ff2af [term 1 FOLLOWER]: Leader election vote request: Granting yes vote for candidate 7d683b2b380942d4928879d400900354 in term 1.
I20260710 11:11:33.333707 13464 ts_tablet_manager.cc:1434] T 45a0e057ddf247689c525c22a11559b6 P c31eb00585294d45ab15d0abff3ff2af: Time spent starting tablet: real 0.009s	user 0.005s	sys 0.000s
I20260710 11:11:33.334339 13315 leader_election.cc:304] T a18bed00361c4bab99f1e3938be714b8 P 7d683b2b380942d4928879d400900354 [CANDIDATE]: Term 1 election: Election decided. Result: candidate won. Election summary: received 3 responses out of 3 voters: 2 yes votes; 1 no votes. yes voters: 7d683b2b380942d4928879d400900354, c31eb00585294d45ab15d0abff3ff2af; no voters: 491d5aec185945e49e167060ee638565
I20260710 11:11:33.334627 13464 tablet_bootstrap.cc:492] T a7c0f61226454c209543c1fb69537543 P c31eb00585294d45ab15d0abff3ff2af: Bootstrap starting.
I20260710 11:11:33.335469 13479 raft_consensus.cc:2804] T a18bed00361c4bab99f1e3938be714b8 P 7d683b2b380942d4928879d400900354 [term 1 FOLLOWER]: Leader election won for term 1
I20260710 11:11:33.336122 13479 raft_consensus.cc:697] T a18bed00361c4bab99f1e3938be714b8 P 7d683b2b380942d4928879d400900354 [term 1 LEADER]: Becoming Leader. State: Replica: 7d683b2b380942d4928879d400900354, State: Running, Role: LEADER
I20260710 11:11:33.336284 13508 raft_consensus.cc:493] T 435e6f8481e549a384edd0ab428baef8 P 491d5aec185945e49e167060ee638565 [term 0 FOLLOWER]: Starting pre-election (no leader contacted us within the election timeout)
I20260710 11:11:33.336834 13508 raft_consensus.cc:515] T 435e6f8481e549a384edd0ab428baef8 P 491d5aec185945e49e167060ee638565 [term 0 FOLLOWER]: Starting pre-election with config: opid_index: -1 OBSOLETE_local: false peers { permanent_uuid: "491d5aec185945e49e167060ee638565" member_type: VOTER last_known_addr { host: "127.12.88.1" port: 36921 } } peers { permanent_uuid: "7d683b2b380942d4928879d400900354" member_type: VOTER last_known_addr { host: "127.12.88.2" port: 35213 } } peers { permanent_uuid: "c31eb00585294d45ab15d0abff3ff2af" member_type: VOTER last_known_addr { host: "127.12.88.3" port: 39477 } }
I20260710 11:11:33.336987 13479 consensus_queue.cc:237] T a18bed00361c4bab99f1e3938be714b8 P 7d683b2b380942d4928879d400900354 [LEADER]: Queue going to LEADER mode. State: All replicated index: 0, Majority replicated index: 0, Committed index: 0, Last appended: 0.0, Last appended by leader: 0, Current term: 1, Majority size: 2, State: 0, Mode: LEADER, active raft config: opid_index: -1 OBSOLETE_local: false peers { permanent_uuid: "491d5aec185945e49e167060ee638565" member_type: VOTER last_known_addr { host: "127.12.88.1" port: 36921 } } peers { permanent_uuid: "c31eb00585294d45ab15d0abff3ff2af" member_type: VOTER last_known_addr { host: "127.12.88.3" port: 39477 } } peers { permanent_uuid: "7d683b2b380942d4928879d400900354" member_type: VOTER last_known_addr { host: "127.12.88.2" port: 35213 } }
I20260710 11:11:33.345729 13347 tablet_service.cc:1917] Received RequestConsensusVote() RPC: tablet_id: "435e6f8481e549a384edd0ab428baef8" candidate_uuid: "491d5aec185945e49e167060ee638565" candidate_term: 1 candidate_status { last_received { term: 0 index: 0 } } ignore_live_leader: false dest_uuid: "7d683b2b380942d4928879d400900354" is_pre_election: true
I20260710 11:11:33.338529 13505 raft_consensus.cc:697] T 123e1f250925453f9c4d6cb62554af31 P 491d5aec185945e49e167060ee638565 [term 1 LEADER]: Becoming Leader. State: Replica: 491d5aec185945e49e167060ee638565, State: Running, Role: LEADER
I20260710 11:11:33.340301 13464 tablet_bootstrap.cc:654] T a7c0f61226454c209543c1fb69537543 P c31eb00585294d45ab15d0abff3ff2af: Neither blocks nor log segments found. Creating new log.
I20260710 11:11:33.351727 13505 consensus_queue.cc:237] T 123e1f250925453f9c4d6cb62554af31 P 491d5aec185945e49e167060ee638565 [LEADER]: Queue going to LEADER mode. State: All replicated index: 0, Majority replicated index: 0, Committed index: 0, Last appended: 0.0, Last appended by leader: 0, Current term: 1, Majority size: 2, State: 0, Mode: LEADER, active raft config: opid_index: -1 OBSOLETE_local: false peers { permanent_uuid: "491d5aec185945e49e167060ee638565" member_type: VOTER last_known_addr { host: "127.12.88.1" port: 36921 } } peers { permanent_uuid: "7d683b2b380942d4928879d400900354" member_type: VOTER last_known_addr { host: "127.12.88.2" port: 35213 } } peers { permanent_uuid: "c31eb00585294d45ab15d0abff3ff2af" member_type: VOTER last_known_addr { host: "127.12.88.3" port: 39477 } }
I20260710 11:11:33.353053 13423 tablet_service.cc:1917] Received RequestConsensusVote() RPC: tablet_id: "435e6f8481e549a384edd0ab428baef8" candidate_uuid: "491d5aec185945e49e167060ee638565" candidate_term: 1 candidate_status { last_received { term: 0 index: 0 } } ignore_live_leader: false dest_uuid: "c31eb00585294d45ab15d0abff3ff2af" is_pre_election: true
I20260710 11:11:33.354051 13423 raft_consensus.cc:2393] T 435e6f8481e549a384edd0ab428baef8 P c31eb00585294d45ab15d0abff3ff2af [term 1 FOLLOWER]: Leader pre-election vote request: Denying vote to candidate 491d5aec185945e49e167060ee638565 in current term 1: Already voted for candidate 7d683b2b380942d4928879d400900354 in this term.
I20260710 11:11:33.358359 13470 leader_election.cc:290] T 2f3c04f5256447ad9c4d67eb7e3323cc P 491d5aec185945e49e167060ee638565 [CANDIDATE]: Term 1 election: Requested vote from peers 7d683b2b380942d4928879d400900354 (127.12.88.2:35213), c31eb00585294d45ab15d0abff3ff2af (127.12.88.3:39477)
I20260710 11:11:33.355718 13240 leader_election.cc:304] T 435e6f8481e549a384edd0ab428baef8 P 491d5aec185945e49e167060ee638565 [CANDIDATE]: Term 1 pre-election: Election decided. Result: candidate lost. Election summary: received 3 responses out of 3 voters: 1 yes votes; 2 no votes. yes voters: 491d5aec185945e49e167060ee638565; no voters: 7d683b2b380942d4928879d400900354, c31eb00585294d45ab15d0abff3ff2af
I20260710 11:11:33.359338 13504 raft_consensus.cc:515] T 45a0e057ddf247689c525c22a11559b6 P 491d5aec185945e49e167060ee638565 [term 1 FOLLOWER]: Starting leader election with config: opid_index: -1 OBSOLETE_local: false peers { permanent_uuid: "491d5aec185945e49e167060ee638565" member_type: VOTER last_known_addr { host: "127.12.88.1" port: 36921 } } peers { permanent_uuid: "7d683b2b380942d4928879d400900354" member_type: VOTER last_known_addr { host: "127.12.88.2" port: 35213 } } peers { permanent_uuid: "c31eb00585294d45ab15d0abff3ff2af" member_type: VOTER last_known_addr { host: "127.12.88.3" port: 39477 } }
I20260710 11:11:33.361068 13503 raft_consensus.cc:493] T 45a0e057ddf247689c525c22a11559b6 P c31eb00585294d45ab15d0abff3ff2af [term 0 FOLLOWER]: Starting pre-election (no leader contacted us within the election timeout)
I20260710 11:11:33.361521 13503 raft_consensus.cc:515] T 45a0e057ddf247689c525c22a11559b6 P c31eb00585294d45ab15d0abff3ff2af [term 0 FOLLOWER]: Starting pre-election with config: opid_index: -1 OBSOLETE_local: false peers { permanent_uuid: "491d5aec185945e49e167060ee638565" member_type: VOTER last_known_addr { host: "127.12.88.1" port: 36921 } } peers { permanent_uuid: "7d683b2b380942d4928879d400900354" member_type: VOTER last_known_addr { host: "127.12.88.2" port: 35213 } } peers { permanent_uuid: "c31eb00585294d45ab15d0abff3ff2af" member_type: VOTER last_known_addr { host: "127.12.88.3" port: 39477 } }
I20260710 11:11:33.361574 13423 tablet_service.cc:1917] Received RequestConsensusVote() RPC: tablet_id: "2f3c04f5256447ad9c4d67eb7e3323cc" candidate_uuid: "491d5aec185945e49e167060ee638565" candidate_term: 1 candidate_status { last_received { term: 0 index: 0 } } ignore_live_leader: false dest_uuid: "c31eb00585294d45ab15d0abff3ff2af"
I20260710 11:11:33.362370 13349 tablet_service.cc:1917] Received RequestConsensusVote() RPC: tablet_id: "45a0e057ddf247689c525c22a11559b6" candidate_uuid: "491d5aec185945e49e167060ee638565" candidate_term: 1 candidate_status { last_received { term: 0 index: 0 } } ignore_live_leader: false dest_uuid: "7d683b2b380942d4928879d400900354"
I20260710 11:11:33.362569 13423 raft_consensus.cc:3060] T 2f3c04f5256447ad9c4d67eb7e3323cc P c31eb00585294d45ab15d0abff3ff2af [term 0 FOLLOWER]: Advancing to term 1
I20260710 11:11:33.362926 13349 raft_consensus.cc:3060] T 45a0e057ddf247689c525c22a11559b6 P 7d683b2b380942d4928879d400900354 [term 0 FOLLOWER]: Advancing to term 1
I20260710 11:11:33.363613 13503 leader_election.cc:290] T 45a0e057ddf247689c525c22a11559b6 P c31eb00585294d45ab15d0abff3ff2af [CANDIDATE]: Term 1 pre-election: Requested pre-vote from peers 491d5aec185945e49e167060ee638565 (127.12.88.1:36921), 7d683b2b380942d4928879d400900354 (127.12.88.2:35213)
I20260710 11:11:33.364339 13274 tablet_service.cc:1917] Received RequestConsensusVote() RPC: tablet_id: "45a0e057ddf247689c525c22a11559b6" candidate_uuid: "c31eb00585294d45ab15d0abff3ff2af" candidate_term: 1 candidate_status { last_received { term: 0 index: 0 } } ignore_live_leader: false dest_uuid: "491d5aec185945e49e167060ee638565" is_pre_election: true
I20260710 11:11:33.367282 13274 raft_consensus.cc:2393] T 45a0e057ddf247689c525c22a11559b6 P 491d5aec185945e49e167060ee638565 [term 1 FOLLOWER]: Leader pre-election vote request: Denying vote to candidate c31eb00585294d45ab15d0abff3ff2af in current term 1: Already voted for candidate 491d5aec185945e49e167060ee638565 in this term.
I20260710 11:11:33.367197 13347 tablet_service.cc:1917] Received RequestConsensusVote() RPC: tablet_id: "2f3c04f5256447ad9c4d67eb7e3323cc" candidate_uuid: "491d5aec185945e49e167060ee638565" candidate_term: 1 candidate_status { last_received { term: 0 index: 0 } } ignore_live_leader: false dest_uuid: "7d683b2b380942d4928879d400900354"
I20260710 11:11:33.367872 13347 raft_consensus.cc:3060] T 2f3c04f5256447ad9c4d67eb7e3323cc P 7d683b2b380942d4928879d400900354 [term 0 FOLLOWER]: Advancing to term 1
I20260710 11:11:33.368598 13348 tablet_service.cc:1917] Received RequestConsensusVote() RPC: tablet_id: "45a0e057ddf247689c525c22a11559b6" candidate_uuid: "c31eb00585294d45ab15d0abff3ff2af" candidate_term: 1 candidate_status { last_received { term: 0 index: 0 } } ignore_live_leader: false dest_uuid: "7d683b2b380942d4928879d400900354" is_pre_election: true
I20260710 11:11:33.370054 13504 leader_election.cc:290] T 45a0e057ddf247689c525c22a11559b6 P 491d5aec185945e49e167060ee638565 [CANDIDATE]: Term 1 election: Requested vote from peers 7d683b2b380942d4928879d400900354 (127.12.88.2:35213), c31eb00585294d45ab15d0abff3ff2af (127.12.88.3:39477)
I20260710 11:11:33.372619 13422 tablet_service.cc:1917] Received RequestConsensusVote() RPC: tablet_id: "45a0e057ddf247689c525c22a11559b6" candidate_uuid: "491d5aec185945e49e167060ee638565" candidate_term: 1 candidate_status { last_received { term: 0 index: 0 } } ignore_live_leader: false dest_uuid: "c31eb00585294d45ab15d0abff3ff2af"
I20260710 11:11:33.379535 13422 raft_consensus.cc:3060] T 45a0e057ddf247689c525c22a11559b6 P c31eb00585294d45ab15d0abff3ff2af [term 0 FOLLOWER]: Advancing to term 1
I20260710 11:11:33.383549 13349 raft_consensus.cc:2468] T 45a0e057ddf247689c525c22a11559b6 P 7d683b2b380942d4928879d400900354 [term 1 FOLLOWER]: Leader election vote request: Granting yes vote for candidate 491d5aec185945e49e167060ee638565 in term 1.
I20260710 11:11:33.383462 13386 leader_election.cc:304] T 45a0e057ddf247689c525c22a11559b6 P c31eb00585294d45ab15d0abff3ff2af [CANDIDATE]: Term 1 pre-election: Election decided. Result: candidate lost. Election summary: received 3 responses out of 3 voters: 1 yes votes; 2 no votes. yes voters: c31eb00585294d45ab15d0abff3ff2af; no voters: 491d5aec185945e49e167060ee638565, 7d683b2b380942d4928879d400900354
I20260710 11:11:33.384406 13519 raft_consensus.cc:3060] T 435e6f8481e549a384edd0ab428baef8 P 491d5aec185945e49e167060ee638565 [term 0 FOLLOWER]: Advancing to term 1
I20260710 11:11:33.387697 13237 leader_election.cc:304] T 45a0e057ddf247689c525c22a11559b6 P 491d5aec185945e49e167060ee638565 [CANDIDATE]: Term 1 election: Election decided. Result: candidate won. Election summary: received 2 responses out of 3 voters: 2 yes votes; 0 no votes. yes voters: 491d5aec185945e49e167060ee638565, 7d683b2b380942d4928879d400900354; no voters: 
I20260710 11:11:33.388021 13470 raft_consensus.cc:493] T 76a1073dcd7949eaa2faf51dff18005c P 491d5aec185945e49e167060ee638565 [term 0 FOLLOWER]: Starting pre-election (no leader contacted us within the election timeout)
I20260710 11:11:33.389339 13504 raft_consensus.cc:2804] T 45a0e057ddf247689c525c22a11559b6 P 491d5aec185945e49e167060ee638565 [term 1 FOLLOWER]: Leader election won for term 1
I20260710 11:11:33.389882 13508 leader_election.cc:290] T 435e6f8481e549a384edd0ab428baef8 P 491d5aec185945e49e167060ee638565 [CANDIDATE]: Term 1 pre-election: Requested pre-vote from peers 7d683b2b380942d4928879d400900354 (127.12.88.2:35213), c31eb00585294d45ab15d0abff3ff2af (127.12.88.3:39477)
I20260710 11:11:33.388623 13470 raft_consensus.cc:515] T 76a1073dcd7949eaa2faf51dff18005c P 491d5aec185945e49e167060ee638565 [term 0 FOLLOWER]: Starting pre-election with config: opid_index: -1 OBSOLETE_local: false peers { permanent_uuid: "491d5aec185945e49e167060ee638565" member_type: VOTER last_known_addr { host: "127.12.88.1" port: 36921 } } peers { permanent_uuid: "7d683b2b380942d4928879d400900354" member_type: VOTER last_known_addr { host: "127.12.88.2" port: 35213 } } peers { permanent_uuid: "c31eb00585294d45ab15d0abff3ff2af" member_type: VOTER last_known_addr { host: "127.12.88.3" port: 39477 } }
I20260710 11:11:33.393587 13420 tablet_service.cc:1917] Received RequestConsensusVote() RPC: tablet_id: "76a1073dcd7949eaa2faf51dff18005c" candidate_uuid: "491d5aec185945e49e167060ee638565" candidate_term: 1 candidate_status { last_received { term: 0 index: 0 } } ignore_live_leader: false dest_uuid: "c31eb00585294d45ab15d0abff3ff2af" is_pre_election: true
I20260710 11:11:33.393853 13519 raft_consensus.cc:2749] T 435e6f8481e549a384edd0ab428baef8 P 491d5aec185945e49e167060ee638565 [term 1 FOLLOWER]: Leader pre-election lost for term 1. Reason: could not achieve majority
I20260710 11:11:33.396508 13349 tablet_service.cc:1917] Received RequestConsensusVote() RPC: tablet_id: "76a1073dcd7949eaa2faf51dff18005c" candidate_uuid: "491d5aec185945e49e167060ee638565" candidate_term: 1 candidate_status { last_received { term: 0 index: 0 } } ignore_live_leader: false dest_uuid: "7d683b2b380942d4928879d400900354" is_pre_election: true
I20260710 11:11:33.396826 13422 raft_consensus.cc:2468] T 45a0e057ddf247689c525c22a11559b6 P c31eb00585294d45ab15d0abff3ff2af [term 1 FOLLOWER]: Leader election vote request: Granting yes vote for candidate 491d5aec185945e49e167060ee638565 in term 1.
I20260710 11:11:33.397305 13503 raft_consensus.cc:2749] T 45a0e057ddf247689c525c22a11559b6 P c31eb00585294d45ab15d0abff3ff2af [term 1 FOLLOWER]: Leader pre-election lost for term 1. Reason: could not achieve majority
I20260710 11:11:33.397823 13470 leader_election.cc:290] T 76a1073dcd7949eaa2faf51dff18005c P 491d5aec185945e49e167060ee638565 [CANDIDATE]: Term 1 pre-election: Requested pre-vote from peers 7d683b2b380942d4928879d400900354 (127.12.88.2:35213), c31eb00585294d45ab15d0abff3ff2af (127.12.88.3:39477)
I20260710 11:11:33.397308 13349 raft_consensus.cc:2393] T 76a1073dcd7949eaa2faf51dff18005c P 7d683b2b380942d4928879d400900354 [term 1 FOLLOWER]: Leader pre-election vote request: Denying vote to candidate 491d5aec185945e49e167060ee638565 in current term 1: Already voted for candidate c31eb00585294d45ab15d0abff3ff2af in this term.
I20260710 11:11:33.412412 13347 raft_consensus.cc:2468] T 2f3c04f5256447ad9c4d67eb7e3323cc P 7d683b2b380942d4928879d400900354 [term 1 FOLLOWER]: Leader election vote request: Granting yes vote for candidate 491d5aec185945e49e167060ee638565 in term 1.
I20260710 11:11:33.412603 13237 leader_election.cc:304] T 76a1073dcd7949eaa2faf51dff18005c P 491d5aec185945e49e167060ee638565 [CANDIDATE]: Term 1 pre-election: Election decided. Result: candidate lost. Election summary: received 3 responses out of 3 voters: 1 yes votes; 2 no votes. yes voters: 491d5aec185945e49e167060ee638565; no voters: 7d683b2b380942d4928879d400900354, c31eb00585294d45ab15d0abff3ff2af
I20260710 11:11:33.413323 13504 raft_consensus.cc:697] T 45a0e057ddf247689c525c22a11559b6 P 491d5aec185945e49e167060ee638565 [term 1 LEADER]: Becoming Leader. State: Replica: 491d5aec185945e49e167060ee638565, State: Running, Role: LEADER
I20260710 11:11:33.409793 13465 tablet_bootstrap.cc:492] T a18bed00361c4bab99f1e3938be714b8 P 491d5aec185945e49e167060ee638565: No bootstrap required, opened a new log
