I20260710 11:11:25.413877 17510 raft_consensus.cc:2468] T 2dfdce4780644a73925dee5a5b519daa P e7e9917bf99b4567a39e28ae6adae81e [term 2 FOLLOWER]: Leader election vote request: Granting yes vote for candidate c4d11a696509478ab868b50167dfb5e7 in term 2.
I20260710 11:11:25.414837 17625 leader_election.cc:304] T 2dfdce4780644a73925dee5a5b519daa P c4d11a696509478ab868b50167dfb5e7 [CANDIDATE]: Term 2 election: Election decided. Result: candidate won. Election summary: received 2 responses out of 3 voters: 2 yes votes; 0 no votes. yes voters: c4d11a696509478ab868b50167dfb5e7, e7e9917bf99b4567a39e28ae6adae81e; no voters: 
I20260710 11:11:25.415534 17725 raft_consensus.cc:2804] T 2dfdce4780644a73925dee5a5b519daa P c4d11a696509478ab868b50167dfb5e7 [term 2 FOLLOWER]: Leader election won for term 2
I20260710 11:11:25.415549 17585 raft_consensus.cc:2468] T 2dfdce4780644a73925dee5a5b519daa P ae5d400f645b478e99df2f452f97aed8 [term 2 FOLLOWER]: Leader election vote request: Granting yes vote for candidate c4d11a696509478ab868b50167dfb5e7 in term 2.
I20260710 11:11:25.415989 17725 raft_consensus.cc:697] T 2dfdce4780644a73925dee5a5b519daa P c4d11a696509478ab868b50167dfb5e7 [term 2 LEADER]: Becoming Leader. State: Replica: c4d11a696509478ab868b50167dfb5e7, State: Running, Role: LEADER
I20260710 11:11:25.416724 17725 consensus_queue.cc:237] T 2dfdce4780644a73925dee5a5b519daa P c4d11a696509478ab868b50167dfb5e7 [LEADER]: Queue going to LEADER mode. State: All replicated index: 0, Majority replicated index: 1, Committed index: 1, Last appended: 1.1, Last appended by leader: 1, Current term: 2, Majority size: 2, State: 0, Mode: LEADER, active raft config: opid_index: -1 OBSOLETE_local: false peers { permanent_uuid: "e7e9917bf99b4567a39e28ae6adae81e" member_type: VOTER last_known_addr { host: "127.16.248.1" port: 40407 } } peers { permanent_uuid: "ae5d400f645b478e99df2f452f97aed8" member_type: VOTER last_known_addr { host: "127.16.248.2" port: 34581 } } peers { permanent_uuid: "c4d11a696509478ab868b50167dfb5e7" member_type: VOTER last_known_addr { host: "127.16.248.3" port: 45609 } }
I20260710 11:11:25.422389 17406 catalog_manager.cc:5697] T 2dfdce4780644a73925dee5a5b519daa P c4d11a696509478ab868b50167dfb5e7 reported cstate change: term changed from 1 to 2, leader changed from ae5d400f645b478e99df2f452f97aed8 (127.16.248.2) to c4d11a696509478ab868b50167dfb5e7 (127.16.248.3). New cstate: current_term: 2 leader_uuid: "c4d11a696509478ab868b50167dfb5e7" committed_config { opid_index: -1 OBSOLETE_local: false peers { permanent_uuid: "e7e9917bf99b4567a39e28ae6adae81e" member_type: VOTER last_known_addr { host: "127.16.248.1" port: 40407 } health_report { overall_health: UNKNOWN } } peers { permanent_uuid: "ae5d400f645b478e99df2f452f97aed8" member_type: VOTER last_known_addr { host: "127.16.248.2" port: 34581 } health_report { overall_health: UNKNOWN } } peers { permanent_uuid: "c4d11a696509478ab868b50167dfb5e7" member_type: VOTER last_known_addr { host: "127.16.248.3" port: 45609 } health_report { overall_health: HEALTHY } } }
I20260710 11:11:25.726549 17510 raft_consensus.cc:1275] T 5763da92500e4f6d9711635d1798f313 P e7e9917bf99b4567a39e28ae6adae81e [term 3 FOLLOWER]: Refusing update from remote peer c4d11a696509478ab868b50167dfb5e7: Log matching property violated. Preceding OpId in replica: term: 2 index: 2. Preceding OpId from leader: term: 3 index: 3. (index mismatch)
I20260710 11:11:25.727538 17725 consensus_queue.cc:1048] T 5763da92500e4f6d9711635d1798f313 P c4d11a696509478ab868b50167dfb5e7 [LEADER]: Connected to new peer: Peer: permanent_uuid: "e7e9917bf99b4567a39e28ae6adae81e" member_type: VOTER last_known_addr { host: "127.16.248.1" port: 40407 }, Status: LMP_MISMATCH, Last received: 0.0, Next index: 3, Last known committed idx: 2, Time since last communication: 0.000s
I20260710 11:11:25.736611 17585 raft_consensus.cc:1275] T 5763da92500e4f6d9711635d1798f313 P ae5d400f645b478e99df2f452f97aed8 [term 3 FOLLOWER]: Refusing update from remote peer c4d11a696509478ab868b50167dfb5e7: Log matching property violated. Preceding OpId in replica: term: 2 index: 2. Preceding OpId from leader: term: 3 index: 3. (index mismatch)
I20260710 11:11:25.738178 17725 consensus_queue.cc:1048] T 5763da92500e4f6d9711635d1798f313 P c4d11a696509478ab868b50167dfb5e7 [LEADER]: Connected to new peer: Peer: permanent_uuid: "ae5d400f645b478e99df2f452f97aed8" member_type: VOTER last_known_addr { host: "127.16.248.2" port: 34581 }, Status: LMP_MISMATCH, Last received: 0.0, Next index: 3, Last known committed idx: 2, Time since last communication: 0.000s
I20260710 11:11:25.809641 17510 raft_consensus.cc:1275] T 2dfdce4780644a73925dee5a5b519daa P e7e9917bf99b4567a39e28ae6adae81e [term 2 FOLLOWER]: Refusing update from remote peer c4d11a696509478ab868b50167dfb5e7: Log matching property violated. Preceding OpId in replica: term: 1 index: 1. Preceding OpId from leader: term: 2 index: 2. (index mismatch)
I20260710 11:11:25.810756 17798 consensus_queue.cc:1048] T 2dfdce4780644a73925dee5a5b519daa P c4d11a696509478ab868b50167dfb5e7 [LEADER]: Connected to new peer: Peer: permanent_uuid: "e7e9917bf99b4567a39e28ae6adae81e" member_type: VOTER last_known_addr { host: "127.16.248.1" port: 40407 }, Status: LMP_MISMATCH, Last received: 0.0, Next index: 2, Last known committed idx: 1, Time since last communication: 0.000s
I20260710 11:11:25.818136 17585 raft_consensus.cc:1275] T 2dfdce4780644a73925dee5a5b519daa P ae5d400f645b478e99df2f452f97aed8 [term 2 FOLLOWER]: Refusing update from remote peer c4d11a696509478ab868b50167dfb5e7: Log matching property violated. Preceding OpId in replica: term: 1 index: 1. Preceding OpId from leader: term: 2 index: 2. (index mismatch)
I20260710 11:11:25.819617 17812 consensus_queue.cc:1048] T 2dfdce4780644a73925dee5a5b519daa P c4d11a696509478ab868b50167dfb5e7 [LEADER]: Connected to new peer: Peer: permanent_uuid: "ae5d400f645b478e99df2f452f97aed8" member_type: VOTER last_known_addr { host: "127.16.248.2" port: 34581 }, Status: LMP_MISMATCH, Last received: 0.0, Next index: 2, Last known committed idx: 1, Time since last communication: 0.000s
I20260710 11:11:26.187520 17376 auto_leader_rebalancer.cc:141] leader rebalance for table test-workload
I20260710 11:11:26.196532 17511 tablet_service.cc:2072] Received LeaderStepDown RPC: tablet_id: "6dfe04dc5ff445129badd9f6c180e00e"
dest_uuid: "e7e9917bf99b4567a39e28ae6adae81e"
mode: GRACEFUL
new_leader_uuid: "ae5d400f645b478e99df2f452f97aed8"
 from {username='slave'} at 127.0.0.1:47816
I20260710 11:11:26.196987 17511 raft_consensus.cc:606] T 6dfe04dc5ff445129badd9f6c180e00e P e7e9917bf99b4567a39e28ae6adae81e [term 2 LEADER]: Received request to transfer leadership to TS ae5d400f645b478e99df2f452f97aed8
I20260710 11:11:26.201041 17511 tablet_service.cc:2072] Received LeaderStepDown RPC: tablet_id: "f5a8cf31bfcb4598b3cd6aca4f4d425b"
dest_uuid: "e7e9917bf99b4567a39e28ae6adae81e"
mode: GRACEFUL
new_leader_uuid: "ae5d400f645b478e99df2f452f97aed8"
 from {username='slave'} at 127.0.0.1:47816
I20260710 11:11:26.201453 17511 raft_consensus.cc:606] T f5a8cf31bfcb4598b3cd6aca4f4d425b P e7e9917bf99b4567a39e28ae6adae81e [term 2 LEADER]: Received request to transfer leadership to TS ae5d400f645b478e99df2f452f97aed8
I20260710 11:11:26.205614 17511 tablet_service.cc:2072] Received LeaderStepDown RPC: tablet_id: "4c074e92e56d4513aa54a02792ccc583"
dest_uuid: "e7e9917bf99b4567a39e28ae6adae81e"
mode: GRACEFUL
new_leader_uuid: "ae5d400f645b478e99df2f452f97aed8"
 from {username='slave'} at 127.0.0.1:47816
I20260710 11:11:26.206008 17511 raft_consensus.cc:606] T 4c074e92e56d4513aa54a02792ccc583 P e7e9917bf99b4567a39e28ae6adae81e [term 2 LEADER]: Received request to transfer leadership to TS ae5d400f645b478e99df2f452f97aed8
I20260710 11:11:26.209725 17660 tablet_service.cc:2072] Received LeaderStepDown RPC: tablet_id: "5763da92500e4f6d9711635d1798f313"
dest_uuid: "c4d11a696509478ab868b50167dfb5e7"
mode: GRACEFUL
new_leader_uuid: "ae5d400f645b478e99df2f452f97aed8"
 from {username='slave'} at 127.0.0.1:43674
I20260710 11:11:26.210124 17660 raft_consensus.cc:606] T 5763da92500e4f6d9711635d1798f313 P c4d11a696509478ab868b50167dfb5e7 [term 3 LEADER]: Received request to transfer leadership to TS ae5d400f645b478e99df2f452f97aed8
I20260710 11:11:26.218050 17660 tablet_service.cc:2072] Received LeaderStepDown RPC: tablet_id: "2dfdce4780644a73925dee5a5b519daa"
dest_uuid: "c4d11a696509478ab868b50167dfb5e7"
mode: GRACEFUL
new_leader_uuid: "ae5d400f645b478e99df2f452f97aed8"
 from {username='slave'} at 127.0.0.1:43674
I20260710 11:11:26.218449 17660 raft_consensus.cc:606] T 2dfdce4780644a73925dee5a5b519daa P c4d11a696509478ab868b50167dfb5e7 [term 2 LEADER]: Received request to transfer leadership to TS ae5d400f645b478e99df2f452f97aed8
I20260710 11:11:26.255079 17798 raft_consensus.cc:993] T 5763da92500e4f6d9711635d1798f313 P c4d11a696509478ab868b50167dfb5e7: : Instructing follower ae5d400f645b478e99df2f452f97aed8 to start an election
I20260710 11:11:26.255479 17812 raft_consensus.cc:1081] T 5763da92500e4f6d9711635d1798f313 P c4d11a696509478ab868b50167dfb5e7 [term 3 LEADER]: Signalling peer ae5d400f645b478e99df2f452f97aed8 to start an election
I20260710 11:11:26.256753 17585 tablet_service.cc:2044] Received Run Leader Election RPC: tablet_id: "5763da92500e4f6d9711635d1798f313"
dest_uuid: "ae5d400f645b478e99df2f452f97aed8"
 from {username='slave'} at 127.0.0.1:49118
I20260710 11:11:26.257143 17585 raft_consensus.cc:493] T 5763da92500e4f6d9711635d1798f313 P ae5d400f645b478e99df2f452f97aed8 [term 3 FOLLOWER]: Starting forced leader election (received explicit request)
I20260710 11:11:26.257380 17585 raft_consensus.cc:3060] T 5763da92500e4f6d9711635d1798f313 P ae5d400f645b478e99df2f452f97aed8 [term 3 FOLLOWER]: Advancing to term 4
I20260710 11:11:26.260998 17585 raft_consensus.cc:515] T 5763da92500e4f6d9711635d1798f313 P ae5d400f645b478e99df2f452f97aed8 [term 4 FOLLOWER]: Starting forced leader election with config: opid_index: -1 OBSOLETE_local: false peers { permanent_uuid: "e7e9917bf99b4567a39e28ae6adae81e" member_type: VOTER last_known_addr { host: "127.16.248.1" port: 40407 } } peers { permanent_uuid: "ae5d400f645b478e99df2f452f97aed8" member_type: VOTER last_known_addr { host: "127.16.248.2" port: 34581 } } peers { permanent_uuid: "c4d11a696509478ab868b50167dfb5e7" member_type: VOTER last_known_addr { host: "127.16.248.3" port: 45609 } }
I20260710 11:11:26.262207 17585 leader_election.cc:290] T 5763da92500e4f6d9711635d1798f313 P ae5d400f645b478e99df2f452f97aed8 [CANDIDATE]: Term 4 election: Requested vote from peers e7e9917bf99b4567a39e28ae6adae81e (127.16.248.1:40407), c4d11a696509478ab868b50167dfb5e7 (127.16.248.3:45609)
I20260710 11:11:26.262840 17511 tablet_service.cc:1917] Received RequestConsensusVote() RPC: tablet_id: "5763da92500e4f6d9711635d1798f313" candidate_uuid: "ae5d400f645b478e99df2f452f97aed8" candidate_term: 4 candidate_status { last_received { term: 3 index: 3 } } ignore_live_leader: true dest_uuid: "e7e9917bf99b4567a39e28ae6adae81e"
I20260710 11:11:26.263193 17660 tablet_service.cc:1917] Received RequestConsensusVote() RPC: tablet_id: "5763da92500e4f6d9711635d1798f313" candidate_uuid: "ae5d400f645b478e99df2f452f97aed8" candidate_term: 4 candidate_status { last_received { term: 3 index: 3 } } ignore_live_leader: true dest_uuid: "c4d11a696509478ab868b50167dfb5e7"
I20260710 11:11:26.263312 17511 raft_consensus.cc:3060] T 5763da92500e4f6d9711635d1798f313 P e7e9917bf99b4567a39e28ae6adae81e [term 3 FOLLOWER]: Advancing to term 4
I20260710 11:11:26.263691 17660 raft_consensus.cc:3055] T 5763da92500e4f6d9711635d1798f313 P c4d11a696509478ab868b50167dfb5e7 [term 3 LEADER]: Stepping down as leader of term 3
I20260710 11:11:26.263959 17660 raft_consensus.cc:740] T 5763da92500e4f6d9711635d1798f313 P c4d11a696509478ab868b50167dfb5e7 [term 3 LEADER]: Becoming Follower/Learner. State: Replica: c4d11a696509478ab868b50167dfb5e7, State: Running, Role: LEADER
I20260710 11:11:26.264582 17660 consensus_queue.cc:260] T 5763da92500e4f6d9711635d1798f313 P c4d11a696509478ab868b50167dfb5e7 [NON_LEADER]: Queue going to NON_LEADER mode. State: All replicated index: 0, Majority replicated index: 3, Committed index: 3, Last appended: 3.3, Last appended by leader: 3, Current term: 3, Majority size: -1, State: 0, Mode: NON_LEADER, active raft config: opid_index: -1 OBSOLETE_local: false peers { permanent_uuid: "e7e9917bf99b4567a39e28ae6adae81e" member_type: VOTER last_known_addr { host: "127.16.248.1" port: 40407 } } peers { permanent_uuid: "ae5d400f645b478e99df2f452f97aed8" member_type: VOTER last_known_addr { host: "127.16.248.2" port: 34581 } } peers { permanent_uuid: "c4d11a696509478ab868b50167dfb5e7" member_type: VOTER last_known_addr { host: "127.16.248.3" port: 45609 } }
I20260710 11:11:26.265400 17660 raft_consensus.cc:3060] T 5763da92500e4f6d9711635d1798f313 P c4d11a696509478ab868b50167dfb5e7 [term 3 FOLLOWER]: Advancing to term 4
I20260710 11:11:26.267405 17511 raft_consensus.cc:2468] T 5763da92500e4f6d9711635d1798f313 P e7e9917bf99b4567a39e28ae6adae81e [term 4 FOLLOWER]: Leader election vote request: Granting yes vote for candidate ae5d400f645b478e99df2f452f97aed8 in term 4.
I20260710 11:11:26.268215 17551 leader_election.cc:304] T 5763da92500e4f6d9711635d1798f313 P ae5d400f645b478e99df2f452f97aed8 [CANDIDATE]: Term 4 election: Election decided. Result: candidate won. Election summary: received 2 responses out of 3 voters: 2 yes votes; 0 no votes. yes voters: ae5d400f645b478e99df2f452f97aed8, e7e9917bf99b4567a39e28ae6adae81e; no voters: 
I20260710 11:11:26.268790 17804 raft_consensus.cc:2804] T 5763da92500e4f6d9711635d1798f313 P ae5d400f645b478e99df2f452f97aed8 [term 4 FOLLOWER]: Leader election won for term 4
I20260710 11:11:26.269672 17804 raft_consensus.cc:697] T 5763da92500e4f6d9711635d1798f313 P ae5d400f645b478e99df2f452f97aed8 [term 4 LEADER]: Becoming Leader. State: Replica: ae5d400f645b478e99df2f452f97aed8, State: Running, Role: LEADER
I20260710 11:11:26.269701 17660 raft_consensus.cc:2468] T 5763da92500e4f6d9711635d1798f313 P c4d11a696509478ab868b50167dfb5e7 [term 4 FOLLOWER]: Leader election vote request: Granting yes vote for candidate ae5d400f645b478e99df2f452f97aed8 in term 4.
I20260710 11:11:26.270567 17804 consensus_queue.cc:237] T 5763da92500e4f6d9711635d1798f313 P ae5d400f645b478e99df2f452f97aed8 [LEADER]: Queue going to LEADER mode. State: All replicated index: 0, Majority replicated index: 3, Committed index: 3, Last appended: 3.3, Last appended by leader: 3, Current term: 4, Majority size: 2, State: 0, Mode: LEADER, active raft config: opid_index: -1 OBSOLETE_local: false peers { permanent_uuid: "e7e9917bf99b4567a39e28ae6adae81e" member_type: VOTER last_known_addr { host: "127.16.248.1" port: 40407 } } peers { permanent_uuid: "ae5d400f645b478e99df2f452f97aed8" member_type: VOTER last_known_addr { host: "127.16.248.2" port: 34581 } } peers { permanent_uuid: "c4d11a696509478ab868b50167dfb5e7" member_type: VOTER last_known_addr { host: "127.16.248.3" port: 45609 } }
I20260710 11:11:26.275589 17405 catalog_manager.cc:5697] T 5763da92500e4f6d9711635d1798f313 P ae5d400f645b478e99df2f452f97aed8 reported cstate change: term changed from 3 to 4, leader changed from c4d11a696509478ab868b50167dfb5e7 (127.16.248.3) to ae5d400f645b478e99df2f452f97aed8 (127.16.248.2). New cstate: current_term: 4 leader_uuid: "ae5d400f645b478e99df2f452f97aed8" committed_config { opid_index: -1 OBSOLETE_local: false peers { permanent_uuid: "e7e9917bf99b4567a39e28ae6adae81e" member_type: VOTER last_known_addr { host: "127.16.248.1" port: 40407 } health_report { overall_health: UNKNOWN } } peers { permanent_uuid: "ae5d400f645b478e99df2f452f97aed8" member_type: VOTER last_known_addr { host: "127.16.248.2" port: 34581 } health_report { overall_health: HEALTHY } } peers { permanent_uuid: "c4d11a696509478ab868b50167dfb5e7" member_type: VOTER last_known_addr { host: "127.16.248.3" port: 45609 } health_report { overall_health: UNKNOWN } } }
I20260710 11:11:26.361485 17725 raft_consensus.cc:993] T 2dfdce4780644a73925dee5a5b519daa P c4d11a696509478ab868b50167dfb5e7: : Instructing follower ae5d400f645b478e99df2f452f97aed8 to start an election
I20260710 11:11:26.361896 17812 raft_consensus.cc:1081] T 2dfdce4780644a73925dee5a5b519daa P c4d11a696509478ab868b50167dfb5e7 [term 2 LEADER]: Signalling peer ae5d400f645b478e99df2f452f97aed8 to start an election
I20260710 11:11:26.363176 17585 tablet_service.cc:2044] Received Run Leader Election RPC: tablet_id: "2dfdce4780644a73925dee5a5b519daa"
dest_uuid: "ae5d400f645b478e99df2f452f97aed8"
 from {username='slave'} at 127.0.0.1:49118
I20260710 11:11:26.363561 17585 raft_consensus.cc:493] T 2dfdce4780644a73925dee5a5b519daa P ae5d400f645b478e99df2f452f97aed8 [term 2 FOLLOWER]: Starting forced leader election (received explicit request)
I20260710 11:11:26.363866 17585 raft_consensus.cc:3060] T 2dfdce4780644a73925dee5a5b519daa P ae5d400f645b478e99df2f452f97aed8 [term 2 FOLLOWER]: Advancing to term 3
I20260710 11:11:26.367415 17585 raft_consensus.cc:515] T 2dfdce4780644a73925dee5a5b519daa P ae5d400f645b478e99df2f452f97aed8 [term 3 FOLLOWER]: Starting forced leader election with config: opid_index: -1 OBSOLETE_local: false peers { permanent_uuid: "e7e9917bf99b4567a39e28ae6adae81e" member_type: VOTER last_known_addr { host: "127.16.248.1" port: 40407 } } peers { permanent_uuid: "ae5d400f645b478e99df2f452f97aed8" member_type: VOTER last_known_addr { host: "127.16.248.2" port: 34581 } } peers { permanent_uuid: "c4d11a696509478ab868b50167dfb5e7" member_type: VOTER last_known_addr { host: "127.16.248.3" port: 45609 } }
I20260710 11:11:26.368662 17585 leader_election.cc:290] T 2dfdce4780644a73925dee5a5b519daa P ae5d400f645b478e99df2f452f97aed8 [CANDIDATE]: Term 3 election: Requested vote from peers e7e9917bf99b4567a39e28ae6adae81e (127.16.248.1:40407), c4d11a696509478ab868b50167dfb5e7 (127.16.248.3:45609)
I20260710 11:11:26.369313 17511 tablet_service.cc:1917] Received RequestConsensusVote() RPC: tablet_id: "2dfdce4780644a73925dee5a5b519daa" candidate_uuid: "ae5d400f645b478e99df2f452f97aed8" candidate_term: 3 candidate_status { last_received { term: 2 index: 2 } } ignore_live_leader: true dest_uuid: "e7e9917bf99b4567a39e28ae6adae81e"
I20260710 11:11:26.369596 17660 tablet_service.cc:1917] Received RequestConsensusVote() RPC: tablet_id: "2dfdce4780644a73925dee5a5b519daa" candidate_uuid: "ae5d400f645b478e99df2f452f97aed8" candidate_term: 3 candidate_status { last_received { term: 2 index: 2 } } ignore_live_leader: true dest_uuid: "c4d11a696509478ab868b50167dfb5e7"
I20260710 11:11:26.369786 17511 raft_consensus.cc:3060] T 2dfdce4780644a73925dee5a5b519daa P e7e9917bf99b4567a39e28ae6adae81e [term 2 FOLLOWER]: Advancing to term 3
I20260710 11:11:26.370069 17660 raft_consensus.cc:3055] T 2dfdce4780644a73925dee5a5b519daa P c4d11a696509478ab868b50167dfb5e7 [term 2 LEADER]: Stepping down as leader of term 2
I20260710 11:11:26.370335 17660 raft_consensus.cc:740] T 2dfdce4780644a73925dee5a5b519daa P c4d11a696509478ab868b50167dfb5e7 [term 2 LEADER]: Becoming Follower/Learner. State: Replica: c4d11a696509478ab868b50167dfb5e7, State: Running, Role: LEADER
I20260710 11:11:26.370918 17660 consensus_queue.cc:260] T 2dfdce4780644a73925dee5a5b519daa P c4d11a696509478ab868b50167dfb5e7 [NON_LEADER]: Queue going to NON_LEADER mode. State: All replicated index: 0, Majority replicated index: 2, Committed index: 2, Last appended: 2.2, Last appended by leader: 2, Current term: 2, Majority size: -1, State: 0, Mode: NON_LEADER, active raft config: opid_index: -1 OBSOLETE_local: false peers { permanent_uuid: "e7e9917bf99b4567a39e28ae6adae81e" member_type: VOTER last_known_addr { host: "127.16.248.1" port: 40407 } } peers { permanent_uuid: "ae5d400f645b478e99df2f452f97aed8" member_type: VOTER last_known_addr { host: "127.16.248.2" port: 34581 } } peers { permanent_uuid: "c4d11a696509478ab868b50167dfb5e7" member_type: VOTER last_known_addr { host: "127.16.248.3" port: 45609 } }
I20260710 11:11:26.371719 17660 raft_consensus.cc:3060] T 2dfdce4780644a73925dee5a5b519daa P c4d11a696509478ab868b50167dfb5e7 [term 2 FOLLOWER]: Advancing to term 3
I20260710 11:11:26.373930 17511 raft_consensus.cc:2468] T 2dfdce4780644a73925dee5a5b519daa P e7e9917bf99b4567a39e28ae6adae81e [term 3 FOLLOWER]: Leader election vote request: Granting yes vote for candidate ae5d400f645b478e99df2f452f97aed8 in term 3.
I20260710 11:11:26.374879 17551 leader_election.cc:304] T 2dfdce4780644a73925dee5a5b519daa P ae5d400f645b478e99df2f452f97aed8 [CANDIDATE]: Term 3 election: Election decided. Result: candidate won. Election summary: received 2 responses out of 3 voters: 2 yes votes; 0 no votes. yes voters: ae5d400f645b478e99df2f452f97aed8, e7e9917bf99b4567a39e28ae6adae81e; no voters: 
I20260710 11:11:26.375458 17804 raft_consensus.cc:2804] T 2dfdce4780644a73925dee5a5b519daa P ae5d400f645b478e99df2f452f97aed8 [term 3 FOLLOWER]: Leader election won for term 3
I20260710 11:11:26.375908 17804 raft_consensus.cc:697] T 2dfdce4780644a73925dee5a5b519daa P ae5d400f645b478e99df2f452f97aed8 [term 3 LEADER]: Becoming Leader. State: Replica: ae5d400f645b478e99df2f452f97aed8, State: Running, Role: LEADER
I20260710 11:11:26.376077 17660 raft_consensus.cc:2468] T 2dfdce4780644a73925dee5a5b519daa P c4d11a696509478ab868b50167dfb5e7 [term 3 FOLLOWER]: Leader election vote request: Granting yes vote for candidate ae5d400f645b478e99df2f452f97aed8 in term 3.
I20260710 11:11:26.376685 17804 consensus_queue.cc:237] T 2dfdce4780644a73925dee5a5b519daa P ae5d400f645b478e99df2f452f97aed8 [LEADER]: Queue going to LEADER mode. State: All replicated index: 0, Majority replicated index: 2, Committed index: 2, Last appended: 2.2, Last appended by leader: 2, Current term: 3, Majority size: 2, State: 0, Mode: LEADER, active raft config: opid_index: -1 OBSOLETE_local: false peers { permanent_uuid: "e7e9917bf99b4567a39e28ae6adae81e" member_type: VOTER last_known_addr { host: "127.16.248.1" port: 40407 } } peers { permanent_uuid: "ae5d400f645b478e99df2f452f97aed8" member_type: VOTER last_known_addr { host: "127.16.248.2" port: 34581 } } peers { permanent_uuid: "c4d11a696509478ab868b50167dfb5e7" member_type: VOTER last_known_addr { host: "127.16.248.3" port: 45609 } }
I20260710 11:11:26.381392 17405 catalog_manager.cc:5697] T 2dfdce4780644a73925dee5a5b519daa P ae5d400f645b478e99df2f452f97aed8 reported cstate change: term changed from 2 to 3, leader changed from c4d11a696509478ab868b50167dfb5e7 (127.16.248.3) to ae5d400f645b478e99df2f452f97aed8 (127.16.248.2). New cstate: current_term: 3 leader_uuid: "ae5d400f645b478e99df2f452f97aed8" committed_config { opid_index: -1 OBSOLETE_local: false peers { permanent_uuid: "e7e9917bf99b4567a39e28ae6adae81e" member_type: VOTER last_known_addr { host: "127.16.248.1" port: 40407 } health_report { overall_health: UNKNOWN } } peers { permanent_uuid: "ae5d400f645b478e99df2f452f97aed8" member_type: VOTER last_known_addr { host: "127.16.248.2" port: 34581 } health_report { overall_health: HEALTHY } } peers { permanent_uuid: "c4d11a696509478ab868b50167dfb5e7" member_type: VOTER last_known_addr { host: "127.16.248.3" port: 45609 } health_report { overall_health: UNKNOWN } } }
I20260710 11:11:26.498304 17796 raft_consensus.cc:993] T 4c074e92e56d4513aa54a02792ccc583 P e7e9917bf99b4567a39e28ae6adae81e: : Instructing follower ae5d400f645b478e99df2f452f97aed8 to start an election
I20260710 11:11:26.498749 17818 raft_consensus.cc:1081] T 4c074e92e56d4513aa54a02792ccc583 P e7e9917bf99b4567a39e28ae6adae81e [term 2 LEADER]: Signalling peer ae5d400f645b478e99df2f452f97aed8 to start an election
I20260710 11:11:26.500089 17585 tablet_service.cc:2044] Received Run Leader Election RPC: tablet_id: "4c074e92e56d4513aa54a02792ccc583"
dest_uuid: "ae5d400f645b478e99df2f452f97aed8"
 from {username='slave'} at 127.0.0.1:49134
I20260710 11:11:26.500483 17585 raft_consensus.cc:493] T 4c074e92e56d4513aa54a02792ccc583 P ae5d400f645b478e99df2f452f97aed8 [term 2 FOLLOWER]: Starting forced leader election (received explicit request)
I20260710 11:11:26.500774 17585 raft_consensus.cc:3060] T 4c074e92e56d4513aa54a02792ccc583 P ae5d400f645b478e99df2f452f97aed8 [term 2 FOLLOWER]: Advancing to term 3
I20260710 11:11:26.505030 17585 raft_consensus.cc:515] T 4c074e92e56d4513aa54a02792ccc583 P ae5d400f645b478e99df2f452f97aed8 [term 3 FOLLOWER]: Starting forced leader election with config: opid_index: -1 OBSOLETE_local: false peers { permanent_uuid: "e7e9917bf99b4567a39e28ae6adae81e" member_type: VOTER last_known_addr { host: "127.16.248.1" port: 40407 } } peers { permanent_uuid: "ae5d400f645b478e99df2f452f97aed8" member_type: VOTER last_known_addr { host: "127.16.248.2" port: 34581 } } peers { permanent_uuid: "c4d11a696509478ab868b50167dfb5e7" member_type: VOTER last_known_addr { host: "127.16.248.3" port: 45609 } }
I20260710 11:11:26.506382 17585 leader_election.cc:290] T 4c074e92e56d4513aa54a02792ccc583 P ae5d400f645b478e99df2f452f97aed8 [CANDIDATE]: Term 3 election: Requested vote from peers e7e9917bf99b4567a39e28ae6adae81e (127.16.248.1:40407), c4d11a696509478ab868b50167dfb5e7 (127.16.248.3:45609)
I20260710 11:11:26.506959 17511 tablet_service.cc:1917] Received RequestConsensusVote() RPC: tablet_id: "4c074e92e56d4513aa54a02792ccc583" candidate_uuid: "ae5d400f645b478e99df2f452f97aed8" candidate_term: 3 candidate_status { last_received { term: 2 index: 2 } } ignore_live_leader: true dest_uuid: "e7e9917bf99b4567a39e28ae6adae81e"
I20260710 11:11:26.507287 17660 tablet_service.cc:1917] Received RequestConsensusVote() RPC: tablet_id: "4c074e92e56d4513aa54a02792ccc583" candidate_uuid: "ae5d400f645b478e99df2f452f97aed8" candidate_term: 3 candidate_status { last_received { term: 2 index: 2 } } ignore_live_leader: true dest_uuid: "c4d11a696509478ab868b50167dfb5e7"
I20260710 11:11:26.507397 17511 raft_consensus.cc:3055] T 4c074e92e56d4513aa54a02792ccc583 P e7e9917bf99b4567a39e28ae6adae81e [term 2 LEADER]: Stepping down as leader of term 2
I20260710 11:11:26.507714 17511 raft_consensus.cc:740] T 4c074e92e56d4513aa54a02792ccc583 P e7e9917bf99b4567a39e28ae6adae81e [term 2 LEADER]: Becoming Follower/Learner. State: Replica: e7e9917bf99b4567a39e28ae6adae81e, State: Running, Role: LEADER
I20260710 11:11:26.507747 17660 raft_consensus.cc:3060] T 4c074e92e56d4513aa54a02792ccc583 P c4d11a696509478ab868b50167dfb5e7 [term 2 FOLLOWER]: Advancing to term 3
I20260710 11:11:26.508333 17511 consensus_queue.cc:260] T 4c074e92e56d4513aa54a02792ccc583 P e7e9917bf99b4567a39e28ae6adae81e [NON_LEADER]: Queue going to NON_LEADER mode. State: All replicated index: 0, Majority replicated index: 2, Committed index: 2, Last appended: 2.2, Last appended by leader: 2, Current term: 2, Majority size: -1, State: 0, Mode: NON_LEADER, active raft config: opid_index: -1 OBSOLETE_local: false peers { permanent_uuid: "e7e9917bf99b4567a39e28ae6adae81e" member_type: VOTER last_known_addr { host: "127.16.248.1" port: 40407 } } peers { permanent_uuid: "ae5d400f645b478e99df2f452f97aed8" member_type: VOTER last_known_addr { host: "127.16.248.2" port: 34581 } } peers { permanent_uuid: "c4d11a696509478ab868b50167dfb5e7" member_type: VOTER last_known_addr { host: "127.16.248.3" port: 45609 } }
I20260710 11:11:26.509069 17511 raft_consensus.cc:3060] T 4c074e92e56d4513aa54a02792ccc583 P e7e9917bf99b4567a39e28ae6adae81e [term 2 FOLLOWER]: Advancing to term 3
I20260710 11:11:26.511745 17660 raft_consensus.cc:2468] T 4c074e92e56d4513aa54a02792ccc583 P c4d11a696509478ab868b50167dfb5e7 [term 3 FOLLOWER]: Leader election vote request: Granting yes vote for candidate ae5d400f645b478e99df2f452f97aed8 in term 3.
I20260710 11:11:26.512553 17549 leader_election.cc:304] T 4c074e92e56d4513aa54a02792ccc583 P ae5d400f645b478e99df2f452f97aed8 [CANDIDATE]: Term 3 election: Election decided. Result: candidate won. Election summary: received 2 responses out of 3 voters: 2 yes votes; 0 no votes. yes voters: ae5d400f645b478e99df2f452f97aed8, c4d11a696509478ab868b50167dfb5e7; no voters: 
I20260710 11:11:26.512878 17511 raft_consensus.cc:2468] T 4c074e92e56d4513aa54a02792ccc583 P e7e9917bf99b4567a39e28ae6adae81e [term 3 FOLLOWER]: Leader election vote request: Granting yes vote for candidate ae5d400f645b478e99df2f452f97aed8 in term 3.
I20260710 11:11:26.513106 17804 raft_consensus.cc:2804] T 4c074e92e56d4513aa54a02792ccc583 P ae5d400f645b478e99df2f452f97aed8 [term 3 FOLLOWER]: Leader election won for term 3
I20260710 11:11:26.513650 17804 raft_consensus.cc:697] T 4c074e92e56d4513aa54a02792ccc583 P ae5d400f645b478e99df2f452f97aed8 [term 3 LEADER]: Becoming Leader. State: Replica: ae5d400f645b478e99df2f452f97aed8, State: Running, Role: LEADER
I20260710 11:11:26.514317 17804 consensus_queue.cc:237] T 4c074e92e56d4513aa54a02792ccc583 P ae5d400f645b478e99df2f452f97aed8 [LEADER]: Queue going to LEADER mode. State: All replicated index: 0, Majority replicated index: 2, Committed index: 2, Last appended: 2.2, Last appended by leader: 2, Current term: 3, Majority size: 2, State: 0, Mode: LEADER, active raft config: opid_index: -1 OBSOLETE_local: false peers { permanent_uuid: "e7e9917bf99b4567a39e28ae6adae81e" member_type: VOTER last_known_addr { host: "127.16.248.1" port: 40407 } } peers { permanent_uuid: "ae5d400f645b478e99df2f452f97aed8" member_type: VOTER last_known_addr { host: "127.16.248.2" port: 34581 } } peers { permanent_uuid: "c4d11a696509478ab868b50167dfb5e7" member_type: VOTER last_known_addr { host: "127.16.248.3" port: 45609 } }
I20260710 11:11:26.519879 17405 catalog_manager.cc:5697] T 4c074e92e56d4513aa54a02792ccc583 P ae5d400f645b478e99df2f452f97aed8 reported cstate change: term changed from 2 to 3, leader changed from e7e9917bf99b4567a39e28ae6adae81e (127.16.248.1) to ae5d400f645b478e99df2f452f97aed8 (127.16.248.2). New cstate: current_term: 3 leader_uuid: "ae5d400f645b478e99df2f452f97aed8" committed_config { opid_index: -1 OBSOLETE_local: false peers { permanent_uuid: "e7e9917bf99b4567a39e28ae6adae81e" member_type: VOTER last_known_addr { host: "127.16.248.1" port: 40407 } health_report { overall_health: UNKNOWN } } peers { permanent_uuid: "ae5d400f645b478e99df2f452f97aed8" member_type: VOTER last_known_addr { host: "127.16.248.2" port: 34581 } health_report { overall_health: HEALTHY } } peers { permanent_uuid: "c4d11a696509478ab868b50167dfb5e7" member_type: VOTER last_known_addr { host: "127.16.248.3" port: 45609 } health_report { overall_health: UNKNOWN } } }
I20260710 11:11:26.616442 17796 raft_consensus.cc:993] T f5a8cf31bfcb4598b3cd6aca4f4d425b P e7e9917bf99b4567a39e28ae6adae81e: : Instructing follower ae5d400f645b478e99df2f452f97aed8 to start an election
I20260710 11:11:26.616818 17818 raft_consensus.cc:1081] T f5a8cf31bfcb4598b3cd6aca4f4d425b P e7e9917bf99b4567a39e28ae6adae81e [term 2 LEADER]: Signalling peer ae5d400f645b478e99df2f452f97aed8 to start an election
I20260710 11:11:26.617988 17585 tablet_service.cc:2044] Received Run Leader Election RPC: tablet_id: "f5a8cf31bfcb4598b3cd6aca4f4d425b"
dest_uuid: "ae5d400f645b478e99df2f452f97aed8"
 from {username='slave'} at 127.0.0.1:49134
I20260710 11:11:26.618351 17585 raft_consensus.cc:493] T f5a8cf31bfcb4598b3cd6aca4f4d425b P ae5d400f645b478e99df2f452f97aed8 [term 2 FOLLOWER]: Starting forced leader election (received explicit request)
I20260710 11:11:26.618561 17585 raft_consensus.cc:3060] T f5a8cf31bfcb4598b3cd6aca4f4d425b P ae5d400f645b478e99df2f452f97aed8 [term 2 FOLLOWER]: Advancing to term 3
I20260710 11:11:26.622099 17585 raft_consensus.cc:515] T f5a8cf31bfcb4598b3cd6aca4f4d425b P ae5d400f645b478e99df2f452f97aed8 [term 3 FOLLOWER]: Starting forced leader election with config: opid_index: -1 OBSOLETE_local: false peers { permanent_uuid: "e7e9917bf99b4567a39e28ae6adae81e" member_type: VOTER last_known_addr { host: "127.16.248.1" port: 40407 } } peers { permanent_uuid: "ae5d400f645b478e99df2f452f97aed8" member_type: VOTER last_known_addr { host: "127.16.248.2" port: 34581 } } peers { permanent_uuid: "c4d11a696509478ab868b50167dfb5e7" member_type: VOTER last_known_addr { host: "127.16.248.3" port: 45609 } }
I20260710 11:11:26.623268 17585 leader_election.cc:290] T f5a8cf31bfcb4598b3cd6aca4f4d425b P ae5d400f645b478e99df2f452f97aed8 [CANDIDATE]: Term 3 election: Requested vote from peers e7e9917bf99b4567a39e28ae6adae81e (127.16.248.1:40407), c4d11a696509478ab868b50167dfb5e7 (127.16.248.3:45609)
I20260710 11:11:26.623944 17511 tablet_service.cc:1917] Received RequestConsensusVote() RPC: tablet_id: "f5a8cf31bfcb4598b3cd6aca4f4d425b" candidate_uuid: "ae5d400f645b478e99df2f452f97aed8" candidate_term: 3 candidate_status { last_received { term: 2 index: 2 } } ignore_live_leader: true dest_uuid: "e7e9917bf99b4567a39e28ae6adae81e"
I20260710 11:11:26.624243 17660 tablet_service.cc:1917] Received RequestConsensusVote() RPC: tablet_id: "f5a8cf31bfcb4598b3cd6aca4f4d425b" candidate_uuid: "ae5d400f645b478e99df2f452f97aed8" candidate_term: 3 candidate_status { last_received { term: 2 index: 2 } } ignore_live_leader: true dest_uuid: "c4d11a696509478ab868b50167dfb5e7"
I20260710 11:11:26.624464 17511 raft_consensus.cc:3055] T f5a8cf31bfcb4598b3cd6aca4f4d425b P e7e9917bf99b4567a39e28ae6adae81e [term 2 LEADER]: Stepping down as leader of term 2
I20260710 11:11:26.624747 17511 raft_consensus.cc:740] T f5a8cf31bfcb4598b3cd6aca4f4d425b P e7e9917bf99b4567a39e28ae6adae81e [term 2 LEADER]: Becoming Follower/Learner. State: Replica: e7e9917bf99b4567a39e28ae6adae81e, State: Running, Role: LEADER
I20260710 11:11:26.624761 17660 raft_consensus.cc:3060] T f5a8cf31bfcb4598b3cd6aca4f4d425b P c4d11a696509478ab868b50167dfb5e7 [term 2 FOLLOWER]: Advancing to term 3
I20260710 11:11:26.625511 17511 consensus_queue.cc:260] T f5a8cf31bfcb4598b3cd6aca4f4d425b P e7e9917bf99b4567a39e28ae6adae81e [NON_LEADER]: Queue going to NON_LEADER mode. State: All replicated index: 0, Majority replicated index: 2, Committed index: 2, Last appended: 2.2, Last appended by leader: 2, Current term: 2, Majority size: -1, State: 0, Mode: NON_LEADER, active raft config: opid_index: -1 OBSOLETE_local: false peers { permanent_uuid: "e7e9917bf99b4567a39e28ae6adae81e" member_type: VOTER last_known_addr { host: "127.16.248.1" port: 40407 } } peers { permanent_uuid: "ae5d400f645b478e99df2f452f97aed8" member_type: VOTER last_known_addr { host: "127.16.248.2" port: 34581 } } peers { permanent_uuid: "c4d11a696509478ab868b50167dfb5e7" member_type: VOTER last_known_addr { host: "127.16.248.3" port: 45609 } }
I20260710 11:11:26.626542 17511 raft_consensus.cc:3060] T f5a8cf31bfcb4598b3cd6aca4f4d425b P e7e9917bf99b4567a39e28ae6adae81e [term 2 FOLLOWER]: Advancing to term 3
I20260710 11:11:26.630805 17660 raft_consensus.cc:2468] T f5a8cf31bfcb4598b3cd6aca4f4d425b P c4d11a696509478ab868b50167dfb5e7 [term 3 FOLLOWER]: Leader election vote request: Granting yes vote for candidate ae5d400f645b478e99df2f452f97aed8 in term 3.
I20260710 11:11:26.631762 17549 leader_election.cc:304] T f5a8cf31bfcb4598b3cd6aca4f4d425b P ae5d400f645b478e99df2f452f97aed8 [CANDIDATE]: Term 3 election: Election decided. Result: candidate won. Election summary: received 2 responses out of 3 voters: 2 yes votes; 0 no votes. yes voters: ae5d400f645b478e99df2f452f97aed8, c4d11a696509478ab868b50167dfb5e7; no voters: 
I20260710 11:11:26.631902 17511 raft_consensus.cc:2468] T f5a8cf31bfcb4598b3cd6aca4f4d425b P e7e9917bf99b4567a39e28ae6adae81e [term 3 FOLLOWER]: Leader election vote request: Granting yes vote for candidate ae5d400f645b478e99df2f452f97aed8 in term 3.
I20260710 11:11:26.632395 17804 raft_consensus.cc:2804] T f5a8cf31bfcb4598b3cd6aca4f4d425b P ae5d400f645b478e99df2f452f97aed8 [term 3 FOLLOWER]: Leader election won for term 3
I20260710 11:11:26.632783 17804 raft_consensus.cc:697] T f5a8cf31bfcb4598b3cd6aca4f4d425b P ae5d400f645b478e99df2f452f97aed8 [term 3 LEADER]: Becoming Leader. State: Replica: ae5d400f645b478e99df2f452f97aed8, State: Running, Role: LEADER
I20260710 11:11:26.633428 17804 consensus_queue.cc:237] T f5a8cf31bfcb4598b3cd6aca4f4d425b P ae5d400f645b478e99df2f452f97aed8 [LEADER]: Queue going to LEADER mode. State: All replicated index: 0, Majority replicated index: 2, Committed index: 2, Last appended: 2.2, Last appended by leader: 2, Current term: 3, Majority size: 2, State: 0, Mode: LEADER, active raft config: opid_index: -1 OBSOLETE_local: false peers { permanent_uuid: "e7e9917bf99b4567a39e28ae6adae81e" member_type: VOTER last_known_addr { host: "127.16.248.1" port: 40407 } } peers { permanent_uuid: "ae5d400f645b478e99df2f452f97aed8" member_type: VOTER last_known_addr { host: "127.16.248.2" port: 34581 } } peers { permanent_uuid: "c4d11a696509478ab868b50167dfb5e7" member_type: VOTER last_known_addr { host: "127.16.248.3" port: 45609 } }
I20260710 11:11:26.638644 17405 catalog_manager.cc:5697] T f5a8cf31bfcb4598b3cd6aca4f4d425b P ae5d400f645b478e99df2f452f97aed8 reported cstate change: term changed from 2 to 3, leader changed from e7e9917bf99b4567a39e28ae6adae81e (127.16.248.1) to ae5d400f645b478e99df2f452f97aed8 (127.16.248.2). New cstate: current_term: 3 leader_uuid: "ae5d400f645b478e99df2f452f97aed8" committed_config { opid_index: -1 OBSOLETE_local: false peers { permanent_uuid: "e7e9917bf99b4567a39e28ae6adae81e" member_type: VOTER last_known_addr { host: "127.16.248.1" port: 40407 } health_report { overall_health: UNKNOWN } } peers { permanent_uuid: "ae5d400f645b478e99df2f452f97aed8" member_type: VOTER last_known_addr { host: "127.16.248.2" port: 34581 } health_report { overall_health: HEALTHY } } peers { permanent_uuid: "c4d11a696509478ab868b50167dfb5e7" member_type: VOTER last_known_addr { host: "127.16.248.3" port: 45609 } health_report { overall_health: UNKNOWN } } }
I20260710 11:11:26.695185 17796 raft_consensus.cc:993] T 6dfe04dc5ff445129badd9f6c180e00e P e7e9917bf99b4567a39e28ae6adae81e: : Instructing follower ae5d400f645b478e99df2f452f97aed8 to start an election
I20260710 11:11:26.695536 17818 raft_consensus.cc:1081] T 6dfe04dc5ff445129badd9f6c180e00e P e7e9917bf99b4567a39e28ae6adae81e [term 2 LEADER]: Signalling peer ae5d400f645b478e99df2f452f97aed8 to start an election
I20260710 11:11:26.696714 17585 tablet_service.cc:2044] Received Run Leader Election RPC: tablet_id: "6dfe04dc5ff445129badd9f6c180e00e"
dest_uuid: "ae5d400f645b478e99df2f452f97aed8"
 from {username='slave'} at 127.0.0.1:49134
I20260710 11:11:26.697090 17585 raft_consensus.cc:493] T 6dfe04dc5ff445129badd9f6c180e00e P ae5d400f645b478e99df2f452f97aed8 [term 2 FOLLOWER]: Starting forced leader election (received explicit request)
I20260710 11:11:26.697328 17585 raft_consensus.cc:3060] T 6dfe04dc5ff445129badd9f6c180e00e P ae5d400f645b478e99df2f452f97aed8 [term 2 FOLLOWER]: Advancing to term 3
I20260710 11:11:26.700863 17585 raft_consensus.cc:515] T 6dfe04dc5ff445129badd9f6c180e00e P ae5d400f645b478e99df2f452f97aed8 [term 3 FOLLOWER]: Starting forced leader election with config: opid_index: -1 OBSOLETE_local: false peers { permanent_uuid: "e7e9917bf99b4567a39e28ae6adae81e" member_type: VOTER last_known_addr { host: "127.16.248.1" port: 40407 } } peers { permanent_uuid: "ae5d400f645b478e99df2f452f97aed8" member_type: VOTER last_known_addr { host: "127.16.248.2" port: 34581 } } peers { permanent_uuid: "c4d11a696509478ab868b50167dfb5e7" member_type: VOTER last_known_addr { host: "127.16.248.3" port: 45609 } }
I20260710 11:11:26.702270 17585 leader_election.cc:290] T 6dfe04dc5ff445129badd9f6c180e00e P ae5d400f645b478e99df2f452f97aed8 [CANDIDATE]: Term 3 election: Requested vote from peers e7e9917bf99b4567a39e28ae6adae81e (127.16.248.1:40407), c4d11a696509478ab868b50167dfb5e7 (127.16.248.3:45609)
I20260710 11:11:26.702872 17511 tablet_service.cc:1917] Received RequestConsensusVote() RPC: tablet_id: "6dfe04dc5ff445129badd9f6c180e00e" candidate_uuid: "ae5d400f645b478e99df2f452f97aed8" candidate_term: 3 candidate_status { last_received { term: 2 index: 2 } } ignore_live_leader: true dest_uuid: "e7e9917bf99b4567a39e28ae6adae81e"
I20260710 11:11:26.703157 17660 tablet_service.cc:1917] Received RequestConsensusVote() RPC: tablet_id: "6dfe04dc5ff445129badd9f6c180e00e" candidate_uuid: "ae5d400f645b478e99df2f452f97aed8" candidate_term: 3 candidate_status { last_received { term: 2 index: 2 } } ignore_live_leader: true dest_uuid: "c4d11a696509478ab868b50167dfb5e7"
I20260710 11:11:26.703281 17511 raft_consensus.cc:3055] T 6dfe04dc5ff445129badd9f6c180e00e P e7e9917bf99b4567a39e28ae6adae81e [term 2 LEADER]: Stepping down as leader of term 2
I20260710 11:11:26.703596 17511 raft_consensus.cc:740] T 6dfe04dc5ff445129badd9f6c180e00e P e7e9917bf99b4567a39e28ae6adae81e [term 2 LEADER]: Becoming Follower/Learner. State: Replica: e7e9917bf99b4567a39e28ae6adae81e, State: Running, Role: LEADER
I20260710 11:11:26.703611 17660 raft_consensus.cc:3060] T 6dfe04dc5ff445129badd9f6c180e00e P c4d11a696509478ab868b50167dfb5e7 [term 2 FOLLOWER]: Advancing to term 3
I20260710 11:11:26.704196 17511 consensus_queue.cc:260] T 6dfe04dc5ff445129badd9f6c180e00e P e7e9917bf99b4567a39e28ae6adae81e [NON_LEADER]: Queue going to NON_LEADER mode. State: All replicated index: 0, Majority replicated index: 2, Committed index: 2, Last appended: 2.2, Last appended by leader: 2, Current term: 2, Majority size: -1, State: 0, Mode: NON_LEADER, active raft config: opid_index: -1 OBSOLETE_local: false peers { permanent_uuid: "e7e9917bf99b4567a39e28ae6adae81e" member_type: VOTER last_known_addr { host: "127.16.248.1" port: 40407 } } peers { permanent_uuid: "ae5d400f645b478e99df2f452f97aed8" member_type: VOTER last_known_addr { host: "127.16.248.2" port: 34581 } } peers { permanent_uuid: "c4d11a696509478ab868b50167dfb5e7" member_type: VOTER last_known_addr { host: "127.16.248.3" port: 45609 } }
I20260710 11:11:26.704926 17511 raft_consensus.cc:3060] T 6dfe04dc5ff445129badd9f6c180e00e P e7e9917bf99b4567a39e28ae6adae81e [term 2 FOLLOWER]: Advancing to term 3
I20260710 11:11:26.707500 17660 raft_consensus.cc:2468] T 6dfe04dc5ff445129badd9f6c180e00e P c4d11a696509478ab868b50167dfb5e7 [term 3 FOLLOWER]: Leader election vote request: Granting yes vote for candidate ae5d400f645b478e99df2f452f97aed8 in term 3.
I20260710 11:11:26.708231 17549 leader_election.cc:304] T 6dfe04dc5ff445129badd9f6c180e00e P ae5d400f645b478e99df2f452f97aed8 [CANDIDATE]: Term 3 election: Election decided. Result: candidate won. Election summary: received 2 responses out of 3 voters: 2 yes votes; 0 no votes. yes voters: ae5d400f645b478e99df2f452f97aed8, c4d11a696509478ab868b50167dfb5e7; no voters: 
I20260710 11:11:26.708475 17511 raft_consensus.cc:2468] T 6dfe04dc5ff445129badd9f6c180e00e P e7e9917bf99b4567a39e28ae6adae81e [term 3 FOLLOWER]: Leader election vote request: Granting yes vote for candidate ae5d400f645b478e99df2f452f97aed8 in term 3.
I20260710 11:11:26.708799 17804 raft_consensus.cc:2804] T 6dfe04dc5ff445129badd9f6c180e00e P ae5d400f645b478e99df2f452f97aed8 [term 3 FOLLOWER]: Leader election won for term 3
I20260710 11:11:26.709163 17804 raft_consensus.cc:697] T 6dfe04dc5ff445129badd9f6c180e00e P ae5d400f645b478e99df2f452f97aed8 [term 3 LEADER]: Becoming Leader. State: Replica: ae5d400f645b478e99df2f452f97aed8, State: Running, Role: LEADER
I20260710 11:11:26.709810 17804 consensus_queue.cc:237] T 6dfe04dc5ff445129badd9f6c180e00e P ae5d400f645b478e99df2f452f97aed8 [LEADER]: Queue going to LEADER mode. State: All replicated index: 0, Majority replicated index: 2, Committed index: 2, Last appended: 2.2, Last appended by leader: 2, Current term: 3, Majority size: 2, State: 0, Mode: LEADER, active raft config: opid_index: -1 OBSOLETE_local: false peers { permanent_uuid: "e7e9917bf99b4567a39e28ae6adae81e" member_type: VOTER last_known_addr { host: "127.16.248.1" port: 40407 } } peers { permanent_uuid: "ae5d400f645b478e99df2f452f97aed8" member_type: VOTER last_known_addr { host: "127.16.248.2" port: 34581 } } peers { permanent_uuid: "c4d11a696509478ab868b50167dfb5e7" member_type: VOTER last_known_addr { host: "127.16.248.3" port: 45609 } }
I20260710 11:11:26.715513 17405 catalog_manager.cc:5697] T 6dfe04dc5ff445129badd9f6c180e00e P ae5d400f645b478e99df2f452f97aed8 reported cstate change: term changed from 2 to 3, leader changed from e7e9917bf99b4567a39e28ae6adae81e (127.16.248.1) to ae5d400f645b478e99df2f452f97aed8 (127.16.248.2). New cstate: current_term: 3 leader_uuid: "ae5d400f645b478e99df2f452f97aed8" committed_config { opid_index: -1 OBSOLETE_local: false peers { permanent_uuid: "e7e9917bf99b4567a39e28ae6adae81e" member_type: VOTER last_known_addr { host: "127.16.248.1" port: 40407 } health_report { overall_health: UNKNOWN } } peers { permanent_uuid: "ae5d400f645b478e99df2f452f97aed8" member_type: VOTER last_known_addr { host: "127.16.248.2" port: 34581 } health_report { overall_health: HEALTHY } } peers { permanent_uuid: "c4d11a696509478ab868b50167dfb5e7" member_type: VOTER last_known_addr { host: "127.16.248.3" port: 45609 } health_report { overall_health: UNKNOWN } } }
I20260710 11:11:26.741382 17511 raft_consensus.cc:1275] T 5763da92500e4f6d9711635d1798f313 P e7e9917bf99b4567a39e28ae6adae81e [term 4 FOLLOWER]: Refusing update from remote peer ae5d400f645b478e99df2f452f97aed8: Log matching property violated. Preceding OpId in replica: term: 3 index: 3. Preceding OpId from leader: term: 4 index: 4. (index mismatch)
I20260710 11:11:26.742282 17804 consensus_queue.cc:1048] T 5763da92500e4f6d9711635d1798f313 P ae5d400f645b478e99df2f452f97aed8 [LEADER]: Connected to new peer: Peer: permanent_uuid: "e7e9917bf99b4567a39e28ae6adae81e" member_type: VOTER last_known_addr { host: "127.16.248.1" port: 40407 }, Status: LMP_MISMATCH, Last received: 0.0, Next index: 4, Last known committed idx: 3, Time since last communication: 0.000s
I20260710 11:11:26.749941 17660 raft_consensus.cc:1275] T 5763da92500e4f6d9711635d1798f313 P c4d11a696509478ab868b50167dfb5e7 [term 4 FOLLOWER]: Refusing update from remote peer ae5d400f645b478e99df2f452f97aed8: Log matching property violated. Preceding OpId in replica: term: 3 index: 3. Preceding OpId from leader: term: 4 index: 4. (index mismatch)
I20260710 11:11:26.754154 17814 consensus_queue.cc:1048] T 5763da92500e4f6d9711635d1798f313 P ae5d400f645b478e99df2f452f97aed8 [LEADER]: Connected to new peer: Peer: permanent_uuid: "c4d11a696509478ab868b50167dfb5e7" member_type: VOTER last_known_addr { host: "127.16.248.3" port: 45609 }, Status: LMP_MISMATCH, Last received: 0.0, Next index: 4, Last known committed idx: 3, Time since last communication: 0.000s
I20260710 11:11:26.773041 17511 raft_consensus.cc:1275] T 2dfdce4780644a73925dee5a5b519daa P e7e9917bf99b4567a39e28ae6adae81e [term 3 FOLLOWER]: Refusing update from remote peer ae5d400f645b478e99df2f452f97aed8: Log matching property violated. Preceding OpId in replica: term: 2 index: 2. Preceding OpId from leader: term: 3 index: 3. (index mismatch)
I20260710 11:11:26.774008 17825 consensus_queue.cc:1048] T 2dfdce4780644a73925dee5a5b519daa P ae5d400f645b478e99df2f452f97aed8 [LEADER]: Connected to new peer: Peer: permanent_uuid: "e7e9917bf99b4567a39e28ae6adae81e" member_type: VOTER last_known_addr { host: "127.16.248.1" port: 40407 }, Status: LMP_MISMATCH, Last received: 0.0, Next index: 3, Last known committed idx: 2, Time since last communication: 0.000s
I20260710 11:11:26.780251 17660 raft_consensus.cc:1275] T 2dfdce4780644a73925dee5a5b519daa P c4d11a696509478ab868b50167dfb5e7 [term 3 FOLLOWER]: Refusing update from remote peer ae5d400f645b478e99df2f452f97aed8: Log matching property violated. Preceding OpId in replica: term: 2 index: 2. Preceding OpId from leader: term: 3 index: 3. (index mismatch)
I20260710 11:11:26.781987 17804 consensus_queue.cc:1048] T 2dfdce4780644a73925dee5a5b519daa P ae5d400f645b478e99df2f452f97aed8 [LEADER]: Connected to new peer: Peer: permanent_uuid: "c4d11a696509478ab868b50167dfb5e7" member_type: VOTER last_known_addr { host: "127.16.248.3" port: 45609 }, Status: LMP_MISMATCH, Last received: 0.0, Next index: 3, Last known committed idx: 2, Time since last communication: 0.000s
I20260710 11:11:26.983528 17511 raft_consensus.cc:1275] T 4c074e92e56d4513aa54a02792ccc583 P e7e9917bf99b4567a39e28ae6adae81e [term 3 FOLLOWER]: Refusing update from remote peer ae5d400f645b478e99df2f452f97aed8: Log matching property violated. Preceding OpId in replica: term: 2 index: 2. Preceding OpId from leader: term: 3 index: 3. (index mismatch)
I20260710 11:11:26.984613 17804 consensus_queue.cc:1048] T 4c074e92e56d4513aa54a02792ccc583 P ae5d400f645b478e99df2f452f97aed8 [LEADER]: Connected to new peer: Peer: permanent_uuid: "e7e9917bf99b4567a39e28ae6adae81e" member_type: VOTER last_known_addr { host: "127.16.248.1" port: 40407 }, Status: LMP_MISMATCH, Last received: 0.0, Next index: 3, Last known committed idx: 2, Time since last communication: 0.000s
I20260710 11:11:26.991603 17660 raft_consensus.cc:1275] T 4c074e92e56d4513aa54a02792ccc583 P c4d11a696509478ab868b50167dfb5e7 [term 3 FOLLOWER]: Refusing update from remote peer ae5d400f645b478e99df2f452f97aed8: Log matching property violated. Preceding OpId in replica: term: 2 index: 2. Preceding OpId from leader: term: 3 index: 3. (index mismatch)
I20260710 11:11:26.993377 17814 consensus_queue.cc:1048] T 4c074e92e56d4513aa54a02792ccc583 P ae5d400f645b478e99df2f452f97aed8 [LEADER]: Connected to new peer: Peer: permanent_uuid: "c4d11a696509478ab868b50167dfb5e7" member_type: VOTER last_known_addr { host: "127.16.248.3" port: 45609 }, Status: LMP_MISMATCH, Last received: 0.0, Next index: 3, Last known committed idx: 2, Time since last communication: 0.000s
I20260710 11:11:27.091650 17511 raft_consensus.cc:1275] T 6dfe04dc5ff445129badd9f6c180e00e P e7e9917bf99b4567a39e28ae6adae81e [term 3 FOLLOWER]: Refusing update from remote peer ae5d400f645b478e99df2f452f97aed8: Log matching property violated. Preceding OpId in replica: term: 2 index: 2. Preceding OpId from leader: term: 3 index: 3. (index mismatch)
