I20260710 11:11:39.981262  5730 raft_consensus.cc:2393] T 476d3b972f7141e9a48cde8bf121a201 P d00f646c6bf248e19f910b9e9f02059b [term 1 FOLLOWER]: Leader pre-election vote request: Denying vote to candidate b3a8bd3f36874d57a979520aa4ca9dd7 in current term 1: Already voted for candidate b77f00f9eaa44c9e98c260499b627a4f in this term.
I20260710 11:11:39.981492  5892 raft_consensus.cc:2804] T c91d451b56d043168148424a6110c7fb P b77f00f9eaa44c9e98c260499b627a4f [term 1 FOLLOWER]: Leader election won for term 1
I20260710 11:11:39.982924  5892 raft_consensus.cc:697] T c91d451b56d043168148424a6110c7fb P b77f00f9eaa44c9e98c260499b627a4f [term 1 LEADER]: Becoming Leader. State: Replica: b77f00f9eaa44c9e98c260499b627a4f, State: Running, Role: LEADER
I20260710 11:11:39.983809  5892 consensus_queue.cc:237] T c91d451b56d043168148424a6110c7fb P b77f00f9eaa44c9e98c260499b627a4f [LEADER]: Queue going to LEADER mode. State: All replicated index: 0, Majority replicated index: 0, Committed index: 0, Last appended: 0.0, Last appended by leader: 0, Current term: 1, Majority size: 2, State: 0, Mode: LEADER, active raft config: opid_index: -1 OBSOLETE_local: false peers { permanent_uuid: "b77f00f9eaa44c9e98c260499b627a4f" member_type: VOTER last_known_addr { host: "127.4.114.129" port: 42645 } } peers { permanent_uuid: "d00f646c6bf248e19f910b9e9f02059b" member_type: VOTER last_known_addr { host: "127.4.114.130" port: 41997 } } peers { permanent_uuid: "b3a8bd3f36874d57a979520aa4ca9dd7" member_type: VOTER last_known_addr { host: "127.4.114.131" port: 36985 } }
I20260710 11:11:39.986064  5658 tablet_service.cc:1917] Received RequestConsensusVote() RPC: tablet_id: "476d3b972f7141e9a48cde8bf121a201" candidate_uuid: "b3a8bd3f36874d57a979520aa4ca9dd7" candidate_term: 1 candidate_status { last_received { term: 0 index: 0 } } ignore_live_leader: false dest_uuid: "b77f00f9eaa44c9e98c260499b627a4f" is_pre_election: true
I20260710 11:11:39.988317  5773 leader_election.cc:304] T 476d3b972f7141e9a48cde8bf121a201 P b3a8bd3f36874d57a979520aa4ca9dd7 [CANDIDATE]: Term 1 pre-election: Election decided. Result: candidate lost. Election summary: received 3 responses out of 3 voters: 1 yes votes; 2 no votes. yes voters: b3a8bd3f36874d57a979520aa4ca9dd7; no voters: b77f00f9eaa44c9e98c260499b627a4f, d00f646c6bf248e19f910b9e9f02059b
I20260710 11:11:39.989462  5863 raft_consensus.cc:3060] T 476d3b972f7141e9a48cde8bf121a201 P b3a8bd3f36874d57a979520aa4ca9dd7 [term 0 FOLLOWER]: Advancing to term 1
I20260710 11:11:39.991541  5848 tablet_bootstrap.cc:654] T 80cb9dad8b5e4956a53232c919088ff7 P b3a8bd3f36874d57a979520aa4ca9dd7: Neither blocks nor log segments found. Creating new log.
I20260710 11:11:39.994788  5891 raft_consensus.cc:515] T a40169d6242c487c8c668054b198c314 P b77f00f9eaa44c9e98c260499b627a4f [term 1 FOLLOWER]: Starting leader election with config: opid_index: -1 OBSOLETE_local: false peers { permanent_uuid: "b77f00f9eaa44c9e98c260499b627a4f" member_type: VOTER last_known_addr { host: "127.4.114.129" port: 42645 } } peers { permanent_uuid: "d00f646c6bf248e19f910b9e9f02059b" member_type: VOTER last_known_addr { host: "127.4.114.130" port: 41997 } } peers { permanent_uuid: "b3a8bd3f36874d57a979520aa4ca9dd7" member_type: VOTER last_known_addr { host: "127.4.114.131" port: 36985 } }
I20260710 11:11:39.997506  5730 tablet_service.cc:1917] Received RequestConsensusVote() RPC: tablet_id: "a40169d6242c487c8c668054b198c314" candidate_uuid: "b77f00f9eaa44c9e98c260499b627a4f" candidate_term: 1 candidate_status { last_received { term: 0 index: 0 } } ignore_live_leader: false dest_uuid: "d00f646c6bf248e19f910b9e9f02059b"
I20260710 11:11:39.997929  5807 tablet_service.cc:1917] Received RequestConsensusVote() RPC: tablet_id: "a40169d6242c487c8c668054b198c314" candidate_uuid: "b77f00f9eaa44c9e98c260499b627a4f" candidate_term: 1 candidate_status { last_received { term: 0 index: 0 } } ignore_live_leader: false dest_uuid: "b3a8bd3f36874d57a979520aa4ca9dd7"
I20260710 11:11:39.998473  5807 raft_consensus.cc:3060] T a40169d6242c487c8c668054b198c314 P b3a8bd3f36874d57a979520aa4ca9dd7 [term 0 FOLLOWER]: Advancing to term 1
W20260710 11:11:39.998773  5621 leader_election.cc:343] T a40169d6242c487c8c668054b198c314 P b77f00f9eaa44c9e98c260499b627a4f [CANDIDATE]: Term 1 election: Tablet error from VoteRequest() call to peer d00f646c6bf248e19f910b9e9f02059b (127.4.114.130:41997): Illegal state: must be running to vote when last-logged opid is not known
I20260710 11:11:40.005082  5807 raft_consensus.cc:2468] T a40169d6242c487c8c668054b198c314 P b3a8bd3f36874d57a979520aa4ca9dd7 [term 1 FOLLOWER]: Leader election vote request: Granting yes vote for candidate b77f00f9eaa44c9e98c260499b627a4f in term 1.
W20260710 11:11:40.005254  5604 auto_rebalancer.cc:288] Could not retrieve cluster info: Service unavailable: Tablet not running
I20260710 11:11:40.007239  5851 tablet_bootstrap.cc:492] T a96784fc80c64ca286ed13ed0a64234e P d00f646c6bf248e19f910b9e9f02059b: No bootstrap required, opened a new log
I20260710 11:11:40.007732  5851 ts_tablet_manager.cc:1403] T a96784fc80c64ca286ed13ed0a64234e P d00f646c6bf248e19f910b9e9f02059b: Time spent bootstrapping tablet: real 0.092s	user 0.018s	sys 0.027s
I20260710 11:11:40.009006  5863 raft_consensus.cc:2749] T 476d3b972f7141e9a48cde8bf121a201 P b3a8bd3f36874d57a979520aa4ca9dd7 [term 1 FOLLOWER]: Leader pre-election lost for term 1. Reason: could not achieve majority
I20260710 11:11:40.010264  5622 leader_election.cc:304] T a40169d6242c487c8c668054b198c314 P b77f00f9eaa44c9e98c260499b627a4f [CANDIDATE]: Term 1 election: Election decided. Result: candidate won. Election summary: received 3 responses out of 3 voters: 2 yes votes; 1 no votes. yes voters: b3a8bd3f36874d57a979520aa4ca9dd7, b77f00f9eaa44c9e98c260499b627a4f; no voters: d00f646c6bf248e19f910b9e9f02059b
I20260710 11:11:40.011122  5881 raft_consensus.cc:2804] T a40169d6242c487c8c668054b198c314 P b77f00f9eaa44c9e98c260499b627a4f [term 1 FOLLOWER]: Leader election won for term 1
I20260710 11:11:40.011620  5881 raft_consensus.cc:697] T a40169d6242c487c8c668054b198c314 P b77f00f9eaa44c9e98c260499b627a4f [term 1 LEADER]: Becoming Leader. State: Replica: b77f00f9eaa44c9e98c260499b627a4f, State: Running, Role: LEADER
I20260710 11:11:40.012452  5881 consensus_queue.cc:237] T a40169d6242c487c8c668054b198c314 P b77f00f9eaa44c9e98c260499b627a4f [LEADER]: Queue going to LEADER mode. State: All replicated index: 0, Majority replicated index: 0, Committed index: 0, Last appended: 0.0, Last appended by leader: 0, Current term: 1, Majority size: 2, State: 0, Mode: LEADER, active raft config: opid_index: -1 OBSOLETE_local: false peers { permanent_uuid: "b77f00f9eaa44c9e98c260499b627a4f" member_type: VOTER last_known_addr { host: "127.4.114.129" port: 42645 } } peers { permanent_uuid: "d00f646c6bf248e19f910b9e9f02059b" member_type: VOTER last_known_addr { host: "127.4.114.130" port: 41997 } } peers { permanent_uuid: "b3a8bd3f36874d57a979520aa4ca9dd7" member_type: VOTER last_known_addr { host: "127.4.114.131" port: 36985 } }
I20260710 11:11:40.015600  5891 leader_election.cc:290] T a40169d6242c487c8c668054b198c314 P b77f00f9eaa44c9e98c260499b627a4f [CANDIDATE]: Term 1 election: Requested vote from peers d00f646c6bf248e19f910b9e9f02059b (127.4.114.130:41997), b3a8bd3f36874d57a979520aa4ca9dd7 (127.4.114.131:36985)
I20260710 11:11:40.013926  5554 catalog_manager.cc:5697] T c91d451b56d043168148424a6110c7fb P b77f00f9eaa44c9e98c260499b627a4f reported cstate change: term changed from 0 to 1, leader changed from <none> to b77f00f9eaa44c9e98c260499b627a4f (127.4.114.129). New cstate: current_term: 1 leader_uuid: "b77f00f9eaa44c9e98c260499b627a4f" committed_config { opid_index: -1 OBSOLETE_local: false peers { permanent_uuid: "b77f00f9eaa44c9e98c260499b627a4f" member_type: VOTER last_known_addr { host: "127.4.114.129" port: 42645 } health_report { overall_health: HEALTHY } } peers { permanent_uuid: "d00f646c6bf248e19f910b9e9f02059b" member_type: VOTER last_known_addr { host: "127.4.114.130" port: 41997 } health_report { overall_health: UNKNOWN } } peers { permanent_uuid: "b3a8bd3f36874d57a979520aa4ca9dd7" member_type: VOTER last_known_addr { host: "127.4.114.131" port: 36985 } health_report { overall_health: UNKNOWN } } }
I20260710 11:11:39.973186  5847 raft_consensus.cc:359] T 80cb9dad8b5e4956a53232c919088ff7 P b77f00f9eaa44c9e98c260499b627a4f [term 0 FOLLOWER]: Replica starting. Triggering 0 pending ops. Active config: opid_index: -1 OBSOLETE_local: false peers { permanent_uuid: "b77f00f9eaa44c9e98c260499b627a4f" member_type: VOTER last_known_addr { host: "127.4.114.129" port: 42645 } } peers { permanent_uuid: "d00f646c6bf248e19f910b9e9f02059b" member_type: VOTER last_known_addr { host: "127.4.114.130" port: 41997 } } peers { permanent_uuid: "b3a8bd3f36874d57a979520aa4ca9dd7" member_type: VOTER last_known_addr { host: "127.4.114.131" port: 36985 } }
I20260710 11:11:40.017091  5847 raft_consensus.cc:385] T 80cb9dad8b5e4956a53232c919088ff7 P b77f00f9eaa44c9e98c260499b627a4f [term 0 FOLLOWER]: Consensus starting up: Expiring failure detector timer to make a prompt election more likely
I20260710 11:11:40.015305  5851 raft_consensus.cc:359] T a96784fc80c64ca286ed13ed0a64234e P d00f646c6bf248e19f910b9e9f02059b [term 0 FOLLOWER]: Replica starting. Triggering 0 pending ops. Active config: opid_index: -1 OBSOLETE_local: false peers { permanent_uuid: "b77f00f9eaa44c9e98c260499b627a4f" member_type: VOTER last_known_addr { host: "127.4.114.129" port: 42645 } } peers { permanent_uuid: "d00f646c6bf248e19f910b9e9f02059b" member_type: VOTER last_known_addr { host: "127.4.114.130" port: 41997 } } peers { permanent_uuid: "b3a8bd3f36874d57a979520aa4ca9dd7" member_type: VOTER last_known_addr { host: "127.4.114.131" port: 36985 } }
I20260710 11:11:40.017832  5851 raft_consensus.cc:385] T a96784fc80c64ca286ed13ed0a64234e P d00f646c6bf248e19f910b9e9f02059b [term 0 FOLLOWER]: Consensus starting up: Expiring failure detector timer to make a prompt election more likely
I20260710 11:11:40.018157  5851 raft_consensus.cc:740] T a96784fc80c64ca286ed13ed0a64234e P d00f646c6bf248e19f910b9e9f02059b [term 0 FOLLOWER]: Becoming Follower/Learner. State: Replica: d00f646c6bf248e19f910b9e9f02059b, State: Initialized, Role: FOLLOWER
I20260710 11:11:40.018908  5851 consensus_queue.cc:260] T a96784fc80c64ca286ed13ed0a64234e P d00f646c6bf248e19f910b9e9f02059b [NON_LEADER]: Queue going to NON_LEADER mode. State: All replicated index: 0, Majority replicated index: 0, Committed index: 0, Last appended: 0.0, Last appended by leader: 0, Current term: 0, Majority size: -1, State: 0, Mode: NON_LEADER, active raft config: opid_index: -1 OBSOLETE_local: false peers { permanent_uuid: "b77f00f9eaa44c9e98c260499b627a4f" member_type: VOTER last_known_addr { host: "127.4.114.129" port: 42645 } } peers { permanent_uuid: "d00f646c6bf248e19f910b9e9f02059b" member_type: VOTER last_known_addr { host: "127.4.114.130" port: 41997 } } peers { permanent_uuid: "b3a8bd3f36874d57a979520aa4ca9dd7" member_type: VOTER last_known_addr { host: "127.4.114.131" port: 36985 } }
I20260710 11:11:40.020416  5848 tablet_bootstrap.cc:492] T 80cb9dad8b5e4956a53232c919088ff7 P b3a8bd3f36874d57a979520aa4ca9dd7: No bootstrap required, opened a new log
I20260710 11:11:40.020872  5848 ts_tablet_manager.cc:1403] T 80cb9dad8b5e4956a53232c919088ff7 P b3a8bd3f36874d57a979520aa4ca9dd7: Time spent bootstrapping tablet: real 0.044s	user 0.017s	sys 0.008s
I20260710 11:11:40.017309  5554 catalog_manager.cc:5697] T a96784fc80c64ca286ed13ed0a64234e P b77f00f9eaa44c9e98c260499b627a4f reported cstate change: term changed from 0 to 1, leader changed from <none> to b77f00f9eaa44c9e98c260499b627a4f (127.4.114.129). New cstate: current_term: 1 leader_uuid: "b77f00f9eaa44c9e98c260499b627a4f" committed_config { opid_index: -1 OBSOLETE_local: false peers { permanent_uuid: "b77f00f9eaa44c9e98c260499b627a4f" member_type: VOTER last_known_addr { host: "127.4.114.129" port: 42645 } health_report { overall_health: HEALTHY } } peers { permanent_uuid: "d00f646c6bf248e19f910b9e9f02059b" member_type: VOTER last_known_addr { host: "127.4.114.130" port: 41997 } health_report { overall_health: UNKNOWN } } peers { permanent_uuid: "b3a8bd3f36874d57a979520aa4ca9dd7" member_type: VOTER last_known_addr { host: "127.4.114.131" port: 36985 } health_report { overall_health: UNKNOWN } } }
I20260710 11:11:40.021173  5851 ts_tablet_manager.cc:1434] T a96784fc80c64ca286ed13ed0a64234e P d00f646c6bf248e19f910b9e9f02059b: Time spent starting tablet: real 0.013s	user 0.007s	sys 0.000s
I20260710 11:11:40.022259  5851 tablet_bootstrap.cc:492] T c91d451b56d043168148424a6110c7fb P d00f646c6bf248e19f910b9e9f02059b: Bootstrap starting.
I20260710 11:11:40.017382  5847 raft_consensus.cc:740] T 80cb9dad8b5e4956a53232c919088ff7 P b77f00f9eaa44c9e98c260499b627a4f [term 0 FOLLOWER]: Becoming Follower/Learner. State: Replica: b77f00f9eaa44c9e98c260499b627a4f, State: Initialized, Role: FOLLOWER
I20260710 11:11:40.023048  5847 consensus_queue.cc:260] T 80cb9dad8b5e4956a53232c919088ff7 P b77f00f9eaa44c9e98c260499b627a4f [NON_LEADER]: Queue going to NON_LEADER mode. State: All replicated index: 0, Majority replicated index: 0, Committed index: 0, Last appended: 0.0, Last appended by leader: 0, Current term: 0, Majority size: -1, State: 0, Mode: NON_LEADER, active raft config: opid_index: -1 OBSOLETE_local: false peers { permanent_uuid: "b77f00f9eaa44c9e98c260499b627a4f" member_type: VOTER last_known_addr { host: "127.4.114.129" port: 42645 } } peers { permanent_uuid: "d00f646c6bf248e19f910b9e9f02059b" member_type: VOTER last_known_addr { host: "127.4.114.130" port: 41997 } } peers { permanent_uuid: "b3a8bd3f36874d57a979520aa4ca9dd7" member_type: VOTER last_known_addr { host: "127.4.114.131" port: 36985 } }
I20260710 11:11:40.023659  5848 raft_consensus.cc:359] T 80cb9dad8b5e4956a53232c919088ff7 P b3a8bd3f36874d57a979520aa4ca9dd7 [term 0 FOLLOWER]: Replica starting. Triggering 0 pending ops. Active config: opid_index: -1 OBSOLETE_local: false peers { permanent_uuid: "b77f00f9eaa44c9e98c260499b627a4f" member_type: VOTER last_known_addr { host: "127.4.114.129" port: 42645 } } peers { permanent_uuid: "d00f646c6bf248e19f910b9e9f02059b" member_type: VOTER last_known_addr { host: "127.4.114.130" port: 41997 } } peers { permanent_uuid: "b3a8bd3f36874d57a979520aa4ca9dd7" member_type: VOTER last_known_addr { host: "127.4.114.131" port: 36985 } }
I20260710 11:11:40.024288  5848 raft_consensus.cc:385] T 80cb9dad8b5e4956a53232c919088ff7 P b3a8bd3f36874d57a979520aa4ca9dd7 [term 0 FOLLOWER]: Consensus starting up: Expiring failure detector timer to make a prompt election more likely
I20260710 11:11:40.024554  5848 raft_consensus.cc:740] T 80cb9dad8b5e4956a53232c919088ff7 P b3a8bd3f36874d57a979520aa4ca9dd7 [term 0 FOLLOWER]: Becoming Follower/Learner. State: Replica: b3a8bd3f36874d57a979520aa4ca9dd7, State: Initialized, Role: FOLLOWER
I20260710 11:11:40.025512  5847 ts_tablet_manager.cc:1434] T 80cb9dad8b5e4956a53232c919088ff7 P b77f00f9eaa44c9e98c260499b627a4f: Time spent starting tablet: real 0.055s	user 0.006s	sys 0.000s
I20260710 11:11:40.025199  5848 consensus_queue.cc:260] T 80cb9dad8b5e4956a53232c919088ff7 P b3a8bd3f36874d57a979520aa4ca9dd7 [NON_LEADER]: Queue going to NON_LEADER mode. State: All replicated index: 0, Majority replicated index: 0, Committed index: 0, Last appended: 0.0, Last appended by leader: 0, Current term: 0, Majority size: -1, State: 0, Mode: NON_LEADER, active raft config: opid_index: -1 OBSOLETE_local: false peers { permanent_uuid: "b77f00f9eaa44c9e98c260499b627a4f" member_type: VOTER last_known_addr { host: "127.4.114.129" port: 42645 } } peers { permanent_uuid: "d00f646c6bf248e19f910b9e9f02059b" member_type: VOTER last_known_addr { host: "127.4.114.130" port: 41997 } } peers { permanent_uuid: "b3a8bd3f36874d57a979520aa4ca9dd7" member_type: VOTER last_known_addr { host: "127.4.114.131" port: 36985 } }
I20260710 11:11:40.026392  5847 tablet_bootstrap.cc:492] T 2f2db2bc991b42d794619efbf9ee85ef P b77f00f9eaa44c9e98c260499b627a4f: Bootstrap starting.
I20260710 11:11:40.027069  5848 ts_tablet_manager.cc:1434] T 80cb9dad8b5e4956a53232c919088ff7 P b3a8bd3f36874d57a979520aa4ca9dd7: Time spent starting tablet: real 0.006s	user 0.001s	sys 0.006s
I20260710 11:11:40.027945  5848 tablet_bootstrap.cc:492] T c2fd089d790444db919c2a9cccf354b7 P b3a8bd3f36874d57a979520aa4ca9dd7: Bootstrap starting.
I20260710 11:11:40.028388  5863 raft_consensus.cc:493] T 28b45597791e43d9854fc46d1f645d6e P b3a8bd3f36874d57a979520aa4ca9dd7 [term 0 FOLLOWER]: Starting pre-election (no leader contacted us within the election timeout)
I20260710 11:11:40.028923  5863 raft_consensus.cc:515] T 28b45597791e43d9854fc46d1f645d6e P b3a8bd3f36874d57a979520aa4ca9dd7 [term 0 FOLLOWER]: Starting pre-election with config: opid_index: -1 OBSOLETE_local: false peers { permanent_uuid: "b77f00f9eaa44c9e98c260499b627a4f" member_type: VOTER last_known_addr { host: "127.4.114.129" port: 42645 } } peers { permanent_uuid: "d00f646c6bf248e19f910b9e9f02059b" member_type: VOTER last_known_addr { host: "127.4.114.130" port: 41997 } } peers { permanent_uuid: "b3a8bd3f36874d57a979520aa4ca9dd7" member_type: VOTER last_known_addr { host: "127.4.114.131" port: 36985 } }
I20260710 11:11:40.032042  5851 tablet_bootstrap.cc:654] T c91d451b56d043168148424a6110c7fb P d00f646c6bf248e19f910b9e9f02059b: Neither blocks nor log segments found. Creating new log.
I20260710 11:11:40.032001  5658 tablet_service.cc:1917] Received RequestConsensusVote() RPC: tablet_id: "28b45597791e43d9854fc46d1f645d6e" candidate_uuid: "b3a8bd3f36874d57a979520aa4ca9dd7" candidate_term: 1 candidate_status { last_received { term: 0 index: 0 } } ignore_live_leader: false dest_uuid: "b77f00f9eaa44c9e98c260499b627a4f" is_pre_election: true
I20260710 11:11:40.033324  5848 tablet_bootstrap.cc:654] T c2fd089d790444db919c2a9cccf354b7 P b3a8bd3f36874d57a979520aa4ca9dd7: Neither blocks nor log segments found. Creating new log.
I20260710 11:11:40.032738  5554 catalog_manager.cc:5697] T 734d9929070547669e4793eac99a8c73 P b77f00f9eaa44c9e98c260499b627a4f reported cstate change: term changed from 0 to 1, leader changed from <none> to b77f00f9eaa44c9e98c260499b627a4f (127.4.114.129). New cstate: current_term: 1 leader_uuid: "b77f00f9eaa44c9e98c260499b627a4f" committed_config { opid_index: -1 OBSOLETE_local: false peers { permanent_uuid: "b77f00f9eaa44c9e98c260499b627a4f" member_type: VOTER last_known_addr { host: "127.4.114.129" port: 42645 } health_report { overall_health: HEALTHY } } peers { permanent_uuid: "d00f646c6bf248e19f910b9e9f02059b" member_type: VOTER last_known_addr { host: "127.4.114.130" port: 41997 } health_report { overall_health: UNKNOWN } } peers { permanent_uuid: "b3a8bd3f36874d57a979520aa4ca9dd7" member_type: VOTER last_known_addr { host: "127.4.114.131" port: 36985 } health_report { overall_health: UNKNOWN } } }
W20260710 11:11:40.033619  5773 leader_election.cc:343] T 28b45597791e43d9854fc46d1f645d6e P b3a8bd3f36874d57a979520aa4ca9dd7 [CANDIDATE]: Term 1 pre-election: Tablet error from VoteRequest() call to peer b77f00f9eaa44c9e98c260499b627a4f (127.4.114.129:42645): Illegal state: must be running to vote when last-logged opid is not known
I20260710 11:11:40.036167  5730 tablet_service.cc:1917] Received RequestConsensusVote() RPC: tablet_id: "28b45597791e43d9854fc46d1f645d6e" candidate_uuid: "b3a8bd3f36874d57a979520aa4ca9dd7" candidate_term: 1 candidate_status { last_received { term: 0 index: 0 } } ignore_live_leader: false dest_uuid: "d00f646c6bf248e19f910b9e9f02059b" is_pre_election: true
W20260710 11:11:40.038266  5770 leader_election.cc:343] T 28b45597791e43d9854fc46d1f645d6e P b3a8bd3f36874d57a979520aa4ca9dd7 [CANDIDATE]: Term 1 pre-election: Tablet error from VoteRequest() call to peer d00f646c6bf248e19f910b9e9f02059b (127.4.114.130:41997): Illegal state: must be running to vote when last-logged opid is not known
I20260710 11:11:40.038758  5770 leader_election.cc:304] T 28b45597791e43d9854fc46d1f645d6e P b3a8bd3f36874d57a979520aa4ca9dd7 [CANDIDATE]: Term 1 pre-election: Election decided. Result: candidate lost. Election summary: received 3 responses out of 3 voters: 1 yes votes; 2 no votes. yes voters: b3a8bd3f36874d57a979520aa4ca9dd7; no voters: b77f00f9eaa44c9e98c260499b627a4f, d00f646c6bf248e19f910b9e9f02059b
I20260710 11:11:40.039605  5852 raft_consensus.cc:2749] T 28b45597791e43d9854fc46d1f645d6e P b3a8bd3f36874d57a979520aa4ca9dd7 [term 0 FOLLOWER]: Leader pre-election lost for term 1. Reason: could not achieve majority
I20260710 11:11:40.040486  5863 leader_election.cc:290] T 28b45597791e43d9854fc46d1f645d6e P b3a8bd3f36874d57a979520aa4ca9dd7 [CANDIDATE]: Term 1 pre-election: Requested pre-vote from peers b77f00f9eaa44c9e98c260499b627a4f (127.4.114.129:42645), d00f646c6bf248e19f910b9e9f02059b (127.4.114.130:41997)
I20260710 11:11:40.042833  5847 tablet_bootstrap.cc:654] T 2f2db2bc991b42d794619efbf9ee85ef P b77f00f9eaa44c9e98c260499b627a4f: Neither blocks nor log segments found. Creating new log.
I20260710 11:11:40.044723  5851 tablet_bootstrap.cc:492] T c91d451b56d043168148424a6110c7fb P d00f646c6bf248e19f910b9e9f02059b: No bootstrap required, opened a new log
I20260710 11:11:40.045176  5851 ts_tablet_manager.cc:1403] T c91d451b56d043168148424a6110c7fb P d00f646c6bf248e19f910b9e9f02059b: Time spent bootstrapping tablet: real 0.023s	user 0.007s	sys 0.009s
I20260710 11:11:40.047829  5851 raft_consensus.cc:359] T c91d451b56d043168148424a6110c7fb P d00f646c6bf248e19f910b9e9f02059b [term 0 FOLLOWER]: Replica starting. Triggering 0 pending ops. Active config: opid_index: -1 OBSOLETE_local: false peers { permanent_uuid: "b77f00f9eaa44c9e98c260499b627a4f" member_type: VOTER last_known_addr { host: "127.4.114.129" port: 42645 } } peers { permanent_uuid: "d00f646c6bf248e19f910b9e9f02059b" member_type: VOTER last_known_addr { host: "127.4.114.130" port: 41997 } } peers { permanent_uuid: "b3a8bd3f36874d57a979520aa4ca9dd7" member_type: VOTER last_known_addr { host: "127.4.114.131" port: 36985 } }
I20260710 11:11:40.048463  5851 raft_consensus.cc:385] T c91d451b56d043168148424a6110c7fb P d00f646c6bf248e19f910b9e9f02059b [term 0 FOLLOWER]: Consensus starting up: Expiring failure detector timer to make a prompt election more likely
I20260710 11:11:40.048728  5851 raft_consensus.cc:740] T c91d451b56d043168148424a6110c7fb P d00f646c6bf248e19f910b9e9f02059b [term 0 FOLLOWER]: Becoming Follower/Learner. State: Replica: d00f646c6bf248e19f910b9e9f02059b, State: Initialized, Role: FOLLOWER
I20260710 11:11:40.049352  5851 consensus_queue.cc:260] T c91d451b56d043168148424a6110c7fb P d00f646c6bf248e19f910b9e9f02059b [NON_LEADER]: Queue going to NON_LEADER mode. State: All replicated index: 0, Majority replicated index: 0, Committed index: 0, Last appended: 0.0, Last appended by leader: 0, Current term: 0, Majority size: -1, State: 0, Mode: NON_LEADER, active raft config: opid_index: -1 OBSOLETE_local: false peers { permanent_uuid: "b77f00f9eaa44c9e98c260499b627a4f" member_type: VOTER last_known_addr { host: "127.4.114.129" port: 42645 } } peers { permanent_uuid: "d00f646c6bf248e19f910b9e9f02059b" member_type: VOTER last_known_addr { host: "127.4.114.130" port: 41997 } } peers { permanent_uuid: "b3a8bd3f36874d57a979520aa4ca9dd7" member_type: VOTER last_known_addr { host: "127.4.114.131" port: 36985 } }
I20260710 11:11:40.051333  5851 ts_tablet_manager.cc:1434] T c91d451b56d043168148424a6110c7fb P d00f646c6bf248e19f910b9e9f02059b: Time spent starting tablet: real 0.006s	user 0.006s	sys 0.000s
I20260710 11:11:40.052209  5851 tablet_bootstrap.cc:492] T 074457ba4df04168a927abe1ccdac1a2 P d00f646c6bf248e19f910b9e9f02059b: Bootstrap starting.
I20260710 11:11:40.054955  5847 tablet_bootstrap.cc:492] T 2f2db2bc991b42d794619efbf9ee85ef P b77f00f9eaa44c9e98c260499b627a4f: No bootstrap required, opened a new log
I20260710 11:11:40.055130  5848 tablet_bootstrap.cc:492] T c2fd089d790444db919c2a9cccf354b7 P b3a8bd3f36874d57a979520aa4ca9dd7: No bootstrap required, opened a new log
I20260710 11:11:40.055398  5847 ts_tablet_manager.cc:1403] T 2f2db2bc991b42d794619efbf9ee85ef P b77f00f9eaa44c9e98c260499b627a4f: Time spent bootstrapping tablet: real 0.029s	user 0.009s	sys 0.006s
I20260710 11:11:40.055572  5848 ts_tablet_manager.cc:1403] T c2fd089d790444db919c2a9cccf354b7 P b3a8bd3f36874d57a979520aa4ca9dd7: Time spent bootstrapping tablet: real 0.028s	user 0.012s	sys 0.004s
I20260710 11:11:40.058082  5847 raft_consensus.cc:359] T 2f2db2bc991b42d794619efbf9ee85ef P b77f00f9eaa44c9e98c260499b627a4f [term 0 FOLLOWER]: Replica starting. Triggering 0 pending ops. Active config: opid_index: -1 OBSOLETE_local: false peers { permanent_uuid: "b77f00f9eaa44c9e98c260499b627a4f" member_type: VOTER last_known_addr { host: "127.4.114.129" port: 42645 } } peers { permanent_uuid: "d00f646c6bf248e19f910b9e9f02059b" member_type: VOTER last_known_addr { host: "127.4.114.130" port: 41997 } } peers { permanent_uuid: "b3a8bd3f36874d57a979520aa4ca9dd7" member_type: VOTER last_known_addr { host: "127.4.114.131" port: 36985 } }
I20260710 11:11:40.058363  5848 raft_consensus.cc:359] T c2fd089d790444db919c2a9cccf354b7 P b3a8bd3f36874d57a979520aa4ca9dd7 [term 0 FOLLOWER]: Replica starting. Triggering 0 pending ops. Active config: opid_index: -1 OBSOLETE_local: false peers { permanent_uuid: "b77f00f9eaa44c9e98c260499b627a4f" member_type: VOTER last_known_addr { host: "127.4.114.129" port: 42645 } } peers { permanent_uuid: "d00f646c6bf248e19f910b9e9f02059b" member_type: VOTER last_known_addr { host: "127.4.114.130" port: 41997 } } peers { permanent_uuid: "b3a8bd3f36874d57a979520aa4ca9dd7" member_type: VOTER last_known_addr { host: "127.4.114.131" port: 36985 } }
I20260710 11:11:40.058784  5847 raft_consensus.cc:385] T 2f2db2bc991b42d794619efbf9ee85ef P b77f00f9eaa44c9e98c260499b627a4f [term 0 FOLLOWER]: Consensus starting up: Expiring failure detector timer to make a prompt election more likely
I20260710 11:11:40.059238  5847 raft_consensus.cc:740] T 2f2db2bc991b42d794619efbf9ee85ef P b77f00f9eaa44c9e98c260499b627a4f [term 0 FOLLOWER]: Becoming Follower/Learner. State: Replica: b77f00f9eaa44c9e98c260499b627a4f, State: Initialized, Role: FOLLOWER
I20260710 11:11:40.058697  5552 catalog_manager.cc:5697] T a40169d6242c487c8c668054b198c314 P b77f00f9eaa44c9e98c260499b627a4f reported cstate change: term changed from 0 to 1, leader changed from <none> to b77f00f9eaa44c9e98c260499b627a4f (127.4.114.129). New cstate: current_term: 1 leader_uuid: "b77f00f9eaa44c9e98c260499b627a4f" committed_config { opid_index: -1 OBSOLETE_local: false peers { permanent_uuid: "b77f00f9eaa44c9e98c260499b627a4f" member_type: VOTER last_known_addr { host: "127.4.114.129" port: 42645 } health_report { overall_health: HEALTHY } } peers { permanent_uuid: "d00f646c6bf248e19f910b9e9f02059b" member_type: VOTER last_known_addr { host: "127.4.114.130" port: 41997 } health_report { overall_health: UNKNOWN } } peers { permanent_uuid: "b3a8bd3f36874d57a979520aa4ca9dd7" member_type: VOTER last_known_addr { host: "127.4.114.131" port: 36985 } health_report { overall_health: UNKNOWN } } }
I20260710 11:11:40.060027  5847 consensus_queue.cc:260] T 2f2db2bc991b42d794619efbf9ee85ef P b77f00f9eaa44c9e98c260499b627a4f [NON_LEADER]: Queue going to NON_LEADER mode. State: All replicated index: 0, Majority replicated index: 0, Committed index: 0, Last appended: 0.0, Last appended by leader: 0, Current term: 0, Majority size: -1, State: 0, Mode: NON_LEADER, active raft config: opid_index: -1 OBSOLETE_local: false peers { permanent_uuid: "b77f00f9eaa44c9e98c260499b627a4f" member_type: VOTER last_known_addr { host: "127.4.114.129" port: 42645 } } peers { permanent_uuid: "d00f646c6bf248e19f910b9e9f02059b" member_type: VOTER last_known_addr { host: "127.4.114.130" port: 41997 } } peers { permanent_uuid: "b3a8bd3f36874d57a979520aa4ca9dd7" member_type: VOTER last_known_addr { host: "127.4.114.131" port: 36985 } }
I20260710 11:11:40.058943  5848 raft_consensus.cc:385] T c2fd089d790444db919c2a9cccf354b7 P b3a8bd3f36874d57a979520aa4ca9dd7 [term 0 FOLLOWER]: Consensus starting up: Expiring failure detector timer to make a prompt election more likely
I20260710 11:11:40.062016  5848 raft_consensus.cc:740] T c2fd089d790444db919c2a9cccf354b7 P b3a8bd3f36874d57a979520aa4ca9dd7 [term 0 FOLLOWER]: Becoming Follower/Learner. State: Replica: b3a8bd3f36874d57a979520aa4ca9dd7, State: Initialized, Role: FOLLOWER
I20260710 11:11:40.062366  5847 ts_tablet_manager.cc:1434] T 2f2db2bc991b42d794619efbf9ee85ef P b77f00f9eaa44c9e98c260499b627a4f: Time spent starting tablet: real 0.007s	user 0.007s	sys 0.000s
I20260710 11:11:40.062407  5851 tablet_bootstrap.cc:654] T 074457ba4df04168a927abe1ccdac1a2 P d00f646c6bf248e19f910b9e9f02059b: Neither blocks nor log segments found. Creating new log.
I20260710 11:11:40.062917  5848 consensus_queue.cc:260] T c2fd089d790444db919c2a9cccf354b7 P b3a8bd3f36874d57a979520aa4ca9dd7 [NON_LEADER]: Queue going to NON_LEADER mode. State: All replicated index: 0, Majority replicated index: 0, Committed index: 0, Last appended: 0.0, Last appended by leader: 0, Current term: 0, Majority size: -1, State: 0, Mode: NON_LEADER, active raft config: opid_index: -1 OBSOLETE_local: false peers { permanent_uuid: "b77f00f9eaa44c9e98c260499b627a4f" member_type: VOTER last_known_addr { host: "127.4.114.129" port: 42645 } } peers { permanent_uuid: "d00f646c6bf248e19f910b9e9f02059b" member_type: VOTER last_known_addr { host: "127.4.114.130" port: 41997 } } peers { permanent_uuid: "b3a8bd3f36874d57a979520aa4ca9dd7" member_type: VOTER last_known_addr { host: "127.4.114.131" port: 36985 } }
I20260710 11:11:40.063359  5847 tablet_bootstrap.cc:492] T 28b45597791e43d9854fc46d1f645d6e P b77f00f9eaa44c9e98c260499b627a4f: Bootstrap starting.
I20260710 11:11:40.065336  5848 ts_tablet_manager.cc:1434] T c2fd089d790444db919c2a9cccf354b7 P b3a8bd3f36874d57a979520aa4ca9dd7: Time spent starting tablet: real 0.009s	user 0.006s	sys 0.001s
I20260710 11:11:40.066358  5848 tablet_bootstrap.cc:492] T 94c77fa24f2e4c23a747ff49aaecffc4 P b3a8bd3f36874d57a979520aa4ca9dd7: Bootstrap starting.
I20260710 11:11:40.069351  5847 tablet_bootstrap.cc:654] T 28b45597791e43d9854fc46d1f645d6e P b77f00f9eaa44c9e98c260499b627a4f: Neither blocks nor log segments found. Creating new log.
I20260710 11:11:40.072703  5848 tablet_bootstrap.cc:654] T 94c77fa24f2e4c23a747ff49aaecffc4 P b3a8bd3f36874d57a979520aa4ca9dd7: Neither blocks nor log segments found. Creating new log.
I20260710 11:11:40.081187  5891 raft_consensus.cc:493] T 77afd2bc70474e78bdd6f551e507b5ba P b77f00f9eaa44c9e98c260499b627a4f [term 0 FOLLOWER]: Starting pre-election (no leader contacted us within the election timeout)
I20260710 11:11:40.081905  5891 raft_consensus.cc:515] T 77afd2bc70474e78bdd6f551e507b5ba P b77f00f9eaa44c9e98c260499b627a4f [term 0 FOLLOWER]: Starting pre-election with config: opid_index: -1 OBSOLETE_local: false peers { permanent_uuid: "b77f00f9eaa44c9e98c260499b627a4f" member_type: VOTER last_known_addr { host: "127.4.114.129" port: 42645 } } peers { permanent_uuid: "d00f646c6bf248e19f910b9e9f02059b" member_type: VOTER last_known_addr { host: "127.4.114.130" port: 41997 } } peers { permanent_uuid: "b3a8bd3f36874d57a979520aa4ca9dd7" member_type: VOTER last_known_addr { host: "127.4.114.131" port: 36985 } }
I20260710 11:11:40.084080  5891 leader_election.cc:290] T 77afd2bc70474e78bdd6f551e507b5ba P b77f00f9eaa44c9e98c260499b627a4f [CANDIDATE]: Term 1 pre-election: Requested pre-vote from peers d00f646c6bf248e19f910b9e9f02059b (127.4.114.130:41997), b3a8bd3f36874d57a979520aa4ca9dd7 (127.4.114.131:36985)
I20260710 11:11:40.084897  5730 tablet_service.cc:1917] Received RequestConsensusVote() RPC: tablet_id: "77afd2bc70474e78bdd6f551e507b5ba" candidate_uuid: "b77f00f9eaa44c9e98c260499b627a4f" candidate_term: 1 candidate_status { last_received { term: 0 index: 0 } } ignore_live_leader: false dest_uuid: "d00f646c6bf248e19f910b9e9f02059b" is_pre_election: true
I20260710 11:11:40.085768  5805 tablet_service.cc:1917] Received RequestConsensusVote() RPC: tablet_id: "77afd2bc70474e78bdd6f551e507b5ba" candidate_uuid: "b77f00f9eaa44c9e98c260499b627a4f" candidate_term: 1 candidate_status { last_received { term: 0 index: 0 } } ignore_live_leader: false dest_uuid: "b3a8bd3f36874d57a979520aa4ca9dd7" is_pre_election: true
W20260710 11:11:40.086340  5621 leader_election.cc:343] T 77afd2bc70474e78bdd6f551e507b5ba P b77f00f9eaa44c9e98c260499b627a4f [CANDIDATE]: Term 1 pre-election: Tablet error from VoteRequest() call to peer d00f646c6bf248e19f910b9e9f02059b (127.4.114.130:41997): Illegal state: must be running to vote when last-logged opid is not known
W20260710 11:11:40.087185  5622 leader_election.cc:343] T 77afd2bc70474e78bdd6f551e507b5ba P b77f00f9eaa44c9e98c260499b627a4f [CANDIDATE]: Term 1 pre-election: Tablet error from VoteRequest() call to peer b3a8bd3f36874d57a979520aa4ca9dd7 (127.4.114.131:36985): Illegal state: must be running to vote when last-logged opid is not known
I20260710 11:11:40.087647  5622 leader_election.cc:304] T 77afd2bc70474e78bdd6f551e507b5ba P b77f00f9eaa44c9e98c260499b627a4f [CANDIDATE]: Term 1 pre-election: Election decided. Result: candidate lost. Election summary: received 3 responses out of 3 voters: 1 yes votes; 2 no votes. yes voters: b77f00f9eaa44c9e98c260499b627a4f; no voters: b3a8bd3f36874d57a979520aa4ca9dd7, d00f646c6bf248e19f910b9e9f02059b
I20260710 11:11:40.088598  5848 tablet_bootstrap.cc:492] T 94c77fa24f2e4c23a747ff49aaecffc4 P b3a8bd3f36874d57a979520aa4ca9dd7: No bootstrap required, opened a new log
I20260710 11:11:40.088801  5891 raft_consensus.cc:2749] T 77afd2bc70474e78bdd6f551e507b5ba P b77f00f9eaa44c9e98c260499b627a4f [term 0 FOLLOWER]: Leader pre-election lost for term 1. Reason: could not achieve majority
I20260710 11:11:40.089192  5848 ts_tablet_manager.cc:1403] T 94c77fa24f2e4c23a747ff49aaecffc4 P b3a8bd3f36874d57a979520aa4ca9dd7: Time spent bootstrapping tablet: real 0.023s	user 0.010s	sys 0.006s
I20260710 11:11:40.092211  5848 raft_consensus.cc:359] T 94c77fa24f2e4c23a747ff49aaecffc4 P b3a8bd3f36874d57a979520aa4ca9dd7 [term 0 FOLLOWER]: Replica starting. Triggering 0 pending ops. Active config: opid_index: -1 OBSOLETE_local: false peers { permanent_uuid: "b77f00f9eaa44c9e98c260499b627a4f" member_type: VOTER last_known_addr { host: "127.4.114.129" port: 42645 } } peers { permanent_uuid: "d00f646c6bf248e19f910b9e9f02059b" member_type: VOTER last_known_addr { host: "127.4.114.130" port: 41997 } } peers { permanent_uuid: "b3a8bd3f36874d57a979520aa4ca9dd7" member_type: VOTER last_known_addr { host: "127.4.114.131" port: 36985 } }
I20260710 11:11:40.092999  5848 raft_consensus.cc:385] T 94c77fa24f2e4c23a747ff49aaecffc4 P b3a8bd3f36874d57a979520aa4ca9dd7 [term 0 FOLLOWER]: Consensus starting up: Expiring failure detector timer to make a prompt election more likely
I20260710 11:11:40.093320  5848 raft_consensus.cc:740] T 94c77fa24f2e4c23a747ff49aaecffc4 P b3a8bd3f36874d57a979520aa4ca9dd7 [term 0 FOLLOWER]: Becoming Follower/Learner. State: Replica: b3a8bd3f36874d57a979520aa4ca9dd7, State: Initialized, Role: FOLLOWER
I20260710 11:11:40.094187  5848 consensus_queue.cc:260] T 94c77fa24f2e4c23a747ff49aaecffc4 P b3a8bd3f36874d57a979520aa4ca9dd7 [NON_LEADER]: Queue going to NON_LEADER mode. State: All replicated index: 0, Majority replicated index: 0, Committed index: 0, Last appended: 0.0, Last appended by leader: 0, Current term: 0, Majority size: -1, State: 0, Mode: NON_LEADER, active raft config: opid_index: -1 OBSOLETE_local: false peers { permanent_uuid: "b77f00f9eaa44c9e98c260499b627a4f" member_type: VOTER last_known_addr { host: "127.4.114.129" port: 42645 } } peers { permanent_uuid: "d00f646c6bf248e19f910b9e9f02059b" member_type: VOTER last_known_addr { host: "127.4.114.130" port: 41997 } } peers { permanent_uuid: "b3a8bd3f36874d57a979520aa4ca9dd7" member_type: VOTER last_known_addr { host: "127.4.114.131" port: 36985 } }
I20260710 11:11:40.096089  5848 ts_tablet_manager.cc:1434] T 94c77fa24f2e4c23a747ff49aaecffc4 P b3a8bd3f36874d57a979520aa4ca9dd7: Time spent starting tablet: real 0.007s	user 0.002s	sys 0.003s
I20260710 11:11:40.096524  5891 consensus_queue.cc:1048] T d5daab1d59734d67be4837bd4f95c987 P b77f00f9eaa44c9e98c260499b627a4f [LEADER]: Connected to new peer: Peer: permanent_uuid: "b3a8bd3f36874d57a979520aa4ca9dd7" member_type: VOTER last_known_addr { host: "127.4.114.131" port: 36985 }, Status: LMP_MISMATCH, Last received: 0.0, Next index: 1, Last known committed idx: 0, Time since last communication: 0.000s
I20260710 11:11:40.100469  5851 tablet_bootstrap.cc:492] T 074457ba4df04168a927abe1ccdac1a2 P d00f646c6bf248e19f910b9e9f02059b: No bootstrap required, opened a new log
I20260710 11:11:40.100991  5851 ts_tablet_manager.cc:1403] T 074457ba4df04168a927abe1ccdac1a2 P d00f646c6bf248e19f910b9e9f02059b: Time spent bootstrapping tablet: real 0.049s	user 0.018s	sys 0.023s
I20260710 11:11:40.101291  5863 raft_consensus.cc:493] T 94c77fa24f2e4c23a747ff49aaecffc4 P b3a8bd3f36874d57a979520aa4ca9dd7 [term 0 FOLLOWER]: Starting pre-election (no leader contacted us within the election timeout)
I20260710 11:11:40.101833  5863 raft_consensus.cc:515] T 94c77fa24f2e4c23a747ff49aaecffc4 P b3a8bd3f36874d57a979520aa4ca9dd7 [term 0 FOLLOWER]: Starting pre-election with config: opid_index: -1 OBSOLETE_local: false peers { permanent_uuid: "b77f00f9eaa44c9e98c260499b627a4f" member_type: VOTER last_known_addr { host: "127.4.114.129" port: 42645 } } peers { permanent_uuid: "d00f646c6bf248e19f910b9e9f02059b" member_type: VOTER last_known_addr { host: "127.4.114.130" port: 41997 } } peers { permanent_uuid: "b3a8bd3f36874d57a979520aa4ca9dd7" member_type: VOTER last_known_addr { host: "127.4.114.131" port: 36985 } }
I20260710 11:11:40.103808  5863 leader_election.cc:290] T 94c77fa24f2e4c23a747ff49aaecffc4 P b3a8bd3f36874d57a979520aa4ca9dd7 [CANDIDATE]: Term 1 pre-election: Requested pre-vote from peers b77f00f9eaa44c9e98c260499b627a4f (127.4.114.129:42645), d00f646c6bf248e19f910b9e9f02059b (127.4.114.130:41997)
I20260710 11:11:40.103591  5851 raft_consensus.cc:359] T 074457ba4df04168a927abe1ccdac1a2 P d00f646c6bf248e19f910b9e9f02059b [term 0 FOLLOWER]: Replica starting. Triggering 0 pending ops. Active config: opid_index: -1 OBSOLETE_local: false peers { permanent_uuid: "b77f00f9eaa44c9e98c260499b627a4f" member_type: VOTER last_known_addr { host: "127.4.114.129" port: 42645 } } peers { permanent_uuid: "d00f646c6bf248e19f910b9e9f02059b" member_type: VOTER last_known_addr { host: "127.4.114.130" port: 41997 } } peers { permanent_uuid: "b3a8bd3f36874d57a979520aa4ca9dd7" member_type: VOTER last_known_addr { host: "127.4.114.131" port: 36985 } }
I20260710 11:11:40.104242  5851 raft_consensus.cc:385] T 074457ba4df04168a927abe1ccdac1a2 P d00f646c6bf248e19f910b9e9f02059b [term 0 FOLLOWER]: Consensus starting up: Expiring failure detector timer to make a prompt election more likely
I20260710 11:11:40.105387  5730 tablet_service.cc:1917] Received RequestConsensusVote() RPC: tablet_id: "94c77fa24f2e4c23a747ff49aaecffc4" candidate_uuid: "b3a8bd3f36874d57a979520aa4ca9dd7" candidate_term: 1 candidate_status { last_received { term: 0 index: 0 } } ignore_live_leader: false dest_uuid: "d00f646c6bf248e19f910b9e9f02059b" is_pre_election: true
I20260710 11:11:40.104518  5851 raft_consensus.cc:740] T 074457ba4df04168a927abe1ccdac1a2 P d00f646c6bf248e19f910b9e9f02059b [term 0 FOLLOWER]: Becoming Follower/Learner. State: Replica: d00f646c6bf248e19f910b9e9f02059b, State: Initialized, Role: FOLLOWER
W20260710 11:11:40.106906  5770 leader_election.cc:343] T 94c77fa24f2e4c23a747ff49aaecffc4 P b3a8bd3f36874d57a979520aa4ca9dd7 [CANDIDATE]: Term 1 pre-election: Tablet error from VoteRequest() call to peer d00f646c6bf248e19f910b9e9f02059b (127.4.114.130:41997): Illegal state: must be running to vote when last-logged opid is not known
I20260710 11:11:40.107067  5658 tablet_service.cc:1917] Received RequestConsensusVote() RPC: tablet_id: "94c77fa24f2e4c23a747ff49aaecffc4" candidate_uuid: "b3a8bd3f36874d57a979520aa4ca9dd7" candidate_term: 1 candidate_status { last_received { term: 0 index: 0 } } ignore_live_leader: false dest_uuid: "b77f00f9eaa44c9e98c260499b627a4f" is_pre_election: true
I20260710 11:11:40.107219  5851 consensus_queue.cc:260] T 074457ba4df04168a927abe1ccdac1a2 P d00f646c6bf248e19f910b9e9f02059b [NON_LEADER]: Queue going to NON_LEADER mode. State: All replicated index: 0, Majority replicated index: 0, Committed index: 0, Last appended: 0.0, Last appended by leader: 0, Current term: 0, Majority size: -1, State: 0, Mode: NON_LEADER, active raft config: opid_index: -1 OBSOLETE_local: false peers { permanent_uuid: "b77f00f9eaa44c9e98c260499b627a4f" member_type: VOTER last_known_addr { host: "127.4.114.129" port: 42645 } } peers { permanent_uuid: "d00f646c6bf248e19f910b9e9f02059b" member_type: VOTER last_known_addr { host: "127.4.114.130" port: 41997 } } peers { permanent_uuid: "b3a8bd3f36874d57a979520aa4ca9dd7" member_type: VOTER last_known_addr { host: "127.4.114.131" port: 36985 } }
I20260710 11:11:40.107820  5658 raft_consensus.cc:2468] T 94c77fa24f2e4c23a747ff49aaecffc4 P b77f00f9eaa44c9e98c260499b627a4f [term 0 FOLLOWER]: Leader pre-election vote request: Granting yes vote for candidate b3a8bd3f36874d57a979520aa4ca9dd7 in term 0.
I20260710 11:11:40.109318  5773 leader_election.cc:304] T 94c77fa24f2e4c23a747ff49aaecffc4 P b3a8bd3f36874d57a979520aa4ca9dd7 [CANDIDATE]: Term 1 pre-election: Election decided. Result: candidate won. Election summary: received 3 responses out of 3 voters: 2 yes votes; 1 no votes. yes voters: b3a8bd3f36874d57a979520aa4ca9dd7, b77f00f9eaa44c9e98c260499b627a4f; no voters: d00f646c6bf248e19f910b9e9f02059b
I20260710 11:11:40.110087  5848 tablet_bootstrap.cc:492] T 9d05d20abace43e1988516e846280a67 P b3a8bd3f36874d57a979520aa4ca9dd7: Bootstrap starting.
I20260710 11:11:40.110608  5863 raft_consensus.cc:2804] T 94c77fa24f2e4c23a747ff49aaecffc4 P b3a8bd3f36874d57a979520aa4ca9dd7 [term 0 FOLLOWER]: Leader pre-election won for term 1
I20260710 11:11:40.111020  5863 raft_consensus.cc:493] T 94c77fa24f2e4c23a747ff49aaecffc4 P b3a8bd3f36874d57a979520aa4ca9dd7 [term 0 FOLLOWER]: Starting leader election (no leader contacted us within the election timeout)
I20260710 11:11:40.111363  5863 raft_consensus.cc:3060] T 94c77fa24f2e4c23a747ff49aaecffc4 P b3a8bd3f36874d57a979520aa4ca9dd7 [term 0 FOLLOWER]: Advancing to term 1
I20260710 11:11:40.116585  5851 ts_tablet_manager.cc:1434] T 074457ba4df04168a927abe1ccdac1a2 P d00f646c6bf248e19f910b9e9f02059b: Time spent starting tablet: real 0.015s	user 0.006s	sys 0.001s
I20260710 11:11:40.118342  5848 tablet_bootstrap.cc:654] T 9d05d20abace43e1988516e846280a67 P b3a8bd3f36874d57a979520aa4ca9dd7: Neither blocks nor log segments found. Creating new log.
I20260710 11:11:40.119364  5883 raft_consensus.cc:493] T a96784fc80c64ca286ed13ed0a64234e P d00f646c6bf248e19f910b9e9f02059b [term 0 FOLLOWER]: Starting pre-election (no leader contacted us within the election timeout)
I20260710 11:11:40.119881  5883 raft_consensus.cc:515] T a96784fc80c64ca286ed13ed0a64234e P d00f646c6bf248e19f910b9e9f02059b [term 0 FOLLOWER]: Starting pre-election with config: opid_index: -1 OBSOLETE_local: false peers { permanent_uuid: "b77f00f9eaa44c9e98c260499b627a4f" member_type: VOTER last_known_addr { host: "127.4.114.129" port: 42645 } } peers { permanent_uuid: "d00f646c6bf248e19f910b9e9f02059b" member_type: VOTER last_known_addr { host: "127.4.114.130" port: 41997 } } peers { permanent_uuid: "b3a8bd3f36874d57a979520aa4ca9dd7" member_type: VOTER last_known_addr { host: "127.4.114.131" port: 36985 } }
I20260710 11:11:40.121932  5883 leader_election.cc:290] T a96784fc80c64ca286ed13ed0a64234e P d00f646c6bf248e19f910b9e9f02059b [CANDIDATE]: Term 1 pre-election: Requested pre-vote from peers b77f00f9eaa44c9e98c260499b627a4f (127.4.114.129:42645), b3a8bd3f36874d57a979520aa4ca9dd7 (127.4.114.131:36985)
I20260710 11:11:40.123380  5807 tablet_service.cc:1917] Received RequestConsensusVote() RPC: tablet_id: "a96784fc80c64ca286ed13ed0a64234e" candidate_uuid: "d00f646c6bf248e19f910b9e9f02059b" candidate_term: 1 candidate_status { last_received { term: 0 index: 0 } } ignore_live_leader: false dest_uuid: "b3a8bd3f36874d57a979520aa4ca9dd7" is_pre_election: true
I20260710 11:11:40.124150  5807 raft_consensus.cc:2393] T a96784fc80c64ca286ed13ed0a64234e P b3a8bd3f36874d57a979520aa4ca9dd7 [term 1 FOLLOWER]: Leader pre-election vote request: Denying vote to candidate d00f646c6bf248e19f910b9e9f02059b in current term 1: Already voted for candidate b77f00f9eaa44c9e98c260499b627a4f in this term.
I20260710 11:11:40.125331  5658 tablet_service.cc:1917] Received RequestConsensusVote() RPC: tablet_id: "a96784fc80c64ca286ed13ed0a64234e" candidate_uuid: "d00f646c6bf248e19f910b9e9f02059b" candidate_term: 1 candidate_status { last_received { term: 0 index: 0 } } ignore_live_leader: false dest_uuid: "b77f00f9eaa44c9e98c260499b627a4f" is_pre_election: true
I20260710 11:11:40.126365  5852 raft_consensus.cc:493] T df009010422c4ff09f7c20d67a2f666d P b3a8bd3f36874d57a979520aa4ca9dd7 [term 0 FOLLOWER]: Starting pre-election (no leader contacted us within the election timeout)
I20260710 11:11:40.126827  5852 raft_consensus.cc:515] T df009010422c4ff09f7c20d67a2f666d P b3a8bd3f36874d57a979520aa4ca9dd7 [term 0 FOLLOWER]: Starting pre-election with config: opid_index: -1 OBSOLETE_local: false peers { permanent_uuid: "b77f00f9eaa44c9e98c260499b627a4f" member_type: VOTER last_known_addr { host: "127.4.114.129" port: 42645 } } peers { permanent_uuid: "d00f646c6bf248e19f910b9e9f02059b" member_type: VOTER last_known_addr { host: "127.4.114.130" port: 41997 } } peers { permanent_uuid: "b3a8bd3f36874d57a979520aa4ca9dd7" member_type: VOTER last_known_addr { host: "127.4.114.131" port: 36985 } }
I20260710 11:11:40.127139  5699 leader_election.cc:304] T a96784fc80c64ca286ed13ed0a64234e P d00f646c6bf248e19f910b9e9f02059b [CANDIDATE]: Term 1 pre-election: Election decided. Result: candidate lost. Election summary: received 3 responses out of 3 voters: 1 yes votes; 2 no votes. yes voters: d00f646c6bf248e19f910b9e9f02059b; no voters: b3a8bd3f36874d57a979520aa4ca9dd7, b77f00f9eaa44c9e98c260499b627a4f
I20260710 11:11:40.127799  5851 tablet_bootstrap.cc:492] T a40169d6242c487c8c668054b198c314 P d00f646c6bf248e19f910b9e9f02059b: Bootstrap starting.
I20260710 11:11:40.128893  5852 leader_election.cc:290] T df009010422c4ff09f7c20d67a2f666d P b3a8bd3f36874d57a979520aa4ca9dd7 [CANDIDATE]: Term 1 pre-election: Requested pre-vote from peers b77f00f9eaa44c9e98c260499b627a4f (127.4.114.129:42645), d00f646c6bf248e19f910b9e9f02059b (127.4.114.130:41997)
I20260710 11:11:40.131043  5861 raft_consensus.cc:493] T 074457ba4df04168a927abe1ccdac1a2 P d00f646c6bf248e19f910b9e9f02059b [term 0 FOLLOWER]: Starting pre-election (no leader contacted us within the election timeout)
I20260710 11:11:40.130981  5891 consensus_queue.cc:1048] T 476d3b972f7141e9a48cde8bf121a201 P b77f00f9eaa44c9e98c260499b627a4f [LEADER]: Connected to new peer: Peer: permanent_uuid: "b3a8bd3f36874d57a979520aa4ca9dd7" member_type: VOTER last_known_addr { host: "127.4.114.131" port: 36985 }, Status: LMP_MISMATCH, Last received: 0.0, Next index: 1, Last known committed idx: 0, Time since last communication: 0.001s
I20260710 11:11:40.131657  5861 raft_consensus.cc:515] T 074457ba4df04168a927abe1ccdac1a2 P d00f646c6bf248e19f910b9e9f02059b [term 0 FOLLOWER]: Starting pre-election with config: opid_index: -1 OBSOLETE_local: false peers { permanent_uuid: "b77f00f9eaa44c9e98c260499b627a4f" member_type: VOTER last_known_addr { host: "127.4.114.129" port: 42645 } } peers { permanent_uuid: "d00f646c6bf248e19f910b9e9f02059b" member_type: VOTER last_known_addr { host: "127.4.114.130" port: 41997 } } peers { permanent_uuid: "b3a8bd3f36874d57a979520aa4ca9dd7" member_type: VOTER last_known_addr { host: "127.4.114.131" port: 36985 } }
I20260710 11:11:40.134042  5730 tablet_service.cc:1917] Received RequestConsensusVote() RPC: tablet_id: "df009010422c4ff09f7c20d67a2f666d" candidate_uuid: "b3a8bd3f36874d57a979520aa4ca9dd7" candidate_term: 1 candidate_status { last_received { term: 0 index: 0 } } ignore_live_leader: false dest_uuid: "d00f646c6bf248e19f910b9e9f02059b" is_pre_election: true
I20260710 11:11:40.128988  5883 raft_consensus.cc:3060] T a96784fc80c64ca286ed13ed0a64234e P d00f646c6bf248e19f910b9e9f02059b [term 0 FOLLOWER]: Advancing to term 1
W20260710 11:11:40.137333  5770 leader_election.cc:343] T df009010422c4ff09f7c20d67a2f666d P b3a8bd3f36874d57a979520aa4ca9dd7 [CANDIDATE]: Term 1 pre-election: Tablet error from VoteRequest() call to peer d00f646c6bf248e19f910b9e9f02059b (127.4.114.130:41997): Illegal state: must be running to vote when last-logged opid is not known
I20260710 11:11:40.138729  5807 tablet_service.cc:1917] Received RequestConsensusVote() RPC: tablet_id: "074457ba4df04168a927abe1ccdac1a2" candidate_uuid: "d00f646c6bf248e19f910b9e9f02059b" candidate_term: 1 candidate_status { last_received { term: 0 index: 0 } } ignore_live_leader: false dest_uuid: "b3a8bd3f36874d57a979520aa4ca9dd7" is_pre_election: true
W20260710 11:11:40.140168  5697 leader_election.cc:343] T 074457ba4df04168a927abe1ccdac1a2 P d00f646c6bf248e19f910b9e9f02059b [CANDIDATE]: Term 1 pre-election: Tablet error from VoteRequest() call to peer b3a8bd3f36874d57a979520aa4ca9dd7 (127.4.114.131:36985): Illegal state: must be running to vote when last-logged opid is not known
I20260710 11:11:40.140777  5851 tablet_bootstrap.cc:654] T a40169d6242c487c8c668054b198c314 P d00f646c6bf248e19f910b9e9f02059b: Neither blocks nor log segments found. Creating new log.
