I20260710 11:11:37.005482  5173 raft_consensus.cc:3055] T a3b2f5148268400ca4a1f9c536cb0dda P 10f6cb9e72f64a7a80499a4bcd6c2ff9 [term 2 LEADER]: Stepping down as leader of term 2
I20260710 11:11:37.005692  5322 raft_consensus.cc:3060] T a3b2f5148268400ca4a1f9c536cb0dda P 65654c82c91c472abcb58579a94184c5 [term 2 FOLLOWER]: Advancing to term 3
I20260710 11:11:37.005836  5173 raft_consensus.cc:740] T a3b2f5148268400ca4a1f9c536cb0dda P 10f6cb9e72f64a7a80499a4bcd6c2ff9 [term 2 LEADER]: Becoming Follower/Learner. State: Replica: 10f6cb9e72f64a7a80499a4bcd6c2ff9, State: Running, Role: LEADER
I20260710 11:11:37.006641  5173 consensus_queue.cc:260] T a3b2f5148268400ca4a1f9c536cb0dda P 10f6cb9e72f64a7a80499a4bcd6c2ff9 [NON_LEADER]: Queue going to NON_LEADER mode. State: All replicated index: 0, Majority replicated index: 2, Committed index: 2, Last appended: 2.2, Last appended by leader: 2, Current term: 2, Majority size: -1, State: 0, Mode: NON_LEADER, active raft config: opid_index: -1 OBSOLETE_local: false peers { permanent_uuid: "10f6cb9e72f64a7a80499a4bcd6c2ff9" member_type: VOTER last_known_addr { host: "127.4.114.129" port: 33693 } } peers { permanent_uuid: "3f8bb2e7efba42d29d37df15a2de5034" member_type: VOTER last_known_addr { host: "127.4.114.130" port: 36915 } } peers { permanent_uuid: "65654c82c91c472abcb58579a94184c5" member_type: VOTER last_known_addr { host: "127.4.114.131" port: 33505 } }
I20260710 11:11:37.007462  5173 raft_consensus.cc:3060] T a3b2f5148268400ca4a1f9c536cb0dda P 10f6cb9e72f64a7a80499a4bcd6c2ff9 [term 2 FOLLOWER]: Advancing to term 3
I20260710 11:11:37.010169  5322 raft_consensus.cc:2468] T a3b2f5148268400ca4a1f9c536cb0dda P 65654c82c91c472abcb58579a94184c5 [term 3 FOLLOWER]: Leader election vote request: Granting yes vote for candidate 3f8bb2e7efba42d29d37df15a2de5034 in term 3.
I20260710 11:11:37.011255  5215 leader_election.cc:304] T a3b2f5148268400ca4a1f9c536cb0dda P 3f8bb2e7efba42d29d37df15a2de5034 [CANDIDATE]: Term 3 election: Election decided. Result: candidate won. Election summary: received 2 responses out of 3 voters: 2 yes votes; 0 no votes. yes voters: 3f8bb2e7efba42d29d37df15a2de5034, 65654c82c91c472abcb58579a94184c5; no voters: 
I20260710 11:11:37.011927  5173 raft_consensus.cc:2468] T a3b2f5148268400ca4a1f9c536cb0dda P 10f6cb9e72f64a7a80499a4bcd6c2ff9 [term 3 FOLLOWER]: Leader election vote request: Granting yes vote for candidate 3f8bb2e7efba42d29d37df15a2de5034 in term 3.
I20260710 11:11:37.011962  5501 raft_consensus.cc:2804] T a3b2f5148268400ca4a1f9c536cb0dda P 3f8bb2e7efba42d29d37df15a2de5034 [term 3 FOLLOWER]: Leader election won for term 3
I20260710 11:11:37.013447  5501 raft_consensus.cc:697] T a3b2f5148268400ca4a1f9c536cb0dda P 3f8bb2e7efba42d29d37df15a2de5034 [term 3 LEADER]: Becoming Leader. State: Replica: 3f8bb2e7efba42d29d37df15a2de5034, State: Running, Role: LEADER
I20260710 11:11:37.014276  5501 consensus_queue.cc:237] T a3b2f5148268400ca4a1f9c536cb0dda P 3f8bb2e7efba42d29d37df15a2de5034 [LEADER]: Queue going to LEADER mode. State: All replicated index: 0, Majority replicated index: 2, Committed index: 2, Last appended: 2.2, Last appended by leader: 2, Current term: 3, Majority size: 2, State: 0, Mode: LEADER, active raft config: opid_index: -1 OBSOLETE_local: false peers { permanent_uuid: "10f6cb9e72f64a7a80499a4bcd6c2ff9" member_type: VOTER last_known_addr { host: "127.4.114.129" port: 33693 } } peers { permanent_uuid: "3f8bb2e7efba42d29d37df15a2de5034" member_type: VOTER last_known_addr { host: "127.4.114.130" port: 36915 } } peers { permanent_uuid: "65654c82c91c472abcb58579a94184c5" member_type: VOTER last_known_addr { host: "127.4.114.131" port: 33505 } }
I20260710 11:11:37.021418  5071 catalog_manager.cc:5697] T a3b2f5148268400ca4a1f9c536cb0dda P 3f8bb2e7efba42d29d37df15a2de5034 reported cstate change: term changed from 2 to 3, leader changed from 10f6cb9e72f64a7a80499a4bcd6c2ff9 (127.4.114.129) to 3f8bb2e7efba42d29d37df15a2de5034 (127.4.114.130). New cstate: current_term: 3 leader_uuid: "3f8bb2e7efba42d29d37df15a2de5034" committed_config { opid_index: -1 OBSOLETE_local: false peers { permanent_uuid: "10f6cb9e72f64a7a80499a4bcd6c2ff9" member_type: VOTER last_known_addr { host: "127.4.114.129" port: 33693 } health_report { overall_health: UNKNOWN } } peers { permanent_uuid: "3f8bb2e7efba42d29d37df15a2de5034" member_type: VOTER last_known_addr { host: "127.4.114.130" port: 36915 } health_report { overall_health: HEALTHY } } peers { permanent_uuid: "65654c82c91c472abcb58579a94184c5" member_type: VOTER last_known_addr { host: "127.4.114.131" port: 33505 } health_report { overall_health: UNKNOWN } } }
I20260710 11:11:37.063381  5503 raft_consensus.cc:993] T 7f9902e44c714949891bde455c458721 P 10f6cb9e72f64a7a80499a4bcd6c2ff9: : Instructing follower 3f8bb2e7efba42d29d37df15a2de5034 to start an election
I20260710 11:11:37.063794  5503 raft_consensus.cc:1081] T 7f9902e44c714949891bde455c458721 P 10f6cb9e72f64a7a80499a4bcd6c2ff9 [term 1 LEADER]: Signalling peer 3f8bb2e7efba42d29d37df15a2de5034 to start an election
I20260710 11:11:37.065141  5247 tablet_service.cc:2044] Received Run Leader Election RPC: tablet_id: "7f9902e44c714949891bde455c458721"
dest_uuid: "3f8bb2e7efba42d29d37df15a2de5034"
 from {username='slave'} at 127.0.0.1:58930
I20260710 11:11:37.065567  5247 raft_consensus.cc:493] T 7f9902e44c714949891bde455c458721 P 3f8bb2e7efba42d29d37df15a2de5034 [term 1 FOLLOWER]: Starting forced leader election (received explicit request)
I20260710 11:11:37.065872  5247 raft_consensus.cc:3060] T 7f9902e44c714949891bde455c458721 P 3f8bb2e7efba42d29d37df15a2de5034 [term 1 FOLLOWER]: Advancing to term 2
I20260710 11:11:37.069775  5247 raft_consensus.cc:515] T 7f9902e44c714949891bde455c458721 P 3f8bb2e7efba42d29d37df15a2de5034 [term 2 FOLLOWER]: Starting forced leader election with config: opid_index: -1 OBSOLETE_local: false peers { permanent_uuid: "10f6cb9e72f64a7a80499a4bcd6c2ff9" member_type: VOTER last_known_addr { host: "127.4.114.129" port: 33693 } } peers { permanent_uuid: "3f8bb2e7efba42d29d37df15a2de5034" member_type: VOTER last_known_addr { host: "127.4.114.130" port: 36915 } } peers { permanent_uuid: "65654c82c91c472abcb58579a94184c5" member_type: VOTER last_known_addr { host: "127.4.114.131" port: 33505 } }
I20260710 11:11:37.071167  5247 leader_election.cc:290] T 7f9902e44c714949891bde455c458721 P 3f8bb2e7efba42d29d37df15a2de5034 [CANDIDATE]: Term 2 election: Requested vote from peers 10f6cb9e72f64a7a80499a4bcd6c2ff9 (127.4.114.129:33693), 65654c82c91c472abcb58579a94184c5 (127.4.114.131:33505)
I20260710 11:11:37.071931  5173 tablet_service.cc:1917] Received RequestConsensusVote() RPC: tablet_id: "7f9902e44c714949891bde455c458721" candidate_uuid: "3f8bb2e7efba42d29d37df15a2de5034" candidate_term: 2 candidate_status { last_received { term: 1 index: 1 } } ignore_live_leader: true dest_uuid: "10f6cb9e72f64a7a80499a4bcd6c2ff9"
I20260710 11:11:37.072184  5322 tablet_service.cc:1917] Received RequestConsensusVote() RPC: tablet_id: "7f9902e44c714949891bde455c458721" candidate_uuid: "3f8bb2e7efba42d29d37df15a2de5034" candidate_term: 2 candidate_status { last_received { term: 1 index: 1 } } ignore_live_leader: true dest_uuid: "65654c82c91c472abcb58579a94184c5"
I20260710 11:11:37.072396  5173 raft_consensus.cc:3055] T 7f9902e44c714949891bde455c458721 P 10f6cb9e72f64a7a80499a4bcd6c2ff9 [term 1 LEADER]: Stepping down as leader of term 1
I20260710 11:11:37.072608  5322 raft_consensus.cc:3060] T 7f9902e44c714949891bde455c458721 P 65654c82c91c472abcb58579a94184c5 [term 1 FOLLOWER]: Advancing to term 2
I20260710 11:11:37.072688  5173 raft_consensus.cc:740] T 7f9902e44c714949891bde455c458721 P 10f6cb9e72f64a7a80499a4bcd6c2ff9 [term 1 LEADER]: Becoming Follower/Learner. State: Replica: 10f6cb9e72f64a7a80499a4bcd6c2ff9, State: Running, Role: LEADER
I20260710 11:11:37.073400  5173 consensus_queue.cc:260] T 7f9902e44c714949891bde455c458721 P 10f6cb9e72f64a7a80499a4bcd6c2ff9 [NON_LEADER]: Queue going to NON_LEADER mode. State: All replicated index: 0, Majority replicated index: 1, Committed index: 1, Last appended: 1.1, Last appended by leader: 1, Current term: 1, Majority size: -1, State: 0, Mode: NON_LEADER, active raft config: opid_index: -1 OBSOLETE_local: false peers { permanent_uuid: "10f6cb9e72f64a7a80499a4bcd6c2ff9" member_type: VOTER last_known_addr { host: "127.4.114.129" port: 33693 } } peers { permanent_uuid: "3f8bb2e7efba42d29d37df15a2de5034" member_type: VOTER last_known_addr { host: "127.4.114.130" port: 36915 } } peers { permanent_uuid: "65654c82c91c472abcb58579a94184c5" member_type: VOTER last_known_addr { host: "127.4.114.131" port: 33505 } }
I20260710 11:11:37.074286  5173 raft_consensus.cc:3060] T 7f9902e44c714949891bde455c458721 P 10f6cb9e72f64a7a80499a4bcd6c2ff9 [term 1 FOLLOWER]: Advancing to term 2
I20260710 11:11:37.076924  5322 raft_consensus.cc:2468] T 7f9902e44c714949891bde455c458721 P 65654c82c91c472abcb58579a94184c5 [term 2 FOLLOWER]: Leader election vote request: Granting yes vote for candidate 3f8bb2e7efba42d29d37df15a2de5034 in term 2.
I20260710 11:11:37.077875  5215 leader_election.cc:304] T 7f9902e44c714949891bde455c458721 P 3f8bb2e7efba42d29d37df15a2de5034 [CANDIDATE]: Term 2 election: Election decided. Result: candidate won. Election summary: received 2 responses out of 3 voters: 2 yes votes; 0 no votes. yes voters: 3f8bb2e7efba42d29d37df15a2de5034, 65654c82c91c472abcb58579a94184c5; no voters: 
I20260710 11:11:37.078523  5501 raft_consensus.cc:2804] T 7f9902e44c714949891bde455c458721 P 3f8bb2e7efba42d29d37df15a2de5034 [term 2 FOLLOWER]: Leader election won for term 2
I20260710 11:11:37.078737  5173 raft_consensus.cc:2468] T 7f9902e44c714949891bde455c458721 P 10f6cb9e72f64a7a80499a4bcd6c2ff9 [term 2 FOLLOWER]: Leader election vote request: Granting yes vote for candidate 3f8bb2e7efba42d29d37df15a2de5034 in term 2.
I20260710 11:11:37.078976  5501 raft_consensus.cc:697] T 7f9902e44c714949891bde455c458721 P 3f8bb2e7efba42d29d37df15a2de5034 [term 2 LEADER]: Becoming Leader. State: Replica: 3f8bb2e7efba42d29d37df15a2de5034, State: Running, Role: LEADER
I20260710 11:11:37.079917  5501 consensus_queue.cc:237] T 7f9902e44c714949891bde455c458721 P 3f8bb2e7efba42d29d37df15a2de5034 [LEADER]: Queue going to LEADER mode. State: All replicated index: 0, Majority replicated index: 1, Committed index: 1, Last appended: 1.1, Last appended by leader: 1, Current term: 2, Majority size: 2, State: 0, Mode: LEADER, active raft config: opid_index: -1 OBSOLETE_local: false peers { permanent_uuid: "10f6cb9e72f64a7a80499a4bcd6c2ff9" member_type: VOTER last_known_addr { host: "127.4.114.129" port: 33693 } } peers { permanent_uuid: "3f8bb2e7efba42d29d37df15a2de5034" member_type: VOTER last_known_addr { host: "127.4.114.130" port: 36915 } } peers { permanent_uuid: "65654c82c91c472abcb58579a94184c5" member_type: VOTER last_known_addr { host: "127.4.114.131" port: 33505 } }
I20260710 11:11:37.086567  5071 catalog_manager.cc:5697] T 7f9902e44c714949891bde455c458721 P 3f8bb2e7efba42d29d37df15a2de5034 reported cstate change: term changed from 1 to 2, leader changed from 10f6cb9e72f64a7a80499a4bcd6c2ff9 (127.4.114.129) to 3f8bb2e7efba42d29d37df15a2de5034 (127.4.114.130). New cstate: current_term: 2 leader_uuid: "3f8bb2e7efba42d29d37df15a2de5034" committed_config { opid_index: -1 OBSOLETE_local: false peers { permanent_uuid: "10f6cb9e72f64a7a80499a4bcd6c2ff9" member_type: VOTER last_known_addr { host: "127.4.114.129" port: 33693 } health_report { overall_health: UNKNOWN } } peers { permanent_uuid: "3f8bb2e7efba42d29d37df15a2de5034" member_type: VOTER last_known_addr { host: "127.4.114.130" port: 36915 } health_report { overall_health: HEALTHY } } peers { permanent_uuid: "65654c82c91c472abcb58579a94184c5" member_type: VOTER last_known_addr { host: "127.4.114.131" port: 33505 } health_report { overall_health: UNKNOWN } } }
I20260710 11:11:37.234006  5173 raft_consensus.cc:1275] T 31fabd6dab094984baabc267b4ae647b P 10f6cb9e72f64a7a80499a4bcd6c2ff9 [term 5 FOLLOWER]: Refusing update from remote peer 65654c82c91c472abcb58579a94184c5: Log matching property violated. Preceding OpId in replica: term: 4 index: 4. Preceding OpId from leader: term: 5 index: 5. (index mismatch)
I20260710 11:11:37.235105  5499 consensus_queue.cc:1048] T 31fabd6dab094984baabc267b4ae647b P 65654c82c91c472abcb58579a94184c5 [LEADER]: Connected to new peer: Peer: permanent_uuid: "10f6cb9e72f64a7a80499a4bcd6c2ff9" member_type: VOTER last_known_addr { host: "127.4.114.129" port: 33693 }, Status: LMP_MISMATCH, Last received: 0.0, Next index: 5, Last known committed idx: 4, Time since last communication: 0.000s
I20260710 11:11:37.244496  5247 raft_consensus.cc:1275] T 31fabd6dab094984baabc267b4ae647b P 3f8bb2e7efba42d29d37df15a2de5034 [term 5 FOLLOWER]: Refusing update from remote peer 65654c82c91c472abcb58579a94184c5: Log matching property violated. Preceding OpId in replica: term: 4 index: 4. Preceding OpId from leader: term: 5 index: 5. (index mismatch)
I20260710 11:11:37.246320  5499 consensus_queue.cc:1048] T 31fabd6dab094984baabc267b4ae647b P 65654c82c91c472abcb58579a94184c5 [LEADER]: Connected to new peer: Peer: permanent_uuid: "3f8bb2e7efba42d29d37df15a2de5034" member_type: VOTER last_known_addr { host: "127.4.114.130" port: 36915 }, Status: LMP_MISMATCH, Last received: 0.0, Next index: 5, Last known committed idx: 4, Time since last communication: 0.000s
I20260710 11:11:37.278903  5173 raft_consensus.cc:1275] T 9ebf2130abb047719949f844b079399c P 10f6cb9e72f64a7a80499a4bcd6c2ff9 [term 5 FOLLOWER]: Refusing update from remote peer 65654c82c91c472abcb58579a94184c5: Log matching property violated. Preceding OpId in replica: term: 4 index: 3. Preceding OpId from leader: term: 5 index: 4. (index mismatch)
I20260710 11:11:37.280108  5505 consensus_queue.cc:1048] T 9ebf2130abb047719949f844b079399c P 65654c82c91c472abcb58579a94184c5 [LEADER]: Connected to new peer: Peer: permanent_uuid: "10f6cb9e72f64a7a80499a4bcd6c2ff9" member_type: VOTER last_known_addr { host: "127.4.114.129" port: 33693 }, Status: LMP_MISMATCH, Last received: 0.0, Next index: 4, Last known committed idx: 3, Time since last communication: 0.000s
I20260710 11:11:37.289841  5247 raft_consensus.cc:1275] T 9ebf2130abb047719949f844b079399c P 3f8bb2e7efba42d29d37df15a2de5034 [term 5 FOLLOWER]: Refusing update from remote peer 65654c82c91c472abcb58579a94184c5: Log matching property violated. Preceding OpId in replica: term: 4 index: 3. Preceding OpId from leader: term: 5 index: 4. (index mismatch)
I20260710 11:11:37.291072  5499 consensus_queue.cc:1048] T 9ebf2130abb047719949f844b079399c P 65654c82c91c472abcb58579a94184c5 [LEADER]: Connected to new peer: Peer: permanent_uuid: "3f8bb2e7efba42d29d37df15a2de5034" member_type: VOTER last_known_addr { host: "127.4.114.130" port: 36915 }, Status: LMP_MISMATCH, Last received: 0.0, Next index: 4, Last known committed idx: 3, Time since last communication: 0.000s
I20260710 11:11:37.478451  4554 auto_leader_rebalancer.cc:141] leader rebalance for table test-workload
I20260710 11:11:37.484253  4554 tablet_server.cc:179] TabletServer@127.4.114.129:0 shutting down...
I20260710 11:11:37.508862  4554 ts_tablet_manager.cc:1507] Shutting down tablet manager...
I20260710 11:11:37.509586  4554 tablet_replica.cc:333] T ea3783ccc8f24cae8c1fd5fed590ad7d P 10f6cb9e72f64a7a80499a4bcd6c2ff9: stopping tablet replica
I20260710 11:11:37.510491  4554 raft_consensus.cc:2243] T ea3783ccc8f24cae8c1fd5fed590ad7d P 10f6cb9e72f64a7a80499a4bcd6c2ff9 [term 3 LEADER]: Raft consensus shutting down.
I20260710 11:11:37.511211  4554 raft_consensus.cc:2272] T ea3783ccc8f24cae8c1fd5fed590ad7d P 10f6cb9e72f64a7a80499a4bcd6c2ff9 [term 3 FOLLOWER]: Raft consensus is shut down!
I20260710 11:11:37.512972  4554 tablet_replica.cc:333] T 380d4a49c96b493c9dd29901d94c24d6 P 10f6cb9e72f64a7a80499a4bcd6c2ff9: stopping tablet replica
I20260710 11:11:37.513480  4554 raft_consensus.cc:2243] T 380d4a49c96b493c9dd29901d94c24d6 P 10f6cb9e72f64a7a80499a4bcd6c2ff9 [term 2 FOLLOWER]: Raft consensus shutting down.
I20260710 11:11:37.513897  4554 raft_consensus.cc:2272] T 380d4a49c96b493c9dd29901d94c24d6 P 10f6cb9e72f64a7a80499a4bcd6c2ff9 [term 2 FOLLOWER]: Raft consensus is shut down!
I20260710 11:11:37.515443  4554 tablet_replica.cc:333] T 055df4085193443383dd0c27b2c9b061 P 10f6cb9e72f64a7a80499a4bcd6c2ff9: stopping tablet replica
I20260710 11:11:37.515908  4554 raft_consensus.cc:2243] T 055df4085193443383dd0c27b2c9b061 P 10f6cb9e72f64a7a80499a4bcd6c2ff9 [term 2 FOLLOWER]: Raft consensus shutting down.
I20260710 11:11:37.516279  4554 raft_consensus.cc:2272] T 055df4085193443383dd0c27b2c9b061 P 10f6cb9e72f64a7a80499a4bcd6c2ff9 [term 2 FOLLOWER]: Raft consensus is shut down!
I20260710 11:11:37.518275  4554 tablet_replica.cc:333] T 9ebf2130abb047719949f844b079399c P 10f6cb9e72f64a7a80499a4bcd6c2ff9: stopping tablet replica
I20260710 11:11:37.519044  4554 raft_consensus.cc:2243] T 9ebf2130abb047719949f844b079399c P 10f6cb9e72f64a7a80499a4bcd6c2ff9 [term 5 FOLLOWER]: Raft consensus shutting down.
I20260710 11:11:37.519469  4554 raft_consensus.cc:2272] T 9ebf2130abb047719949f844b079399c P 10f6cb9e72f64a7a80499a4bcd6c2ff9 [term 5 FOLLOWER]: Raft consensus is shut down!
I20260710 11:11:37.521481  4554 tablet_replica.cc:333] T 3431f96a01dc4962bdc3e1b27b715686 P 10f6cb9e72f64a7a80499a4bcd6c2ff9: stopping tablet replica
I20260710 11:11:37.522012  4554 raft_consensus.cc:2243] T 3431f96a01dc4962bdc3e1b27b715686 P 10f6cb9e72f64a7a80499a4bcd6c2ff9 [term 2 LEADER]: Raft consensus shutting down.
I20260710 11:11:37.522735  4554 raft_consensus.cc:2272] T 3431f96a01dc4962bdc3e1b27b715686 P 10f6cb9e72f64a7a80499a4bcd6c2ff9 [term 2 FOLLOWER]: Raft consensus is shut down!
I20260710 11:11:37.524312  4554 tablet_replica.cc:333] T 31fabd6dab094984baabc267b4ae647b P 10f6cb9e72f64a7a80499a4bcd6c2ff9: stopping tablet replica
I20260710 11:11:37.524775  4554 raft_consensus.cc:2243] T 31fabd6dab094984baabc267b4ae647b P 10f6cb9e72f64a7a80499a4bcd6c2ff9 [term 5 FOLLOWER]: Raft consensus shutting down.
I20260710 11:11:37.525138  4554 raft_consensus.cc:2272] T 31fabd6dab094984baabc267b4ae647b P 10f6cb9e72f64a7a80499a4bcd6c2ff9 [term 5 FOLLOWER]: Raft consensus is shut down!
I20260710 11:11:37.527216  4554 tablet_replica.cc:333] T 88330a77e2254f2cb5d74c5363a037b8 P 10f6cb9e72f64a7a80499a4bcd6c2ff9: stopping tablet replica
I20260710 11:11:37.527710  4554 raft_consensus.cc:2243] T 88330a77e2254f2cb5d74c5363a037b8 P 10f6cb9e72f64a7a80499a4bcd6c2ff9 [term 2 LEADER]: Raft consensus shutting down.
I20260710 11:11:37.528399  4554 raft_consensus.cc:2272] T 88330a77e2254f2cb5d74c5363a037b8 P 10f6cb9e72f64a7a80499a4bcd6c2ff9 [term 2 FOLLOWER]: Raft consensus is shut down!
I20260710 11:11:37.529953  4554 tablet_replica.cc:333] T a3b2f5148268400ca4a1f9c536cb0dda P 10f6cb9e72f64a7a80499a4bcd6c2ff9: stopping tablet replica
I20260710 11:11:37.530388  4554 raft_consensus.cc:2243] T a3b2f5148268400ca4a1f9c536cb0dda P 10f6cb9e72f64a7a80499a4bcd6c2ff9 [term 3 FOLLOWER]: Raft consensus shutting down.
I20260710 11:11:37.530714  4554 raft_consensus.cc:2272] T a3b2f5148268400ca4a1f9c536cb0dda P 10f6cb9e72f64a7a80499a4bcd6c2ff9 [term 3 FOLLOWER]: Raft consensus is shut down!
I20260710 11:11:37.532267  4554 tablet_replica.cc:333] T 7f9902e44c714949891bde455c458721 P 10f6cb9e72f64a7a80499a4bcd6c2ff9: stopping tablet replica
I20260710 11:11:37.532682  4554 raft_consensus.cc:2243] T 7f9902e44c714949891bde455c458721 P 10f6cb9e72f64a7a80499a4bcd6c2ff9 [term 2 FOLLOWER]: Raft consensus shutting down.
I20260710 11:11:37.532996  4554 raft_consensus.cc:2272] T 7f9902e44c714949891bde455c458721 P 10f6cb9e72f64a7a80499a4bcd6c2ff9 [term 2 FOLLOWER]: Raft consensus is shut down!
I20260710 11:11:37.534600  4554 tablet_replica.cc:333] T 19357f45d2d345a09a525059adfd1154 P 10f6cb9e72f64a7a80499a4bcd6c2ff9: stopping tablet replica
I20260710 11:11:37.535010  4554 raft_consensus.cc:2243] T 19357f45d2d345a09a525059adfd1154 P 10f6cb9e72f64a7a80499a4bcd6c2ff9 [term 2 LEADER]: Raft consensus shutting down.
I20260710 11:11:37.535694  4554 raft_consensus.cc:2272] T 19357f45d2d345a09a525059adfd1154 P 10f6cb9e72f64a7a80499a4bcd6c2ff9 [term 2 FOLLOWER]: Raft consensus is shut down!
I20260710 11:11:37.563933  4554 tablet_server.cc:196] TabletServer@127.4.114.129:0 shutdown complete.
I20260710 11:11:37.583870  4554 tablet_server.cc:179] TabletServer@127.4.114.130:0 shutting down...
W20260710 11:11:37.595243  5215 proxy.cc:239] Call had error, refreshing address and retrying: Network error: Client connection negotiation failed: client connection to 127.4.114.129:33693: connect: Connection refused (error 111) [suppressed 5 similar messages]
I20260710 11:11:37.598742  5322 raft_consensus.cc:1275] T 7f9902e44c714949891bde455c458721 P 65654c82c91c472abcb58579a94184c5 [term 2 FOLLOWER]: Refusing update from remote peer 3f8bb2e7efba42d29d37df15a2de5034: Log matching property violated. Preceding OpId in replica: term: 1 index: 1. Preceding OpId from leader: term: 2 index: 2. (index mismatch)
I20260710 11:11:37.600215  5501 consensus_queue.cc:1048] T 7f9902e44c714949891bde455c458721 P 3f8bb2e7efba42d29d37df15a2de5034 [LEADER]: Connected to new peer: Peer: permanent_uuid: "65654c82c91c472abcb58579a94184c5" member_type: VOTER last_known_addr { host: "127.4.114.131" port: 33505 }, Status: LMP_MISMATCH, Last received: 0.0, Next index: 2, Last known committed idx: 1, Time since last communication: 0.000s
W20260710 11:11:37.600871  5215 consensus_peers.cc:597] T a3b2f5148268400ca4a1f9c536cb0dda P 3f8bb2e7efba42d29d37df15a2de5034 -> Peer 10f6cb9e72f64a7a80499a4bcd6c2ff9 (127.4.114.129:33693): Couldn't send request to peer 10f6cb9e72f64a7a80499a4bcd6c2ff9. Status: Network error: Client connection negotiation failed: client connection to 127.4.114.129:33693: connect: Connection refused (error 111). This is attempt 1: this message will repeat every 5th retry.
I20260710 11:11:37.609036  5318 raft_consensus.cc:1275] T a3b2f5148268400ca4a1f9c536cb0dda P 65654c82c91c472abcb58579a94184c5 [term 3 FOLLOWER]: Refusing update from remote peer 3f8bb2e7efba42d29d37df15a2de5034: Log matching property violated. Preceding OpId in replica: term: 2 index: 2. Preceding OpId from leader: term: 3 index: 3. (index mismatch)
I20260710 11:11:37.612674  5512 consensus_queue.cc:1048] T a3b2f5148268400ca4a1f9c536cb0dda P 3f8bb2e7efba42d29d37df15a2de5034 [LEADER]: Connected to new peer: Peer: permanent_uuid: "65654c82c91c472abcb58579a94184c5" member_type: VOTER last_known_addr { host: "127.4.114.131" port: 33505 }, Status: LMP_MISMATCH, Last received: 0.0, Next index: 3, Last known committed idx: 2, Time since last communication: 0.001s
I20260710 11:11:37.613293  4554 ts_tablet_manager.cc:1507] Shutting down tablet manager...
I20260710 11:11:37.615195  4554 tablet_replica.cc:333] T ea3783ccc8f24cae8c1fd5fed590ad7d P 3f8bb2e7efba42d29d37df15a2de5034: stopping tablet replica
I20260710 11:11:37.615974  4554 raft_consensus.cc:2243] T ea3783ccc8f24cae8c1fd5fed590ad7d P 3f8bb2e7efba42d29d37df15a2de5034 [term 3 FOLLOWER]: Raft consensus shutting down.
I20260710 11:11:37.616662  4554 raft_consensus.cc:2272] T ea3783ccc8f24cae8c1fd5fed590ad7d P 3f8bb2e7efba42d29d37df15a2de5034 [term 3 FOLLOWER]: Raft consensus is shut down!
I20260710 11:11:37.619469  4554 tablet_replica.cc:333] T 380d4a49c96b493c9dd29901d94c24d6 P 3f8bb2e7efba42d29d37df15a2de5034: stopping tablet replica
W20260710 11:11:37.619432  5215 consensus_peers.cc:597] T 7f9902e44c714949891bde455c458721 P 3f8bb2e7efba42d29d37df15a2de5034 -> Peer 10f6cb9e72f64a7a80499a4bcd6c2ff9 (127.4.114.129:33693): Couldn't send request to peer 10f6cb9e72f64a7a80499a4bcd6c2ff9. Status: Network error: Client connection negotiation failed: client connection to 127.4.114.129:33693: connect: Connection refused (error 111). This is attempt 1: this message will repeat every 5th retry.
I20260710 11:11:37.621975  4554 raft_consensus.cc:2243] T 380d4a49c96b493c9dd29901d94c24d6 P 3f8bb2e7efba42d29d37df15a2de5034 [term 2 LEADER]: Raft consensus shutting down.
I20260710 11:11:37.623029  4554 raft_consensus.cc:2272] T 380d4a49c96b493c9dd29901d94c24d6 P 3f8bb2e7efba42d29d37df15a2de5034 [term 2 FOLLOWER]: Raft consensus is shut down!
I20260710 11:11:37.625873  4554 tablet_replica.cc:333] T 055df4085193443383dd0c27b2c9b061 P 3f8bb2e7efba42d29d37df15a2de5034: stopping tablet replica
I20260710 11:11:37.626677  4554 raft_consensus.cc:2243] T 055df4085193443383dd0c27b2c9b061 P 3f8bb2e7efba42d29d37df15a2de5034 [term 2 FOLLOWER]: Raft consensus shutting down.
I20260710 11:11:37.627333  4554 raft_consensus.cc:2272] T 055df4085193443383dd0c27b2c9b061 P 3f8bb2e7efba42d29d37df15a2de5034 [term 2 FOLLOWER]: Raft consensus is shut down!
I20260710 11:11:37.629770  4554 tablet_replica.cc:333] T 9ebf2130abb047719949f844b079399c P 3f8bb2e7efba42d29d37df15a2de5034: stopping tablet replica
I20260710 11:11:37.630327  4554 raft_consensus.cc:2243] T 9ebf2130abb047719949f844b079399c P 3f8bb2e7efba42d29d37df15a2de5034 [term 5 FOLLOWER]: Raft consensus shutting down.
I20260710 11:11:37.630741  4554 raft_consensus.cc:2272] T 9ebf2130abb047719949f844b079399c P 3f8bb2e7efba42d29d37df15a2de5034 [term 5 FOLLOWER]: Raft consensus is shut down!
I20260710 11:11:37.633517  4554 tablet_replica.cc:333] T 88330a77e2254f2cb5d74c5363a037b8 P 3f8bb2e7efba42d29d37df15a2de5034: stopping tablet replica
I20260710 11:11:37.634078  4554 raft_consensus.cc:2243] T 88330a77e2254f2cb5d74c5363a037b8 P 3f8bb2e7efba42d29d37df15a2de5034 [term 2 FOLLOWER]: Raft consensus shutting down.
I20260710 11:11:37.634562  4554 raft_consensus.cc:2272] T 88330a77e2254f2cb5d74c5363a037b8 P 3f8bb2e7efba42d29d37df15a2de5034 [term 2 FOLLOWER]: Raft consensus is shut down!
I20260710 11:11:37.636233  4554 tablet_replica.cc:333] T a3b2f5148268400ca4a1f9c536cb0dda P 3f8bb2e7efba42d29d37df15a2de5034: stopping tablet replica
I20260710 11:11:37.636776  4554 raft_consensus.cc:2243] T a3b2f5148268400ca4a1f9c536cb0dda P 3f8bb2e7efba42d29d37df15a2de5034 [term 3 LEADER]: Raft consensus shutting down.
I20260710 11:11:37.637545  4554 raft_consensus.cc:2272] T a3b2f5148268400ca4a1f9c536cb0dda P 3f8bb2e7efba42d29d37df15a2de5034 [term 3 FOLLOWER]: Raft consensus is shut down!
I20260710 11:11:37.639500  4554 tablet_replica.cc:333] T 7f9902e44c714949891bde455c458721 P 3f8bb2e7efba42d29d37df15a2de5034: stopping tablet replica
I20260710 11:11:37.640040  4554 raft_consensus.cc:2243] T 7f9902e44c714949891bde455c458721 P 3f8bb2e7efba42d29d37df15a2de5034 [term 2 LEADER]: Raft consensus shutting down.
I20260710 11:11:37.640739  4554 raft_consensus.cc:2272] T 7f9902e44c714949891bde455c458721 P 3f8bb2e7efba42d29d37df15a2de5034 [term 2 FOLLOWER]: Raft consensus is shut down!
I20260710 11:11:37.642593  4554 tablet_replica.cc:333] T 19357f45d2d345a09a525059adfd1154 P 3f8bb2e7efba42d29d37df15a2de5034: stopping tablet replica
I20260710 11:11:37.643059  4554 raft_consensus.cc:2243] T 19357f45d2d345a09a525059adfd1154 P 3f8bb2e7efba42d29d37df15a2de5034 [term 2 FOLLOWER]: Raft consensus shutting down.
I20260710 11:11:37.643445  4554 raft_consensus.cc:2272] T 19357f45d2d345a09a525059adfd1154 P 3f8bb2e7efba42d29d37df15a2de5034 [term 2 FOLLOWER]: Raft consensus is shut down!
I20260710 11:11:37.645078  4554 tablet_replica.cc:333] T 3431f96a01dc4962bdc3e1b27b715686 P 3f8bb2e7efba42d29d37df15a2de5034: stopping tablet replica
I20260710 11:11:37.645502  4554 raft_consensus.cc:2243] T 3431f96a01dc4962bdc3e1b27b715686 P 3f8bb2e7efba42d29d37df15a2de5034 [term 2 FOLLOWER]: Raft consensus shutting down.
I20260710 11:11:37.645937  4554 raft_consensus.cc:2272] T 3431f96a01dc4962bdc3e1b27b715686 P 3f8bb2e7efba42d29d37df15a2de5034 [term 2 FOLLOWER]: Raft consensus is shut down!
I20260710 11:11:37.647589  4554 tablet_replica.cc:333] T 31fabd6dab094984baabc267b4ae647b P 3f8bb2e7efba42d29d37df15a2de5034: stopping tablet replica
I20260710 11:11:37.647986  4554 raft_consensus.cc:2243] T 31fabd6dab094984baabc267b4ae647b P 3f8bb2e7efba42d29d37df15a2de5034 [term 5 FOLLOWER]: Raft consensus shutting down.
I20260710 11:11:37.648375  4554 raft_consensus.cc:2272] T 31fabd6dab094984baabc267b4ae647b P 3f8bb2e7efba42d29d37df15a2de5034 [term 5 FOLLOWER]: Raft consensus is shut down!
I20260710 11:11:37.675603  4554 tablet_server.cc:196] TabletServer@127.4.114.130:0 shutdown complete.
I20260710 11:11:37.693173  4554 tablet_server.cc:179] TabletServer@127.4.114.131:0 shutting down...
I20260710 11:11:37.712435  4554 ts_tablet_manager.cc:1507] Shutting down tablet manager...
I20260710 11:11:37.713310  4554 tablet_replica.cc:333] T ea3783ccc8f24cae8c1fd5fed590ad7d P 65654c82c91c472abcb58579a94184c5: stopping tablet replica
I20260710 11:11:37.714087  4554 raft_consensus.cc:2243] T ea3783ccc8f24cae8c1fd5fed590ad7d P 65654c82c91c472abcb58579a94184c5 [term 3 FOLLOWER]: Raft consensus shutting down.
I20260710 11:11:37.714636  4554 raft_consensus.cc:2272] T ea3783ccc8f24cae8c1fd5fed590ad7d P 65654c82c91c472abcb58579a94184c5 [term 3 FOLLOWER]: Raft consensus is shut down!
I20260710 11:11:37.716969  4554 tablet_replica.cc:333] T 380d4a49c96b493c9dd29901d94c24d6 P 65654c82c91c472abcb58579a94184c5: stopping tablet replica
I20260710 11:11:37.717514  4554 raft_consensus.cc:2243] T 380d4a49c96b493c9dd29901d94c24d6 P 65654c82c91c472abcb58579a94184c5 [term 2 FOLLOWER]: Raft consensus shutting down.
W20260710 11:11:37.717542  5289 consensus_peers.cc:597] T 055df4085193443383dd0c27b2c9b061 P 65654c82c91c472abcb58579a94184c5 -> Peer 3f8bb2e7efba42d29d37df15a2de5034 (127.4.114.130:36915): Couldn't send request to peer 3f8bb2e7efba42d29d37df15a2de5034. Status: Network error: Client connection negotiation failed: client connection to 127.4.114.130:36915: connect: Connection refused (error 111). This is attempt 1: this message will repeat every 5th retry.
I20260710 11:11:37.718034  4554 raft_consensus.cc:2272] T 380d4a49c96b493c9dd29901d94c24d6 P 65654c82c91c472abcb58579a94184c5 [term 2 FOLLOWER]: Raft consensus is shut down!
I20260710 11:11:37.719750  4554 tablet_replica.cc:333] T 055df4085193443383dd0c27b2c9b061 P 65654c82c91c472abcb58579a94184c5: stopping tablet replica
I20260710 11:11:37.720242  4554 raft_consensus.cc:2243] T 055df4085193443383dd0c27b2c9b061 P 65654c82c91c472abcb58579a94184c5 [term 2 LEADER]: Raft consensus shutting down.
I20260710 11:11:37.720924  4554 raft_consensus.cc:2272] T 055df4085193443383dd0c27b2c9b061 P 65654c82c91c472abcb58579a94184c5 [term 2 FOLLOWER]: Raft consensus is shut down!
I20260710 11:11:37.722642  4554 tablet_replica.cc:333] T 9ebf2130abb047719949f844b079399c P 65654c82c91c472abcb58579a94184c5: stopping tablet replica
I20260710 11:11:37.723148  4554 raft_consensus.cc:2243] T 9ebf2130abb047719949f844b079399c P 65654c82c91c472abcb58579a94184c5 [term 5 LEADER]: Raft consensus shutting down.
I20260710 11:11:37.723834  4554 raft_consensus.cc:2272] T 9ebf2130abb047719949f844b079399c P 65654c82c91c472abcb58579a94184c5 [term 5 FOLLOWER]: Raft consensus is shut down!
I20260710 11:11:37.725795  4554 tablet_replica.cc:333] T 19357f45d2d345a09a525059adfd1154 P 65654c82c91c472abcb58579a94184c5: stopping tablet replica
I20260710 11:11:37.726275  4554 raft_consensus.cc:2243] T 19357f45d2d345a09a525059adfd1154 P 65654c82c91c472abcb58579a94184c5 [term 2 FOLLOWER]: Raft consensus shutting down.
I20260710 11:11:37.726670  4554 raft_consensus.cc:2272] T 19357f45d2d345a09a525059adfd1154 P 65654c82c91c472abcb58579a94184c5 [term 2 FOLLOWER]: Raft consensus is shut down!
I20260710 11:11:37.728232  4554 tablet_replica.cc:333] T 88330a77e2254f2cb5d74c5363a037b8 P 65654c82c91c472abcb58579a94184c5: stopping tablet replica
I20260710 11:11:37.728674  4554 raft_consensus.cc:2243] T 88330a77e2254f2cb5d74c5363a037b8 P 65654c82c91c472abcb58579a94184c5 [term 2 FOLLOWER]: Raft consensus shutting down.
I20260710 11:11:37.729031  4554 raft_consensus.cc:2272] T 88330a77e2254f2cb5d74c5363a037b8 P 65654c82c91c472abcb58579a94184c5 [term 2 FOLLOWER]: Raft consensus is shut down!
I20260710 11:11:37.730532  4554 tablet_replica.cc:333] T a3b2f5148268400ca4a1f9c536cb0dda P 65654c82c91c472abcb58579a94184c5: stopping tablet replica
I20260710 11:11:37.730986  4554 raft_consensus.cc:2243] T a3b2f5148268400ca4a1f9c536cb0dda P 65654c82c91c472abcb58579a94184c5 [term 3 FOLLOWER]: Raft consensus shutting down.
I20260710 11:11:37.731360  4554 raft_consensus.cc:2272] T a3b2f5148268400ca4a1f9c536cb0dda P 65654c82c91c472abcb58579a94184c5 [term 3 FOLLOWER]: Raft consensus is shut down!
I20260710 11:11:37.733285  4554 tablet_replica.cc:333] T 7f9902e44c714949891bde455c458721 P 65654c82c91c472abcb58579a94184c5: stopping tablet replica
I20260710 11:11:37.733770  4554 raft_consensus.cc:2243] T 7f9902e44c714949891bde455c458721 P 65654c82c91c472abcb58579a94184c5 [term 2 FOLLOWER]: Raft consensus shutting down.
I20260710 11:11:37.734124  4554 raft_consensus.cc:2272] T 7f9902e44c714949891bde455c458721 P 65654c82c91c472abcb58579a94184c5 [term 2 FOLLOWER]: Raft consensus is shut down!
I20260710 11:11:37.735999  4554 tablet_replica.cc:333] T 3431f96a01dc4962bdc3e1b27b715686 P 65654c82c91c472abcb58579a94184c5: stopping tablet replica
I20260710 11:11:37.736426  4554 raft_consensus.cc:2243] T 3431f96a01dc4962bdc3e1b27b715686 P 65654c82c91c472abcb58579a94184c5 [term 2 FOLLOWER]: Raft consensus shutting down.
I20260710 11:11:37.736802  4554 raft_consensus.cc:2272] T 3431f96a01dc4962bdc3e1b27b715686 P 65654c82c91c472abcb58579a94184c5 [term 2 FOLLOWER]: Raft consensus is shut down!
I20260710 11:11:37.738297  4554 tablet_replica.cc:333] T 31fabd6dab094984baabc267b4ae647b P 65654c82c91c472abcb58579a94184c5: stopping tablet replica
I20260710 11:11:37.738765  4554 raft_consensus.cc:2243] T 31fabd6dab094984baabc267b4ae647b P 65654c82c91c472abcb58579a94184c5 [term 5 LEADER]: Raft consensus shutting down.
I20260710 11:11:37.739418  4554 raft_consensus.cc:2272] T 31fabd6dab094984baabc267b4ae647b P 65654c82c91c472abcb58579a94184c5 [term 5 FOLLOWER]: Raft consensus is shut down!
I20260710 11:11:37.757427  4554 tablet_server.cc:196] TabletServer@127.4.114.131:0 shutdown complete.
I20260710 11:11:37.774503  4554 master.cc:562] Master@127.4.114.190:45279 shutting down...
I20260710 11:11:37.791046  4554 raft_consensus.cc:2243] T 00000000000000000000000000000000 P ee0f40b6d94f42be99cadd146703f3e4 [term 1 LEADER]: Raft consensus shutting down.
I20260710 11:11:37.791558  4554 raft_consensus.cc:2272] T 00000000000000000000000000000000 P ee0f40b6d94f42be99cadd146703f3e4 [term 1 FOLLOWER]: Raft consensus is shut down!
I20260710 11:11:37.791891  4554 tablet_replica.cc:333] T 00000000000000000000000000000000 P ee0f40b6d94f42be99cadd146703f3e4: stopping tablet replica
I20260710 11:11:37.810497  4554 master.cc:584] Master@127.4.114.190:45279 shutdown complete.
10f6cb9e72f64a7a80499a4bcd6c2ff9  5
3f8bb2e7efba42d29d37df15a2de5034  4
65654c82c91c472abcb58579a94184c5  1
[       OK ] LeaderRebalancerTest.FunctionalTestForNotDivided (10656 ms)
[ RUN      ] LeaderRebalancerTest.AddTserver
I20260710 11:11:37.846391  4554 internal_mini_cluster.cc:156] Creating distributed mini masters. Addrs: 127.4.114.190:46503
I20260710 11:11:37.847469  4554 file_cache.cc:504] Constructed file cache file cache with capacity 419430
W20260710 11:11:37.853163  5531 instance_detector.cc:116] could not retrieve AWS instance metadata: Network error: curl error: HTTP response code said error: The requested URL returned error: 404
W20260710 11:11:37.853397  5532 instance_detector.cc:116] could not retrieve Azure instance metadata: Network error: curl error: HTTP response code said error: The requested URL returned error: 404
W20260710 11:11:37.853756  5534 instance_detector.cc:116] could not retrieve OpenStack instance metadata: Network error: curl error: HTTP response code said error: The requested URL returned error: 404
I20260710 11:11:37.855016  4554 server_base.cc:1061] running on GCE node
I20260710 11:11:37.855782  4554 hybrid_clock.cc:584] initializing the hybrid clock with 'system_unsync' time source
W20260710 11:11:37.855948  4554 system_unsync_time.cc:38] NTP support is disabled. Clock error bounds will not be accurate. This configuration is not suitable for distributed clusters.
I20260710 11:11:37.856062  4554 hybrid_clock.cc:648] HybridClock initialized: now 1783681897856048 us; error 0 us; skew 500 ppm
I20260710 11:11:37.856556  4554 server_base.cc:861] Flag tcmalloc_max_total_thread_cache_bytes is not working since tcmalloc is not enabled.
I20260710 11:11:37.858981  4554 webserver.cc:533] Webserver started at http://127.4.114.190:38607/ using document root <none> and password file <none>
I20260710 11:11:37.859474  4554 fs_manager.cc:362] Metadata directory not provided
I20260710 11:11:37.859634  4554 fs_manager.cc:368] Using write-ahead log directory (fs_wal_dir) as metadata directory
I20260710 11:11:37.859885  4554 server_base.cc:909] This appears to be a new deployment of Kudu; creating new FS layout
I20260710 11:11:37.861011  4554 fs_manager.cc:1068] Generated new instance metadata in path /tmp/dist-test-taskRSkqLd/test-tmp/auto_leader_rebalancer-test.0.LeaderRebalancerTest.AddTserver.1783681875001890-4554-0/minicluster-data/master-0-root/instance:
uuid: "b6604609b09146f3aa5f7e129cb922f5"
format_stamp: "Formatted at 2026-07-10 11:11:37 on dist-test-slave-fhnm"
I20260710 11:11:37.865360  4554 fs_manager.cc:696] Time spent creating directory manager: real 0.004s	user 0.006s	sys 0.000s
I20260710 11:11:37.868700  5539 log_block_manager.cc:4127] Time spent loading block containers with low live blocks: real 0.000s	user 0.000s	sys 0.000s
I20260710 11:11:37.869444  4554 fs_manager.cc:730] Time spent opening block manager: real 0.002s	user 0.003s	sys 0.000s
I20260710 11:11:37.869760  4554 fs_manager.cc:647] Opened local filesystem: /tmp/dist-test-taskRSkqLd/test-tmp/auto_leader_rebalancer-test.0.LeaderRebalancerTest.AddTserver.1783681875001890-4554-0/minicluster-data/master-0-root
uuid: "b6604609b09146f3aa5f7e129cb922f5"
format_stamp: "Formatted at 2026-07-10 11:11:37 on dist-test-slave-fhnm"
I20260710 11:11:37.870026  4554 fs_report.cc:389] FS layout report
--------------------
wal directory: /tmp/dist-test-taskRSkqLd/test-tmp/auto_leader_rebalancer-test.0.LeaderRebalancerTest.AddTserver.1783681875001890-4554-0/minicluster-data/master-0-root
metadata directory: /tmp/dist-test-taskRSkqLd/test-tmp/auto_leader_rebalancer-test.0.LeaderRebalancerTest.AddTserver.1783681875001890-4554-0/minicluster-data/master-0-root
1 data directories: /tmp/dist-test-taskRSkqLd/test-tmp/auto_leader_rebalancer-test.0.LeaderRebalancerTest.AddTserver.1783681875001890-4554-0/minicluster-data/master-0-root/data
Total live blocks: 0
Total live bytes: 0
Total live bytes (after alignment): 0
Total number of LBM containers: 0 (0 full)
Did not check for missing blocks
Did not check for orphaned blocks
Total full LBM containers with extra space: 0 (0 repaired)
Total full LBM container extra space in bytes: 0 (0 repaired)
Total incomplete LBM containers: 0 (0 repaired)
Total LBM partial records: 0 (0 repaired)
Total corrupted LBM metadata records in RocksDB: 0 (0 repaired)
I20260710 11:11:37.891229  4554 rpc_server.cc:225] running with OpenSSL 1.1.1  11 Sep 2018
I20260710 11:11:37.892443  4554 kserver.cc:163] Server-wide thread pool size limit: 3276
I20260710 11:11:37.931799  4554 rpc_server.cc:307] RPC server started. Bound to: 127.4.114.190:46503
I20260710 11:11:37.931903  5590 acceptor_pool.cc:272] collecting diagnostics on the listening RPC socket 127.4.114.190:46503 every 8 connection(s)
I20260710 11:11:37.935804  5591 data_dirs.cc:400] Could only allocate 1 dirs of requested 3 for tablet 00000000000000000000000000000000. 1 dirs total, 0 dirs full, 0 dirs failed
I20260710 11:11:37.945436  5591 tablet_bootstrap.cc:492] T 00000000000000000000000000000000 P b6604609b09146f3aa5f7e129cb922f5: Bootstrap starting.
I20260710 11:11:37.949995  5591 tablet_bootstrap.cc:654] T 00000000000000000000000000000000 P b6604609b09146f3aa5f7e129cb922f5: Neither blocks nor log segments found. Creating new log.
I20260710 11:11:37.954149  5591 tablet_bootstrap.cc:492] T 00000000000000000000000000000000 P b6604609b09146f3aa5f7e129cb922f5: No bootstrap required, opened a new log
I20260710 11:11:37.956256  5591 raft_consensus.cc:359] T 00000000000000000000000000000000 P b6604609b09146f3aa5f7e129cb922f5 [term 0 FOLLOWER]: Replica starting. Triggering 0 pending ops. Active config: opid_index: -1 OBSOLETE_local: true peers { permanent_uuid: "b6604609b09146f3aa5f7e129cb922f5" member_type: VOTER }
I20260710 11:11:37.956647  5591 raft_consensus.cc:385] T 00000000000000000000000000000000 P b6604609b09146f3aa5f7e129cb922f5 [term 0 FOLLOWER]: Consensus starting up: Expiring failure detector timer to make a prompt election more likely
I20260710 11:11:37.956837  5591 raft_consensus.cc:740] T 00000000000000000000000000000000 P b6604609b09146f3aa5f7e129cb922f5 [term 0 FOLLOWER]: Becoming Follower/Learner. State: Replica: b6604609b09146f3aa5f7e129cb922f5, State: Initialized, Role: FOLLOWER
I20260710 11:11:37.957306  5591 consensus_queue.cc:260] T 00000000000000000000000000000000 P b6604609b09146f3aa5f7e129cb922f5 [NON_LEADER]: Queue going to NON_LEADER mode. State: All replicated index: 0, Majority replicated index: 0, Committed index: 0, Last appended: 0.0, Last appended by leader: 0, Current term: 0, Majority size: -1, State: 0, Mode: NON_LEADER, active raft config: opid_index: -1 OBSOLETE_local: true peers { permanent_uuid: "b6604609b09146f3aa5f7e129cb922f5" member_type: VOTER }
I20260710 11:11:37.957749  5591 raft_consensus.cc:399] T 00000000000000000000000000000000 P b6604609b09146f3aa5f7e129cb922f5 [term 0 FOLLOWER]: Only one voter in the Raft config. Triggering election immediately
I20260710 11:11:37.957943  5591 raft_consensus.cc:493] T 00000000000000000000000000000000 P b6604609b09146f3aa5f7e129cb922f5 [term 0 FOLLOWER]: Starting leader election (initial election of a single-replica configuration)
I20260710 11:11:37.958146  5591 raft_consensus.cc:3060] T 00000000000000000000000000000000 P b6604609b09146f3aa5f7e129cb922f5 [term 0 FOLLOWER]: Advancing to term 1
I20260710 11:11:37.962111  5591 raft_consensus.cc:515] T 00000000000000000000000000000000 P b6604609b09146f3aa5f7e129cb922f5 [term 1 FOLLOWER]: Starting leader election with config: opid_index: -1 OBSOLETE_local: true peers { permanent_uuid: "b6604609b09146f3aa5f7e129cb922f5" member_type: VOTER }
I20260710 11:11:37.962577  5591 leader_election.cc:304] T 00000000000000000000000000000000 P b6604609b09146f3aa5f7e129cb922f5 [CANDIDATE]: Term 1 election: Election decided. Result: candidate won. Election summary: received 1 responses out of 1 voters: 1 yes votes; 0 no votes. yes voters: b6604609b09146f3aa5f7e129cb922f5; no voters: 
I20260710 11:11:37.963644  5591 leader_election.cc:290] T 00000000000000000000000000000000 P b6604609b09146f3aa5f7e129cb922f5 [CANDIDATE]: Term 1 election: Requested vote from peers 
I20260710 11:11:37.964033  5594 raft_consensus.cc:2804] T 00000000000000000000000000000000 P b6604609b09146f3aa5f7e129cb922f5 [term 1 FOLLOWER]: Leader election won for term 1
I20260710 11:11:37.965317  5594 raft_consensus.cc:697] T 00000000000000000000000000000000 P b6604609b09146f3aa5f7e129cb922f5 [term 1 LEADER]: Becoming Leader. State: Replica: b6604609b09146f3aa5f7e129cb922f5, State: Running, Role: LEADER
I20260710 11:11:37.966030  5594 consensus_queue.cc:237] T 00000000000000000000000000000000 P b6604609b09146f3aa5f7e129cb922f5 [LEADER]: Queue going to LEADER mode. State: All replicated index: 0, Majority replicated index: 0, Committed index: 0, Last appended: 0.0, Last appended by leader: 0, Current term: 1, Majority size: 1, State: 0, Mode: LEADER, active raft config: opid_index: -1 OBSOLETE_local: true peers { permanent_uuid: "b6604609b09146f3aa5f7e129cb922f5" member_type: VOTER }
I20260710 11:11:37.966393  5591 sys_catalog.cc:565] T 00000000000000000000000000000000 P b6604609b09146f3aa5f7e129cb922f5 [sys.catalog]: configured and running, proceeding with master startup.
I20260710 11:11:37.970494  5596 sys_catalog.cc:455] T 00000000000000000000000000000000 P b6604609b09146f3aa5f7e129cb922f5 [sys.catalog]: SysCatalogTable state changed. Reason: New leader b6604609b09146f3aa5f7e129cb922f5. Latest consensus state: current_term: 1 leader_uuid: "b6604609b09146f3aa5f7e129cb922f5" committed_config { opid_index: -1 OBSOLETE_local: true peers { permanent_uuid: "b6604609b09146f3aa5f7e129cb922f5" member_type: VOTER } }
I20260710 11:11:37.971127  5596 sys_catalog.cc:458] T 00000000000000000000000000000000 P b6604609b09146f3aa5f7e129cb922f5 [sys.catalog]: This master's current role is: LEADER
I20260710 11:11:37.972182  5595 sys_catalog.cc:455] T 00000000000000000000000000000000 P b6604609b09146f3aa5f7e129cb922f5 [sys.catalog]: SysCatalogTable state changed. Reason: RaftConsensus started. Latest consensus state: current_term: 1 leader_uuid: "b6604609b09146f3aa5f7e129cb922f5" committed_config { opid_index: -1 OBSOLETE_local: true peers { permanent_uuid: "b6604609b09146f3aa5f7e129cb922f5" member_type: VOTER } }
I20260710 11:11:37.972721  5595 sys_catalog.cc:458] T 00000000000000000000000000000000 P b6604609b09146f3aa5f7e129cb922f5 [sys.catalog]: This master's current role is: LEADER
I20260710 11:11:37.974071  5601 catalog_manager.cc:1511] Loading table and tablet metadata into memory...
I20260710 11:11:37.978821  5601 catalog_manager.cc:1520] Initializing Kudu cluster ID...
I20260710 11:11:37.980786  4554 internal_mini_cluster.cc:184] Waiting to initialize catalog manager on master 0
I20260710 11:11:37.987190  5601 catalog_manager.cc:1383] Generated new cluster ID: 80d34d9de5e14bacb47b43d212b6f92a
I20260710 11:11:37.987428  5601 catalog_manager.cc:1531] Initializing Kudu internal certificate authority...
I20260710 11:11:38.015661  5601 catalog_manager.cc:1406] Generated new certificate authority record
I20260710 11:11:38.016867  5601 catalog_manager.cc:1540] Loading token signing keys...
I20260710 11:11:38.030241  5601 catalog_manager.cc:6070] T 00000000000000000000000000000000 P b6604609b09146f3aa5f7e129cb922f5: Generated new TSK 0
I20260710 11:11:38.030871  5601 catalog_manager.cc:1550] Initializing in-progress tserver states...
I20260710 11:11:38.047032  4554 file_cache.cc:504] Constructed file cache file cache with capacity 419430
W20260710 11:11:38.052807  5612 instance_detector.cc:116] could not retrieve AWS instance metadata: Network error: curl error: HTTP response code said error: The requested URL returned error: 404
W20260710 11:11:38.053882  5613 instance_detector.cc:116] could not retrieve Azure instance metadata: Network error: curl error: HTTP response code said error: The requested URL returned error: 404
W20260710 11:11:38.056183  5615 instance_detector.cc:116] could not retrieve OpenStack instance metadata: Network error: curl error: HTTP response code said error: The requested URL returned error: 404
I20260710 11:11:38.056957  4554 server_base.cc:1061] running on GCE node
I20260710 11:11:38.057825  4554 hybrid_clock.cc:584] initializing the hybrid clock with 'system_unsync' time source
W20260710 11:11:38.058002  4554 system_unsync_time.cc:38] NTP support is disabled. Clock error bounds will not be accurate. This configuration is not suitable for distributed clusters.
I20260710 11:11:38.058161  4554 hybrid_clock.cc:648] HybridClock initialized: now 1783681898058135 us; error 0 us; skew 500 ppm
I20260710 11:11:38.058693  4554 server_base.cc:861] Flag tcmalloc_max_total_thread_cache_bytes is not working since tcmalloc is not enabled.
I20260710 11:11:38.061048  4554 webserver.cc:533] Webserver started at http://127.4.114.129:44825/ using document root <none> and password file <none>
I20260710 11:11:38.061548  4554 fs_manager.cc:362] Metadata directory not provided
I20260710 11:11:38.061746  4554 fs_manager.cc:368] Using write-ahead log directory (fs_wal_dir) as metadata directory
I20260710 11:11:38.061972  4554 server_base.cc:909] This appears to be a new deployment of Kudu; creating new FS layout
I20260710 11:11:38.062976  4554 fs_manager.cc:1068] Generated new instance metadata in path /tmp/dist-test-taskRSkqLd/test-tmp/auto_leader_rebalancer-test.0.LeaderRebalancerTest.AddTserver.1783681875001890-4554-0/minicluster-data/ts-0-root/instance:
uuid: "b77f00f9eaa44c9e98c260499b627a4f"
format_stamp: "Formatted at 2026-07-10 11:11:38 on dist-test-slave-fhnm"
I20260710 11:11:38.067301  4554 fs_manager.cc:696] Time spent creating directory manager: real 0.004s	user 0.005s	sys 0.000s
I20260710 11:11:38.070535  5620 log_block_manager.cc:4127] Time spent loading block containers with low live blocks: real 0.000s	user 0.000s	sys 0.000s
I20260710 11:11:38.071308  4554 fs_manager.cc:730] Time spent opening block manager: real 0.002s	user 0.003s	sys 0.000s
I20260710 11:11:38.071586  4554 fs_manager.cc:647] Opened local filesystem: /tmp/dist-test-taskRSkqLd/test-tmp/auto_leader_rebalancer-test.0.LeaderRebalancerTest.AddTserver.1783681875001890-4554-0/minicluster-data/ts-0-root
uuid: "b77f00f9eaa44c9e98c260499b627a4f"
format_stamp: "Formatted at 2026-07-10 11:11:38 on dist-test-slave-fhnm"
I20260710 11:11:38.071902  4554 fs_report.cc:389] FS layout report
--------------------
wal directory: /tmp/dist-test-taskRSkqLd/test-tmp/auto_leader_rebalancer-test.0.LeaderRebalancerTest.AddTserver.1783681875001890-4554-0/minicluster-data/ts-0-root
metadata directory: /tmp/dist-test-taskRSkqLd/test-tmp/auto_leader_rebalancer-test.0.LeaderRebalancerTest.AddTserver.1783681875001890-4554-0/minicluster-data/ts-0-root
1 data directories: /tmp/dist-test-taskRSkqLd/test-tmp/auto_leader_rebalancer-test.0.LeaderRebalancerTest.AddTserver.1783681875001890-4554-0/minicluster-data/ts-0-root/data
Total live blocks: 0
Total live bytes: 0
Total live bytes (after alignment): 0
Total number of LBM containers: 0 (0 full)
Did not check for missing blocks
Did not check for orphaned blocks
Total full LBM containers with extra space: 0 (0 repaired)
