I20260710 11:11:27.408823 16686 raft_consensus.cc:359] T ebf84406ec6f4201bc348571330ceae9 P c6c9be09af0047f2aaf508dafb5267d6 [term 0 FOLLOWER]: Replica starting. Triggering 0 pending ops. Active config: opid_index: -1 OBSOLETE_local: false peers { permanent_uuid: "0eb1de09e4b54c9196d16f3bcd319bdd" member_type: VOTER last_known_addr { host: "127.15.125.1" port: 45955 } } peers { permanent_uuid: "f672fc01e013455bb7b47a1f7d5c8c2e" member_type: VOTER last_known_addr { host: "127.15.125.2" port: 40007 } } peers { permanent_uuid: "c6c9be09af0047f2aaf508dafb5267d6" member_type: VOTER last_known_addr { host: "127.15.125.3" port: 46739 } }
I20260710 11:11:27.409548 16686 raft_consensus.cc:385] T ebf84406ec6f4201bc348571330ceae9 P c6c9be09af0047f2aaf508dafb5267d6 [term 0 FOLLOWER]: Consensus starting up: Expiring failure detector timer to make a prompt election more likely
I20260710 11:11:27.409823 16686 raft_consensus.cc:740] T ebf84406ec6f4201bc348571330ceae9 P c6c9be09af0047f2aaf508dafb5267d6 [term 0 FOLLOWER]: Becoming Follower/Learner. State: Replica: c6c9be09af0047f2aaf508dafb5267d6, State: Initialized, Role: FOLLOWER
I20260710 11:11:27.410205 16688 raft_consensus.cc:359] T d9330a69330542d084d47d733c833b31 P 0eb1de09e4b54c9196d16f3bcd319bdd [term 0 FOLLOWER]: Replica starting. Triggering 0 pending ops. Active config: opid_index: -1 OBSOLETE_local: false peers { permanent_uuid: "0eb1de09e4b54c9196d16f3bcd319bdd" member_type: VOTER last_known_addr { host: "127.15.125.1" port: 45955 } } peers { permanent_uuid: "f672fc01e013455bb7b47a1f7d5c8c2e" member_type: VOTER last_known_addr { host: "127.15.125.2" port: 40007 } } peers { permanent_uuid: "c6c9be09af0047f2aaf508dafb5267d6" member_type: VOTER last_known_addr { host: "127.15.125.3" port: 46739 } }
I20260710 11:11:27.410748 16688 raft_consensus.cc:385] T d9330a69330542d084d47d733c833b31 P 0eb1de09e4b54c9196d16f3bcd319bdd [term 0 FOLLOWER]: Consensus starting up: Expiring failure detector timer to make a prompt election more likely
I20260710 11:11:27.410485 16686 consensus_queue.cc:260] T ebf84406ec6f4201bc348571330ceae9 P c6c9be09af0047f2aaf508dafb5267d6 [NON_LEADER]: Queue going to NON_LEADER mode. State: All replicated index: 0, Majority replicated index: 0, Committed index: 0, Last appended: 0.0, Last appended by leader: 0, Current term: 0, Majority size: -1, State: 0, Mode: NON_LEADER, active raft config: opid_index: -1 OBSOLETE_local: false peers { permanent_uuid: "0eb1de09e4b54c9196d16f3bcd319bdd" member_type: VOTER last_known_addr { host: "127.15.125.1" port: 45955 } } peers { permanent_uuid: "f672fc01e013455bb7b47a1f7d5c8c2e" member_type: VOTER last_known_addr { host: "127.15.125.2" port: 40007 } } peers { permanent_uuid: "c6c9be09af0047f2aaf508dafb5267d6" member_type: VOTER last_known_addr { host: "127.15.125.3" port: 46739 } }
I20260710 11:11:27.410970 16688 raft_consensus.cc:740] T d9330a69330542d084d47d733c833b31 P 0eb1de09e4b54c9196d16f3bcd319bdd [term 0 FOLLOWER]: Becoming Follower/Learner. State: Replica: 0eb1de09e4b54c9196d16f3bcd319bdd, State: Initialized, Role: FOLLOWER
I20260710 11:11:27.411682 16688 consensus_queue.cc:260] T d9330a69330542d084d47d733c833b31 P 0eb1de09e4b54c9196d16f3bcd319bdd [NON_LEADER]: Queue going to NON_LEADER mode. State: All replicated index: 0, Majority replicated index: 0, Committed index: 0, Last appended: 0.0, Last appended by leader: 0, Current term: 0, Majority size: -1, State: 0, Mode: NON_LEADER, active raft config: opid_index: -1 OBSOLETE_local: false peers { permanent_uuid: "0eb1de09e4b54c9196d16f3bcd319bdd" member_type: VOTER last_known_addr { host: "127.15.125.1" port: 45955 } } peers { permanent_uuid: "f672fc01e013455bb7b47a1f7d5c8c2e" member_type: VOTER last_known_addr { host: "127.15.125.2" port: 40007 } } peers { permanent_uuid: "c6c9be09af0047f2aaf508dafb5267d6" member_type: VOTER last_known_addr { host: "127.15.125.3" port: 46739 } }
I20260710 11:11:27.412611 16686 ts_tablet_manager.cc:1434] T ebf84406ec6f4201bc348571330ceae9 P c6c9be09af0047f2aaf508dafb5267d6: Time spent starting tablet: real 0.006s	user 0.008s	sys 0.000s
I20260710 11:11:27.413661 16686 tablet_bootstrap.cc:492] T 1920c0a85c97498e8be16222347ebfff P c6c9be09af0047f2aaf508dafb5267d6: Bootstrap starting.
I20260710 11:11:27.413954 16688 ts_tablet_manager.cc:1434] T d9330a69330542d084d47d733c833b31 P 0eb1de09e4b54c9196d16f3bcd319bdd: Time spent starting tablet: real 0.005s	user 0.005s	sys 0.000s
I20260710 11:11:27.414839 16688 tablet_bootstrap.cc:492] T b95b4c494c3f4dd38a28b90a7ca1fa6b P 0eb1de09e4b54c9196d16f3bcd319bdd: Bootstrap starting.
I20260710 11:11:27.419507 16686 tablet_bootstrap.cc:654] T 1920c0a85c97498e8be16222347ebfff P c6c9be09af0047f2aaf508dafb5267d6: Neither blocks nor log segments found. Creating new log.
I20260710 11:11:27.420611 16688 tablet_bootstrap.cc:654] T b95b4c494c3f4dd38a28b90a7ca1fa6b P 0eb1de09e4b54c9196d16f3bcd319bdd: Neither blocks nor log segments found. Creating new log.
I20260710 11:11:27.430644 16686 tablet_bootstrap.cc:492] T 1920c0a85c97498e8be16222347ebfff P c6c9be09af0047f2aaf508dafb5267d6: No bootstrap required, opened a new log
I20260710 11:11:27.431078 16686 ts_tablet_manager.cc:1403] T 1920c0a85c97498e8be16222347ebfff P c6c9be09af0047f2aaf508dafb5267d6: Time spent bootstrapping tablet: real 0.018s	user 0.007s	sys 0.008s
I20260710 11:11:27.433658 16686 raft_consensus.cc:359] T 1920c0a85c97498e8be16222347ebfff P c6c9be09af0047f2aaf508dafb5267d6 [term 0 FOLLOWER]: Replica starting. Triggering 0 pending ops. Active config: opid_index: -1 OBSOLETE_local: false peers { permanent_uuid: "0eb1de09e4b54c9196d16f3bcd319bdd" member_type: VOTER last_known_addr { host: "127.15.125.1" port: 45955 } } peers { permanent_uuid: "f672fc01e013455bb7b47a1f7d5c8c2e" member_type: VOTER last_known_addr { host: "127.15.125.2" port: 40007 } } peers { permanent_uuid: "c6c9be09af0047f2aaf508dafb5267d6" member_type: VOTER last_known_addr { host: "127.15.125.3" port: 46739 } }
I20260710 11:11:27.434311 16686 raft_consensus.cc:385] T 1920c0a85c97498e8be16222347ebfff P c6c9be09af0047f2aaf508dafb5267d6 [term 0 FOLLOWER]: Consensus starting up: Expiring failure detector timer to make a prompt election more likely
I20260710 11:11:27.434584 16686 raft_consensus.cc:740] T 1920c0a85c97498e8be16222347ebfff P c6c9be09af0047f2aaf508dafb5267d6 [term 0 FOLLOWER]: Becoming Follower/Learner. State: Replica: c6c9be09af0047f2aaf508dafb5267d6, State: Initialized, Role: FOLLOWER
I20260710 11:11:27.433669 16687 tablet_bootstrap.cc:492] T b95b4c494c3f4dd38a28b90a7ca1fa6b P f672fc01e013455bb7b47a1f7d5c8c2e: No bootstrap required, opened a new log
I20260710 11:11:27.435662 16687 ts_tablet_manager.cc:1403] T b95b4c494c3f4dd38a28b90a7ca1fa6b P f672fc01e013455bb7b47a1f7d5c8c2e: Time spent bootstrapping tablet: real 0.054s	user 0.011s	sys 0.000s
I20260710 11:11:27.437721 16686 consensus_queue.cc:260] T 1920c0a85c97498e8be16222347ebfff P c6c9be09af0047f2aaf508dafb5267d6 [NON_LEADER]: Queue going to NON_LEADER mode. State: All replicated index: 0, Majority replicated index: 0, Committed index: 0, Last appended: 0.0, Last appended by leader: 0, Current term: 0, Majority size: -1, State: 0, Mode: NON_LEADER, active raft config: opid_index: -1 OBSOLETE_local: false peers { permanent_uuid: "0eb1de09e4b54c9196d16f3bcd319bdd" member_type: VOTER last_known_addr { host: "127.15.125.1" port: 45955 } } peers { permanent_uuid: "f672fc01e013455bb7b47a1f7d5c8c2e" member_type: VOTER last_known_addr { host: "127.15.125.2" port: 40007 } } peers { permanent_uuid: "c6c9be09af0047f2aaf508dafb5267d6" member_type: VOTER last_known_addr { host: "127.15.125.3" port: 46739 } }
I20260710 11:11:27.438282 16687 raft_consensus.cc:359] T b95b4c494c3f4dd38a28b90a7ca1fa6b P f672fc01e013455bb7b47a1f7d5c8c2e [term 0 FOLLOWER]: Replica starting. Triggering 0 pending ops. Active config: opid_index: -1 OBSOLETE_local: false peers { permanent_uuid: "0eb1de09e4b54c9196d16f3bcd319bdd" member_type: VOTER last_known_addr { host: "127.15.125.1" port: 45955 } } peers { permanent_uuid: "f672fc01e013455bb7b47a1f7d5c8c2e" member_type: VOTER last_known_addr { host: "127.15.125.2" port: 40007 } } peers { permanent_uuid: "c6c9be09af0047f2aaf508dafb5267d6" member_type: VOTER last_known_addr { host: "127.15.125.3" port: 46739 } }
I20260710 11:11:27.438910 16687 raft_consensus.cc:385] T b95b4c494c3f4dd38a28b90a7ca1fa6b P f672fc01e013455bb7b47a1f7d5c8c2e [term 0 FOLLOWER]: Consensus starting up: Expiring failure detector timer to make a prompt election more likely
I20260710 11:11:27.439186 16687 raft_consensus.cc:740] T b95b4c494c3f4dd38a28b90a7ca1fa6b P f672fc01e013455bb7b47a1f7d5c8c2e [term 0 FOLLOWER]: Becoming Follower/Learner. State: Replica: f672fc01e013455bb7b47a1f7d5c8c2e, State: Initialized, Role: FOLLOWER
I20260710 11:11:27.439803 16686 ts_tablet_manager.cc:1434] T 1920c0a85c97498e8be16222347ebfff P c6c9be09af0047f2aaf508dafb5267d6: Time spent starting tablet: real 0.008s	user 0.005s	sys 0.000s
I20260710 11:11:27.439813 16687 consensus_queue.cc:260] T b95b4c494c3f4dd38a28b90a7ca1fa6b P f672fc01e013455bb7b47a1f7d5c8c2e [NON_LEADER]: Queue going to NON_LEADER mode. State: All replicated index: 0, Majority replicated index: 0, Committed index: 0, Last appended: 0.0, Last appended by leader: 0, Current term: 0, Majority size: -1, State: 0, Mode: NON_LEADER, active raft config: opid_index: -1 OBSOLETE_local: false peers { permanent_uuid: "0eb1de09e4b54c9196d16f3bcd319bdd" member_type: VOTER last_known_addr { host: "127.15.125.1" port: 45955 } } peers { permanent_uuid: "f672fc01e013455bb7b47a1f7d5c8c2e" member_type: VOTER last_known_addr { host: "127.15.125.2" port: 40007 } } peers { permanent_uuid: "c6c9be09af0047f2aaf508dafb5267d6" member_type: VOTER last_known_addr { host: "127.15.125.3" port: 46739 } }
I20260710 11:11:27.440776 16686 tablet_bootstrap.cc:492] T 6b15cdc2394646b386bd91bad60a36b1 P c6c9be09af0047f2aaf508dafb5267d6: Bootstrap starting.
I20260710 11:11:27.444921 16572 tablet_service.cc:1917] Received RequestConsensusVote() RPC: tablet_id: "1920c0a85c97498e8be16222347ebfff" candidate_uuid: "0eb1de09e4b54c9196d16f3bcd319bdd" candidate_term: 1 candidate_status { last_received { term: 0 index: 0 } } ignore_live_leader: false dest_uuid: "f672fc01e013455bb7b47a1f7d5c8c2e" is_pre_election: true
I20260710 11:11:27.450897 16686 tablet_bootstrap.cc:654] T 6b15cdc2394646b386bd91bad60a36b1 P c6c9be09af0047f2aaf508dafb5267d6: Neither blocks nor log segments found. Creating new log.
I20260710 11:11:27.451969 16687 ts_tablet_manager.cc:1434] T b95b4c494c3f4dd38a28b90a7ca1fa6b P f672fc01e013455bb7b47a1f7d5c8c2e: Time spent starting tablet: real 0.016s	user 0.002s	sys 0.003s
W20260710 11:11:27.452826 16461 leader_election.cc:343] T 1920c0a85c97498e8be16222347ebfff P 0eb1de09e4b54c9196d16f3bcd319bdd [CANDIDATE]: Term 1 pre-election: Tablet error from VoteRequest() call to peer f672fc01e013455bb7b47a1f7d5c8c2e (127.15.125.2:40007): Illegal state: must be running to vote when last-logged opid is not known
I20260710 11:11:27.455497 16687 tablet_bootstrap.cc:492] T ca64ba20b4c44ab79ff41978e370aa60 P f672fc01e013455bb7b47a1f7d5c8c2e: Bootstrap starting.
I20260710 11:11:27.456509 16688 tablet_bootstrap.cc:492] T b95b4c494c3f4dd38a28b90a7ca1fa6b P 0eb1de09e4b54c9196d16f3bcd319bdd: No bootstrap required, opened a new log
I20260710 11:11:27.456915 16688 ts_tablet_manager.cc:1403] T b95b4c494c3f4dd38a28b90a7ca1fa6b P 0eb1de09e4b54c9196d16f3bcd319bdd: Time spent bootstrapping tablet: real 0.042s	user 0.026s	sys 0.012s
I20260710 11:11:27.458810 16688 raft_consensus.cc:359] T b95b4c494c3f4dd38a28b90a7ca1fa6b P 0eb1de09e4b54c9196d16f3bcd319bdd [term 0 FOLLOWER]: Replica starting. Triggering 0 pending ops. Active config: opid_index: -1 OBSOLETE_local: false peers { permanent_uuid: "0eb1de09e4b54c9196d16f3bcd319bdd" member_type: VOTER last_known_addr { host: "127.15.125.1" port: 45955 } } peers { permanent_uuid: "f672fc01e013455bb7b47a1f7d5c8c2e" member_type: VOTER last_known_addr { host: "127.15.125.2" port: 40007 } } peers { permanent_uuid: "c6c9be09af0047f2aaf508dafb5267d6" member_type: VOTER last_known_addr { host: "127.15.125.3" port: 46739 } }
I20260710 11:11:27.459278 16688 raft_consensus.cc:385] T b95b4c494c3f4dd38a28b90a7ca1fa6b P 0eb1de09e4b54c9196d16f3bcd319bdd [term 0 FOLLOWER]: Consensus starting up: Expiring failure detector timer to make a prompt election more likely
I20260710 11:11:27.459496 16688 raft_consensus.cc:740] T b95b4c494c3f4dd38a28b90a7ca1fa6b P 0eb1de09e4b54c9196d16f3bcd319bdd [term 0 FOLLOWER]: Becoming Follower/Learner. State: Replica: 0eb1de09e4b54c9196d16f3bcd319bdd, State: Initialized, Role: FOLLOWER
I20260710 11:11:27.460065 16688 consensus_queue.cc:260] T b95b4c494c3f4dd38a28b90a7ca1fa6b P 0eb1de09e4b54c9196d16f3bcd319bdd [NON_LEADER]: Queue going to NON_LEADER mode. State: All replicated index: 0, Majority replicated index: 0, Committed index: 0, Last appended: 0.0, Last appended by leader: 0, Current term: 0, Majority size: -1, State: 0, Mode: NON_LEADER, active raft config: opid_index: -1 OBSOLETE_local: false peers { permanent_uuid: "0eb1de09e4b54c9196d16f3bcd319bdd" member_type: VOTER last_known_addr { host: "127.15.125.1" port: 45955 } } peers { permanent_uuid: "f672fc01e013455bb7b47a1f7d5c8c2e" member_type: VOTER last_known_addr { host: "127.15.125.2" port: 40007 } } peers { permanent_uuid: "c6c9be09af0047f2aaf508dafb5267d6" member_type: VOTER last_known_addr { host: "127.15.125.3" port: 46739 } }
I20260710 11:11:27.462014 16688 ts_tablet_manager.cc:1434] T b95b4c494c3f4dd38a28b90a7ca1fa6b P 0eb1de09e4b54c9196d16f3bcd319bdd: Time spent starting tablet: real 0.005s	user 0.004s	sys 0.000s
I20260710 11:11:27.462889 16688 tablet_bootstrap.cc:492] T 39672c5a43194804b517fae2352d8875 P 0eb1de09e4b54c9196d16f3bcd319bdd: Bootstrap starting.
I20260710 11:11:27.465966 16687 tablet_bootstrap.cc:654] T ca64ba20b4c44ab79ff41978e370aa60 P f672fc01e013455bb7b47a1f7d5c8c2e: Neither blocks nor log segments found. Creating new log.
I20260710 11:11:27.468693 16688 tablet_bootstrap.cc:654] T 39672c5a43194804b517fae2352d8875 P 0eb1de09e4b54c9196d16f3bcd319bdd: Neither blocks nor log segments found. Creating new log.
I20260710 11:11:27.473045 16688 tablet_bootstrap.cc:492] T 39672c5a43194804b517fae2352d8875 P 0eb1de09e4b54c9196d16f3bcd319bdd: No bootstrap required, opened a new log
I20260710 11:11:27.473304 16646 tablet_service.cc:1917] Received RequestConsensusVote() RPC: tablet_id: "1920c0a85c97498e8be16222347ebfff" candidate_uuid: "0eb1de09e4b54c9196d16f3bcd319bdd" candidate_term: 1 candidate_status { last_received { term: 0 index: 0 } } ignore_live_leader: false dest_uuid: "c6c9be09af0047f2aaf508dafb5267d6" is_pre_election: true
I20260710 11:11:27.473466 16688 ts_tablet_manager.cc:1403] T 39672c5a43194804b517fae2352d8875 P 0eb1de09e4b54c9196d16f3bcd319bdd: Time spent bootstrapping tablet: real 0.011s	user 0.010s	sys 0.000s
I20260710 11:11:27.473902 16646 raft_consensus.cc:2468] T 1920c0a85c97498e8be16222347ebfff P c6c9be09af0047f2aaf508dafb5267d6 [term 0 FOLLOWER]: Leader pre-election vote request: Granting yes vote for candidate 0eb1de09e4b54c9196d16f3bcd319bdd in term 0.
I20260710 11:11:27.474254 16686 tablet_bootstrap.cc:492] T 6b15cdc2394646b386bd91bad60a36b1 P c6c9be09af0047f2aaf508dafb5267d6: No bootstrap required, opened a new log
I20260710 11:11:27.474665 16686 ts_tablet_manager.cc:1403] T 6b15cdc2394646b386bd91bad60a36b1 P c6c9be09af0047f2aaf508dafb5267d6: Time spent bootstrapping tablet: real 0.034s	user 0.011s	sys 0.013s
I20260710 11:11:27.475204 16460 leader_election.cc:304] T 1920c0a85c97498e8be16222347ebfff P 0eb1de09e4b54c9196d16f3bcd319bdd [CANDIDATE]: Term 1 pre-election: Election decided. Result: candidate won. Election summary: received 3 responses out of 3 voters: 2 yes votes; 1 no votes. yes voters: 0eb1de09e4b54c9196d16f3bcd319bdd, c6c9be09af0047f2aaf508dafb5267d6; no voters: f672fc01e013455bb7b47a1f7d5c8c2e
I20260710 11:11:27.476234 16697 raft_consensus.cc:2804] T 1920c0a85c97498e8be16222347ebfff P 0eb1de09e4b54c9196d16f3bcd319bdd [term 0 FOLLOWER]: Leader pre-election won for term 1
I20260710 11:11:27.476588 16697 raft_consensus.cc:493] T 1920c0a85c97498e8be16222347ebfff P 0eb1de09e4b54c9196d16f3bcd319bdd [term 0 FOLLOWER]: Starting leader election (no leader contacted us within the election timeout)
I20260710 11:11:27.476576 16688 raft_consensus.cc:359] T 39672c5a43194804b517fae2352d8875 P 0eb1de09e4b54c9196d16f3bcd319bdd [term 0 FOLLOWER]: Replica starting. Triggering 0 pending ops. Active config: opid_index: -1 OBSOLETE_local: false peers { permanent_uuid: "0eb1de09e4b54c9196d16f3bcd319bdd" member_type: VOTER last_known_addr { host: "127.15.125.1" port: 45955 } } peers { permanent_uuid: "f672fc01e013455bb7b47a1f7d5c8c2e" member_type: VOTER last_known_addr { host: "127.15.125.2" port: 40007 } } peers { permanent_uuid: "c6c9be09af0047f2aaf508dafb5267d6" member_type: VOTER last_known_addr { host: "127.15.125.3" port: 46739 } }
I20260710 11:11:27.477150 16697 raft_consensus.cc:3060] T 1920c0a85c97498e8be16222347ebfff P 0eb1de09e4b54c9196d16f3bcd319bdd [term 0 FOLLOWER]: Advancing to term 1
I20260710 11:11:27.477545 16688 raft_consensus.cc:385] T 39672c5a43194804b517fae2352d8875 P 0eb1de09e4b54c9196d16f3bcd319bdd [term 0 FOLLOWER]: Consensus starting up: Expiring failure detector timer to make a prompt election more likely
I20260710 11:11:27.477260 16686 raft_consensus.cc:359] T 6b15cdc2394646b386bd91bad60a36b1 P c6c9be09af0047f2aaf508dafb5267d6 [term 0 FOLLOWER]: Replica starting. Triggering 0 pending ops. Active config: opid_index: -1 OBSOLETE_local: false peers { permanent_uuid: "0eb1de09e4b54c9196d16f3bcd319bdd" member_type: VOTER last_known_addr { host: "127.15.125.1" port: 45955 } } peers { permanent_uuid: "f672fc01e013455bb7b47a1f7d5c8c2e" member_type: VOTER last_known_addr { host: "127.15.125.2" port: 40007 } } peers { permanent_uuid: "c6c9be09af0047f2aaf508dafb5267d6" member_type: VOTER last_known_addr { host: "127.15.125.3" port: 46739 } }
I20260710 11:11:27.477926 16688 raft_consensus.cc:740] T 39672c5a43194804b517fae2352d8875 P 0eb1de09e4b54c9196d16f3bcd319bdd [term 0 FOLLOWER]: Becoming Follower/Learner. State: Replica: 0eb1de09e4b54c9196d16f3bcd319bdd, State: Initialized, Role: FOLLOWER
I20260710 11:11:27.478034 16686 raft_consensus.cc:385] T 6b15cdc2394646b386bd91bad60a36b1 P c6c9be09af0047f2aaf508dafb5267d6 [term 0 FOLLOWER]: Consensus starting up: Expiring failure detector timer to make a prompt election more likely
I20260710 11:11:27.478478 16686 raft_consensus.cc:740] T 6b15cdc2394646b386bd91bad60a36b1 P c6c9be09af0047f2aaf508dafb5267d6 [term 0 FOLLOWER]: Becoming Follower/Learner. State: Replica: c6c9be09af0047f2aaf508dafb5267d6, State: Initialized, Role: FOLLOWER
I20260710 11:11:27.478933 16688 consensus_queue.cc:260] T 39672c5a43194804b517fae2352d8875 P 0eb1de09e4b54c9196d16f3bcd319bdd [NON_LEADER]: Queue going to NON_LEADER mode. State: All replicated index: 0, Majority replicated index: 0, Committed index: 0, Last appended: 0.0, Last appended by leader: 0, Current term: 0, Majority size: -1, State: 0, Mode: NON_LEADER, active raft config: opid_index: -1 OBSOLETE_local: false peers { permanent_uuid: "0eb1de09e4b54c9196d16f3bcd319bdd" member_type: VOTER last_known_addr { host: "127.15.125.1" port: 45955 } } peers { permanent_uuid: "f672fc01e013455bb7b47a1f7d5c8c2e" member_type: VOTER last_known_addr { host: "127.15.125.2" port: 40007 } } peers { permanent_uuid: "c6c9be09af0047f2aaf508dafb5267d6" member_type: VOTER last_known_addr { host: "127.15.125.3" port: 46739 } }
I20260710 11:11:27.479295 16686 consensus_queue.cc:260] T 6b15cdc2394646b386bd91bad60a36b1 P c6c9be09af0047f2aaf508dafb5267d6 [NON_LEADER]: Queue going to NON_LEADER mode. State: All replicated index: 0, Majority replicated index: 0, Committed index: 0, Last appended: 0.0, Last appended by leader: 0, Current term: 0, Majority size: -1, State: 0, Mode: NON_LEADER, active raft config: opid_index: -1 OBSOLETE_local: false peers { permanent_uuid: "0eb1de09e4b54c9196d16f3bcd319bdd" member_type: VOTER last_known_addr { host: "127.15.125.1" port: 45955 } } peers { permanent_uuid: "f672fc01e013455bb7b47a1f7d5c8c2e" member_type: VOTER last_known_addr { host: "127.15.125.2" port: 40007 } } peers { permanent_uuid: "c6c9be09af0047f2aaf508dafb5267d6" member_type: VOTER last_known_addr { host: "127.15.125.3" port: 46739 } }
I20260710 11:11:27.484542 16687 tablet_bootstrap.cc:492] T ca64ba20b4c44ab79ff41978e370aa60 P f672fc01e013455bb7b47a1f7d5c8c2e: No bootstrap required, opened a new log
I20260710 11:11:27.484154 16697 raft_consensus.cc:515] T 1920c0a85c97498e8be16222347ebfff P 0eb1de09e4b54c9196d16f3bcd319bdd [term 1 FOLLOWER]: Starting leader election with config: opid_index: -1 OBSOLETE_local: false peers { permanent_uuid: "0eb1de09e4b54c9196d16f3bcd319bdd" member_type: VOTER last_known_addr { host: "127.15.125.1" port: 45955 } } peers { permanent_uuid: "f672fc01e013455bb7b47a1f7d5c8c2e" member_type: VOTER last_known_addr { host: "127.15.125.2" port: 40007 } } peers { permanent_uuid: "c6c9be09af0047f2aaf508dafb5267d6" member_type: VOTER last_known_addr { host: "127.15.125.3" port: 46739 } }
I20260710 11:11:27.484723 16688 ts_tablet_manager.cc:1434] T 39672c5a43194804b517fae2352d8875 P 0eb1de09e4b54c9196d16f3bcd319bdd: Time spent starting tablet: real 0.011s	user 0.006s	sys 0.002s
I20260710 11:11:27.485088 16687 ts_tablet_manager.cc:1403] T ca64ba20b4c44ab79ff41978e370aa60 P f672fc01e013455bb7b47a1f7d5c8c2e: Time spent bootstrapping tablet: real 0.030s	user 0.009s	sys 0.011s
I20260710 11:11:27.486292 16697 leader_election.cc:290] T 1920c0a85c97498e8be16222347ebfff P 0eb1de09e4b54c9196d16f3bcd319bdd [CANDIDATE]: Term 1 election: Requested vote from peers f672fc01e013455bb7b47a1f7d5c8c2e (127.15.125.2:40007), c6c9be09af0047f2aaf508dafb5267d6 (127.15.125.3:46739)
I20260710 11:11:27.486773 16697 raft_consensus.cc:493] T ebf84406ec6f4201bc348571330ceae9 P 0eb1de09e4b54c9196d16f3bcd319bdd [term 0 FOLLOWER]: Starting pre-election (no leader contacted us within the election timeout)
I20260710 11:11:27.487380 16688 tablet_bootstrap.cc:492] T 37b4fe02b59e47a88c688124e2b1392f P 0eb1de09e4b54c9196d16f3bcd319bdd: Bootstrap starting.
I20260710 11:11:27.487926 16687 raft_consensus.cc:359] T ca64ba20b4c44ab79ff41978e370aa60 P f672fc01e013455bb7b47a1f7d5c8c2e [term 0 FOLLOWER]: Replica starting. Triggering 0 pending ops. Active config: opid_index: -1 OBSOLETE_local: false peers { permanent_uuid: "c6c9be09af0047f2aaf508dafb5267d6" member_type: VOTER last_known_addr { host: "127.15.125.3" port: 46739 } } peers { permanent_uuid: "f672fc01e013455bb7b47a1f7d5c8c2e" member_type: VOTER last_known_addr { host: "127.15.125.2" port: 40007 } } peers { permanent_uuid: "0eb1de09e4b54c9196d16f3bcd319bdd" member_type: VOTER last_known_addr { host: "127.15.125.1" port: 45955 } }
I20260710 11:11:27.488647 16687 raft_consensus.cc:385] T ca64ba20b4c44ab79ff41978e370aa60 P f672fc01e013455bb7b47a1f7d5c8c2e [term 0 FOLLOWER]: Consensus starting up: Expiring failure detector timer to make a prompt election more likely
I20260710 11:11:27.488955 16687 raft_consensus.cc:740] T ca64ba20b4c44ab79ff41978e370aa60 P f672fc01e013455bb7b47a1f7d5c8c2e [term 0 FOLLOWER]: Becoming Follower/Learner. State: Replica: f672fc01e013455bb7b47a1f7d5c8c2e, State: Initialized, Role: FOLLOWER
I20260710 11:11:27.489670 16687 consensus_queue.cc:260] T ca64ba20b4c44ab79ff41978e370aa60 P f672fc01e013455bb7b47a1f7d5c8c2e [NON_LEADER]: Queue going to NON_LEADER mode. State: All replicated index: 0, Majority replicated index: 0, Committed index: 0, Last appended: 0.0, Last appended by leader: 0, Current term: 0, Majority size: -1, State: 0, Mode: NON_LEADER, active raft config: opid_index: -1 OBSOLETE_local: false peers { permanent_uuid: "c6c9be09af0047f2aaf508dafb5267d6" member_type: VOTER last_known_addr { host: "127.15.125.3" port: 46739 } } peers { permanent_uuid: "f672fc01e013455bb7b47a1f7d5c8c2e" member_type: VOTER last_known_addr { host: "127.15.125.2" port: 40007 } } peers { permanent_uuid: "0eb1de09e4b54c9196d16f3bcd319bdd" member_type: VOTER last_known_addr { host: "127.15.125.1" port: 45955 } }
I20260710 11:11:27.490830 16686 ts_tablet_manager.cc:1434] T 6b15cdc2394646b386bd91bad60a36b1 P c6c9be09af0047f2aaf508dafb5267d6: Time spent starting tablet: real 0.016s	user 0.006s	sys 0.001s
I20260710 11:11:27.491735 16686 tablet_bootstrap.cc:492] T b95b4c494c3f4dd38a28b90a7ca1fa6b P c6c9be09af0047f2aaf508dafb5267d6: Bootstrap starting.
I20260710 11:11:27.491878 16687 ts_tablet_manager.cc:1434] T ca64ba20b4c44ab79ff41978e370aa60 P f672fc01e013455bb7b47a1f7d5c8c2e: Time spent starting tablet: real 0.006s	user 0.006s	sys 0.000s
I20260710 11:11:27.492939 16687 tablet_bootstrap.cc:492] T c3e695cf48144c539ec730eae0f4eb8f P f672fc01e013455bb7b47a1f7d5c8c2e: Bootstrap starting.
I20260710 11:11:27.493968 16688 tablet_bootstrap.cc:654] T 37b4fe02b59e47a88c688124e2b1392f P 0eb1de09e4b54c9196d16f3bcd319bdd: Neither blocks nor log segments found. Creating new log.
I20260710 11:11:27.497473 16686 tablet_bootstrap.cc:654] T b95b4c494c3f4dd38a28b90a7ca1fa6b P c6c9be09af0047f2aaf508dafb5267d6: Neither blocks nor log segments found. Creating new log.
I20260710 11:11:27.498934 16687 tablet_bootstrap.cc:654] T c3e695cf48144c539ec730eae0f4eb8f P f672fc01e013455bb7b47a1f7d5c8c2e: Neither blocks nor log segments found. Creating new log.
I20260710 11:11:27.487150 16697 raft_consensus.cc:515] T ebf84406ec6f4201bc348571330ceae9 P 0eb1de09e4b54c9196d16f3bcd319bdd [term 0 FOLLOWER]: Starting pre-election with config: opid_index: -1 OBSOLETE_local: false peers { permanent_uuid: "0eb1de09e4b54c9196d16f3bcd319bdd" member_type: VOTER last_known_addr { host: "127.15.125.1" port: 45955 } } peers { permanent_uuid: "f672fc01e013455bb7b47a1f7d5c8c2e" member_type: VOTER last_known_addr { host: "127.15.125.2" port: 40007 } } peers { permanent_uuid: "c6c9be09af0047f2aaf508dafb5267d6" member_type: VOTER last_known_addr { host: "127.15.125.3" port: 46739 } }
I20260710 11:11:27.487313 16646 tablet_service.cc:1917] Received RequestConsensusVote() RPC: tablet_id: "1920c0a85c97498e8be16222347ebfff" candidate_uuid: "0eb1de09e4b54c9196d16f3bcd319bdd" candidate_term: 1 candidate_status { last_received { term: 0 index: 0 } } ignore_live_leader: false dest_uuid: "c6c9be09af0047f2aaf508dafb5267d6"
I20260710 11:11:27.500214 16646 raft_consensus.cc:3060] T 1920c0a85c97498e8be16222347ebfff P c6c9be09af0047f2aaf508dafb5267d6 [term 0 FOLLOWER]: Advancing to term 1
I20260710 11:11:27.505786 16688 tablet_bootstrap.cc:492] T 37b4fe02b59e47a88c688124e2b1392f P 0eb1de09e4b54c9196d16f3bcd319bdd: No bootstrap required, opened a new log
I20260710 11:11:27.506225 16688 ts_tablet_manager.cc:1403] T 37b4fe02b59e47a88c688124e2b1392f P 0eb1de09e4b54c9196d16f3bcd319bdd: Time spent bootstrapping tablet: real 0.019s	user 0.008s	sys 0.008s
I20260710 11:11:27.508737 16688 raft_consensus.cc:359] T 37b4fe02b59e47a88c688124e2b1392f P 0eb1de09e4b54c9196d16f3bcd319bdd [term 0 FOLLOWER]: Replica starting. Triggering 0 pending ops. Active config: opid_index: -1 OBSOLETE_local: false peers { permanent_uuid: "0eb1de09e4b54c9196d16f3bcd319bdd" member_type: VOTER last_known_addr { host: "127.15.125.1" port: 45955 } } peers { permanent_uuid: "f672fc01e013455bb7b47a1f7d5c8c2e" member_type: VOTER last_known_addr { host: "127.15.125.2" port: 40007 } } peers { permanent_uuid: "c6c9be09af0047f2aaf508dafb5267d6" member_type: VOTER last_known_addr { host: "127.15.125.3" port: 46739 } }
I20260710 11:11:27.509323 16688 raft_consensus.cc:385] T 37b4fe02b59e47a88c688124e2b1392f P 0eb1de09e4b54c9196d16f3bcd319bdd [term 0 FOLLOWER]: Consensus starting up: Expiring failure detector timer to make a prompt election more likely
I20260710 11:11:27.509560 16688 raft_consensus.cc:740] T 37b4fe02b59e47a88c688124e2b1392f P 0eb1de09e4b54c9196d16f3bcd319bdd [term 0 FOLLOWER]: Becoming Follower/Learner. State: Replica: 0eb1de09e4b54c9196d16f3bcd319bdd, State: Initialized, Role: FOLLOWER
I20260710 11:11:27.509900 16646 raft_consensus.cc:2468] T 1920c0a85c97498e8be16222347ebfff P c6c9be09af0047f2aaf508dafb5267d6 [term 1 FOLLOWER]: Leader election vote request: Granting yes vote for candidate 0eb1de09e4b54c9196d16f3bcd319bdd in term 1.
I20260710 11:11:27.510902 16460 leader_election.cc:304] T 1920c0a85c97498e8be16222347ebfff P 0eb1de09e4b54c9196d16f3bcd319bdd [CANDIDATE]: Term 1 election: Election decided. Result: candidate won. Election summary: received 2 responses out of 3 voters: 2 yes votes; 0 no votes. yes voters: 0eb1de09e4b54c9196d16f3bcd319bdd, c6c9be09af0047f2aaf508dafb5267d6; no voters: 
I20260710 11:11:27.510793 16688 consensus_queue.cc:260] T 37b4fe02b59e47a88c688124e2b1392f P 0eb1de09e4b54c9196d16f3bcd319bdd [NON_LEADER]: Queue going to NON_LEADER mode. State: All replicated index: 0, Majority replicated index: 0, Committed index: 0, Last appended: 0.0, Last appended by leader: 0, Current term: 0, Majority size: -1, State: 0, Mode: NON_LEADER, active raft config: opid_index: -1 OBSOLETE_local: false peers { permanent_uuid: "0eb1de09e4b54c9196d16f3bcd319bdd" member_type: VOTER last_known_addr { host: "127.15.125.1" port: 45955 } } peers { permanent_uuid: "f672fc01e013455bb7b47a1f7d5c8c2e" member_type: VOTER last_known_addr { host: "127.15.125.2" port: 40007 } } peers { permanent_uuid: "c6c9be09af0047f2aaf508dafb5267d6" member_type: VOTER last_known_addr { host: "127.15.125.3" port: 46739 } }
I20260710 11:11:27.512223 16697 leader_election.cc:290] T ebf84406ec6f4201bc348571330ceae9 P 0eb1de09e4b54c9196d16f3bcd319bdd [CANDIDATE]: Term 1 pre-election: Requested pre-vote from peers f672fc01e013455bb7b47a1f7d5c8c2e (127.15.125.2:40007), c6c9be09af0047f2aaf508dafb5267d6 (127.15.125.3:46739)
I20260710 11:11:27.512807 16697 raft_consensus.cc:493] T ca64ba20b4c44ab79ff41978e370aa60 P 0eb1de09e4b54c9196d16f3bcd319bdd [term 0 FOLLOWER]: Starting pre-election (no leader contacted us within the election timeout)
I20260710 11:11:27.514164 16697 raft_consensus.cc:515] T ca64ba20b4c44ab79ff41978e370aa60 P 0eb1de09e4b54c9196d16f3bcd319bdd [term 0 FOLLOWER]: Starting pre-election with config: opid_index: -1 OBSOLETE_local: false peers { permanent_uuid: "c6c9be09af0047f2aaf508dafb5267d6" member_type: VOTER last_known_addr { host: "127.15.125.3" port: 46739 } } peers { permanent_uuid: "f672fc01e013455bb7b47a1f7d5c8c2e" member_type: VOTER last_known_addr { host: "127.15.125.2" port: 40007 } } peers { permanent_uuid: "0eb1de09e4b54c9196d16f3bcd319bdd" member_type: VOTER last_known_addr { host: "127.15.125.1" port: 45955 } }
I20260710 11:11:27.515077 16686 tablet_bootstrap.cc:492] T b95b4c494c3f4dd38a28b90a7ca1fa6b P c6c9be09af0047f2aaf508dafb5267d6: No bootstrap required, opened a new log
I20260710 11:11:27.515094 16687 tablet_bootstrap.cc:492] T c3e695cf48144c539ec730eae0f4eb8f P f672fc01e013455bb7b47a1f7d5c8c2e: No bootstrap required, opened a new log
I20260710 11:11:27.515682 16686 ts_tablet_manager.cc:1403] T b95b4c494c3f4dd38a28b90a7ca1fa6b P c6c9be09af0047f2aaf508dafb5267d6: Time spent bootstrapping tablet: real 0.024s	user 0.010s	sys 0.001s
I20260710 11:11:27.515743 16687 ts_tablet_manager.cc:1403] T c3e695cf48144c539ec730eae0f4eb8f P f672fc01e013455bb7b47a1f7d5c8c2e: Time spent bootstrapping tablet: real 0.023s	user 0.008s	sys 0.009s
I20260710 11:11:27.516227 16697 leader_election.cc:290] T ca64ba20b4c44ab79ff41978e370aa60 P 0eb1de09e4b54c9196d16f3bcd319bdd [CANDIDATE]: Term 1 pre-election: Requested pre-vote from peers c6c9be09af0047f2aaf508dafb5267d6 (127.15.125.3:46739), f672fc01e013455bb7b47a1f7d5c8c2e (127.15.125.2:40007)
I20260710 11:11:27.516767 16697 raft_consensus.cc:2804] T 1920c0a85c97498e8be16222347ebfff P 0eb1de09e4b54c9196d16f3bcd319bdd [term 1 FOLLOWER]: Leader election won for term 1
I20260710 11:11:27.517210 16697 raft_consensus.cc:697] T 1920c0a85c97498e8be16222347ebfff P 0eb1de09e4b54c9196d16f3bcd319bdd [term 1 LEADER]: Becoming Leader. State: Replica: 0eb1de09e4b54c9196d16f3bcd319bdd, State: Running, Role: LEADER
I20260710 11:11:27.517997 16697 consensus_queue.cc:237] T 1920c0a85c97498e8be16222347ebfff P 0eb1de09e4b54c9196d16f3bcd319bdd [LEADER]: Queue going to LEADER mode. State: All replicated index: 0, Majority replicated index: 0, Committed index: 0, Last appended: 0.0, Last appended by leader: 0, Current term: 1, Majority size: 2, State: 0, Mode: LEADER, active raft config: opid_index: -1 OBSOLETE_local: false peers { permanent_uuid: "0eb1de09e4b54c9196d16f3bcd319bdd" member_type: VOTER last_known_addr { host: "127.15.125.1" port: 45955 } } peers { permanent_uuid: "f672fc01e013455bb7b47a1f7d5c8c2e" member_type: VOTER last_known_addr { host: "127.15.125.2" port: 40007 } } peers { permanent_uuid: "c6c9be09af0047f2aaf508dafb5267d6" member_type: VOTER last_known_addr { host: "127.15.125.3" port: 46739 } }
I20260710 11:11:27.518173 16686 raft_consensus.cc:359] T b95b4c494c3f4dd38a28b90a7ca1fa6b P c6c9be09af0047f2aaf508dafb5267d6 [term 0 FOLLOWER]: Replica starting. Triggering 0 pending ops. Active config: opid_index: -1 OBSOLETE_local: false peers { permanent_uuid: "0eb1de09e4b54c9196d16f3bcd319bdd" member_type: VOTER last_known_addr { host: "127.15.125.1" port: 45955 } } peers { permanent_uuid: "f672fc01e013455bb7b47a1f7d5c8c2e" member_type: VOTER last_known_addr { host: "127.15.125.2" port: 40007 } } peers { permanent_uuid: "c6c9be09af0047f2aaf508dafb5267d6" member_type: VOTER last_known_addr { host: "127.15.125.3" port: 46739 } }
I20260710 11:11:27.518460 16687 raft_consensus.cc:359] T c3e695cf48144c539ec730eae0f4eb8f P f672fc01e013455bb7b47a1f7d5c8c2e [term 0 FOLLOWER]: Replica starting. Triggering 0 pending ops. Active config: opid_index: -1 OBSOLETE_local: false peers { permanent_uuid: "0eb1de09e4b54c9196d16f3bcd319bdd" member_type: VOTER last_known_addr { host: "127.15.125.1" port: 45955 } } peers { permanent_uuid: "f672fc01e013455bb7b47a1f7d5c8c2e" member_type: VOTER last_known_addr { host: "127.15.125.2" port: 40007 } } peers { permanent_uuid: "c6c9be09af0047f2aaf508dafb5267d6" member_type: VOTER last_known_addr { host: "127.15.125.3" port: 46739 } }
I20260710 11:11:27.519002 16686 raft_consensus.cc:385] T b95b4c494c3f4dd38a28b90a7ca1fa6b P c6c9be09af0047f2aaf508dafb5267d6 [term 0 FOLLOWER]: Consensus starting up: Expiring failure detector timer to make a prompt election more likely
I20260710 11:11:27.519145 16687 raft_consensus.cc:385] T c3e695cf48144c539ec730eae0f4eb8f P f672fc01e013455bb7b47a1f7d5c8c2e [term 0 FOLLOWER]: Consensus starting up: Expiring failure detector timer to make a prompt election more likely
I20260710 11:11:27.519332 16686 raft_consensus.cc:740] T b95b4c494c3f4dd38a28b90a7ca1fa6b P c6c9be09af0047f2aaf508dafb5267d6 [term 0 FOLLOWER]: Becoming Follower/Learner. State: Replica: c6c9be09af0047f2aaf508dafb5267d6, State: Initialized, Role: FOLLOWER
I20260710 11:11:27.519492 16687 raft_consensus.cc:740] T c3e695cf48144c539ec730eae0f4eb8f P f672fc01e013455bb7b47a1f7d5c8c2e [term 0 FOLLOWER]: Becoming Follower/Learner. State: Replica: f672fc01e013455bb7b47a1f7d5c8c2e, State: Initialized, Role: FOLLOWER
I20260710 11:11:27.520124 16686 consensus_queue.cc:260] T b95b4c494c3f4dd38a28b90a7ca1fa6b P c6c9be09af0047f2aaf508dafb5267d6 [NON_LEADER]: Queue going to NON_LEADER mode. State: All replicated index: 0, Majority replicated index: 0, Committed index: 0, Last appended: 0.0, Last appended by leader: 0, Current term: 0, Majority size: -1, State: 0, Mode: NON_LEADER, active raft config: opid_index: -1 OBSOLETE_local: false peers { permanent_uuid: "0eb1de09e4b54c9196d16f3bcd319bdd" member_type: VOTER last_known_addr { host: "127.15.125.1" port: 45955 } } peers { permanent_uuid: "f672fc01e013455bb7b47a1f7d5c8c2e" member_type: VOTER last_known_addr { host: "127.15.125.2" port: 40007 } } peers { permanent_uuid: "c6c9be09af0047f2aaf508dafb5267d6" member_type: VOTER last_known_addr { host: "127.15.125.3" port: 46739 } }
I20260710 11:11:27.520390 16687 consensus_queue.cc:260] T c3e695cf48144c539ec730eae0f4eb8f P f672fc01e013455bb7b47a1f7d5c8c2e [NON_LEADER]: Queue going to NON_LEADER mode. State: All replicated index: 0, Majority replicated index: 0, Committed index: 0, Last appended: 0.0, Last appended by leader: 0, Current term: 0, Majority size: -1, State: 0, Mode: NON_LEADER, active raft config: opid_index: -1 OBSOLETE_local: false peers { permanent_uuid: "0eb1de09e4b54c9196d16f3bcd319bdd" member_type: VOTER last_known_addr { host: "127.15.125.1" port: 45955 } } peers { permanent_uuid: "f672fc01e013455bb7b47a1f7d5c8c2e" member_type: VOTER last_known_addr { host: "127.15.125.2" port: 40007 } } peers { permanent_uuid: "c6c9be09af0047f2aaf508dafb5267d6" member_type: VOTER last_known_addr { host: "127.15.125.3" port: 46739 } }
I20260710 11:11:27.524178 16686 ts_tablet_manager.cc:1434] T b95b4c494c3f4dd38a28b90a7ca1fa6b P c6c9be09af0047f2aaf508dafb5267d6: Time spent starting tablet: real 0.008s	user 0.002s	sys 0.003s
I20260710 11:11:27.525038 16686 tablet_bootstrap.cc:492] T d9330a69330542d084d47d733c833b31 P c6c9be09af0047f2aaf508dafb5267d6: Bootstrap starting.
I20260710 11:11:27.528177 16688 ts_tablet_manager.cc:1434] T 37b4fe02b59e47a88c688124e2b1392f P 0eb1de09e4b54c9196d16f3bcd319bdd: Time spent starting tablet: real 0.014s	user 0.007s	sys 0.001s
I20260710 11:11:27.529063 16688 tablet_bootstrap.cc:492] T 6b15cdc2394646b386bd91bad60a36b1 P 0eb1de09e4b54c9196d16f3bcd319bdd: Bootstrap starting.
I20260710 11:11:27.530507 16687 ts_tablet_manager.cc:1434] T c3e695cf48144c539ec730eae0f4eb8f P f672fc01e013455bb7b47a1f7d5c8c2e: Time spent starting tablet: real 0.014s	user 0.006s	sys 0.000s
I20260710 11:11:27.530887 16645 tablet_service.cc:1917] Received RequestConsensusVote() RPC: tablet_id: "ca64ba20b4c44ab79ff41978e370aa60" candidate_uuid: "0eb1de09e4b54c9196d16f3bcd319bdd" candidate_term: 1 candidate_status { last_received { term: 0 index: 0 } } ignore_live_leader: false dest_uuid: "c6c9be09af0047f2aaf508dafb5267d6" is_pre_election: true
I20260710 11:11:27.531523 16645 raft_consensus.cc:2468] T ca64ba20b4c44ab79ff41978e370aa60 P c6c9be09af0047f2aaf508dafb5267d6 [term 0 FOLLOWER]: Leader pre-election vote request: Granting yes vote for candidate 0eb1de09e4b54c9196d16f3bcd319bdd in term 0.
I20260710 11:11:27.530433 16646 tablet_service.cc:1917] Received RequestConsensusVote() RPC: tablet_id: "ebf84406ec6f4201bc348571330ceae9" candidate_uuid: "0eb1de09e4b54c9196d16f3bcd319bdd" candidate_term: 1 candidate_status { last_received { term: 0 index: 0 } } ignore_live_leader: false dest_uuid: "c6c9be09af0047f2aaf508dafb5267d6" is_pre_election: true
I20260710 11:11:27.533246 16646 raft_consensus.cc:2468] T ebf84406ec6f4201bc348571330ceae9 P c6c9be09af0047f2aaf508dafb5267d6 [term 0 FOLLOWER]: Leader pre-election vote request: Granting yes vote for candidate 0eb1de09e4b54c9196d16f3bcd319bdd in term 0.
I20260710 11:11:27.533831 16687 tablet_bootstrap.cc:492] T d9330a69330542d084d47d733c833b31 P f672fc01e013455bb7b47a1f7d5c8c2e: Bootstrap starting.
I20260710 11:11:27.534536 16460 leader_election.cc:304] T ca64ba20b4c44ab79ff41978e370aa60 P 0eb1de09e4b54c9196d16f3bcd319bdd [CANDIDATE]: Term 1 pre-election: Election decided. Result: candidate won. Election summary: received 2 responses out of 3 voters: 2 yes votes; 0 no votes. yes voters: 0eb1de09e4b54c9196d16f3bcd319bdd, c6c9be09af0047f2aaf508dafb5267d6; no voters: 
I20260710 11:11:27.535375 16460 leader_election.cc:304] T ebf84406ec6f4201bc348571330ceae9 P 0eb1de09e4b54c9196d16f3bcd319bdd [CANDIDATE]: Term 1 pre-election: Election decided. Result: candidate won. Election summary: received 2 responses out of 3 voters: 2 yes votes; 0 no votes. yes voters: 0eb1de09e4b54c9196d16f3bcd319bdd, c6c9be09af0047f2aaf508dafb5267d6; no voters: 
I20260710 11:11:27.536121 16720 raft_consensus.cc:2804] T ca64ba20b4c44ab79ff41978e370aa60 P 0eb1de09e4b54c9196d16f3bcd319bdd [term 0 FOLLOWER]: Leader pre-election won for term 1
I20260710 11:11:27.536506 16720 raft_consensus.cc:493] T ca64ba20b4c44ab79ff41978e370aa60 P 0eb1de09e4b54c9196d16f3bcd319bdd [term 0 FOLLOWER]: Starting leader election (no leader contacted us within the election timeout)
I20260710 11:11:27.536818 16720 raft_consensus.cc:3060] T ca64ba20b4c44ab79ff41978e370aa60 P 0eb1de09e4b54c9196d16f3bcd319bdd [term 0 FOLLOWER]: Advancing to term 1
I20260710 11:11:27.537302 16688 tablet_bootstrap.cc:654] T 6b15cdc2394646b386bd91bad60a36b1 P 0eb1de09e4b54c9196d16f3bcd319bdd: Neither blocks nor log segments found. Creating new log.
I20260710 11:11:27.538244 16686 tablet_bootstrap.cc:654] T d9330a69330542d084d47d733c833b31 P c6c9be09af0047f2aaf508dafb5267d6: Neither blocks nor log segments found. Creating new log.
I20260710 11:11:27.540118 16687 tablet_bootstrap.cc:654] T d9330a69330542d084d47d733c833b31 P f672fc01e013455bb7b47a1f7d5c8c2e: Neither blocks nor log segments found. Creating new log.
I20260710 11:11:27.540338 16719 raft_consensus.cc:2804] T ebf84406ec6f4201bc348571330ceae9 P 0eb1de09e4b54c9196d16f3bcd319bdd [term 0 FOLLOWER]: Leader pre-election won for term 1
I20260710 11:11:27.543341 16691 raft_consensus.cc:493] T 37b4fe02b59e47a88c688124e2b1392f P c6c9be09af0047f2aaf508dafb5267d6 [term 0 FOLLOWER]: Starting pre-election (no leader contacted us within the election timeout)
I20260710 11:11:27.543493 16719 raft_consensus.cc:493] T ebf84406ec6f4201bc348571330ceae9 P 0eb1de09e4b54c9196d16f3bcd319bdd [term 0 FOLLOWER]: Starting leader election (no leader contacted us within the election timeout)
I20260710 11:11:27.543864 16691 raft_consensus.cc:515] T 37b4fe02b59e47a88c688124e2b1392f P c6c9be09af0047f2aaf508dafb5267d6 [term 0 FOLLOWER]: Starting pre-election with config: opid_index: -1 OBSOLETE_local: false peers { permanent_uuid: "0eb1de09e4b54c9196d16f3bcd319bdd" member_type: VOTER last_known_addr { host: "127.15.125.1" port: 45955 } } peers { permanent_uuid: "f672fc01e013455bb7b47a1f7d5c8c2e" member_type: VOTER last_known_addr { host: "127.15.125.2" port: 40007 } } peers { permanent_uuid: "c6c9be09af0047f2aaf508dafb5267d6" member_type: VOTER last_known_addr { host: "127.15.125.3" port: 46739 } }
I20260710 11:11:27.543922 16719 raft_consensus.cc:3060] T ebf84406ec6f4201bc348571330ceae9 P 0eb1de09e4b54c9196d16f3bcd319bdd [term 0 FOLLOWER]: Advancing to term 1
I20260710 11:11:27.553143 16688 tablet_bootstrap.cc:492] T 6b15cdc2394646b386bd91bad60a36b1 P 0eb1de09e4b54c9196d16f3bcd319bdd: No bootstrap required, opened a new log
I20260710 11:11:27.553576 16688 ts_tablet_manager.cc:1403] T 6b15cdc2394646b386bd91bad60a36b1 P 0eb1de09e4b54c9196d16f3bcd319bdd: Time spent bootstrapping tablet: real 0.025s	user 0.011s	sys 0.004s
I20260710 11:11:27.552587 16691 leader_election.cc:290] T 37b4fe02b59e47a88c688124e2b1392f P c6c9be09af0047f2aaf508dafb5267d6 [CANDIDATE]: Term 1 pre-election: Requested pre-vote from peers 0eb1de09e4b54c9196d16f3bcd319bdd (127.15.125.1:45955), f672fc01e013455bb7b47a1f7d5c8c2e (127.15.125.2:40007)
I20260710 11:11:27.562366 16686 tablet_bootstrap.cc:492] T d9330a69330542d084d47d733c833b31 P c6c9be09af0047f2aaf508dafb5267d6: No bootstrap required, opened a new log
I20260710 11:11:27.562767 16686 ts_tablet_manager.cc:1403] T d9330a69330542d084d47d733c833b31 P c6c9be09af0047f2aaf508dafb5267d6: Time spent bootstrapping tablet: real 0.038s	user 0.010s	sys 0.012s
I20260710 11:11:27.566689 16692 raft_consensus.cc:493] T 6b15cdc2394646b386bd91bad60a36b1 P f672fc01e013455bb7b47a1f7d5c8c2e [term 0 FOLLOWER]: Starting pre-election (no leader contacted us within the election timeout)
I20260710 11:11:27.567160 16692 raft_consensus.cc:515] T 6b15cdc2394646b386bd91bad60a36b1 P f672fc01e013455bb7b47a1f7d5c8c2e [term 0 FOLLOWER]: Starting pre-election with config: opid_index: -1 OBSOLETE_local: false peers { permanent_uuid: "0eb1de09e4b54c9196d16f3bcd319bdd" member_type: VOTER last_known_addr { host: "127.15.125.1" port: 45955 } } peers { permanent_uuid: "f672fc01e013455bb7b47a1f7d5c8c2e" member_type: VOTER last_known_addr { host: "127.15.125.2" port: 40007 } } peers { permanent_uuid: "c6c9be09af0047f2aaf508dafb5267d6" member_type: VOTER last_known_addr { host: "127.15.125.3" port: 46739 } }
I20260710 11:11:27.568657 16686 raft_consensus.cc:359] T d9330a69330542d084d47d733c833b31 P c6c9be09af0047f2aaf508dafb5267d6 [term 0 FOLLOWER]: Replica starting. Triggering 0 pending ops. Active config: opid_index: -1 OBSOLETE_local: false peers { permanent_uuid: "0eb1de09e4b54c9196d16f3bcd319bdd" member_type: VOTER last_known_addr { host: "127.15.125.1" port: 45955 } } peers { permanent_uuid: "f672fc01e013455bb7b47a1f7d5c8c2e" member_type: VOTER last_known_addr { host: "127.15.125.2" port: 40007 } } peers { permanent_uuid: "c6c9be09af0047f2aaf508dafb5267d6" member_type: VOTER last_known_addr { host: "127.15.125.3" port: 46739 } }
I20260710 11:11:27.569097 16686 raft_consensus.cc:385] T d9330a69330542d084d47d733c833b31 P c6c9be09af0047f2aaf508dafb5267d6 [term 0 FOLLOWER]: Consensus starting up: Expiring failure detector timer to make a prompt election more likely
I20260710 11:11:27.569283 16686 raft_consensus.cc:740] T d9330a69330542d084d47d733c833b31 P c6c9be09af0047f2aaf508dafb5267d6 [term 0 FOLLOWER]: Becoming Follower/Learner. State: Replica: c6c9be09af0047f2aaf508dafb5267d6, State: Initialized, Role: FOLLOWER
I20260710 11:11:27.571168 16686 consensus_queue.cc:260] T d9330a69330542d084d47d733c833b31 P c6c9be09af0047f2aaf508dafb5267d6 [NON_LEADER]: Queue going to NON_LEADER mode. State: All replicated index: 0, Majority replicated index: 0, Committed index: 0, Last appended: 0.0, Last appended by leader: 0, Current term: 0, Majority size: -1, State: 0, Mode: NON_LEADER, active raft config: opid_index: -1 OBSOLETE_local: false peers { permanent_uuid: "0eb1de09e4b54c9196d16f3bcd319bdd" member_type: VOTER last_known_addr { host: "127.15.125.1" port: 45955 } } peers { permanent_uuid: "f672fc01e013455bb7b47a1f7d5c8c2e" member_type: VOTER last_known_addr { host: "127.15.125.2" port: 40007 } } peers { permanent_uuid: "c6c9be09af0047f2aaf508dafb5267d6" member_type: VOTER last_known_addr { host: "127.15.125.3" port: 46739 } }
I20260710 11:11:27.573076 16686 ts_tablet_manager.cc:1434] T d9330a69330542d084d47d733c833b31 P c6c9be09af0047f2aaf508dafb5267d6: Time spent starting tablet: real 0.010s	user 0.006s	sys 0.000s
I20260710 11:11:27.573872 16686 tablet_bootstrap.cc:492] T 39672c5a43194804b517fae2352d8875 P c6c9be09af0047f2aaf508dafb5267d6: Bootstrap starting.
I20260710 11:11:27.574640 16688 raft_consensus.cc:359] T 6b15cdc2394646b386bd91bad60a36b1 P 0eb1de09e4b54c9196d16f3bcd319bdd [term 0 FOLLOWER]: Replica starting. Triggering 0 pending ops. Active config: opid_index: -1 OBSOLETE_local: false peers { permanent_uuid: "0eb1de09e4b54c9196d16f3bcd319bdd" member_type: VOTER last_known_addr { host: "127.15.125.1" port: 45955 } } peers { permanent_uuid: "f672fc01e013455bb7b47a1f7d5c8c2e" member_type: VOTER last_known_addr { host: "127.15.125.2" port: 40007 } } peers { permanent_uuid: "c6c9be09af0047f2aaf508dafb5267d6" member_type: VOTER last_known_addr { host: "127.15.125.3" port: 46739 } }
I20260710 11:11:27.575304 16688 raft_consensus.cc:385] T 6b15cdc2394646b386bd91bad60a36b1 P 0eb1de09e4b54c9196d16f3bcd319bdd [term 0 FOLLOWER]: Consensus starting up: Expiring failure detector timer to make a prompt election more likely
I20260710 11:11:27.575562 16688 raft_consensus.cc:740] T 6b15cdc2394646b386bd91bad60a36b1 P 0eb1de09e4b54c9196d16f3bcd319bdd [term 0 FOLLOWER]: Becoming Follower/Learner. State: Replica: 0eb1de09e4b54c9196d16f3bcd319bdd, State: Initialized, Role: FOLLOWER
W20260710 11:11:27.579517 16443 auto_rebalancer.cc:288] Could not retrieve cluster info: Service unavailable: Tablet not running
I20260710 11:11:27.579902 16719 raft_consensus.cc:515] T ebf84406ec6f4201bc348571330ceae9 P 0eb1de09e4b54c9196d16f3bcd319bdd [term 1 FOLLOWER]: Starting leader election with config: opid_index: -1 OBSOLETE_local: false peers { permanent_uuid: "0eb1de09e4b54c9196d16f3bcd319bdd" member_type: VOTER last_known_addr { host: "127.15.125.1" port: 45955 } } peers { permanent_uuid: "f672fc01e013455bb7b47a1f7d5c8c2e" member_type: VOTER last_known_addr { host: "127.15.125.2" port: 40007 } } peers { permanent_uuid: "c6c9be09af0047f2aaf508dafb5267d6" member_type: VOTER last_known_addr { host: "127.15.125.3" port: 46739 } }
I20260710 11:11:27.581790 16719 leader_election.cc:290] T ebf84406ec6f4201bc348571330ceae9 P 0eb1de09e4b54c9196d16f3bcd319bdd [CANDIDATE]: Term 1 election: Requested vote from peers f672fc01e013455bb7b47a1f7d5c8c2e (127.15.125.2:40007), c6c9be09af0047f2aaf508dafb5267d6 (127.15.125.3:46739)
I20260710 11:11:27.582890 16646 tablet_service.cc:1917] Received RequestConsensusVote() RPC: tablet_id: "ebf84406ec6f4201bc348571330ceae9" candidate_uuid: "0eb1de09e4b54c9196d16f3bcd319bdd" candidate_term: 1 candidate_status { last_received { term: 0 index: 0 } } ignore_live_leader: false dest_uuid: "c6c9be09af0047f2aaf508dafb5267d6"
I20260710 11:11:27.583387 16646 raft_consensus.cc:3060] T ebf84406ec6f4201bc348571330ceae9 P c6c9be09af0047f2aaf508dafb5267d6 [term 0 FOLLOWER]: Advancing to term 1
I20260710 11:11:27.583617 16572 tablet_service.cc:1917] Received RequestConsensusVote() RPC: tablet_id: "1920c0a85c97498e8be16222347ebfff" candidate_uuid: "0eb1de09e4b54c9196d16f3bcd319bdd" candidate_term: 1 candidate_status { last_received { term: 0 index: 0 } } ignore_live_leader: false dest_uuid: "f672fc01e013455bb7b47a1f7d5c8c2e"
I20260710 11:11:27.584738 16571 tablet_service.cc:1917] Received RequestConsensusVote() RPC: tablet_id: "ebf84406ec6f4201bc348571330ceae9" candidate_uuid: "0eb1de09e4b54c9196d16f3bcd319bdd" candidate_term: 1 candidate_status { last_received { term: 0 index: 0 } } ignore_live_leader: false dest_uuid: "f672fc01e013455bb7b47a1f7d5c8c2e" is_pre_election: true
