I20260710 10:59:48.691764 26789 raft_consensus.cc:2468] T d3db3473c62e44c1b5d29c16b968e6dd P 089e75b234244a318c3618f61bd21c76 [term 2 FOLLOWER]: Leader election vote request: Granting yes vote for candidate 7b295b82543b4e98b2444d2bb098bf1c in term 2.
I20260710 10:59:48.693572 26831 leader_election.cc:304] T d3db3473c62e44c1b5d29c16b968e6dd P 7b295b82543b4e98b2444d2bb098bf1c [CANDIDATE]: Term 2 election: Election decided. Result: candidate won. Election summary: received 2 responses out of 3 voters: 2 yes votes; 0 no votes. yes voters: 089e75b234244a318c3618f61bd21c76, 7b295b82543b4e98b2444d2bb098bf1c; no voters: 
I20260710 10:59:48.693959 26940 raft_consensus.cc:2468] T d3db3473c62e44c1b5d29c16b968e6dd P 01044d4b68344189b4c8ec02c497c77d [term 2 FOLLOWER]: Leader election vote request: Granting yes vote for candidate 7b295b82543b4e98b2444d2bb098bf1c in term 2.
I20260710 10:59:48.694512 27081 raft_consensus.cc:2804] T d3db3473c62e44c1b5d29c16b968e6dd P 7b295b82543b4e98b2444d2bb098bf1c [term 2 FOLLOWER]: Leader election won for term 2
I20260710 10:59:48.695104 27081 raft_consensus.cc:697] T d3db3473c62e44c1b5d29c16b968e6dd P 7b295b82543b4e98b2444d2bb098bf1c [term 2 LEADER]: Becoming Leader. State: Replica: 7b295b82543b4e98b2444d2bb098bf1c, State: Running, Role: LEADER
I20260710 10:59:48.696112 27081 consensus_queue.cc:237] T d3db3473c62e44c1b5d29c16b968e6dd P 7b295b82543b4e98b2444d2bb098bf1c [LEADER]: Queue going to LEADER mode. State: All replicated index: 0, Majority replicated index: 1, Committed index: 1, Last appended: 1.1, Last appended by leader: 1, Current term: 2, Majority size: 2, State: 0, Mode: LEADER, active raft config: opid_index: -1 OBSOLETE_local: false peers { permanent_uuid: "089e75b234244a318c3618f61bd21c76" member_type: VOTER last_known_addr { host: "127.26.8.129" port: 39907 } } peers { permanent_uuid: "7b295b82543b4e98b2444d2bb098bf1c" member_type: VOTER last_known_addr { host: "127.26.8.130" port: 41323 } } peers { permanent_uuid: "01044d4b68344189b4c8ec02c497c77d" member_type: VOTER last_known_addr { host: "127.26.8.131" port: 40133 } }
I20260710 10:59:48.705243 26688 catalog_manager.cc:5697] T d3db3473c62e44c1b5d29c16b968e6dd P 7b295b82543b4e98b2444d2bb098bf1c reported cstate change: term changed from 1 to 2, leader changed from 01044d4b68344189b4c8ec02c497c77d (127.26.8.131) to 7b295b82543b4e98b2444d2bb098bf1c (127.26.8.130). New cstate: current_term: 2 leader_uuid: "7b295b82543b4e98b2444d2bb098bf1c" committed_config { opid_index: -1 OBSOLETE_local: false peers { permanent_uuid: "089e75b234244a318c3618f61bd21c76" member_type: VOTER last_known_addr { host: "127.26.8.129" port: 39907 } health_report { overall_health: UNKNOWN } } peers { permanent_uuid: "7b295b82543b4e98b2444d2bb098bf1c" member_type: VOTER last_known_addr { host: "127.26.8.130" port: 41323 } health_report { overall_health: HEALTHY } } peers { permanent_uuid: "01044d4b68344189b4c8ec02c497c77d" member_type: VOTER last_known_addr { host: "127.26.8.131" port: 40133 } health_report { overall_health: UNKNOWN } } }
I20260710 10:59:48.723483 26866 raft_consensus.cc:1275] T f6891620bc3e416fad66db582684aab2 P 7b295b82543b4e98b2444d2bb098bf1c [term 2 FOLLOWER]: Refusing update from remote peer 089e75b234244a318c3618f61bd21c76: Log matching property violated. Preceding OpId in replica: term: 1 index: 1. Preceding OpId from leader: term: 2 index: 2. (index mismatch)
I20260710 10:59:48.725054 27082 consensus_queue.cc:1048] T f6891620bc3e416fad66db582684aab2 P 089e75b234244a318c3618f61bd21c76 [LEADER]: Connected to new peer: Peer: permanent_uuid: "7b295b82543b4e98b2444d2bb098bf1c" member_type: VOTER last_known_addr { host: "127.26.8.130" port: 41323 }, Status: LMP_MISMATCH, Last received: 0.0, Next index: 2, Last known committed idx: 1, Time since last communication: 0.000s
I20260710 10:59:48.738461 26940 raft_consensus.cc:1275] T f6891620bc3e416fad66db582684aab2 P 01044d4b68344189b4c8ec02c497c77d [term 2 FOLLOWER]: Refusing update from remote peer 089e75b234244a318c3618f61bd21c76: Log matching property violated. Preceding OpId in replica: term: 1 index: 1. Preceding OpId from leader: term: 2 index: 2. (index mismatch)
I20260710 10:59:48.740692 27098 consensus_queue.cc:1048] T f6891620bc3e416fad66db582684aab2 P 089e75b234244a318c3618f61bd21c76 [LEADER]: Connected to new peer: Peer: permanent_uuid: "01044d4b68344189b4c8ec02c497c77d" member_type: VOTER last_known_addr { host: "127.26.8.131" port: 40133 }, Status: LMP_MISMATCH, Last received: 0.0, Next index: 2, Last known committed idx: 1, Time since last communication: 0.000s
I20260710 10:59:48.806231 26789 raft_consensus.cc:1275] T ded4513ee67540e6893512db4256347c P 089e75b234244a318c3618f61bd21c76 [term 2 FOLLOWER]: Refusing update from remote peer 7b295b82543b4e98b2444d2bb098bf1c: Log matching property violated. Preceding OpId in replica: term: 1 index: 1. Preceding OpId from leader: term: 2 index: 2. (index mismatch)
I20260710 10:59:48.807899 27081 consensus_queue.cc:1048] T ded4513ee67540e6893512db4256347c P 7b295b82543b4e98b2444d2bb098bf1c [LEADER]: Connected to new peer: Peer: permanent_uuid: "089e75b234244a318c3618f61bd21c76" member_type: VOTER last_known_addr { host: "127.26.8.129" port: 39907 }, Status: LMP_MISMATCH, Last received: 0.0, Next index: 2, Last known committed idx: 1, Time since last communication: 0.000s
I20260710 10:59:48.819169 26940 raft_consensus.cc:1275] T ded4513ee67540e6893512db4256347c P 01044d4b68344189b4c8ec02c497c77d [term 2 FOLLOWER]: Refusing update from remote peer 7b295b82543b4e98b2444d2bb098bf1c: Log matching property violated. Preceding OpId in replica: term: 1 index: 1. Preceding OpId from leader: term: 2 index: 2. (index mismatch)
I20260710 10:59:48.821127 27081 consensus_queue.cc:1048] T ded4513ee67540e6893512db4256347c P 7b295b82543b4e98b2444d2bb098bf1c [LEADER]: Connected to new peer: Peer: permanent_uuid: "01044d4b68344189b4c8ec02c497c77d" member_type: VOTER last_known_addr { host: "127.26.8.131" port: 40133 }, Status: LMP_MISMATCH, Last received: 0.0, Next index: 2, Last known committed idx: 1, Time since last communication: 0.000s
I20260710 10:59:48.887859 26866 raft_consensus.cc:1275] T d20c472755904a3ca532ff915429b578 P 7b295b82543b4e98b2444d2bb098bf1c [term 3 FOLLOWER]: Refusing update from remote peer 089e75b234244a318c3618f61bd21c76: Log matching property violated. Preceding OpId in replica: term: 2 index: 1. Preceding OpId from leader: term: 3 index: 2. (index mismatch)
I20260710 10:59:48.889226 27098 consensus_queue.cc:1048] T d20c472755904a3ca532ff915429b578 P 089e75b234244a318c3618f61bd21c76 [LEADER]: Connected to new peer: Peer: permanent_uuid: "7b295b82543b4e98b2444d2bb098bf1c" member_type: VOTER last_known_addr { host: "127.26.8.130" port: 41323 }, Status: LMP_MISMATCH, Last received: 0.0, Next index: 2, Last known committed idx: 1, Time since last communication: 0.001s
I20260710 10:59:48.898715 26940 raft_consensus.cc:1275] T d20c472755904a3ca532ff915429b578 P 01044d4b68344189b4c8ec02c497c77d [term 3 FOLLOWER]: Refusing update from remote peer 089e75b234244a318c3618f61bd21c76: Log matching property violated. Preceding OpId in replica: term: 2 index: 1. Preceding OpId from leader: term: 3 index: 2. (index mismatch)
I20260710 10:59:48.900144 27102 consensus_queue.cc:1048] T d20c472755904a3ca532ff915429b578 P 089e75b234244a318c3618f61bd21c76 [LEADER]: Connected to new peer: Peer: permanent_uuid: "01044d4b68344189b4c8ec02c497c77d" member_type: VOTER last_known_addr { host: "127.26.8.131" port: 40133 }, Status: LMP_MISMATCH, Last received: 0.0, Next index: 2, Last known committed idx: 1, Time since last communication: 0.000s
I20260710 10:59:48.940505 26789 raft_consensus.cc:1275] T 37be34e97524485f8d6a327dd33c474e P 089e75b234244a318c3618f61bd21c76 [term 2 FOLLOWER]: Refusing update from remote peer 7b295b82543b4e98b2444d2bb098bf1c: Log matching property violated. Preceding OpId in replica: term: 1 index: 1. Preceding OpId from leader: term: 2 index: 2. (index mismatch)
I20260710 10:59:48.942258 27008 consensus_queue.cc:1048] T 37be34e97524485f8d6a327dd33c474e P 7b295b82543b4e98b2444d2bb098bf1c [LEADER]: Connected to new peer: Peer: permanent_uuid: "089e75b234244a318c3618f61bd21c76" member_type: VOTER last_known_addr { host: "127.26.8.129" port: 39907 }, Status: LMP_MISMATCH, Last received: 0.0, Next index: 2, Last known committed idx: 1, Time since last communication: 0.000s
I20260710 10:59:48.963665 26940 raft_consensus.cc:1275] T 37be34e97524485f8d6a327dd33c474e P 01044d4b68344189b4c8ec02c497c77d [term 2 FOLLOWER]: Refusing update from remote peer 7b295b82543b4e98b2444d2bb098bf1c: Log matching property violated. Preceding OpId in replica: term: 1 index: 1. Preceding OpId from leader: term: 2 index: 2. (index mismatch)
I20260710 10:59:48.965389 27081 consensus_queue.cc:1048] T 37be34e97524485f8d6a327dd33c474e P 7b295b82543b4e98b2444d2bb098bf1c [LEADER]: Connected to new peer: Peer: permanent_uuid: "01044d4b68344189b4c8ec02c497c77d" member_type: VOTER last_known_addr { host: "127.26.8.131" port: 40133 }, Status: LMP_MISMATCH, Last received: 0.0, Next index: 2, Last known committed idx: 1, Time since last communication: 0.001s
I20260710 10:59:49.026428 26789 raft_consensus.cc:1275] T 804aae4c8ebb41f9aae8249487af2665 P 089e75b234244a318c3618f61bd21c76 [term 2 FOLLOWER]: Refusing update from remote peer 7b295b82543b4e98b2444d2bb098bf1c: Log matching property violated. Preceding OpId in replica: term: 1 index: 1. Preceding OpId from leader: term: 2 index: 2. (index mismatch)
I20260710 10:59:49.027678 27081 consensus_queue.cc:1048] T 804aae4c8ebb41f9aae8249487af2665 P 7b295b82543b4e98b2444d2bb098bf1c [LEADER]: Connected to new peer: Peer: permanent_uuid: "089e75b234244a318c3618f61bd21c76" member_type: VOTER last_known_addr { host: "127.26.8.129" port: 39907 }, Status: LMP_MISMATCH, Last received: 0.0, Next index: 2, Last known committed idx: 1, Time since last communication: 0.000s
I20260710 10:59:49.040629 26940 raft_consensus.cc:1275] T 804aae4c8ebb41f9aae8249487af2665 P 01044d4b68344189b4c8ec02c497c77d [term 2 FOLLOWER]: Refusing update from remote peer 7b295b82543b4e98b2444d2bb098bf1c: Log matching property violated. Preceding OpId in replica: term: 1 index: 1. Preceding OpId from leader: term: 2 index: 2. (index mismatch)
I20260710 10:59:49.042689 27104 consensus_queue.cc:1048] T 804aae4c8ebb41f9aae8249487af2665 P 7b295b82543b4e98b2444d2bb098bf1c [LEADER]: Connected to new peer: Peer: permanent_uuid: "01044d4b68344189b4c8ec02c497c77d" member_type: VOTER last_known_addr { host: "127.26.8.131" port: 40133 }, Status: LMP_MISMATCH, Last received: 0.0, Next index: 2, Last known committed idx: 1, Time since last communication: 0.000s
I20260710 10:59:49.080322 26940 raft_consensus.cc:1275] T d3db3473c62e44c1b5d29c16b968e6dd P 01044d4b68344189b4c8ec02c497c77d [term 2 FOLLOWER]: Refusing update from remote peer 7b295b82543b4e98b2444d2bb098bf1c: Log matching property violated. Preceding OpId in replica: term: 1 index: 1. Preceding OpId from leader: term: 2 index: 2. (index mismatch)
I20260710 10:59:49.081908 27104 consensus_queue.cc:1048] T d3db3473c62e44c1b5d29c16b968e6dd P 7b295b82543b4e98b2444d2bb098bf1c [LEADER]: Connected to new peer: Peer: permanent_uuid: "01044d4b68344189b4c8ec02c497c77d" member_type: VOTER last_known_addr { host: "127.26.8.131" port: 40133 }, Status: LMP_MISMATCH, Last received: 0.0, Next index: 2, Last known committed idx: 1, Time since last communication: 0.001s
I20260710 10:59:49.096237 26789 raft_consensus.cc:1275] T d3db3473c62e44c1b5d29c16b968e6dd P 089e75b234244a318c3618f61bd21c76 [term 2 FOLLOWER]: Refusing update from remote peer 7b295b82543b4e98b2444d2bb098bf1c: Log matching property violated. Preceding OpId in replica: term: 1 index: 1. Preceding OpId from leader: term: 2 index: 2. (index mismatch)
I20260710 10:59:49.098529 27008 consensus_queue.cc:1048] T d3db3473c62e44c1b5d29c16b968e6dd P 7b295b82543b4e98b2444d2bb098bf1c [LEADER]: Connected to new peer: Peer: permanent_uuid: "089e75b234244a318c3618f61bd21c76" member_type: VOTER last_known_addr { host: "127.26.8.129" port: 39907 }, Status: LMP_MISMATCH, Last received: 0.0, Next index: 2, Last known committed idx: 1, Time since last communication: 0.000s
I20260710 10:59:51.303123 26658 auto_leader_rebalancer-test.cc:316] The leader distribution is 
I20260710 10:59:51.304291 26658 auto_leader_rebalancer.cc:141] leader rebalance for table test-workload
I20260710 10:59:51.334506 26866 tablet_service.cc:2072] Received LeaderStepDown RPC: tablet_id: "37be34e97524485f8d6a327dd33c474e"
dest_uuid: "7b295b82543b4e98b2444d2bb098bf1c"
mode: GRACEFUL
new_leader_uuid: "01044d4b68344189b4c8ec02c497c77d"
 from {username='slave'} at 127.0.0.1:53864
I20260710 10:59:51.335096 26866 raft_consensus.cc:606] T 37be34e97524485f8d6a327dd33c474e P 7b295b82543b4e98b2444d2bb098bf1c [term 2 LEADER]: Received request to transfer leadership to TS 01044d4b68344189b4c8ec02c497c77d
I20260710 10:59:51.348680 26789 tablet_service.cc:2072] Received LeaderStepDown RPC: tablet_id: "584136a616ec44b79b3d50f7856db9ca"
dest_uuid: "089e75b234244a318c3618f61bd21c76"
mode: GRACEFUL
new_leader_uuid: "01044d4b68344189b4c8ec02c497c77d"
 from {username='slave'} at 127.0.0.1:36936
I20260710 10:59:51.349392 26789 raft_consensus.cc:606] T 584136a616ec44b79b3d50f7856db9ca P 089e75b234244a318c3618f61bd21c76 [term 1 LEADER]: Received request to transfer leadership to TS 01044d4b68344189b4c8ec02c497c77d
I20260710 10:59:51.351063 26658 auto_leader_rebalancer.cc:452] table: test-workload, leader rebalance finish, leader transfer count: 2
I20260710 10:59:51.351559 26658 auto_leader_rebalancer.cc:527] All tables' leader rebalancing finished this round
I20260710 10:59:51.383116 27114 raft_consensus.cc:993] T 37be34e97524485f8d6a327dd33c474e P 7b295b82543b4e98b2444d2bb098bf1c: : Instructing follower 01044d4b68344189b4c8ec02c497c77d to start an election
I20260710 10:59:51.383755 27119 raft_consensus.cc:1081] T 37be34e97524485f8d6a327dd33c474e P 7b295b82543b4e98b2444d2bb098bf1c [term 2 LEADER]: Signalling peer 01044d4b68344189b4c8ec02c497c77d to start an election
I20260710 10:59:51.386047 26940 tablet_service.cc:2044] Received Run Leader Election RPC: tablet_id: "37be34e97524485f8d6a327dd33c474e"
dest_uuid: "01044d4b68344189b4c8ec02c497c77d"
 from {username='slave'} at 127.0.0.1:43028
I20260710 10:59:51.386720 26940 raft_consensus.cc:493] T 37be34e97524485f8d6a327dd33c474e P 01044d4b68344189b4c8ec02c497c77d [term 2 FOLLOWER]: Starting forced leader election (received explicit request)
I20260710 10:59:51.387759 26940 raft_consensus.cc:3060] T 37be34e97524485f8d6a327dd33c474e P 01044d4b68344189b4c8ec02c497c77d [term 2 FOLLOWER]: Advancing to term 3
I20260710 10:59:51.392706 26940 raft_consensus.cc:515] T 37be34e97524485f8d6a327dd33c474e P 01044d4b68344189b4c8ec02c497c77d [term 3 FOLLOWER]: Starting forced leader election with config: opid_index: -1 OBSOLETE_local: false peers { permanent_uuid: "089e75b234244a318c3618f61bd21c76" member_type: VOTER last_known_addr { host: "127.26.8.129" port: 39907 } } peers { permanent_uuid: "7b295b82543b4e98b2444d2bb098bf1c" member_type: VOTER last_known_addr { host: "127.26.8.130" port: 41323 } } peers { permanent_uuid: "01044d4b68344189b4c8ec02c497c77d" member_type: VOTER last_known_addr { host: "127.26.8.131" port: 40133 } }
I20260710 10:59:51.394316 26940 leader_election.cc:290] T 37be34e97524485f8d6a327dd33c474e P 01044d4b68344189b4c8ec02c497c77d [CANDIDATE]: Term 3 election: Requested vote from peers 089e75b234244a318c3618f61bd21c76 (127.26.8.129:39907), 7b295b82543b4e98b2444d2bb098bf1c (127.26.8.130:41323)
I20260710 10:59:51.395325 26789 tablet_service.cc:1917] Received RequestConsensusVote() RPC: tablet_id: "37be34e97524485f8d6a327dd33c474e" candidate_uuid: "01044d4b68344189b4c8ec02c497c77d" candidate_term: 3 candidate_status { last_received { term: 2 index: 2 } } ignore_live_leader: true dest_uuid: "089e75b234244a318c3618f61bd21c76"
I20260710 10:59:51.395756 26866 tablet_service.cc:1917] Received RequestConsensusVote() RPC: tablet_id: "37be34e97524485f8d6a327dd33c474e" candidate_uuid: "01044d4b68344189b4c8ec02c497c77d" candidate_term: 3 candidate_status { last_received { term: 2 index: 2 } } ignore_live_leader: true dest_uuid: "7b295b82543b4e98b2444d2bb098bf1c"
I20260710 10:59:51.395901 26789 raft_consensus.cc:3060] T 37be34e97524485f8d6a327dd33c474e P 089e75b234244a318c3618f61bd21c76 [term 2 FOLLOWER]: Advancing to term 3
I20260710 10:59:51.396309 26866 raft_consensus.cc:3055] T 37be34e97524485f8d6a327dd33c474e P 7b295b82543b4e98b2444d2bb098bf1c [term 2 LEADER]: Stepping down as leader of term 2
I20260710 10:59:51.396631 26866 raft_consensus.cc:740] T 37be34e97524485f8d6a327dd33c474e P 7b295b82543b4e98b2444d2bb098bf1c [term 2 LEADER]: Becoming Follower/Learner. State: Replica: 7b295b82543b4e98b2444d2bb098bf1c, State: Running, Role: LEADER
I20260710 10:59:51.397464 26866 consensus_queue.cc:260] T 37be34e97524485f8d6a327dd33c474e P 7b295b82543b4e98b2444d2bb098bf1c [NON_LEADER]: Queue going to NON_LEADER mode. State: All replicated index: 0, Majority replicated index: 2, Committed index: 2, Last appended: 2.2, Last appended by leader: 2, Current term: 2, Majority size: -1, State: 0, Mode: NON_LEADER, active raft config: opid_index: -1 OBSOLETE_local: false peers { permanent_uuid: "089e75b234244a318c3618f61bd21c76" member_type: VOTER last_known_addr { host: "127.26.8.129" port: 39907 } } peers { permanent_uuid: "7b295b82543b4e98b2444d2bb098bf1c" member_type: VOTER last_known_addr { host: "127.26.8.130" port: 41323 } } peers { permanent_uuid: "01044d4b68344189b4c8ec02c497c77d" member_type: VOTER last_known_addr { host: "127.26.8.131" port: 40133 } }
I20260710 10:59:51.398648 26866 raft_consensus.cc:3060] T 37be34e97524485f8d6a327dd33c474e P 7b295b82543b4e98b2444d2bb098bf1c [term 2 FOLLOWER]: Advancing to term 3
I20260710 10:59:51.402982 26789 raft_consensus.cc:2468] T 37be34e97524485f8d6a327dd33c474e P 089e75b234244a318c3618f61bd21c76 [term 3 FOLLOWER]: Leader election vote request: Granting yes vote for candidate 01044d4b68344189b4c8ec02c497c77d in term 3.
I20260710 10:59:51.404399 26905 leader_election.cc:304] T 37be34e97524485f8d6a327dd33c474e P 01044d4b68344189b4c8ec02c497c77d [CANDIDATE]: Term 3 election: Election decided. Result: candidate won. Election summary: received 2 responses out of 3 voters: 2 yes votes; 0 no votes. yes voters: 01044d4b68344189b4c8ec02c497c77d, 089e75b234244a318c3618f61bd21c76; no voters: 
I20260710 10:59:51.405452 27113 raft_consensus.cc:2804] T 37be34e97524485f8d6a327dd33c474e P 01044d4b68344189b4c8ec02c497c77d [term 3 FOLLOWER]: Leader election won for term 3
I20260710 10:59:51.405447 26866 raft_consensus.cc:2468] T 37be34e97524485f8d6a327dd33c474e P 7b295b82543b4e98b2444d2bb098bf1c [term 3 FOLLOWER]: Leader election vote request: Granting yes vote for candidate 01044d4b68344189b4c8ec02c497c77d in term 3.
I20260710 10:59:51.407328 27113 raft_consensus.cc:697] T 37be34e97524485f8d6a327dd33c474e P 01044d4b68344189b4c8ec02c497c77d [term 3 LEADER]: Becoming Leader. State: Replica: 01044d4b68344189b4c8ec02c497c77d, State: Running, Role: LEADER
I20260710 10:59:51.408223 27113 consensus_queue.cc:237] T 37be34e97524485f8d6a327dd33c474e P 01044d4b68344189b4c8ec02c497c77d [LEADER]: Queue going to LEADER mode. State: All replicated index: 0, Majority replicated index: 2, Committed index: 2, Last appended: 2.2, Last appended by leader: 2, Current term: 3, Majority size: 2, State: 0, Mode: LEADER, active raft config: opid_index: -1 OBSOLETE_local: false peers { permanent_uuid: "089e75b234244a318c3618f61bd21c76" member_type: VOTER last_known_addr { host: "127.26.8.129" port: 39907 } } peers { permanent_uuid: "7b295b82543b4e98b2444d2bb098bf1c" member_type: VOTER last_known_addr { host: "127.26.8.130" port: 41323 } } peers { permanent_uuid: "01044d4b68344189b4c8ec02c497c77d" member_type: VOTER last_known_addr { host: "127.26.8.131" port: 40133 } }
I20260710 10:59:51.418586 26687 catalog_manager.cc:5697] T 37be34e97524485f8d6a327dd33c474e P 01044d4b68344189b4c8ec02c497c77d reported cstate change: term changed from 2 to 3, leader changed from 7b295b82543b4e98b2444d2bb098bf1c (127.26.8.130) to 01044d4b68344189b4c8ec02c497c77d (127.26.8.131). New cstate: current_term: 3 leader_uuid: "01044d4b68344189b4c8ec02c497c77d" committed_config { opid_index: -1 OBSOLETE_local: false peers { permanent_uuid: "089e75b234244a318c3618f61bd21c76" member_type: VOTER last_known_addr { host: "127.26.8.129" port: 39907 } health_report { overall_health: UNKNOWN } } peers { permanent_uuid: "7b295b82543b4e98b2444d2bb098bf1c" member_type: VOTER last_known_addr { host: "127.26.8.130" port: 41323 } health_report { overall_health: UNKNOWN } } peers { permanent_uuid: "01044d4b68344189b4c8ec02c497c77d" member_type: VOTER last_known_addr { host: "127.26.8.131" port: 40133 } health_report { overall_health: HEALTHY } } }
I20260710 10:59:51.802908 26866 raft_consensus.cc:1275] T 37be34e97524485f8d6a327dd33c474e P 7b295b82543b4e98b2444d2bb098bf1c [term 3 FOLLOWER]: Refusing update from remote peer 01044d4b68344189b4c8ec02c497c77d: Log matching property violated. Preceding OpId in replica: term: 2 index: 2. Preceding OpId from leader: term: 3 index: 3. (index mismatch)
I20260710 10:59:51.804533 27113 consensus_queue.cc:1048] T 37be34e97524485f8d6a327dd33c474e P 01044d4b68344189b4c8ec02c497c77d [LEADER]: Connected to new peer: Peer: permanent_uuid: "7b295b82543b4e98b2444d2bb098bf1c" member_type: VOTER last_known_addr { host: "127.26.8.130" port: 41323 }, Status: LMP_MISMATCH, Last received: 0.0, Next index: 3, Last known committed idx: 2, Time since last communication: 0.000s
I20260710 10:59:51.816259 26789 raft_consensus.cc:1275] T 37be34e97524485f8d6a327dd33c474e P 089e75b234244a318c3618f61bd21c76 [term 3 FOLLOWER]: Refusing update from remote peer 01044d4b68344189b4c8ec02c497c77d: Log matching property violated. Preceding OpId in replica: term: 2 index: 2. Preceding OpId from leader: term: 3 index: 3. (index mismatch)
I20260710 10:59:51.818316 27113 consensus_queue.cc:1048] T 37be34e97524485f8d6a327dd33c474e P 01044d4b68344189b4c8ec02c497c77d [LEADER]: Connected to new peer: Peer: permanent_uuid: "089e75b234244a318c3618f61bd21c76" member_type: VOTER last_known_addr { host: "127.26.8.129" port: 39907 }, Status: LMP_MISMATCH, Last received: 0.0, Next index: 3, Last known committed idx: 2, Time since last communication: 0.000s
I20260710 10:59:51.935407 27133 raft_consensus.cc:993] T 584136a616ec44b79b3d50f7856db9ca P 089e75b234244a318c3618f61bd21c76: : Instructing follower 01044d4b68344189b4c8ec02c497c77d to start an election
I20260710 10:59:51.936326 27102 raft_consensus.cc:1081] T 584136a616ec44b79b3d50f7856db9ca P 089e75b234244a318c3618f61bd21c76 [term 1 LEADER]: Signalling peer 01044d4b68344189b4c8ec02c497c77d to start an election
I20260710 10:59:51.938346 26940 tablet_service.cc:2044] Received Run Leader Election RPC: tablet_id: "584136a616ec44b79b3d50f7856db9ca"
dest_uuid: "01044d4b68344189b4c8ec02c497c77d"
 from {username='slave'} at 127.0.0.1:43014
I20260710 10:59:51.939045 26940 raft_consensus.cc:493] T 584136a616ec44b79b3d50f7856db9ca P 01044d4b68344189b4c8ec02c497c77d [term 1 FOLLOWER]: Starting forced leader election (received explicit request)
I20260710 10:59:51.939344 26940 raft_consensus.cc:3060] T 584136a616ec44b79b3d50f7856db9ca P 01044d4b68344189b4c8ec02c497c77d [term 1 FOLLOWER]: Advancing to term 2
I20260710 10:59:51.945343 26940 raft_consensus.cc:515] T 584136a616ec44b79b3d50f7856db9ca P 01044d4b68344189b4c8ec02c497c77d [term 2 FOLLOWER]: Starting forced leader election with config: opid_index: -1 OBSOLETE_local: false peers { permanent_uuid: "089e75b234244a318c3618f61bd21c76" member_type: VOTER last_known_addr { host: "127.26.8.129" port: 39907 } } peers { permanent_uuid: "7b295b82543b4e98b2444d2bb098bf1c" member_type: VOTER last_known_addr { host: "127.26.8.130" port: 41323 } } peers { permanent_uuid: "01044d4b68344189b4c8ec02c497c77d" member_type: VOTER last_known_addr { host: "127.26.8.131" port: 40133 } }
I20260710 10:59:51.947453 26940 leader_election.cc:290] T 584136a616ec44b79b3d50f7856db9ca P 01044d4b68344189b4c8ec02c497c77d [CANDIDATE]: Term 2 election: Requested vote from peers 089e75b234244a318c3618f61bd21c76 (127.26.8.129:39907), 7b295b82543b4e98b2444d2bb098bf1c (127.26.8.130:41323)
I20260710 10:59:51.949030 26789 tablet_service.cc:1917] Received RequestConsensusVote() RPC: tablet_id: "584136a616ec44b79b3d50f7856db9ca" candidate_uuid: "01044d4b68344189b4c8ec02c497c77d" candidate_term: 2 candidate_status { last_received { term: 1 index: 1 } } ignore_live_leader: true dest_uuid: "089e75b234244a318c3618f61bd21c76"
I20260710 10:59:51.949782 26866 tablet_service.cc:1917] Received RequestConsensusVote() RPC: tablet_id: "584136a616ec44b79b3d50f7856db9ca" candidate_uuid: "01044d4b68344189b4c8ec02c497c77d" candidate_term: 2 candidate_status { last_received { term: 1 index: 1 } } ignore_live_leader: true dest_uuid: "7b295b82543b4e98b2444d2bb098bf1c"
I20260710 10:59:51.950014 26789 raft_consensus.cc:3055] T 584136a616ec44b79b3d50f7856db9ca P 089e75b234244a318c3618f61bd21c76 [term 1 LEADER]: Stepping down as leader of term 1
I20260710 10:59:51.950492 26789 raft_consensus.cc:740] T 584136a616ec44b79b3d50f7856db9ca P 089e75b234244a318c3618f61bd21c76 [term 1 LEADER]: Becoming Follower/Learner. State: Replica: 089e75b234244a318c3618f61bd21c76, State: Running, Role: LEADER
I20260710 10:59:51.950510 26866 raft_consensus.cc:3060] T 584136a616ec44b79b3d50f7856db9ca P 7b295b82543b4e98b2444d2bb098bf1c [term 1 FOLLOWER]: Advancing to term 2
I20260710 10:59:51.951620 26789 consensus_queue.cc:260] T 584136a616ec44b79b3d50f7856db9ca P 089e75b234244a318c3618f61bd21c76 [NON_LEADER]: Queue going to NON_LEADER mode. State: All replicated index: 0, Majority replicated index: 1, Committed index: 1, Last appended: 1.1, Last appended by leader: 1, Current term: 1, Majority size: -1, State: 0, Mode: NON_LEADER, active raft config: opid_index: -1 OBSOLETE_local: false peers { permanent_uuid: "089e75b234244a318c3618f61bd21c76" member_type: VOTER last_known_addr { host: "127.26.8.129" port: 39907 } } peers { permanent_uuid: "7b295b82543b4e98b2444d2bb098bf1c" member_type: VOTER last_known_addr { host: "127.26.8.130" port: 41323 } } peers { permanent_uuid: "01044d4b68344189b4c8ec02c497c77d" member_type: VOTER last_known_addr { host: "127.26.8.131" port: 40133 } }
I20260710 10:59:51.953426 26789 raft_consensus.cc:3060] T 584136a616ec44b79b3d50f7856db9ca P 089e75b234244a318c3618f61bd21c76 [term 1 FOLLOWER]: Advancing to term 2
I20260710 10:59:51.958541 26866 raft_consensus.cc:2468] T 584136a616ec44b79b3d50f7856db9ca P 7b295b82543b4e98b2444d2bb098bf1c [term 2 FOLLOWER]: Leader election vote request: Granting yes vote for candidate 01044d4b68344189b4c8ec02c497c77d in term 2.
I20260710 10:59:51.960002 26906 leader_election.cc:304] T 584136a616ec44b79b3d50f7856db9ca P 01044d4b68344189b4c8ec02c497c77d [CANDIDATE]: Term 2 election: Election decided. Result: candidate won. Election summary: received 2 responses out of 3 voters: 2 yes votes; 0 no votes. yes voters: 01044d4b68344189b4c8ec02c497c77d, 7b295b82543b4e98b2444d2bb098bf1c; no voters: 
I20260710 10:59:51.960315 26789 raft_consensus.cc:2468] T 584136a616ec44b79b3d50f7856db9ca P 089e75b234244a318c3618f61bd21c76 [term 2 FOLLOWER]: Leader election vote request: Granting yes vote for candidate 01044d4b68344189b4c8ec02c497c77d in term 2.
I20260710 10:59:51.961375 27113 raft_consensus.cc:2804] T 584136a616ec44b79b3d50f7856db9ca P 01044d4b68344189b4c8ec02c497c77d [term 2 FOLLOWER]: Leader election won for term 2
I20260710 10:59:51.962023 27113 raft_consensus.cc:697] T 584136a616ec44b79b3d50f7856db9ca P 01044d4b68344189b4c8ec02c497c77d [term 2 LEADER]: Becoming Leader. State: Replica: 01044d4b68344189b4c8ec02c497c77d, State: Running, Role: LEADER
I20260710 10:59:51.963193 27113 consensus_queue.cc:237] T 584136a616ec44b79b3d50f7856db9ca P 01044d4b68344189b4c8ec02c497c77d [LEADER]: Queue going to LEADER mode. State: All replicated index: 0, Majority replicated index: 1, Committed index: 1, Last appended: 1.1, Last appended by leader: 1, Current term: 2, Majority size: 2, State: 0, Mode: LEADER, active raft config: opid_index: -1 OBSOLETE_local: false peers { permanent_uuid: "089e75b234244a318c3618f61bd21c76" member_type: VOTER last_known_addr { host: "127.26.8.129" port: 39907 } } peers { permanent_uuid: "7b295b82543b4e98b2444d2bb098bf1c" member_type: VOTER last_known_addr { host: "127.26.8.130" port: 41323 } } peers { permanent_uuid: "01044d4b68344189b4c8ec02c497c77d" member_type: VOTER last_known_addr { host: "127.26.8.131" port: 40133 } }
I20260710 10:59:51.972985 26687 catalog_manager.cc:5697] T 584136a616ec44b79b3d50f7856db9ca P 01044d4b68344189b4c8ec02c497c77d reported cstate change: term changed from 1 to 2, leader changed from 089e75b234244a318c3618f61bd21c76 (127.26.8.129) to 01044d4b68344189b4c8ec02c497c77d (127.26.8.131). New cstate: current_term: 2 leader_uuid: "01044d4b68344189b4c8ec02c497c77d" committed_config { opid_index: -1 OBSOLETE_local: false peers { permanent_uuid: "089e75b234244a318c3618f61bd21c76" member_type: VOTER last_known_addr { host: "127.26.8.129" port: 39907 } health_report { overall_health: UNKNOWN } } peers { permanent_uuid: "7b295b82543b4e98b2444d2bb098bf1c" member_type: VOTER last_known_addr { host: "127.26.8.130" port: 41323 } health_report { overall_health: UNKNOWN } } peers { permanent_uuid: "01044d4b68344189b4c8ec02c497c77d" member_type: VOTER last_known_addr { host: "127.26.8.131" port: 40133 } health_report { overall_health: HEALTHY } } }
I20260710 10:59:52.352471 26658 auto_leader_rebalancer.cc:141] leader rebalance for table test-workload
I20260710 10:59:52.358114 26793 raft_consensus.cc:1275] T 584136a616ec44b79b3d50f7856db9ca P 089e75b234244a318c3618f61bd21c76 [term 2 FOLLOWER]: Refusing update from remote peer 01044d4b68344189b4c8ec02c497c77d: Log matching property violated. Preceding OpId in replica: term: 1 index: 1. Preceding OpId from leader: term: 2 index: 2. (index mismatch)
I20260710 10:59:52.360857 27113 consensus_queue.cc:1048] T 584136a616ec44b79b3d50f7856db9ca P 01044d4b68344189b4c8ec02c497c77d [LEADER]: Connected to new peer: Peer: permanent_uuid: "089e75b234244a318c3618f61bd21c76" member_type: VOTER last_known_addr { host: "127.26.8.129" port: 39907 }, Status: LMP_MISMATCH, Last received: 0.0, Next index: 2, Last known committed idx: 1, Time since last communication: 0.000s
I20260710 10:59:52.366816 26793 tablet_service.cc:2072] Received LeaderStepDown RPC: tablet_id: "004902be354740a18f1fdde178a14a56"
dest_uuid: "089e75b234244a318c3618f61bd21c76"
mode: GRACEFUL
new_leader_uuid: "7b295b82543b4e98b2444d2bb098bf1c"
 from {username='slave'} at 127.0.0.1:42508
I20260710 10:59:52.367638 26793 raft_consensus.cc:606] T 004902be354740a18f1fdde178a14a56 P 089e75b234244a318c3618f61bd21c76 [term 1 LEADER]: Received request to transfer leadership to TS 7b295b82543b4e98b2444d2bb098bf1c
I20260710 10:59:52.375982 26866 raft_consensus.cc:1275] T 584136a616ec44b79b3d50f7856db9ca P 7b295b82543b4e98b2444d2bb098bf1c [term 2 FOLLOWER]: Refusing update from remote peer 01044d4b68344189b4c8ec02c497c77d: Log matching property violated. Preceding OpId in replica: term: 1 index: 1. Preceding OpId from leader: term: 2 index: 2. (index mismatch)
I20260710 10:59:52.379329 26940 tablet_service.cc:2072] Received LeaderStepDown RPC: tablet_id: "584136a616ec44b79b3d50f7856db9ca"
dest_uuid: "01044d4b68344189b4c8ec02c497c77d"
mode: GRACEFUL
new_leader_uuid: "7b295b82543b4e98b2444d2bb098bf1c"
 from {username='slave'} at 127.0.0.1:43030
I20260710 10:59:52.379969 26940 raft_consensus.cc:606] T 584136a616ec44b79b3d50f7856db9ca P 01044d4b68344189b4c8ec02c497c77d [term 2 LEADER]: Received request to transfer leadership to TS 7b295b82543b4e98b2444d2bb098bf1c
I20260710 10:59:52.380507 27120 consensus_queue.cc:1048] T 584136a616ec44b79b3d50f7856db9ca P 01044d4b68344189b4c8ec02c497c77d [LEADER]: Connected to new peer: Peer: permanent_uuid: "7b295b82543b4e98b2444d2bb098bf1c" member_type: VOTER last_known_addr { host: "127.26.8.130" port: 41323 }, Status: LMP_MISMATCH, Last received: 0.0, Next index: 2, Last known committed idx: 1, Time since last communication: 0.001s
I20260710 10:59:52.389876 26793 tablet_service.cc:2072] Received LeaderStepDown RPC: tablet_id: "d20c472755904a3ca532ff915429b578"
dest_uuid: "089e75b234244a318c3618f61bd21c76"
mode: GRACEFUL
new_leader_uuid: "7b295b82543b4e98b2444d2bb098bf1c"
 from {username='slave'} at 127.0.0.1:42508
I20260710 10:59:52.390502 26793 raft_consensus.cc:606] T d20c472755904a3ca532ff915429b578 P 089e75b234244a318c3618f61bd21c76 [term 3 LEADER]: Received request to transfer leadership to TS 7b295b82543b4e98b2444d2bb098bf1c
I20260710 10:59:52.396426 27120 raft_consensus.cc:993] T 584136a616ec44b79b3d50f7856db9ca P 01044d4b68344189b4c8ec02c497c77d: : Instructing follower 7b295b82543b4e98b2444d2bb098bf1c to start an election
I20260710 10:59:52.396760 26793 tablet_service.cc:2072] Received LeaderStepDown RPC: tablet_id: "f6891620bc3e416fad66db582684aab2"
dest_uuid: "089e75b234244a318c3618f61bd21c76"
mode: GRACEFUL
new_leader_uuid: "7b295b82543b4e98b2444d2bb098bf1c"
 from {username='slave'} at 127.0.0.1:42508
I20260710 10:59:52.396929 27120 raft_consensus.cc:1081] T 584136a616ec44b79b3d50f7856db9ca P 01044d4b68344189b4c8ec02c497c77d [term 2 LEADER]: Signalling peer 7b295b82543b4e98b2444d2bb098bf1c to start an election
I20260710 10:59:52.397414 26793 raft_consensus.cc:606] T f6891620bc3e416fad66db582684aab2 P 089e75b234244a318c3618f61bd21c76 [term 2 LEADER]: Received request to transfer leadership to TS 7b295b82543b4e98b2444d2bb098bf1c
I20260710 10:59:52.399048 26866 tablet_service.cc:2044] Received Run Leader Election RPC: tablet_id: "584136a616ec44b79b3d50f7856db9ca"
dest_uuid: "7b295b82543b4e98b2444d2bb098bf1c"
 from {username='slave'} at 127.0.0.1:54882
I20260710 10:59:52.399667 26866 raft_consensus.cc:493] T 584136a616ec44b79b3d50f7856db9ca P 7b295b82543b4e98b2444d2bb098bf1c [term 2 FOLLOWER]: Starting forced leader election (received explicit request)
I20260710 10:59:52.400130 26866 raft_consensus.cc:3060] T 584136a616ec44b79b3d50f7856db9ca P 7b295b82543b4e98b2444d2bb098bf1c [term 2 FOLLOWER]: Advancing to term 3
I20260710 10:59:52.407323 26866 raft_consensus.cc:515] T 584136a616ec44b79b3d50f7856db9ca P 7b295b82543b4e98b2444d2bb098bf1c [term 3 FOLLOWER]: Starting forced leader election with config: opid_index: -1 OBSOLETE_local: false peers { permanent_uuid: "089e75b234244a318c3618f61bd21c76" member_type: VOTER last_known_addr { host: "127.26.8.129" port: 39907 } } peers { permanent_uuid: "7b295b82543b4e98b2444d2bb098bf1c" member_type: VOTER last_known_addr { host: "127.26.8.130" port: 41323 } } peers { permanent_uuid: "01044d4b68344189b4c8ec02c497c77d" member_type: VOTER last_known_addr { host: "127.26.8.131" port: 40133 } }
I20260710 10:59:52.409439 26866 leader_election.cc:290] T 584136a616ec44b79b3d50f7856db9ca P 7b295b82543b4e98b2444d2bb098bf1c [CANDIDATE]: Term 3 election: Requested vote from peers 089e75b234244a318c3618f61bd21c76 (127.26.8.129:39907), 01044d4b68344189b4c8ec02c497c77d (127.26.8.131:40133)
I20260710 10:59:52.411566 26793 tablet_service.cc:1917] Received RequestConsensusVote() RPC: tablet_id: "584136a616ec44b79b3d50f7856db9ca" candidate_uuid: "7b295b82543b4e98b2444d2bb098bf1c" candidate_term: 3 candidate_status { last_received { term: 2 index: 2 } } ignore_live_leader: true dest_uuid: "089e75b234244a318c3618f61bd21c76"
I20260710 10:59:52.411602 26940 tablet_service.cc:1917] Received RequestConsensusVote() RPC: tablet_id: "584136a616ec44b79b3d50f7856db9ca" candidate_uuid: "7b295b82543b4e98b2444d2bb098bf1c" candidate_term: 3 candidate_status { last_received { term: 2 index: 2 } } ignore_live_leader: true dest_uuid: "01044d4b68344189b4c8ec02c497c77d"
I20260710 10:59:52.412868 26940 raft_consensus.cc:3055] T 584136a616ec44b79b3d50f7856db9ca P 01044d4b68344189b4c8ec02c497c77d [term 2 LEADER]: Stepping down as leader of term 2
I20260710 10:59:52.412484 26793 raft_consensus.cc:3060] T 584136a616ec44b79b3d50f7856db9ca P 089e75b234244a318c3618f61bd21c76 [term 2 FOLLOWER]: Advancing to term 3
I20260710 10:59:52.413383 26940 raft_consensus.cc:740] T 584136a616ec44b79b3d50f7856db9ca P 01044d4b68344189b4c8ec02c497c77d [term 2 LEADER]: Becoming Follower/Learner. State: Replica: 01044d4b68344189b4c8ec02c497c77d, State: Running, Role: LEADER
I20260710 10:59:52.414301 26940 consensus_queue.cc:260] T 584136a616ec44b79b3d50f7856db9ca P 01044d4b68344189b4c8ec02c497c77d [NON_LEADER]: Queue going to NON_LEADER mode. State: All replicated index: 0, Majority replicated index: 2, Committed index: 2, Last appended: 2.2, Last appended by leader: 2, Current term: 2, Majority size: -1, State: 0, Mode: NON_LEADER, active raft config: opid_index: -1 OBSOLETE_local: false peers { permanent_uuid: "089e75b234244a318c3618f61bd21c76" member_type: VOTER last_known_addr { host: "127.26.8.129" port: 39907 } } peers { permanent_uuid: "7b295b82543b4e98b2444d2bb098bf1c" member_type: VOTER last_known_addr { host: "127.26.8.130" port: 41323 } } peers { permanent_uuid: "01044d4b68344189b4c8ec02c497c77d" member_type: VOTER last_known_addr { host: "127.26.8.131" port: 40133 } }
I20260710 10:59:52.415236 26938 tablet_service.cc:2072] Received LeaderStepDown RPC: tablet_id: "37be34e97524485f8d6a327dd33c474e"
dest_uuid: "01044d4b68344189b4c8ec02c497c77d"
mode: GRACEFUL
new_leader_uuid: "7b295b82543b4e98b2444d2bb098bf1c"
 from {username='slave'} at 127.0.0.1:43030
I20260710 10:59:52.415778 26940 raft_consensus.cc:3060] T 584136a616ec44b79b3d50f7856db9ca P 01044d4b68344189b4c8ec02c497c77d [term 2 FOLLOWER]: Advancing to term 3
I20260710 10:59:52.415838 26938 raft_consensus.cc:606] T 37be34e97524485f8d6a327dd33c474e P 01044d4b68344189b4c8ec02c497c77d [term 3 LEADER]: Received request to transfer leadership to TS 7b295b82543b4e98b2444d2bb098bf1c
I20260710 10:59:52.420439 26793 raft_consensus.cc:2468] T 584136a616ec44b79b3d50f7856db9ca P 089e75b234244a318c3618f61bd21c76 [term 3 FOLLOWER]: Leader election vote request: Granting yes vote for candidate 7b295b82543b4e98b2444d2bb098bf1c in term 3.
I20260710 10:59:52.421866 26831 leader_election.cc:304] T 584136a616ec44b79b3d50f7856db9ca P 7b295b82543b4e98b2444d2bb098bf1c [CANDIDATE]: Term 3 election: Election decided. Result: candidate won. Election summary: received 2 responses out of 3 voters: 2 yes votes; 0 no votes. yes voters: 089e75b234244a318c3618f61bd21c76, 7b295b82543b4e98b2444d2bb098bf1c; no voters: 
I20260710 10:59:52.422411 26940 raft_consensus.cc:2468] T 584136a616ec44b79b3d50f7856db9ca P 01044d4b68344189b4c8ec02c497c77d [term 3 FOLLOWER]: Leader election vote request: Granting yes vote for candidate 7b295b82543b4e98b2444d2bb098bf1c in term 3.
I20260710 10:59:52.422770 27119 raft_consensus.cc:2804] T 584136a616ec44b79b3d50f7856db9ca P 7b295b82543b4e98b2444d2bb098bf1c [term 3 FOLLOWER]: Leader election won for term 3
I20260710 10:59:52.424535 27119 raft_consensus.cc:697] T 584136a616ec44b79b3d50f7856db9ca P 7b295b82543b4e98b2444d2bb098bf1c [term 3 LEADER]: Becoming Leader. State: Replica: 7b295b82543b4e98b2444d2bb098bf1c, State: Running, Role: LEADER
I20260710 10:59:52.425590 27119 consensus_queue.cc:237] T 584136a616ec44b79b3d50f7856db9ca P 7b295b82543b4e98b2444d2bb098bf1c [LEADER]: Queue going to LEADER mode. State: All replicated index: 0, Majority replicated index: 2, Committed index: 2, Last appended: 2.2, Last appended by leader: 2, Current term: 3, Majority size: 2, State: 0, Mode: LEADER, active raft config: opid_index: -1 OBSOLETE_local: false peers { permanent_uuid: "089e75b234244a318c3618f61bd21c76" member_type: VOTER last_known_addr { host: "127.26.8.129" port: 39907 } } peers { permanent_uuid: "7b295b82543b4e98b2444d2bb098bf1c" member_type: VOTER last_known_addr { host: "127.26.8.130" port: 41323 } } peers { permanent_uuid: "01044d4b68344189b4c8ec02c497c77d" member_type: VOTER last_known_addr { host: "127.26.8.131" port: 40133 } }
I20260710 10:59:52.432672 26688 catalog_manager.cc:5697] T 584136a616ec44b79b3d50f7856db9ca P 7b295b82543b4e98b2444d2bb098bf1c reported cstate change: term changed from 2 to 3, leader changed from 01044d4b68344189b4c8ec02c497c77d (127.26.8.131) to 7b295b82543b4e98b2444d2bb098bf1c (127.26.8.130). New cstate: current_term: 3 leader_uuid: "7b295b82543b4e98b2444d2bb098bf1c" committed_config { opid_index: -1 OBSOLETE_local: false peers { permanent_uuid: "089e75b234244a318c3618f61bd21c76" member_type: VOTER last_known_addr { host: "127.26.8.129" port: 39907 } health_report { overall_health: UNKNOWN } } peers { permanent_uuid: "7b295b82543b4e98b2444d2bb098bf1c" member_type: VOTER last_known_addr { host: "127.26.8.130" port: 41323 } health_report { overall_health: HEALTHY } } peers { permanent_uuid: "01044d4b68344189b4c8ec02c497c77d" member_type: VOTER last_known_addr { host: "127.26.8.131" port: 40133 } health_report { overall_health: UNKNOWN } } }
I20260710 10:59:52.635802 27133 raft_consensus.cc:993] T f6891620bc3e416fad66db582684aab2 P 089e75b234244a318c3618f61bd21c76: : Instructing follower 7b295b82543b4e98b2444d2bb098bf1c to start an election
I20260710 10:59:52.636375 27102 raft_consensus.cc:1081] T f6891620bc3e416fad66db582684aab2 P 089e75b234244a318c3618f61bd21c76 [term 2 LEADER]: Signalling peer 7b295b82543b4e98b2444d2bb098bf1c to start an election
I20260710 10:59:52.638191 26866 tablet_service.cc:2044] Received Run Leader Election RPC: tablet_id: "f6891620bc3e416fad66db582684aab2"
dest_uuid: "7b295b82543b4e98b2444d2bb098bf1c"
 from {username='slave'} at 127.0.0.1:54866
I20260710 10:59:52.638680 26866 raft_consensus.cc:493] T f6891620bc3e416fad66db582684aab2 P 7b295b82543b4e98b2444d2bb098bf1c [term 2 FOLLOWER]: Starting forced leader election (received explicit request)
I20260710 10:59:52.638919 26866 raft_consensus.cc:3060] T f6891620bc3e416fad66db582684aab2 P 7b295b82543b4e98b2444d2bb098bf1c [term 2 FOLLOWER]: Advancing to term 3
I20260710 10:59:52.644721 26866 raft_consensus.cc:515] T f6891620bc3e416fad66db582684aab2 P 7b295b82543b4e98b2444d2bb098bf1c [term 3 FOLLOWER]: Starting forced leader election with config: opid_index: -1 OBSOLETE_local: false peers { permanent_uuid: "089e75b234244a318c3618f61bd21c76" member_type: VOTER last_known_addr { host: "127.26.8.129" port: 39907 } } peers { permanent_uuid: "7b295b82543b4e98b2444d2bb098bf1c" member_type: VOTER last_known_addr { host: "127.26.8.130" port: 41323 } } peers { permanent_uuid: "01044d4b68344189b4c8ec02c497c77d" member_type: VOTER last_known_addr { host: "127.26.8.131" port: 40133 } }
I20260710 10:59:52.646678 26866 leader_election.cc:290] T f6891620bc3e416fad66db582684aab2 P 7b295b82543b4e98b2444d2bb098bf1c [CANDIDATE]: Term 3 election: Requested vote from peers 089e75b234244a318c3618f61bd21c76 (127.26.8.129:39907), 01044d4b68344189b4c8ec02c497c77d (127.26.8.131:40133)
I20260710 10:59:52.647383 26789 tablet_service.cc:1917] Received RequestConsensusVote() RPC: tablet_id: "f6891620bc3e416fad66db582684aab2" candidate_uuid: "7b295b82543b4e98b2444d2bb098bf1c" candidate_term: 3 candidate_status { last_received { term: 2 index: 2 } } ignore_live_leader: true dest_uuid: "089e75b234244a318c3618f61bd21c76"
I20260710 10:59:52.647832 26940 tablet_service.cc:1917] Received RequestConsensusVote() RPC: tablet_id: "f6891620bc3e416fad66db582684aab2" candidate_uuid: "7b295b82543b4e98b2444d2bb098bf1c" candidate_term: 3 candidate_status { last_received { term: 2 index: 2 } } ignore_live_leader: true dest_uuid: "01044d4b68344189b4c8ec02c497c77d"
I20260710 10:59:52.647984 26789 raft_consensus.cc:3055] T f6891620bc3e416fad66db582684aab2 P 089e75b234244a318c3618f61bd21c76 [term 2 LEADER]: Stepping down as leader of term 2
I20260710 10:59:52.648397 26940 raft_consensus.cc:3060] T f6891620bc3e416fad66db582684aab2 P 01044d4b68344189b4c8ec02c497c77d [term 2 FOLLOWER]: Advancing to term 3
I20260710 10:59:52.648363 26789 raft_consensus.cc:740] T f6891620bc3e416fad66db582684aab2 P 089e75b234244a318c3618f61bd21c76 [term 2 LEADER]: Becoming Follower/Learner. State: Replica: 089e75b234244a318c3618f61bd21c76, State: Running, Role: LEADER
I20260710 10:59:52.649346 26789 consensus_queue.cc:260] T f6891620bc3e416fad66db582684aab2 P 089e75b234244a318c3618f61bd21c76 [NON_LEADER]: Queue going to NON_LEADER mode. State: All replicated index: 0, Majority replicated index: 2, Committed index: 2, Last appended: 2.2, Last appended by leader: 2, Current term: 2, Majority size: -1, State: 0, Mode: NON_LEADER, active raft config: opid_index: -1 OBSOLETE_local: false peers { permanent_uuid: "089e75b234244a318c3618f61bd21c76" member_type: VOTER last_known_addr { host: "127.26.8.129" port: 39907 } } peers { permanent_uuid: "7b295b82543b4e98b2444d2bb098bf1c" member_type: VOTER last_known_addr { host: "127.26.8.130" port: 41323 } } peers { permanent_uuid: "01044d4b68344189b4c8ec02c497c77d" member_type: VOTER last_known_addr { host: "127.26.8.131" port: 40133 } }
I20260710 10:59:52.650492 26789 raft_consensus.cc:3060] T f6891620bc3e416fad66db582684aab2 P 089e75b234244a318c3618f61bd21c76 [term 2 FOLLOWER]: Advancing to term 3
I20260710 10:59:52.655786 26940 raft_consensus.cc:2468] T f6891620bc3e416fad66db582684aab2 P 01044d4b68344189b4c8ec02c497c77d [term 3 FOLLOWER]: Leader election vote request: Granting yes vote for candidate 7b295b82543b4e98b2444d2bb098bf1c in term 3.
I20260710 10:59:52.657192 26831 leader_election.cc:304] T f6891620bc3e416fad66db582684aab2 P 7b295b82543b4e98b2444d2bb098bf1c [CANDIDATE]: Term 3 election: Election decided. Result: candidate won. Election summary: received 2 responses out of 3 voters: 2 yes votes; 0 no votes. yes voters: 01044d4b68344189b4c8ec02c497c77d, 7b295b82543b4e98b2444d2bb098bf1c; no voters: 
I20260710 10:59:52.657611 26789 raft_consensus.cc:2468] T f6891620bc3e416fad66db582684aab2 P 089e75b234244a318c3618f61bd21c76 [term 3 FOLLOWER]: Leader election vote request: Granting yes vote for candidate 7b295b82543b4e98b2444d2bb098bf1c in term 3.
I20260710 10:59:52.658090 27119 raft_consensus.cc:2804] T f6891620bc3e416fad66db582684aab2 P 7b295b82543b4e98b2444d2bb098bf1c [term 3 FOLLOWER]: Leader election won for term 3
I20260710 10:59:52.658632 27119 raft_consensus.cc:697] T f6891620bc3e416fad66db582684aab2 P 7b295b82543b4e98b2444d2bb098bf1c [term 3 LEADER]: Becoming Leader. State: Replica: 7b295b82543b4e98b2444d2bb098bf1c, State: Running, Role: LEADER
I20260710 10:59:52.659487 27119 consensus_queue.cc:237] T f6891620bc3e416fad66db582684aab2 P 7b295b82543b4e98b2444d2bb098bf1c [LEADER]: Queue going to LEADER mode. State: All replicated index: 0, Majority replicated index: 2, Committed index: 2, Last appended: 2.2, Last appended by leader: 2, Current term: 3, Majority size: 2, State: 0, Mode: LEADER, active raft config: opid_index: -1 OBSOLETE_local: false peers { permanent_uuid: "089e75b234244a318c3618f61bd21c76" member_type: VOTER last_known_addr { host: "127.26.8.129" port: 39907 } } peers { permanent_uuid: "7b295b82543b4e98b2444d2bb098bf1c" member_type: VOTER last_known_addr { host: "127.26.8.130" port: 41323 } } peers { permanent_uuid: "01044d4b68344189b4c8ec02c497c77d" member_type: VOTER last_known_addr { host: "127.26.8.131" port: 40133 } }
I20260710 10:59:52.666947 26688 catalog_manager.cc:5697] T f6891620bc3e416fad66db582684aab2 P 7b295b82543b4e98b2444d2bb098bf1c reported cstate change: term changed from 2 to 3, leader changed from 089e75b234244a318c3618f61bd21c76 (127.26.8.129) to 7b295b82543b4e98b2444d2bb098bf1c (127.26.8.130). New cstate: current_term: 3 leader_uuid: "7b295b82543b4e98b2444d2bb098bf1c" committed_config { opid_index: -1 OBSOLETE_local: false peers { permanent_uuid: "089e75b234244a318c3618f61bd21c76" member_type: VOTER last_known_addr { host: "127.26.8.129" port: 39907 } health_report { overall_health: UNKNOWN } } peers { permanent_uuid: "7b295b82543b4e98b2444d2bb098bf1c" member_type: VOTER last_known_addr { host: "127.26.8.130" port: 41323 } health_report { overall_health: HEALTHY } } peers { permanent_uuid: "01044d4b68344189b4c8ec02c497c77d" member_type: VOTER last_known_addr { host: "127.26.8.131" port: 40133 } health_report { overall_health: UNKNOWN } } }
I20260710 10:59:52.702833 27133 raft_consensus.cc:993] T d20c472755904a3ca532ff915429b578 P 089e75b234244a318c3618f61bd21c76: : Instructing follower 7b295b82543b4e98b2444d2bb098bf1c to start an election
I20260710 10:59:52.703351 27133 raft_consensus.cc:1081] T d20c472755904a3ca532ff915429b578 P 089e75b234244a318c3618f61bd21c76 [term 3 LEADER]: Signalling peer 7b295b82543b4e98b2444d2bb098bf1c to start an election
I20260710 10:59:52.705356 26866 tablet_service.cc:2044] Received Run Leader Election RPC: tablet_id: "d20c472755904a3ca532ff915429b578"
dest_uuid: "7b295b82543b4e98b2444d2bb098bf1c"
 from {username='slave'} at 127.0.0.1:54866
I20260710 10:59:52.705941 26866 raft_consensus.cc:493] T d20c472755904a3ca532ff915429b578 P 7b295b82543b4e98b2444d2bb098bf1c [term 3 FOLLOWER]: Starting forced leader election (received explicit request)
I20260710 10:59:52.706197 26866 raft_consensus.cc:3060] T d20c472755904a3ca532ff915429b578 P 7b295b82543b4e98b2444d2bb098bf1c [term 3 FOLLOWER]: Advancing to term 4
I20260710 10:59:52.711210 26866 raft_consensus.cc:515] T d20c472755904a3ca532ff915429b578 P 7b295b82543b4e98b2444d2bb098bf1c [term 4 FOLLOWER]: Starting forced leader election with config: opid_index: -1 OBSOLETE_local: false peers { permanent_uuid: "089e75b234244a318c3618f61bd21c76" member_type: VOTER last_known_addr { host: "127.26.8.129" port: 39907 } } peers { permanent_uuid: "7b295b82543b4e98b2444d2bb098bf1c" member_type: VOTER last_known_addr { host: "127.26.8.130" port: 41323 } } peers { permanent_uuid: "01044d4b68344189b4c8ec02c497c77d" member_type: VOTER last_known_addr { host: "127.26.8.131" port: 40133 } }
