I20260710 11:11:37.804749 10353 raft_consensus.cc:2468] T 5c6c73d0be4c456a802487c9a7733fb1 P 4067659184db4f8fa0cfb72650bf2d2f [term 0 FOLLOWER]: Leader pre-election vote request: Granting yes vote for candidate ccb81ff831f04220ba88d708f1d25b41 in term 0.
I20260710 11:11:37.805634 10513 raft_consensus.cc:2749] T 7d928fc880964d13a9ce456ec2e862dc P 9a6754797ab74ceda5f016cfcfcb8a9b [term 1 FOLLOWER]: Leader pre-election lost for term 1. Reason: could not achieve majority
I20260710 11:11:37.802134 10470 raft_consensus.cc:515] T 013cc6e1455e42aeab2ea8669971b283 P ccb81ff831f04220ba88d708f1d25b41 [term 1 FOLLOWER]: Starting leader election with config: opid_index: -1 OBSOLETE_local: false peers { permanent_uuid: "ccb81ff831f04220ba88d708f1d25b41" member_type: VOTER last_known_addr { host: "127.8.246.193" port: 36791 } } peers { permanent_uuid: "4067659184db4f8fa0cfb72650bf2d2f" member_type: VOTER last_known_addr { host: "127.8.246.194" port: 38583 } } peers { permanent_uuid: "9a6754797ab74ceda5f016cfcfcb8a9b" member_type: VOTER last_known_addr { host: "127.8.246.195" port: 41953 } }
I20260710 11:11:37.806252 10243 leader_election.cc:304] T 5c6c73d0be4c456a802487c9a7733fb1 P ccb81ff831f04220ba88d708f1d25b41 [CANDIDATE]: Term 1 pre-election: Election decided. Result: candidate won. Election summary: received 2 responses out of 3 voters: 2 yes votes; 0 no votes. yes voters: 4067659184db4f8fa0cfb72650bf2d2f, ccb81ff831f04220ba88d708f1d25b41; no voters: 
I20260710 11:11:37.809158 10468 raft_consensus.cc:359] T 4138d3428003419ea02188d74efa5134 P ccb81ff831f04220ba88d708f1d25b41 [term 0 FOLLOWER]: Replica starting. Triggering 0 pending ops. Active config: opid_index: -1 OBSOLETE_local: false peers { permanent_uuid: "ccb81ff831f04220ba88d708f1d25b41" member_type: VOTER last_known_addr { host: "127.8.246.193" port: 36791 } } peers { permanent_uuid: "4067659184db4f8fa0cfb72650bf2d2f" member_type: VOTER last_known_addr { host: "127.8.246.194" port: 38583 } } peers { permanent_uuid: "9a6754797ab74ceda5f016cfcfcb8a9b" member_type: VOTER last_known_addr { host: "127.8.246.195" port: 41953 } }
I20260710 11:11:37.813112 10468 raft_consensus.cc:385] T 4138d3428003419ea02188d74efa5134 P ccb81ff831f04220ba88d708f1d25b41 [term 0 FOLLOWER]: Consensus starting up: Expiring failure detector timer to make a prompt election more likely
I20260710 11:11:37.813371 10468 raft_consensus.cc:740] T 4138d3428003419ea02188d74efa5134 P ccb81ff831f04220ba88d708f1d25b41 [term 0 FOLLOWER]: Becoming Follower/Learner. State: Replica: ccb81ff831f04220ba88d708f1d25b41, State: Initialized, Role: FOLLOWER
I20260710 11:11:37.813900 10471 tablet_bootstrap.cc:654] T b7aa25b3470646bebd7eb63fc9e2b9c4 P 4067659184db4f8fa0cfb72650bf2d2f: Neither blocks nor log segments found. Creating new log.
I20260710 11:11:37.813896 10468 consensus_queue.cc:260] T 4138d3428003419ea02188d74efa5134 P ccb81ff831f04220ba88d708f1d25b41 [NON_LEADER]: Queue going to NON_LEADER mode. State: All replicated index: 0, Majority replicated index: 0, Committed index: 0, Last appended: 0.0, Last appended by leader: 0, Current term: 0, Majority size: -1, State: 0, Mode: NON_LEADER, active raft config: opid_index: -1 OBSOLETE_local: false peers { permanent_uuid: "ccb81ff831f04220ba88d708f1d25b41" member_type: VOTER last_known_addr { host: "127.8.246.193" port: 36791 } } peers { permanent_uuid: "4067659184db4f8fa0cfb72650bf2d2f" member_type: VOTER last_known_addr { host: "127.8.246.194" port: 38583 } } peers { permanent_uuid: "9a6754797ab74ceda5f016cfcfcb8a9b" member_type: VOTER last_known_addr { host: "127.8.246.195" port: 41953 } }
I20260710 11:11:37.815150 10517 raft_consensus.cc:2804] T 5c6c73d0be4c456a802487c9a7733fb1 P ccb81ff831f04220ba88d708f1d25b41 [term 0 FOLLOWER]: Leader pre-election won for term 1
I20260710 11:11:37.815495 10517 raft_consensus.cc:493] T 5c6c73d0be4c456a802487c9a7733fb1 P ccb81ff831f04220ba88d708f1d25b41 [term 0 FOLLOWER]: Starting leader election (no leader contacted us within the election timeout)
I20260710 11:11:37.815815 10517 raft_consensus.cc:3060] T 5c6c73d0be4c456a802487c9a7733fb1 P ccb81ff831f04220ba88d708f1d25b41 [term 0 FOLLOWER]: Advancing to term 1
I20260710 11:11:37.817991 10470 leader_election.cc:290] T 013cc6e1455e42aeab2ea8669971b283 P ccb81ff831f04220ba88d708f1d25b41 [CANDIDATE]: Term 1 election: Requested vote from peers 4067659184db4f8fa0cfb72650bf2d2f (127.8.246.194:38583), 9a6754797ab74ceda5f016cfcfcb8a9b (127.8.246.195:41953)
I20260710 11:11:37.818462 10353 tablet_service.cc:1917] Received RequestConsensusVote() RPC: tablet_id: "013cc6e1455e42aeab2ea8669971b283" candidate_uuid: "ccb81ff831f04220ba88d708f1d25b41" candidate_term: 1 candidate_status { last_received { term: 0 index: 0 } } ignore_live_leader: false dest_uuid: "4067659184db4f8fa0cfb72650bf2d2f"
I20260710 11:11:37.819171 10353 raft_consensus.cc:3060] T 013cc6e1455e42aeab2ea8669971b283 P 4067659184db4f8fa0cfb72650bf2d2f [term 0 FOLLOWER]: Advancing to term 1
I20260710 11:11:37.820317 10474 tablet_bootstrap.cc:492] T 728e6dc46914484c9b1f3409c8a29bb8 P 9a6754797ab74ceda5f016cfcfcb8a9b: No bootstrap required, opened a new log
I20260710 11:11:37.820765 10474 ts_tablet_manager.cc:1403] T 728e6dc46914484c9b1f3409c8a29bb8 P 9a6754797ab74ceda5f016cfcfcb8a9b: Time spent bootstrapping tablet: real 0.052s	user 0.018s	sys 0.019s
I20260710 11:11:37.822791 10517 raft_consensus.cc:515] T 5c6c73d0be4c456a802487c9a7733fb1 P ccb81ff831f04220ba88d708f1d25b41 [term 1 FOLLOWER]: Starting leader election with config: opid_index: -1 OBSOLETE_local: false peers { permanent_uuid: "ccb81ff831f04220ba88d708f1d25b41" member_type: VOTER last_known_addr { host: "127.8.246.193" port: 36791 } } peers { permanent_uuid: "4067659184db4f8fa0cfb72650bf2d2f" member_type: VOTER last_known_addr { host: "127.8.246.194" port: 38583 } } peers { permanent_uuid: "9a6754797ab74ceda5f016cfcfcb8a9b" member_type: VOTER last_known_addr { host: "127.8.246.195" port: 41953 } }
I20260710 11:11:37.823293 10474 raft_consensus.cc:359] T 728e6dc46914484c9b1f3409c8a29bb8 P 9a6754797ab74ceda5f016cfcfcb8a9b [term 0 FOLLOWER]: Replica starting. Triggering 0 pending ops. Active config: opid_index: -1 OBSOLETE_local: false peers { permanent_uuid: "ccb81ff831f04220ba88d708f1d25b41" member_type: VOTER last_known_addr { host: "127.8.246.193" port: 36791 } } peers { permanent_uuid: "4067659184db4f8fa0cfb72650bf2d2f" member_type: VOTER last_known_addr { host: "127.8.246.194" port: 38583 } } peers { permanent_uuid: "9a6754797ab74ceda5f016cfcfcb8a9b" member_type: VOTER last_known_addr { host: "127.8.246.195" port: 41953 } }
I20260710 11:11:37.823949 10474 raft_consensus.cc:385] T 728e6dc46914484c9b1f3409c8a29bb8 P 9a6754797ab74ceda5f016cfcfcb8a9b [term 0 FOLLOWER]: Consensus starting up: Expiring failure detector timer to make a prompt election more likely
I20260710 11:11:37.824218 10474 raft_consensus.cc:740] T 728e6dc46914484c9b1f3409c8a29bb8 P 9a6754797ab74ceda5f016cfcfcb8a9b [term 0 FOLLOWER]: Becoming Follower/Learner. State: Replica: 9a6754797ab74ceda5f016cfcfcb8a9b, State: Initialized, Role: FOLLOWER
I20260710 11:11:37.824848 10474 consensus_queue.cc:260] T 728e6dc46914484c9b1f3409c8a29bb8 P 9a6754797ab74ceda5f016cfcfcb8a9b [NON_LEADER]: Queue going to NON_LEADER mode. State: All replicated index: 0, Majority replicated index: 0, Committed index: 0, Last appended: 0.0, Last appended by leader: 0, Current term: 0, Majority size: -1, State: 0, Mode: NON_LEADER, active raft config: opid_index: -1 OBSOLETE_local: false peers { permanent_uuid: "ccb81ff831f04220ba88d708f1d25b41" member_type: VOTER last_known_addr { host: "127.8.246.193" port: 36791 } } peers { permanent_uuid: "4067659184db4f8fa0cfb72650bf2d2f" member_type: VOTER last_known_addr { host: "127.8.246.194" port: 38583 } } peers { permanent_uuid: "9a6754797ab74ceda5f016cfcfcb8a9b" member_type: VOTER last_known_addr { host: "127.8.246.195" port: 41953 } }
I20260710 11:11:37.825838 10354 tablet_service.cc:1917] Received RequestConsensusVote() RPC: tablet_id: "5c6c73d0be4c456a802487c9a7733fb1" candidate_uuid: "ccb81ff831f04220ba88d708f1d25b41" candidate_term: 1 candidate_status { last_received { term: 0 index: 0 } } ignore_live_leader: false dest_uuid: "4067659184db4f8fa0cfb72650bf2d2f"
I20260710 11:11:37.826357 10354 raft_consensus.cc:3060] T 5c6c73d0be4c456a802487c9a7733fb1 P 4067659184db4f8fa0cfb72650bf2d2f [term 0 FOLLOWER]: Advancing to term 1
I20260710 11:11:37.826709 10474 ts_tablet_manager.cc:1434] T 728e6dc46914484c9b1f3409c8a29bb8 P 9a6754797ab74ceda5f016cfcfcb8a9b: Time spent starting tablet: real 0.006s	user 0.004s	sys 0.000s
I20260710 11:11:37.827544 10474 tablet_bootstrap.cc:492] T d1e1e8b7e5624e6297c28faad60e38f3 P 9a6754797ab74ceda5f016cfcfcb8a9b: Bootstrap starting.
I20260710 11:11:37.832899 10474 tablet_bootstrap.cc:654] T d1e1e8b7e5624e6297c28faad60e38f3 P 9a6754797ab74ceda5f016cfcfcb8a9b: Neither blocks nor log segments found. Creating new log.
I20260710 11:11:37.832777 10354 raft_consensus.cc:2468] T 5c6c73d0be4c456a802487c9a7733fb1 P 4067659184db4f8fa0cfb72650bf2d2f [term 1 FOLLOWER]: Leader election vote request: Granting yes vote for candidate ccb81ff831f04220ba88d708f1d25b41 in term 1.
I20260710 11:11:37.833958 10243 leader_election.cc:304] T 5c6c73d0be4c456a802487c9a7733fb1 P ccb81ff831f04220ba88d708f1d25b41 [CANDIDATE]: Term 1 election: Election decided. Result: candidate won. Election summary: received 2 responses out of 3 voters: 2 yes votes; 0 no votes. yes voters: 4067659184db4f8fa0cfb72650bf2d2f, ccb81ff831f04220ba88d708f1d25b41; no voters: 
I20260710 11:11:37.834431 10428 tablet_service.cc:1917] Received RequestConsensusVote() RPC: tablet_id: "013cc6e1455e42aeab2ea8669971b283" candidate_uuid: "ccb81ff831f04220ba88d708f1d25b41" candidate_term: 1 candidate_status { last_received { term: 0 index: 0 } } ignore_live_leader: false dest_uuid: "9a6754797ab74ceda5f016cfcfcb8a9b"
I20260710 11:11:37.834826 10508 raft_consensus.cc:2804] T 5c6c73d0be4c456a802487c9a7733fb1 P ccb81ff831f04220ba88d708f1d25b41 [term 1 FOLLOWER]: Leader election won for term 1
I20260710 11:11:37.835325 10508 raft_consensus.cc:697] T 5c6c73d0be4c456a802487c9a7733fb1 P ccb81ff831f04220ba88d708f1d25b41 [term 1 LEADER]: Becoming Leader. State: Replica: ccb81ff831f04220ba88d708f1d25b41, State: Running, Role: LEADER
I20260710 11:11:37.836359 10508 consensus_queue.cc:237] T 5c6c73d0be4c456a802487c9a7733fb1 P ccb81ff831f04220ba88d708f1d25b41 [LEADER]: Queue going to LEADER mode. State: All replicated index: 0, Majority replicated index: 0, Committed index: 0, Last appended: 0.0, Last appended by leader: 0, Current term: 1, Majority size: 2, State: 0, Mode: LEADER, active raft config: opid_index: -1 OBSOLETE_local: false peers { permanent_uuid: "ccb81ff831f04220ba88d708f1d25b41" member_type: VOTER last_known_addr { host: "127.8.246.193" port: 36791 } } peers { permanent_uuid: "4067659184db4f8fa0cfb72650bf2d2f" member_type: VOTER last_known_addr { host: "127.8.246.194" port: 38583 } } peers { permanent_uuid: "9a6754797ab74ceda5f016cfcfcb8a9b" member_type: VOTER last_known_addr { host: "127.8.246.195" port: 41953 } }
I20260710 11:11:37.838088 10480 consensus_queue.cc:1048] T 7d928fc880964d13a9ce456ec2e862dc P ccb81ff831f04220ba88d708f1d25b41 [LEADER]: Connected to new peer: Peer: permanent_uuid: "9a6754797ab74ceda5f016cfcfcb8a9b" member_type: VOTER last_known_addr { host: "127.8.246.195" port: 41953 }, Status: LMP_MISMATCH, Last received: 0.0, Next index: 1, Last known committed idx: 0, Time since last communication: 0.000s
W20260710 11:11:37.839409 10242 leader_election.cc:343] T 013cc6e1455e42aeab2ea8669971b283 P ccb81ff831f04220ba88d708f1d25b41 [CANDIDATE]: Term 1 election: Tablet error from VoteRequest() call to peer 9a6754797ab74ceda5f016cfcfcb8a9b (127.8.246.195:41953): Illegal state: must be running to vote when last-logged opid is not known
I20260710 11:11:37.842618 10468 ts_tablet_manager.cc:1434] T 4138d3428003419ea02188d74efa5134 P ccb81ff831f04220ba88d708f1d25b41: Time spent starting tablet: real 0.059s	user 0.005s	sys 0.001s
I20260710 11:11:37.849318 10173 catalog_manager.cc:5697] T d128f8ec0599430b88bf0f553537fa92 P ccb81ff831f04220ba88d708f1d25b41 reported cstate change: term changed from 0 to 1, leader changed from <none> to ccb81ff831f04220ba88d708f1d25b41 (127.8.246.193). New cstate: current_term: 1 leader_uuid: "ccb81ff831f04220ba88d708f1d25b41" committed_config { opid_index: -1 OBSOLETE_local: false peers { permanent_uuid: "ccb81ff831f04220ba88d708f1d25b41" member_type: VOTER last_known_addr { host: "127.8.246.193" port: 36791 } health_report { overall_health: HEALTHY } } peers { permanent_uuid: "4067659184db4f8fa0cfb72650bf2d2f" member_type: VOTER last_known_addr { host: "127.8.246.194" port: 38583 } health_report { overall_health: UNKNOWN } } peers { permanent_uuid: "9a6754797ab74ceda5f016cfcfcb8a9b" member_type: VOTER last_known_addr { host: "127.8.246.195" port: 41953 } health_report { overall_health: UNKNOWN } } }
I20260710 11:11:37.843467 10517 leader_election.cc:290] T 5c6c73d0be4c456a802487c9a7733fb1 P ccb81ff831f04220ba88d708f1d25b41 [CANDIDATE]: Term 1 election: Requested vote from peers 4067659184db4f8fa0cfb72650bf2d2f (127.8.246.194:38583), 9a6754797ab74ceda5f016cfcfcb8a9b (127.8.246.195:41953)
I20260710 11:11:37.851145 10468 tablet_bootstrap.cc:492] T d1e1e8b7e5624e6297c28faad60e38f3 P ccb81ff831f04220ba88d708f1d25b41: Bootstrap starting.
I20260710 11:11:37.855705 10471 tablet_bootstrap.cc:492] T b7aa25b3470646bebd7eb63fc9e2b9c4 P 4067659184db4f8fa0cfb72650bf2d2f: No bootstrap required, opened a new log
I20260710 11:11:37.852243 10427 tablet_service.cc:1917] Received RequestConsensusVote() RPC: tablet_id: "5c6c73d0be4c456a802487c9a7733fb1" candidate_uuid: "ccb81ff831f04220ba88d708f1d25b41" candidate_term: 1 candidate_status { last_received { term: 0 index: 0 } } ignore_live_leader: false dest_uuid: "9a6754797ab74ceda5f016cfcfcb8a9b"
I20260710 11:11:37.856274 10427 raft_consensus.cc:3060] T 5c6c73d0be4c456a802487c9a7733fb1 P 9a6754797ab74ceda5f016cfcfcb8a9b [term 0 FOLLOWER]: Advancing to term 1
I20260710 11:11:37.856345 10471 ts_tablet_manager.cc:1403] T b7aa25b3470646bebd7eb63fc9e2b9c4 P 4067659184db4f8fa0cfb72650bf2d2f: Time spent bootstrapping tablet: real 0.078s	user 0.032s	sys 0.013s
I20260710 11:11:37.859371 10471 raft_consensus.cc:359] T b7aa25b3470646bebd7eb63fc9e2b9c4 P 4067659184db4f8fa0cfb72650bf2d2f [term 0 FOLLOWER]: Replica starting. Triggering 0 pending ops. Active config: opid_index: -1 OBSOLETE_local: false peers { permanent_uuid: "ccb81ff831f04220ba88d708f1d25b41" member_type: VOTER last_known_addr { host: "127.8.246.193" port: 36791 } } peers { permanent_uuid: "4067659184db4f8fa0cfb72650bf2d2f" member_type: VOTER last_known_addr { host: "127.8.246.194" port: 38583 } } peers { permanent_uuid: "9a6754797ab74ceda5f016cfcfcb8a9b" member_type: VOTER last_known_addr { host: "127.8.246.195" port: 41953 } }
I20260710 11:11:37.859836 10474 tablet_bootstrap.cc:492] T d1e1e8b7e5624e6297c28faad60e38f3 P 9a6754797ab74ceda5f016cfcfcb8a9b: No bootstrap required, opened a new log
I20260710 11:11:37.860024 10471 raft_consensus.cc:385] T b7aa25b3470646bebd7eb63fc9e2b9c4 P 4067659184db4f8fa0cfb72650bf2d2f [term 0 FOLLOWER]: Consensus starting up: Expiring failure detector timer to make a prompt election more likely
I20260710 11:11:37.860342 10474 ts_tablet_manager.cc:1403] T d1e1e8b7e5624e6297c28faad60e38f3 P 9a6754797ab74ceda5f016cfcfcb8a9b: Time spent bootstrapping tablet: real 0.033s	user 0.024s	sys 0.008s
I20260710 11:11:37.860383 10471 raft_consensus.cc:740] T b7aa25b3470646bebd7eb63fc9e2b9c4 P 4067659184db4f8fa0cfb72650bf2d2f [term 0 FOLLOWER]: Becoming Follower/Learner. State: Replica: 4067659184db4f8fa0cfb72650bf2d2f, State: Initialized, Role: FOLLOWER
I20260710 11:11:37.861390 10471 consensus_queue.cc:260] T b7aa25b3470646bebd7eb63fc9e2b9c4 P 4067659184db4f8fa0cfb72650bf2d2f [NON_LEADER]: Queue going to NON_LEADER mode. State: All replicated index: 0, Majority replicated index: 0, Committed index: 0, Last appended: 0.0, Last appended by leader: 0, Current term: 0, Majority size: -1, State: 0, Mode: NON_LEADER, active raft config: opid_index: -1 OBSOLETE_local: false peers { permanent_uuid: "ccb81ff831f04220ba88d708f1d25b41" member_type: VOTER last_known_addr { host: "127.8.246.193" port: 36791 } } peers { permanent_uuid: "4067659184db4f8fa0cfb72650bf2d2f" member_type: VOTER last_known_addr { host: "127.8.246.194" port: 38583 } } peers { permanent_uuid: "9a6754797ab74ceda5f016cfcfcb8a9b" member_type: VOTER last_known_addr { host: "127.8.246.195" port: 41953 } }
I20260710 11:11:37.861964 10513 raft_consensus.cc:493] T 52c96e077f4948a8855f0737591ce5d6 P 9a6754797ab74ceda5f016cfcfcb8a9b [term 0 FOLLOWER]: Starting pre-election (no leader contacted us within the election timeout)
I20260710 11:11:37.862429 10513 raft_consensus.cc:515] T 52c96e077f4948a8855f0737591ce5d6 P 9a6754797ab74ceda5f016cfcfcb8a9b [term 0 FOLLOWER]: Starting pre-election with config: opid_index: -1 OBSOLETE_local: false peers { permanent_uuid: "ccb81ff831f04220ba88d708f1d25b41" member_type: VOTER last_known_addr { host: "127.8.246.193" port: 36791 } } peers { permanent_uuid: "4067659184db4f8fa0cfb72650bf2d2f" member_type: VOTER last_known_addr { host: "127.8.246.194" port: 38583 } } peers { permanent_uuid: "9a6754797ab74ceda5f016cfcfcb8a9b" member_type: VOTER last_known_addr { host: "127.8.246.195" port: 41953 } }
I20260710 11:11:37.863510 10474 raft_consensus.cc:359] T d1e1e8b7e5624e6297c28faad60e38f3 P 9a6754797ab74ceda5f016cfcfcb8a9b [term 0 FOLLOWER]: Replica starting. Triggering 0 pending ops. Active config: opid_index: -1 OBSOLETE_local: false peers { permanent_uuid: "ccb81ff831f04220ba88d708f1d25b41" member_type: VOTER last_known_addr { host: "127.8.246.193" port: 36791 } } peers { permanent_uuid: "4067659184db4f8fa0cfb72650bf2d2f" member_type: VOTER last_known_addr { host: "127.8.246.194" port: 38583 } } peers { permanent_uuid: "9a6754797ab74ceda5f016cfcfcb8a9b" member_type: VOTER last_known_addr { host: "127.8.246.195" port: 41953 } }
I20260710 11:11:37.855099 10353 raft_consensus.cc:2468] T 013cc6e1455e42aeab2ea8669971b283 P 4067659184db4f8fa0cfb72650bf2d2f [term 1 FOLLOWER]: Leader election vote request: Granting yes vote for candidate ccb81ff831f04220ba88d708f1d25b41 in term 1.
I20260710 11:11:37.865252 10278 tablet_service.cc:1917] Received RequestConsensusVote() RPC: tablet_id: "52c96e077f4948a8855f0737591ce5d6" candidate_uuid: "9a6754797ab74ceda5f016cfcfcb8a9b" candidate_term: 1 candidate_status { last_received { term: 0 index: 0 } } ignore_live_leader: false dest_uuid: "ccb81ff831f04220ba88d708f1d25b41" is_pre_election: true
I20260710 11:11:37.865844 10278 raft_consensus.cc:2468] T 52c96e077f4948a8855f0737591ce5d6 P ccb81ff831f04220ba88d708f1d25b41 [term 0 FOLLOWER]: Leader pre-election vote request: Granting yes vote for candidate 9a6754797ab74ceda5f016cfcfcb8a9b in term 0.
I20260710 11:11:37.866101 10427 raft_consensus.cc:2468] T 5c6c73d0be4c456a802487c9a7733fb1 P 9a6754797ab74ceda5f016cfcfcb8a9b [term 1 FOLLOWER]: Leader election vote request: Granting yes vote for candidate ccb81ff831f04220ba88d708f1d25b41 in term 1.
I20260710 11:11:37.867273 10391 leader_election.cc:304] T 52c96e077f4948a8855f0737591ce5d6 P 9a6754797ab74ceda5f016cfcfcb8a9b [CANDIDATE]: Term 1 pre-election: Election decided. Result: candidate won. Election summary: received 2 responses out of 3 voters: 2 yes votes; 0 no votes. yes voters: 9a6754797ab74ceda5f016cfcfcb8a9b, ccb81ff831f04220ba88d708f1d25b41; no voters: 
I20260710 11:11:37.868036 10512 raft_consensus.cc:2804] T 52c96e077f4948a8855f0737591ce5d6 P 9a6754797ab74ceda5f016cfcfcb8a9b [term 0 FOLLOWER]: Leader pre-election won for term 1
I20260710 11:11:37.868371 10512 raft_consensus.cc:493] T 52c96e077f4948a8855f0737591ce5d6 P 9a6754797ab74ceda5f016cfcfcb8a9b [term 0 FOLLOWER]: Starting leader election (no leader contacted us within the election timeout)
I20260710 11:11:37.868675 10512 raft_consensus.cc:3060] T 52c96e077f4948a8855f0737591ce5d6 P 9a6754797ab74ceda5f016cfcfcb8a9b [term 0 FOLLOWER]: Advancing to term 1
I20260710 11:11:37.869220 10468 tablet_bootstrap.cc:654] T d1e1e8b7e5624e6297c28faad60e38f3 P ccb81ff831f04220ba88d708f1d25b41: Neither blocks nor log segments found. Creating new log.
I20260710 11:11:37.869580 10353 tablet_service.cc:1917] Received RequestConsensusVote() RPC: tablet_id: "52c96e077f4948a8855f0737591ce5d6" candidate_uuid: "9a6754797ab74ceda5f016cfcfcb8a9b" candidate_term: 1 candidate_status { last_received { term: 0 index: 0 } } ignore_live_leader: false dest_uuid: "4067659184db4f8fa0cfb72650bf2d2f" is_pre_election: true
I20260710 11:11:37.869874 10243 leader_election.cc:304] T 013cc6e1455e42aeab2ea8669971b283 P ccb81ff831f04220ba88d708f1d25b41 [CANDIDATE]: Term 1 election: Election decided. Result: candidate won. Election summary: received 3 responses out of 3 voters: 2 yes votes; 1 no votes. yes voters: 4067659184db4f8fa0cfb72650bf2d2f, ccb81ff831f04220ba88d708f1d25b41; no voters: 9a6754797ab74ceda5f016cfcfcb8a9b
W20260710 11:11:37.870754 10392 leader_election.cc:343] T 52c96e077f4948a8855f0737591ce5d6 P 9a6754797ab74ceda5f016cfcfcb8a9b [CANDIDATE]: Term 1 pre-election: Tablet error from VoteRequest() call to peer 4067659184db4f8fa0cfb72650bf2d2f (127.8.246.194:38583): Illegal state: must be running to vote when last-logged opid is not known
I20260710 11:11:37.869234 10513 leader_election.cc:290] T 52c96e077f4948a8855f0737591ce5d6 P 9a6754797ab74ceda5f016cfcfcb8a9b [CANDIDATE]: Term 1 pre-election: Requested pre-vote from peers ccb81ff831f04220ba88d708f1d25b41 (127.8.246.193:36791), 4067659184db4f8fa0cfb72650bf2d2f (127.8.246.194:38583)
I20260710 11:11:37.864198 10474 raft_consensus.cc:385] T d1e1e8b7e5624e6297c28faad60e38f3 P 9a6754797ab74ceda5f016cfcfcb8a9b [term 0 FOLLOWER]: Consensus starting up: Expiring failure detector timer to make a prompt election more likely
I20260710 11:11:37.871767 10474 raft_consensus.cc:740] T d1e1e8b7e5624e6297c28faad60e38f3 P 9a6754797ab74ceda5f016cfcfcb8a9b [term 0 FOLLOWER]: Becoming Follower/Learner. State: Replica: 9a6754797ab74ceda5f016cfcfcb8a9b, State: Initialized, Role: FOLLOWER
I20260710 11:11:37.872437 10474 consensus_queue.cc:260] T d1e1e8b7e5624e6297c28faad60e38f3 P 9a6754797ab74ceda5f016cfcfcb8a9b [NON_LEADER]: Queue going to NON_LEADER mode. State: All replicated index: 0, Majority replicated index: 0, Committed index: 0, Last appended: 0.0, Last appended by leader: 0, Current term: 0, Majority size: -1, State: 0, Mode: NON_LEADER, active raft config: opid_index: -1 OBSOLETE_local: false peers { permanent_uuid: "ccb81ff831f04220ba88d708f1d25b41" member_type: VOTER last_known_addr { host: "127.8.246.193" port: 36791 } } peers { permanent_uuid: "4067659184db4f8fa0cfb72650bf2d2f" member_type: VOTER last_known_addr { host: "127.8.246.194" port: 38583 } } peers { permanent_uuid: "9a6754797ab74ceda5f016cfcfcb8a9b" member_type: VOTER last_known_addr { host: "127.8.246.195" port: 41953 } }
I20260710 11:11:37.874519 10471 ts_tablet_manager.cc:1434] T b7aa25b3470646bebd7eb63fc9e2b9c4 P 4067659184db4f8fa0cfb72650bf2d2f: Time spent starting tablet: real 0.018s	user 0.006s	sys 0.000s
I20260710 11:11:37.875640 10471 tablet_bootstrap.cc:492] T cc875dd9b30b457cb7f37e704e901943 P 4067659184db4f8fa0cfb72650bf2d2f: Bootstrap starting.
I20260710 11:11:37.876972 10474 ts_tablet_manager.cc:1434] T d1e1e8b7e5624e6297c28faad60e38f3 P 9a6754797ab74ceda5f016cfcfcb8a9b: Time spent starting tablet: real 0.013s	user 0.004s	sys 0.000s
I20260710 11:11:37.877765 10474 tablet_bootstrap.cc:492] T d128f8ec0599430b88bf0f553537fa92 P 9a6754797ab74ceda5f016cfcfcb8a9b: Bootstrap starting.
I20260710 11:11:37.878429 10508 raft_consensus.cc:2804] T 013cc6e1455e42aeab2ea8669971b283 P ccb81ff831f04220ba88d708f1d25b41 [term 1 FOLLOWER]: Leader election won for term 1
I20260710 11:11:37.878961 10508 raft_consensus.cc:697] T 013cc6e1455e42aeab2ea8669971b283 P ccb81ff831f04220ba88d708f1d25b41 [term 1 LEADER]: Becoming Leader. State: Replica: ccb81ff831f04220ba88d708f1d25b41, State: Running, Role: LEADER
I20260710 11:11:37.879954 10508 consensus_queue.cc:237] T 013cc6e1455e42aeab2ea8669971b283 P ccb81ff831f04220ba88d708f1d25b41 [LEADER]: Queue going to LEADER mode. State: All replicated index: 0, Majority replicated index: 0, Committed index: 0, Last appended: 0.0, Last appended by leader: 0, Current term: 1, Majority size: 2, State: 0, Mode: LEADER, active raft config: opid_index: -1 OBSOLETE_local: false peers { permanent_uuid: "ccb81ff831f04220ba88d708f1d25b41" member_type: VOTER last_known_addr { host: "127.8.246.193" port: 36791 } } peers { permanent_uuid: "4067659184db4f8fa0cfb72650bf2d2f" member_type: VOTER last_known_addr { host: "127.8.246.194" port: 38583 } } peers { permanent_uuid: "9a6754797ab74ceda5f016cfcfcb8a9b" member_type: VOTER last_known_addr { host: "127.8.246.195" port: 41953 } }
I20260710 11:11:37.884792 10471 tablet_bootstrap.cc:654] T cc875dd9b30b457cb7f37e704e901943 P 4067659184db4f8fa0cfb72650bf2d2f: Neither blocks nor log segments found. Creating new log.
I20260710 11:11:37.885943 10474 tablet_bootstrap.cc:654] T d128f8ec0599430b88bf0f553537fa92 P 9a6754797ab74ceda5f016cfcfcb8a9b: Neither blocks nor log segments found. Creating new log.
I20260710 11:11:37.885407 10174 catalog_manager.cc:5697] T 5c6c73d0be4c456a802487c9a7733fb1 P ccb81ff831f04220ba88d708f1d25b41 reported cstate change: term changed from 0 to 1, leader changed from <none> to ccb81ff831f04220ba88d708f1d25b41 (127.8.246.193). New cstate: current_term: 1 leader_uuid: "ccb81ff831f04220ba88d708f1d25b41" committed_config { opid_index: -1 OBSOLETE_local: false peers { permanent_uuid: "ccb81ff831f04220ba88d708f1d25b41" member_type: VOTER last_known_addr { host: "127.8.246.193" port: 36791 } health_report { overall_health: HEALTHY } } peers { permanent_uuid: "4067659184db4f8fa0cfb72650bf2d2f" member_type: VOTER last_known_addr { host: "127.8.246.194" port: 38583 } health_report { overall_health: UNKNOWN } } peers { permanent_uuid: "9a6754797ab74ceda5f016cfcfcb8a9b" member_type: VOTER last_known_addr { host: "127.8.246.195" port: 41953 } health_report { overall_health: UNKNOWN } } }
I20260710 11:11:37.888998 10512 raft_consensus.cc:515] T 52c96e077f4948a8855f0737591ce5d6 P 9a6754797ab74ceda5f016cfcfcb8a9b [term 1 FOLLOWER]: Starting leader election with config: opid_index: -1 OBSOLETE_local: false peers { permanent_uuid: "ccb81ff831f04220ba88d708f1d25b41" member_type: VOTER last_known_addr { host: "127.8.246.193" port: 36791 } } peers { permanent_uuid: "4067659184db4f8fa0cfb72650bf2d2f" member_type: VOTER last_known_addr { host: "127.8.246.194" port: 38583 } } peers { permanent_uuid: "9a6754797ab74ceda5f016cfcfcb8a9b" member_type: VOTER last_known_addr { host: "127.8.246.195" port: 41953 } }
I20260710 11:11:37.893321 10278 tablet_service.cc:1917] Received RequestConsensusVote() RPC: tablet_id: "52c96e077f4948a8855f0737591ce5d6" candidate_uuid: "9a6754797ab74ceda5f016cfcfcb8a9b" candidate_term: 1 candidate_status { last_received { term: 0 index: 0 } } ignore_live_leader: false dest_uuid: "ccb81ff831f04220ba88d708f1d25b41"
I20260710 11:11:37.893844 10278 raft_consensus.cc:3060] T 52c96e077f4948a8855f0737591ce5d6 P ccb81ff831f04220ba88d708f1d25b41 [term 0 FOLLOWER]: Advancing to term 1
I20260710 11:11:37.894996 10468 tablet_bootstrap.cc:492] T d1e1e8b7e5624e6297c28faad60e38f3 P ccb81ff831f04220ba88d708f1d25b41: No bootstrap required, opened a new log
I20260710 11:11:37.895571 10468 ts_tablet_manager.cc:1403] T d1e1e8b7e5624e6297c28faad60e38f3 P ccb81ff831f04220ba88d708f1d25b41: Time spent bootstrapping tablet: real 0.045s	user 0.015s	sys 0.000s
I20260710 11:11:37.898183 10468 raft_consensus.cc:359] T d1e1e8b7e5624e6297c28faad60e38f3 P ccb81ff831f04220ba88d708f1d25b41 [term 0 FOLLOWER]: Replica starting. Triggering 0 pending ops. Active config: opid_index: -1 OBSOLETE_local: false peers { permanent_uuid: "ccb81ff831f04220ba88d708f1d25b41" member_type: VOTER last_known_addr { host: "127.8.246.193" port: 36791 } } peers { permanent_uuid: "4067659184db4f8fa0cfb72650bf2d2f" member_type: VOTER last_known_addr { host: "127.8.246.194" port: 38583 } } peers { permanent_uuid: "9a6754797ab74ceda5f016cfcfcb8a9b" member_type: VOTER last_known_addr { host: "127.8.246.195" port: 41953 } }
I20260710 11:11:37.898808 10468 raft_consensus.cc:385] T d1e1e8b7e5624e6297c28faad60e38f3 P ccb81ff831f04220ba88d708f1d25b41 [term 0 FOLLOWER]: Consensus starting up: Expiring failure detector timer to make a prompt election more likely
I20260710 11:11:37.899063 10468 raft_consensus.cc:740] T d1e1e8b7e5624e6297c28faad60e38f3 P ccb81ff831f04220ba88d708f1d25b41 [term 0 FOLLOWER]: Becoming Follower/Learner. State: Replica: ccb81ff831f04220ba88d708f1d25b41, State: Initialized, Role: FOLLOWER
I20260710 11:11:37.899704 10468 consensus_queue.cc:260] T d1e1e8b7e5624e6297c28faad60e38f3 P ccb81ff831f04220ba88d708f1d25b41 [NON_LEADER]: Queue going to NON_LEADER mode. State: All replicated index: 0, Majority replicated index: 0, Committed index: 0, Last appended: 0.0, Last appended by leader: 0, Current term: 0, Majority size: -1, State: 0, Mode: NON_LEADER, active raft config: opid_index: -1 OBSOLETE_local: false peers { permanent_uuid: "ccb81ff831f04220ba88d708f1d25b41" member_type: VOTER last_known_addr { host: "127.8.246.193" port: 36791 } } peers { permanent_uuid: "4067659184db4f8fa0cfb72650bf2d2f" member_type: VOTER last_known_addr { host: "127.8.246.194" port: 38583 } } peers { permanent_uuid: "9a6754797ab74ceda5f016cfcfcb8a9b" member_type: VOTER last_known_addr { host: "127.8.246.195" port: 41953 } }
I20260710 11:11:37.900986 10278 raft_consensus.cc:2468] T 52c96e077f4948a8855f0737591ce5d6 P ccb81ff831f04220ba88d708f1d25b41 [term 1 FOLLOWER]: Leader election vote request: Granting yes vote for candidate 9a6754797ab74ceda5f016cfcfcb8a9b in term 1.
I20260710 11:11:37.901830 10468 ts_tablet_manager.cc:1434] T d1e1e8b7e5624e6297c28faad60e38f3 P ccb81ff831f04220ba88d708f1d25b41: Time spent starting tablet: real 0.006s	user 0.002s	sys 0.003s
I20260710 11:11:37.902161 10391 leader_election.cc:304] T 52c96e077f4948a8855f0737591ce5d6 P 9a6754797ab74ceda5f016cfcfcb8a9b [CANDIDATE]: Term 1 election: Election decided. Result: candidate won. Election summary: received 2 responses out of 3 voters: 2 yes votes; 0 no votes. yes voters: 9a6754797ab74ceda5f016cfcfcb8a9b, ccb81ff831f04220ba88d708f1d25b41; no voters: 
I20260710 11:11:37.902961 10513 raft_consensus.cc:2804] T 52c96e077f4948a8855f0737591ce5d6 P 9a6754797ab74ceda5f016cfcfcb8a9b [term 1 FOLLOWER]: Leader election won for term 1
I20260710 11:11:37.903228 10512 leader_election.cc:290] T 52c96e077f4948a8855f0737591ce5d6 P 9a6754797ab74ceda5f016cfcfcb8a9b [CANDIDATE]: Term 1 election: Requested vote from peers ccb81ff831f04220ba88d708f1d25b41 (127.8.246.193:36791), 4067659184db4f8fa0cfb72650bf2d2f (127.8.246.194:38583)
I20260710 11:11:37.903451 10513 raft_consensus.cc:697] T 52c96e077f4948a8855f0737591ce5d6 P 9a6754797ab74ceda5f016cfcfcb8a9b [term 1 LEADER]: Becoming Leader. State: Replica: 9a6754797ab74ceda5f016cfcfcb8a9b, State: Running, Role: LEADER
I20260710 11:11:37.904917 10513 consensus_queue.cc:237] T 52c96e077f4948a8855f0737591ce5d6 P 9a6754797ab74ceda5f016cfcfcb8a9b [LEADER]: Queue going to LEADER mode. State: All replicated index: 0, Majority replicated index: 0, Committed index: 0, Last appended: 0.0, Last appended by leader: 0, Current term: 1, Majority size: 2, State: 0, Mode: LEADER, active raft config: opid_index: -1 OBSOLETE_local: false peers { permanent_uuid: "ccb81ff831f04220ba88d708f1d25b41" member_type: VOTER last_known_addr { host: "127.8.246.193" port: 36791 } } peers { permanent_uuid: "4067659184db4f8fa0cfb72650bf2d2f" member_type: VOTER last_known_addr { host: "127.8.246.194" port: 38583 } } peers { permanent_uuid: "9a6754797ab74ceda5f016cfcfcb8a9b" member_type: VOTER last_known_addr { host: "127.8.246.195" port: 41953 } }
I20260710 11:11:37.902972 10468 tablet_bootstrap.cc:492] T 0a03876d9f8d4169ae275019e3faa479 P ccb81ff831f04220ba88d708f1d25b41: Bootstrap starting.
I20260710 11:11:37.909557 10353 tablet_service.cc:1917] Received RequestConsensusVote() RPC: tablet_id: "52c96e077f4948a8855f0737591ce5d6" candidate_uuid: "9a6754797ab74ceda5f016cfcfcb8a9b" candidate_term: 1 candidate_status { last_received { term: 0 index: 0 } } ignore_live_leader: false dest_uuid: "4067659184db4f8fa0cfb72650bf2d2f"
W20260710 11:11:37.912082 10392 leader_election.cc:343] T 52c96e077f4948a8855f0737591ce5d6 P 9a6754797ab74ceda5f016cfcfcb8a9b [CANDIDATE]: Term 1 election: Tablet error from VoteRequest() call to peer 4067659184db4f8fa0cfb72650bf2d2f (127.8.246.194:38583): Illegal state: must be running to vote when last-logged opid is not known
I20260710 11:11:37.913537 10470 raft_consensus.cc:493] T 4138d3428003419ea02188d74efa5134 P ccb81ff831f04220ba88d708f1d25b41 [term 0 FOLLOWER]: Starting pre-election (no leader contacted us within the election timeout)
I20260710 11:11:37.914124 10470 raft_consensus.cc:515] T 4138d3428003419ea02188d74efa5134 P ccb81ff831f04220ba88d708f1d25b41 [term 0 FOLLOWER]: Starting pre-election with config: opid_index: -1 OBSOLETE_local: false peers { permanent_uuid: "ccb81ff831f04220ba88d708f1d25b41" member_type: VOTER last_known_addr { host: "127.8.246.193" port: 36791 } } peers { permanent_uuid: "4067659184db4f8fa0cfb72650bf2d2f" member_type: VOTER last_known_addr { host: "127.8.246.194" port: 38583 } } peers { permanent_uuid: "9a6754797ab74ceda5f016cfcfcb8a9b" member_type: VOTER last_known_addr { host: "127.8.246.195" port: 41953 } }
I20260710 11:11:37.918001 10353 tablet_service.cc:1917] Received RequestConsensusVote() RPC: tablet_id: "4138d3428003419ea02188d74efa5134" candidate_uuid: "ccb81ff831f04220ba88d708f1d25b41" candidate_term: 1 candidate_status { last_received { term: 0 index: 0 } } ignore_live_leader: false dest_uuid: "4067659184db4f8fa0cfb72650bf2d2f" is_pre_election: true
I20260710 11:11:37.918690 10353 raft_consensus.cc:2468] T 4138d3428003419ea02188d74efa5134 P 4067659184db4f8fa0cfb72650bf2d2f [term 0 FOLLOWER]: Leader pre-election vote request: Granting yes vote for candidate ccb81ff831f04220ba88d708f1d25b41 in term 0.
I20260710 11:11:37.919327 10471 tablet_bootstrap.cc:492] T cc875dd9b30b457cb7f37e704e901943 P 4067659184db4f8fa0cfb72650bf2d2f: No bootstrap required, opened a new log
I20260710 11:11:37.919868 10471 ts_tablet_manager.cc:1403] T cc875dd9b30b457cb7f37e704e901943 P 4067659184db4f8fa0cfb72650bf2d2f: Time spent bootstrapping tablet: real 0.044s	user 0.009s	sys 0.005s
I20260710 11:11:37.920053 10243 leader_election.cc:304] T 4138d3428003419ea02188d74efa5134 P ccb81ff831f04220ba88d708f1d25b41 [CANDIDATE]: Term 1 pre-election: Election decided. Result: candidate won. Election summary: received 2 responses out of 3 voters: 2 yes votes; 0 no votes. yes voters: 4067659184db4f8fa0cfb72650bf2d2f, ccb81ff831f04220ba88d708f1d25b41; no voters: 
I20260710 11:11:37.922988 10427 tablet_service.cc:1917] Received RequestConsensusVote() RPC: tablet_id: "4138d3428003419ea02188d74efa5134" candidate_uuid: "ccb81ff831f04220ba88d708f1d25b41" candidate_term: 1 candidate_status { last_received { term: 0 index: 0 } } ignore_live_leader: false dest_uuid: "9a6754797ab74ceda5f016cfcfcb8a9b" is_pre_election: true
I20260710 11:11:37.923566 10427 raft_consensus.cc:2468] T 4138d3428003419ea02188d74efa5134 P 9a6754797ab74ceda5f016cfcfcb8a9b [term 0 FOLLOWER]: Leader pre-election vote request: Granting yes vote for candidate ccb81ff831f04220ba88d708f1d25b41 in term 0.
I20260710 11:11:37.928857 10468 tablet_bootstrap.cc:654] T 0a03876d9f8d4169ae275019e3faa479 P ccb81ff831f04220ba88d708f1d25b41: Neither blocks nor log segments found. Creating new log.
I20260710 11:11:37.923843 10480 raft_consensus.cc:2804] T 4138d3428003419ea02188d74efa5134 P ccb81ff831f04220ba88d708f1d25b41 [term 0 FOLLOWER]: Leader pre-election won for term 1
I20260710 11:11:37.931176 10480 raft_consensus.cc:493] T 4138d3428003419ea02188d74efa5134 P ccb81ff831f04220ba88d708f1d25b41 [term 0 FOLLOWER]: Starting leader election (no leader contacted us within the election timeout)
I20260710 11:11:37.921828 10470 leader_election.cc:290] T 4138d3428003419ea02188d74efa5134 P ccb81ff831f04220ba88d708f1d25b41 [CANDIDATE]: Term 1 pre-election: Requested pre-vote from peers 4067659184db4f8fa0cfb72650bf2d2f (127.8.246.194:38583), 9a6754797ab74ceda5f016cfcfcb8a9b (127.8.246.195:41953)
I20260710 11:11:37.934692 10471 raft_consensus.cc:359] T cc875dd9b30b457cb7f37e704e901943 P 4067659184db4f8fa0cfb72650bf2d2f [term 0 FOLLOWER]: Replica starting. Triggering 0 pending ops. Active config: opid_index: -1 OBSOLETE_local: false peers { permanent_uuid: "ccb81ff831f04220ba88d708f1d25b41" member_type: VOTER last_known_addr { host: "127.8.246.193" port: 36791 } } peers { permanent_uuid: "4067659184db4f8fa0cfb72650bf2d2f" member_type: VOTER last_known_addr { host: "127.8.246.194" port: 38583 } } peers { permanent_uuid: "9a6754797ab74ceda5f016cfcfcb8a9b" member_type: VOTER last_known_addr { host: "127.8.246.195" port: 41953 } }
I20260710 11:11:37.935554 10471 raft_consensus.cc:385] T cc875dd9b30b457cb7f37e704e901943 P 4067659184db4f8fa0cfb72650bf2d2f [term 0 FOLLOWER]: Consensus starting up: Expiring failure detector timer to make a prompt election more likely
I20260710 11:11:37.935878 10471 raft_consensus.cc:740] T cc875dd9b30b457cb7f37e704e901943 P 4067659184db4f8fa0cfb72650bf2d2f [term 0 FOLLOWER]: Becoming Follower/Learner. State: Replica: 4067659184db4f8fa0cfb72650bf2d2f, State: Initialized, Role: FOLLOWER
I20260710 11:11:37.936722 10471 consensus_queue.cc:260] T cc875dd9b30b457cb7f37e704e901943 P 4067659184db4f8fa0cfb72650bf2d2f [NON_LEADER]: Queue going to NON_LEADER mode. State: All replicated index: 0, Majority replicated index: 0, Committed index: 0, Last appended: 0.0, Last appended by leader: 0, Current term: 0, Majority size: -1, State: 0, Mode: NON_LEADER, active raft config: opid_index: -1 OBSOLETE_local: false peers { permanent_uuid: "ccb81ff831f04220ba88d708f1d25b41" member_type: VOTER last_known_addr { host: "127.8.246.193" port: 36791 } } peers { permanent_uuid: "4067659184db4f8fa0cfb72650bf2d2f" member_type: VOTER last_known_addr { host: "127.8.246.194" port: 38583 } } peers { permanent_uuid: "9a6754797ab74ceda5f016cfcfcb8a9b" member_type: VOTER last_known_addr { host: "127.8.246.195" port: 41953 } }
I20260710 11:11:37.940640 10471 ts_tablet_manager.cc:1434] T cc875dd9b30b457cb7f37e704e901943 P 4067659184db4f8fa0cfb72650bf2d2f: Time spent starting tablet: real 0.020s	user 0.007s	sys 0.001s
I20260710 11:11:37.942132 10471 tablet_bootstrap.cc:492] T 52c96e077f4948a8855f0737591ce5d6 P 4067659184db4f8fa0cfb72650bf2d2f: Bootstrap starting.
I20260710 11:11:37.932906 10480 raft_consensus.cc:3060] T 4138d3428003419ea02188d74efa5134 P ccb81ff831f04220ba88d708f1d25b41 [term 0 FOLLOWER]: Advancing to term 1
I20260710 11:11:37.944943 10474 tablet_bootstrap.cc:492] T d128f8ec0599430b88bf0f553537fa92 P 9a6754797ab74ceda5f016cfcfcb8a9b: No bootstrap required, opened a new log
I20260710 11:11:37.947381 10470 consensus_queue.cc:1048] T 7d928fc880964d13a9ce456ec2e862dc P ccb81ff831f04220ba88d708f1d25b41 [LEADER]: Connected to new peer: Peer: permanent_uuid: "4067659184db4f8fa0cfb72650bf2d2f" member_type: VOTER last_known_addr { host: "127.8.246.194" port: 38583 }, Status: LMP_MISMATCH, Last received: 0.0, Next index: 1, Last known committed idx: 0, Time since last communication: 0.000s
I20260710 11:11:37.946244 10474 ts_tablet_manager.cc:1403] T d128f8ec0599430b88bf0f553537fa92 P 9a6754797ab74ceda5f016cfcfcb8a9b: Time spent bootstrapping tablet: real 0.069s	user 0.008s	sys 0.006s
I20260710 11:11:37.954861 10474 raft_consensus.cc:359] T d128f8ec0599430b88bf0f553537fa92 P 9a6754797ab74ceda5f016cfcfcb8a9b [term 0 FOLLOWER]: Replica starting. Triggering 0 pending ops. Active config: opid_index: -1 OBSOLETE_local: false peers { permanent_uuid: "ccb81ff831f04220ba88d708f1d25b41" member_type: VOTER last_known_addr { host: "127.8.246.193" port: 36791 } } peers { permanent_uuid: "4067659184db4f8fa0cfb72650bf2d2f" member_type: VOTER last_known_addr { host: "127.8.246.194" port: 38583 } } peers { permanent_uuid: "9a6754797ab74ceda5f016cfcfcb8a9b" member_type: VOTER last_known_addr { host: "127.8.246.195" port: 41953 } }
I20260710 11:11:37.957926 10474 raft_consensus.cc:385] T d128f8ec0599430b88bf0f553537fa92 P 9a6754797ab74ceda5f016cfcfcb8a9b [term 0 FOLLOWER]: Consensus starting up: Expiring failure detector timer to make a prompt election more likely
I20260710 11:11:37.957227 10175 catalog_manager.cc:5697] T 013cc6e1455e42aeab2ea8669971b283 P ccb81ff831f04220ba88d708f1d25b41 reported cstate change: term changed from 0 to 1, leader changed from <none> to ccb81ff831f04220ba88d708f1d25b41 (127.8.246.193). New cstate: current_term: 1 leader_uuid: "ccb81ff831f04220ba88d708f1d25b41" committed_config { opid_index: -1 OBSOLETE_local: false peers { permanent_uuid: "ccb81ff831f04220ba88d708f1d25b41" member_type: VOTER last_known_addr { host: "127.8.246.193" port: 36791 } health_report { overall_health: HEALTHY } } peers { permanent_uuid: "4067659184db4f8fa0cfb72650bf2d2f" member_type: VOTER last_known_addr { host: "127.8.246.194" port: 38583 } health_report { overall_health: UNKNOWN } } peers { permanent_uuid: "9a6754797ab74ceda5f016cfcfcb8a9b" member_type: VOTER last_known_addr { host: "127.8.246.195" port: 41953 } health_report { overall_health: UNKNOWN } } }
I20260710 11:11:37.951644 10478 raft_consensus.cc:493] T 9dc59d40c35f461c8f5f4940f5ff72b9 P 4067659184db4f8fa0cfb72650bf2d2f [term 0 FOLLOWER]: Starting pre-election (no leader contacted us within the election timeout)
I20260710 11:11:37.964478 10478 raft_consensus.cc:515] T 9dc59d40c35f461c8f5f4940f5ff72b9 P 4067659184db4f8fa0cfb72650bf2d2f [term 0 FOLLOWER]: Starting pre-election with config: opid_index: -1 OBSOLETE_local: false peers { permanent_uuid: "ccb81ff831f04220ba88d708f1d25b41" member_type: VOTER last_known_addr { host: "127.8.246.193" port: 36791 } } peers { permanent_uuid: "4067659184db4f8fa0cfb72650bf2d2f" member_type: VOTER last_known_addr { host: "127.8.246.194" port: 38583 } } peers { permanent_uuid: "9a6754797ab74ceda5f016cfcfcb8a9b" member_type: VOTER last_known_addr { host: "127.8.246.195" port: 41953 } }
I20260710 11:11:37.966353 10478 leader_election.cc:290] T 9dc59d40c35f461c8f5f4940f5ff72b9 P 4067659184db4f8fa0cfb72650bf2d2f [CANDIDATE]: Term 1 pre-election: Requested pre-vote from peers ccb81ff831f04220ba88d708f1d25b41 (127.8.246.193:36791), 9a6754797ab74ceda5f016cfcfcb8a9b (127.8.246.195:41953)
I20260710 11:11:37.968078 10278 tablet_service.cc:1917] Received RequestConsensusVote() RPC: tablet_id: "9dc59d40c35f461c8f5f4940f5ff72b9" candidate_uuid: "4067659184db4f8fa0cfb72650bf2d2f" candidate_term: 1 candidate_status { last_received { term: 0 index: 0 } } ignore_live_leader: false dest_uuid: "ccb81ff831f04220ba88d708f1d25b41" is_pre_election: true
I20260710 11:11:37.968688 10278 raft_consensus.cc:2468] T 9dc59d40c35f461c8f5f4940f5ff72b9 P ccb81ff831f04220ba88d708f1d25b41 [term 0 FOLLOWER]: Leader pre-election vote request: Granting yes vote for candidate 4067659184db4f8fa0cfb72650bf2d2f in term 0.
I20260710 11:11:37.969370 10174 catalog_manager.cc:5697] T 52c96e077f4948a8855f0737591ce5d6 P 9a6754797ab74ceda5f016cfcfcb8a9b reported cstate change: term changed from 0 to 1, leader changed from <none> to 9a6754797ab74ceda5f016cfcfcb8a9b (127.8.246.195). New cstate: current_term: 1 leader_uuid: "9a6754797ab74ceda5f016cfcfcb8a9b" committed_config { opid_index: -1 OBSOLETE_local: false peers { permanent_uuid: "ccb81ff831f04220ba88d708f1d25b41" member_type: VOTER last_known_addr { host: "127.8.246.193" port: 36791 } health_report { overall_health: UNKNOWN } } peers { permanent_uuid: "4067659184db4f8fa0cfb72650bf2d2f" member_type: VOTER last_known_addr { host: "127.8.246.194" port: 38583 } health_report { overall_health: UNKNOWN } } peers { permanent_uuid: "9a6754797ab74ceda5f016cfcfcb8a9b" member_type: VOTER last_known_addr { host: "127.8.246.195" port: 41953 } health_report { overall_health: HEALTHY } } }
I20260710 11:11:37.970031 10427 tablet_service.cc:1917] Received RequestConsensusVote() RPC: tablet_id: "9dc59d40c35f461c8f5f4940f5ff72b9" candidate_uuid: "4067659184db4f8fa0cfb72650bf2d2f" candidate_term: 1 candidate_status { last_received { term: 0 index: 0 } } ignore_live_leader: false dest_uuid: "9a6754797ab74ceda5f016cfcfcb8a9b" is_pre_election: true
W20260710 11:11:37.972223 10317 leader_election.cc:343] T 9dc59d40c35f461c8f5f4940f5ff72b9 P 4067659184db4f8fa0cfb72650bf2d2f [CANDIDATE]: Term 1 pre-election: Tablet error from VoteRequest() call to peer 9a6754797ab74ceda5f016cfcfcb8a9b (127.8.246.195:41953): Illegal state: must be running to vote when last-logged opid is not known
I20260710 11:11:37.972950 10317 leader_election.cc:304] T 9dc59d40c35f461c8f5f4940f5ff72b9 P 4067659184db4f8fa0cfb72650bf2d2f [CANDIDATE]: Term 1 pre-election: Election decided. Result: candidate won. Election summary: received 3 responses out of 3 voters: 2 yes votes; 1 no votes. yes voters: 4067659184db4f8fa0cfb72650bf2d2f, ccb81ff831f04220ba88d708f1d25b41; no voters: 9a6754797ab74ceda5f016cfcfcb8a9b
I20260710 11:11:37.973985 10478 raft_consensus.cc:2804] T 9dc59d40c35f461c8f5f4940f5ff72b9 P 4067659184db4f8fa0cfb72650bf2d2f [term 0 FOLLOWER]: Leader pre-election won for term 1
I20260710 11:11:37.974340 10478 raft_consensus.cc:493] T 9dc59d40c35f461c8f5f4940f5ff72b9 P 4067659184db4f8fa0cfb72650bf2d2f [term 0 FOLLOWER]: Starting leader election (no leader contacted us within the election timeout)
I20260710 11:11:37.974639 10478 raft_consensus.cc:3060] T 9dc59d40c35f461c8f5f4940f5ff72b9 P 4067659184db4f8fa0cfb72650bf2d2f [term 0 FOLLOWER]: Advancing to term 1
I20260710 11:11:37.978462 10474 raft_consensus.cc:740] T d128f8ec0599430b88bf0f553537fa92 P 9a6754797ab74ceda5f016cfcfcb8a9b [term 0 FOLLOWER]: Becoming Follower/Learner. State: Replica: 9a6754797ab74ceda5f016cfcfcb8a9b, State: Initialized, Role: FOLLOWER
I20260710 11:11:37.980233 10474 consensus_queue.cc:260] T d128f8ec0599430b88bf0f553537fa92 P 9a6754797ab74ceda5f016cfcfcb8a9b [NON_LEADER]: Queue going to NON_LEADER mode. State: All replicated index: 0, Majority replicated index: 0, Committed index: 0, Last appended: 0.0, Last appended by leader: 0, Current term: 0, Majority size: -1, State: 0, Mode: NON_LEADER, active raft config: opid_index: -1 OBSOLETE_local: false peers { permanent_uuid: "ccb81ff831f04220ba88d708f1d25b41" member_type: VOTER last_known_addr { host: "127.8.246.193" port: 36791 } } peers { permanent_uuid: "4067659184db4f8fa0cfb72650bf2d2f" member_type: VOTER last_known_addr { host: "127.8.246.194" port: 38583 } } peers { permanent_uuid: "9a6754797ab74ceda5f016cfcfcb8a9b" member_type: VOTER last_known_addr { host: "127.8.246.195" port: 41953 } }
I20260710 11:11:37.979696 10480 raft_consensus.cc:515] T 4138d3428003419ea02188d74efa5134 P ccb81ff831f04220ba88d708f1d25b41 [term 1 FOLLOWER]: Starting leader election with config: opid_index: -1 OBSOLETE_local: false peers { permanent_uuid: "ccb81ff831f04220ba88d708f1d25b41" member_type: VOTER last_known_addr { host: "127.8.246.193" port: 36791 } } peers { permanent_uuid: "4067659184db4f8fa0cfb72650bf2d2f" member_type: VOTER last_known_addr { host: "127.8.246.194" port: 38583 } } peers { permanent_uuid: "9a6754797ab74ceda5f016cfcfcb8a9b" member_type: VOTER last_known_addr { host: "127.8.246.195" port: 41953 } }
I20260710 11:11:37.983330 10468 tablet_bootstrap.cc:492] T 0a03876d9f8d4169ae275019e3faa479 P ccb81ff831f04220ba88d708f1d25b41: No bootstrap required, opened a new log
I20260710 11:11:37.983860 10468 ts_tablet_manager.cc:1403] T 0a03876d9f8d4169ae275019e3faa479 P ccb81ff831f04220ba88d708f1d25b41: Time spent bootstrapping tablet: real 0.081s	user 0.017s	sys 0.025s
I20260710 11:11:37.989115 10471 tablet_bootstrap.cc:654] T 52c96e077f4948a8855f0737591ce5d6 P 4067659184db4f8fa0cfb72650bf2d2f: Neither blocks nor log segments found. Creating new log.
I20260710 11:11:37.989346 10480 leader_election.cc:290] T 4138d3428003419ea02188d74efa5134 P ccb81ff831f04220ba88d708f1d25b41 [CANDIDATE]: Term 1 election: Requested vote from peers 4067659184db4f8fa0cfb72650bf2d2f (127.8.246.194:38583), 9a6754797ab74ceda5f016cfcfcb8a9b (127.8.246.195:41953)
I20260710 11:11:37.991581 10428 tablet_service.cc:1917] Received RequestConsensusVote() RPC: tablet_id: "4138d3428003419ea02188d74efa5134" candidate_uuid: "ccb81ff831f04220ba88d708f1d25b41" candidate_term: 1 candidate_status { last_received { term: 0 index: 0 } } ignore_live_leader: false dest_uuid: "9a6754797ab74ceda5f016cfcfcb8a9b"
I20260710 11:11:37.991844 10354 tablet_service.cc:1917] Received RequestConsensusVote() RPC: tablet_id: "4138d3428003419ea02188d74efa5134" candidate_uuid: "ccb81ff831f04220ba88d708f1d25b41" candidate_term: 1 candidate_status { last_received { term: 0 index: 0 } } ignore_live_leader: false dest_uuid: "4067659184db4f8fa0cfb72650bf2d2f"
I20260710 11:11:37.992215 10428 raft_consensus.cc:3060] T 4138d3428003419ea02188d74efa5134 P 9a6754797ab74ceda5f016cfcfcb8a9b [term 0 FOLLOWER]: Advancing to term 1
I20260710 11:11:37.992614 10354 raft_consensus.cc:3060] T 4138d3428003419ea02188d74efa5134 P 4067659184db4f8fa0cfb72650bf2d2f [term 0 FOLLOWER]: Advancing to term 1
