I20260710 11:11:42.163522 10782 raft_consensus.cc:2243] T 094337c6a145472da699afbe318a2bc4 P 4067659184db4f8fa0cfb72650bf2d2f [term 1 FOLLOWER]: Raft consensus shutting down.
I20260710 11:11:42.164247 10782 raft_consensus.cc:2272] T 094337c6a145472da699afbe318a2bc4 P 4067659184db4f8fa0cfb72650bf2d2f [term 1 FOLLOWER]: Raft consensus is shut down!
I20260710 11:11:42.163619 10781 tablet_replica.cc:333] T 5865c0d9a58c450bac5c7397f153a79b P 9a6754797ab74ceda5f016cfcfcb8a9b: stopping tablet replica
I20260710 11:11:42.165618 10781 raft_consensus.cc:2243] T 5865c0d9a58c450bac5c7397f153a79b P 9a6754797ab74ceda5f016cfcfcb8a9b [term 1 FOLLOWER]: Raft consensus shutting down.
I20260710 11:11:42.166311 10781 raft_consensus.cc:2272] T 5865c0d9a58c450bac5c7397f153a79b P 9a6754797ab74ceda5f016cfcfcb8a9b [term 1 FOLLOWER]: Raft consensus is shut down!
I20260710 11:11:42.167599 10782 ts_tablet_manager.cc:1916] T 094337c6a145472da699afbe318a2bc4 P 4067659184db4f8fa0cfb72650bf2d2f: Deleting tablet data with delete state TABLET_DATA_TOMBSTONED
I20260710 11:11:42.169459 10781 ts_tablet_manager.cc:1916] T 5865c0d9a58c450bac5c7397f153a79b P 9a6754797ab74ceda5f016cfcfcb8a9b: Deleting tablet data with delete state TABLET_DATA_TOMBSTONED
I20260710 11:11:42.183591 10781 ts_tablet_manager.cc:1929] T 5865c0d9a58c450bac5c7397f153a79b P 9a6754797ab74ceda5f016cfcfcb8a9b: tablet deleted with delete type TABLET_DATA_TOMBSTONED: last-logged OpId 1.3
I20260710 11:11:42.183964 10781 log.cc:1199] T 5865c0d9a58c450bac5c7397f153a79b P 9a6754797ab74ceda5f016cfcfcb8a9b: Deleting WAL directory at /tmp/dist-test-taskiAsjLm/test-tmp/auto_leader_rebalancer-test.0.LeaderRebalancerTest.AddTserver.1783681873239114-9179-0/minicluster-data/ts-2-root/wals/5865c0d9a58c450bac5c7397f153a79b
I20260710 11:11:42.184264 10782 ts_tablet_manager.cc:1929] T 094337c6a145472da699afbe318a2bc4 P 4067659184db4f8fa0cfb72650bf2d2f: tablet deleted with delete type TABLET_DATA_TOMBSTONED: last-logged OpId 1.3
I20260710 11:11:42.184665 10782 log.cc:1199] T 094337c6a145472da699afbe318a2bc4 P 4067659184db4f8fa0cfb72650bf2d2f: Deleting WAL directory at /tmp/dist-test-taskiAsjLm/test-tmp/auto_leader_rebalancer-test.0.LeaderRebalancerTest.AddTserver.1783681873239114-9179-0/minicluster-data/ts-1-root/wals/094337c6a145472da699afbe318a2bc4
I20260710 11:11:42.185460 10161 catalog_manager.cc:5028] TS 9a6754797ab74ceda5f016cfcfcb8a9b (127.8.246.195:41953): tablet 5865c0d9a58c450bac5c7397f153a79b (table test-workload [id=3577c24baa4c4c3ea20b9d75457d995a]) successfully deleted
I20260710 11:11:42.186098 10162 catalog_manager.cc:5028] TS 4067659184db4f8fa0cfb72650bf2d2f (127.8.246.194:38583): tablet 094337c6a145472da699afbe318a2bc4 (table test-workload [id=3577c24baa4c4c3ea20b9d75457d995a]) successfully deleted
I20260710 11:11:43.187000 10278 consensus_queue.cc:237] T 5c6c73d0be4c456a802487c9a7733fb1 P ccb81ff831f04220ba88d708f1d25b41 [LEADER]: Queue going to LEADER mode. State: All replicated index: 0, Majority replicated index: 1, Committed index: 1, Last appended: 1.1, Last appended by leader: 0, Current term: 1, Majority size: 2, State: 0, Mode: LEADER, active raft config: opid_index: 2 OBSOLETE_local: false peers { permanent_uuid: "ccb81ff831f04220ba88d708f1d25b41" member_type: VOTER last_known_addr { host: "127.8.246.193" port: 36791 } } peers { permanent_uuid: "4067659184db4f8fa0cfb72650bf2d2f" member_type: VOTER last_known_addr { host: "127.8.246.194" port: 38583 } } peers { permanent_uuid: "9a6754797ab74ceda5f016cfcfcb8a9b" member_type: VOTER last_known_addr { host: "127.8.246.195" port: 41953 } attrs { replace: true } } peers { permanent_uuid: "436eefe87e9e4224a42766aef604cc8d" member_type: NON_VOTER last_known_addr { host: "127.8.246.196" port: 43179 } attrs { promote: true } }
I20260710 11:11:43.192847 10353 raft_consensus.cc:1275] T 5c6c73d0be4c456a802487c9a7733fb1 P 4067659184db4f8fa0cfb72650bf2d2f [term 1 FOLLOWER]: Refusing update from remote peer ccb81ff831f04220ba88d708f1d25b41: Log matching property violated. Preceding OpId in replica: term: 1 index: 1. Preceding OpId from leader: term: 1 index: 2. (index mismatch)
I20260710 11:11:43.193549 10426 raft_consensus.cc:1275] T 5c6c73d0be4c456a802487c9a7733fb1 P 9a6754797ab74ceda5f016cfcfcb8a9b [term 1 FOLLOWER]: Refusing update from remote peer ccb81ff831f04220ba88d708f1d25b41: Log matching property violated. Preceding OpId in replica: term: 1 index: 1. Preceding OpId from leader: term: 1 index: 2. (index mismatch)
W20260710 11:11:43.192873 10242 consensus_peers.cc:597] T 5c6c73d0be4c456a802487c9a7733fb1 P ccb81ff831f04220ba88d708f1d25b41 -> Peer 436eefe87e9e4224a42766aef604cc8d (127.8.246.196:43179): Couldn't send request to peer 436eefe87e9e4224a42766aef604cc8d. Error code: TABLET_NOT_FOUND (6). Status: Not found: Tablet not found: 5c6c73d0be4c456a802487c9a7733fb1. This is attempt 1: this message will repeat every 5th retry.
I20260710 11:11:43.194157 10785 consensus_queue.cc:1048] T 5c6c73d0be4c456a802487c9a7733fb1 P ccb81ff831f04220ba88d708f1d25b41 [LEADER]: Connected to new peer: Peer: permanent_uuid: "4067659184db4f8fa0cfb72650bf2d2f" member_type: VOTER last_known_addr { host: "127.8.246.194" port: 38583 }, Status: LMP_MISMATCH, Last received: 0.0, Next index: 2, Last known committed idx: 1, Time since last communication: 0.000s
I20260710 11:11:43.194988 10600 consensus_queue.cc:1048] T 5c6c73d0be4c456a802487c9a7733fb1 P ccb81ff831f04220ba88d708f1d25b41 [LEADER]: Connected to new peer: Peer: permanent_uuid: "9a6754797ab74ceda5f016cfcfcb8a9b" member_type: VOTER last_known_addr { host: "127.8.246.195" port: 41953 } attrs { replace: true }, Status: LMP_MISMATCH, Last received: 0.0, Next index: 2, Last known committed idx: 1, Time since last communication: 0.000s
I20260710 11:11:43.201839 10783 raft_consensus.cc:2955] T 5c6c73d0be4c456a802487c9a7733fb1 P ccb81ff831f04220ba88d708f1d25b41 [term 1 LEADER]: Committing config change with OpId 1.2: config changed from index -1 to 2, NON_VOTER 436eefe87e9e4224a42766aef604cc8d (127.8.246.196) added. New config: { opid_index: 2 OBSOLETE_local: false peers { permanent_uuid: "ccb81ff831f04220ba88d708f1d25b41" member_type: VOTER last_known_addr { host: "127.8.246.193" port: 36791 } } peers { permanent_uuid: "4067659184db4f8fa0cfb72650bf2d2f" member_type: VOTER last_known_addr { host: "127.8.246.194" port: 38583 } } peers { permanent_uuid: "9a6754797ab74ceda5f016cfcfcb8a9b" member_type: VOTER last_known_addr { host: "127.8.246.195" port: 41953 } attrs { replace: true } } peers { permanent_uuid: "436eefe87e9e4224a42766aef604cc8d" member_type: NON_VOTER last_known_addr { host: "127.8.246.196" port: 43179 } attrs { promote: true } } }
I20260710 11:11:43.203233 10353 raft_consensus.cc:2955] T 5c6c73d0be4c456a802487c9a7733fb1 P 4067659184db4f8fa0cfb72650bf2d2f [term 1 FOLLOWER]: Committing config change with OpId 1.2: config changed from index -1 to 2, NON_VOTER 436eefe87e9e4224a42766aef604cc8d (127.8.246.196) added. New config: { opid_index: 2 OBSOLETE_local: false peers { permanent_uuid: "ccb81ff831f04220ba88d708f1d25b41" member_type: VOTER last_known_addr { host: "127.8.246.193" port: 36791 } } peers { permanent_uuid: "4067659184db4f8fa0cfb72650bf2d2f" member_type: VOTER last_known_addr { host: "127.8.246.194" port: 38583 } } peers { permanent_uuid: "9a6754797ab74ceda5f016cfcfcb8a9b" member_type: VOTER last_known_addr { host: "127.8.246.195" port: 41953 } attrs { replace: true } } peers { permanent_uuid: "436eefe87e9e4224a42766aef604cc8d" member_type: NON_VOTER last_known_addr { host: "127.8.246.196" port: 43179 } attrs { promote: true } } }
I20260710 11:11:43.205154 10426 raft_consensus.cc:2955] T 5c6c73d0be4c456a802487c9a7733fb1 P 9a6754797ab74ceda5f016cfcfcb8a9b [term 1 FOLLOWER]: Committing config change with OpId 1.2: config changed from index -1 to 2, NON_VOTER 436eefe87e9e4224a42766aef604cc8d (127.8.246.196) added. New config: { opid_index: 2 OBSOLETE_local: false peers { permanent_uuid: "ccb81ff831f04220ba88d708f1d25b41" member_type: VOTER last_known_addr { host: "127.8.246.193" port: 36791 } } peers { permanent_uuid: "4067659184db4f8fa0cfb72650bf2d2f" member_type: VOTER last_known_addr { host: "127.8.246.194" port: 38583 } } peers { permanent_uuid: "9a6754797ab74ceda5f016cfcfcb8a9b" member_type: VOTER last_known_addr { host: "127.8.246.195" port: 41953 } attrs { replace: true } } peers { permanent_uuid: "436eefe87e9e4224a42766aef604cc8d" member_type: NON_VOTER last_known_addr { host: "127.8.246.196" port: 43179 } attrs { promote: true } } }
I20260710 11:11:43.213739 10278 consensus_queue.cc:237] T 7d928fc880964d13a9ce456ec2e862dc P ccb81ff831f04220ba88d708f1d25b41 [LEADER]: Queue going to LEADER mode. State: All replicated index: 0, Majority replicated index: 1, Committed index: 1, Last appended: 1.1, Last appended by leader: 0, Current term: 1, Majority size: 2, State: 0, Mode: LEADER, active raft config: opid_index: 2 OBSOLETE_local: false peers { permanent_uuid: "ccb81ff831f04220ba88d708f1d25b41" member_type: VOTER last_known_addr { host: "127.8.246.193" port: 36791 } } peers { permanent_uuid: "4067659184db4f8fa0cfb72650bf2d2f" member_type: VOTER last_known_addr { host: "127.8.246.194" port: 38583 } attrs { replace: true } } peers { permanent_uuid: "9a6754797ab74ceda5f016cfcfcb8a9b" member_type: VOTER last_known_addr { host: "127.8.246.195" port: 41953 } } peers { permanent_uuid: "436eefe87e9e4224a42766aef604cc8d" member_type: NON_VOTER last_known_addr { host: "127.8.246.196" port: 43179 } attrs { promote: true } }
I20260710 11:11:43.214244 10176 catalog_manager.cc:5697] T 5c6c73d0be4c456a802487c9a7733fb1 P ccb81ff831f04220ba88d708f1d25b41 reported cstate change: config changed from index -1 to 2, NON_VOTER 436eefe87e9e4224a42766aef604cc8d (127.8.246.196) added. New cstate: current_term: 1 leader_uuid: "ccb81ff831f04220ba88d708f1d25b41" committed_config { opid_index: 2 OBSOLETE_local: false peers { permanent_uuid: "ccb81ff831f04220ba88d708f1d25b41" member_type: VOTER last_known_addr { host: "127.8.246.193" port: 36791 } health_report { overall_health: HEALTHY } } peers { permanent_uuid: "4067659184db4f8fa0cfb72650bf2d2f" member_type: VOTER last_known_addr { host: "127.8.246.194" port: 38583 } health_report { overall_health: HEALTHY } } peers { permanent_uuid: "9a6754797ab74ceda5f016cfcfcb8a9b" member_type: VOTER last_known_addr { host: "127.8.246.195" port: 41953 } attrs { replace: true } health_report { overall_health: HEALTHY } } peers { permanent_uuid: "436eefe87e9e4224a42766aef604cc8d" member_type: NON_VOTER last_known_addr { host: "127.8.246.196" port: 43179 } attrs { promote: true } health_report { overall_health: UNKNOWN } } }
I20260710 11:11:43.224423 10426 raft_consensus.cc:1275] T 7d928fc880964d13a9ce456ec2e862dc P 9a6754797ab74ceda5f016cfcfcb8a9b [term 1 FOLLOWER]: Refusing update from remote peer ccb81ff831f04220ba88d708f1d25b41: Log matching property violated. Preceding OpId in replica: term: 1 index: 1. Preceding OpId from leader: term: 1 index: 2. (index mismatch)
W20260710 11:11:43.225106 10242 consensus_peers.cc:597] T 7d928fc880964d13a9ce456ec2e862dc P ccb81ff831f04220ba88d708f1d25b41 -> Peer 436eefe87e9e4224a42766aef604cc8d (127.8.246.196:43179): Couldn't send request to peer 436eefe87e9e4224a42766aef604cc8d. Error code: TABLET_NOT_FOUND (6). Status: Not found: Tablet not found: 7d928fc880964d13a9ce456ec2e862dc. This is attempt 1: this message will repeat every 5th retry.
I20260710 11:11:43.229243 10783 consensus_queue.cc:1048] T 7d928fc880964d13a9ce456ec2e862dc P ccb81ff831f04220ba88d708f1d25b41 [LEADER]: Connected to new peer: Peer: permanent_uuid: "9a6754797ab74ceda5f016cfcfcb8a9b" member_type: VOTER last_known_addr { host: "127.8.246.195" port: 41953 }, Status: LMP_MISMATCH, Last received: 0.0, Next index: 2, Last known committed idx: 1, Time since last communication: 0.000s
I20260710 11:11:43.230552 10353 raft_consensus.cc:1275] T 7d928fc880964d13a9ce456ec2e862dc P 4067659184db4f8fa0cfb72650bf2d2f [term 1 FOLLOWER]: Refusing update from remote peer ccb81ff831f04220ba88d708f1d25b41: Log matching property violated. Preceding OpId in replica: term: 1 index: 1. Preceding OpId from leader: term: 1 index: 2. (index mismatch)
I20260710 11:11:43.232219 10785 consensus_queue.cc:1048] T 7d928fc880964d13a9ce456ec2e862dc P ccb81ff831f04220ba88d708f1d25b41 [LEADER]: Connected to new peer: Peer: permanent_uuid: "4067659184db4f8fa0cfb72650bf2d2f" member_type: VOTER last_known_addr { host: "127.8.246.194" port: 38583 } attrs { replace: true }, Status: LMP_MISMATCH, Last received: 0.0, Next index: 2, Last known committed idx: 1, Time since last communication: 0.001s
I20260710 11:11:43.242054 10600 raft_consensus.cc:2955] T 7d928fc880964d13a9ce456ec2e862dc P ccb81ff831f04220ba88d708f1d25b41 [term 1 LEADER]: Committing config change with OpId 1.2: config changed from index -1 to 2, NON_VOTER 436eefe87e9e4224a42766aef604cc8d (127.8.246.196) added. New config: { opid_index: 2 OBSOLETE_local: false peers { permanent_uuid: "ccb81ff831f04220ba88d708f1d25b41" member_type: VOTER last_known_addr { host: "127.8.246.193" port: 36791 } } peers { permanent_uuid: "4067659184db4f8fa0cfb72650bf2d2f" member_type: VOTER last_known_addr { host: "127.8.246.194" port: 38583 } attrs { replace: true } } peers { permanent_uuid: "9a6754797ab74ceda5f016cfcfcb8a9b" member_type: VOTER last_known_addr { host: "127.8.246.195" port: 41953 } } peers { permanent_uuid: "436eefe87e9e4224a42766aef604cc8d" member_type: NON_VOTER last_known_addr { host: "127.8.246.196" port: 43179 } attrs { promote: true } } }
I20260710 11:11:43.243613 10426 raft_consensus.cc:2955] T 7d928fc880964d13a9ce456ec2e862dc P 9a6754797ab74ceda5f016cfcfcb8a9b [term 1 FOLLOWER]: Committing config change with OpId 1.2: config changed from index -1 to 2, NON_VOTER 436eefe87e9e4224a42766aef604cc8d (127.8.246.196) added. New config: { opid_index: 2 OBSOLETE_local: false peers { permanent_uuid: "ccb81ff831f04220ba88d708f1d25b41" member_type: VOTER last_known_addr { host: "127.8.246.193" port: 36791 } } peers { permanent_uuid: "4067659184db4f8fa0cfb72650bf2d2f" member_type: VOTER last_known_addr { host: "127.8.246.194" port: 38583 } attrs { replace: true } } peers { permanent_uuid: "9a6754797ab74ceda5f016cfcfcb8a9b" member_type: VOTER last_known_addr { host: "127.8.246.195" port: 41953 } } peers { permanent_uuid: "436eefe87e9e4224a42766aef604cc8d" member_type: NON_VOTER last_known_addr { host: "127.8.246.196" port: 43179 } attrs { promote: true } } }
I20260710 11:11:43.250959 10353 raft_consensus.cc:2955] T 7d928fc880964d13a9ce456ec2e862dc P 4067659184db4f8fa0cfb72650bf2d2f [term 1 FOLLOWER]: Committing config change with OpId 1.2: config changed from index -1 to 2, NON_VOTER 436eefe87e9e4224a42766aef604cc8d (127.8.246.196) added. New config: { opid_index: 2 OBSOLETE_local: false peers { permanent_uuid: "ccb81ff831f04220ba88d708f1d25b41" member_type: VOTER last_known_addr { host: "127.8.246.193" port: 36791 } } peers { permanent_uuid: "4067659184db4f8fa0cfb72650bf2d2f" member_type: VOTER last_known_addr { host: "127.8.246.194" port: 38583 } attrs { replace: true } } peers { permanent_uuid: "9a6754797ab74ceda5f016cfcfcb8a9b" member_type: VOTER last_known_addr { host: "127.8.246.195" port: 41953 } } peers { permanent_uuid: "436eefe87e9e4224a42766aef604cc8d" member_type: NON_VOTER last_known_addr { host: "127.8.246.196" port: 43179 } attrs { promote: true } } }
I20260710 11:11:43.254449 10279 consensus_queue.cc:237] T 810f201d16e944f4a1cb149b17c4d7c1 P ccb81ff831f04220ba88d708f1d25b41 [LEADER]: Queue going to LEADER mode. State: All replicated index: 0, Majority replicated index: 1, Committed index: 1, Last appended: 1.1, Last appended by leader: 0, Current term: 1, Majority size: 2, State: 0, Mode: LEADER, active raft config: opid_index: 2 OBSOLETE_local: false peers { permanent_uuid: "ccb81ff831f04220ba88d708f1d25b41" member_type: VOTER last_known_addr { host: "127.8.246.193" port: 36791 } } peers { permanent_uuid: "4067659184db4f8fa0cfb72650bf2d2f" member_type: VOTER last_known_addr { host: "127.8.246.194" port: 38583 } attrs { replace: true } } peers { permanent_uuid: "9a6754797ab74ceda5f016cfcfcb8a9b" member_type: VOTER last_known_addr { host: "127.8.246.195" port: 41953 } } peers { permanent_uuid: "436eefe87e9e4224a42766aef604cc8d" member_type: NON_VOTER last_known_addr { host: "127.8.246.196" port: 43179 } attrs { promote: true } }
I20260710 11:11:43.256775 10176 catalog_manager.cc:5697] T 7d928fc880964d13a9ce456ec2e862dc P ccb81ff831f04220ba88d708f1d25b41 reported cstate change: config changed from index -1 to 2, NON_VOTER 436eefe87e9e4224a42766aef604cc8d (127.8.246.196) added. New cstate: current_term: 1 leader_uuid: "ccb81ff831f04220ba88d708f1d25b41" committed_config { opid_index: 2 OBSOLETE_local: false peers { permanent_uuid: "ccb81ff831f04220ba88d708f1d25b41" member_type: VOTER last_known_addr { host: "127.8.246.193" port: 36791 } health_report { overall_health: HEALTHY } } peers { permanent_uuid: "4067659184db4f8fa0cfb72650bf2d2f" member_type: VOTER last_known_addr { host: "127.8.246.194" port: 38583 } attrs { replace: true } health_report { overall_health: HEALTHY } } peers { permanent_uuid: "9a6754797ab74ceda5f016cfcfcb8a9b" member_type: VOTER last_known_addr { host: "127.8.246.195" port: 41953 } health_report { overall_health: HEALTHY } } peers { permanent_uuid: "436eefe87e9e4224a42766aef604cc8d" member_type: NON_VOTER last_known_addr { host: "127.8.246.196" port: 43179 } attrs { promote: true } health_report { overall_health: UNKNOWN } } }
W20260710 11:11:43.262166 10242 consensus_peers.cc:597] T 810f201d16e944f4a1cb149b17c4d7c1 P ccb81ff831f04220ba88d708f1d25b41 -> Peer 436eefe87e9e4224a42766aef604cc8d (127.8.246.196:43179): Couldn't send request to peer 436eefe87e9e4224a42766aef604cc8d. Error code: TABLET_NOT_FOUND (6). Status: Not found: Tablet not found: 810f201d16e944f4a1cb149b17c4d7c1. This is attempt 1: this message will repeat every 5th retry.
I20260710 11:11:43.262326 10353 raft_consensus.cc:1275] T 810f201d16e944f4a1cb149b17c4d7c1 P 4067659184db4f8fa0cfb72650bf2d2f [term 1 FOLLOWER]: Refusing update from remote peer ccb81ff831f04220ba88d708f1d25b41: Log matching property violated. Preceding OpId in replica: term: 1 index: 1. Preceding OpId from leader: term: 1 index: 2. (index mismatch)
I20260710 11:11:43.263640 10783 consensus_queue.cc:1048] T 810f201d16e944f4a1cb149b17c4d7c1 P ccb81ff831f04220ba88d708f1d25b41 [LEADER]: Connected to new peer: Peer: permanent_uuid: "4067659184db4f8fa0cfb72650bf2d2f" member_type: VOTER last_known_addr { host: "127.8.246.194" port: 38583 } attrs { replace: true }, Status: LMP_MISMATCH, Last received: 0.0, Next index: 2, Last known committed idx: 1, Time since last communication: 0.000s
I20260710 11:11:43.263890 10426 raft_consensus.cc:1275] T 810f201d16e944f4a1cb149b17c4d7c1 P 9a6754797ab74ceda5f016cfcfcb8a9b [term 1 FOLLOWER]: Refusing update from remote peer ccb81ff831f04220ba88d708f1d25b41: Log matching property violated. Preceding OpId in replica: term: 1 index: 1. Preceding OpId from leader: term: 1 index: 2. (index mismatch)
I20260710 11:11:43.265439 10600 consensus_queue.cc:1048] T 810f201d16e944f4a1cb149b17c4d7c1 P ccb81ff831f04220ba88d708f1d25b41 [LEADER]: Connected to new peer: Peer: permanent_uuid: "9a6754797ab74ceda5f016cfcfcb8a9b" member_type: VOTER last_known_addr { host: "127.8.246.195" port: 41953 }, Status: LMP_MISMATCH, Last received: 0.0, Next index: 2, Last known committed idx: 1, Time since last communication: 0.000s
I20260710 11:11:43.272650 10785 raft_consensus.cc:2955] T 810f201d16e944f4a1cb149b17c4d7c1 P ccb81ff831f04220ba88d708f1d25b41 [term 1 LEADER]: Committing config change with OpId 1.2: config changed from index -1 to 2, NON_VOTER 436eefe87e9e4224a42766aef604cc8d (127.8.246.196) added. New config: { opid_index: 2 OBSOLETE_local: false peers { permanent_uuid: "ccb81ff831f04220ba88d708f1d25b41" member_type: VOTER last_known_addr { host: "127.8.246.193" port: 36791 } } peers { permanent_uuid: "4067659184db4f8fa0cfb72650bf2d2f" member_type: VOTER last_known_addr { host: "127.8.246.194" port: 38583 } attrs { replace: true } } peers { permanent_uuid: "9a6754797ab74ceda5f016cfcfcb8a9b" member_type: VOTER last_known_addr { host: "127.8.246.195" port: 41953 } } peers { permanent_uuid: "436eefe87e9e4224a42766aef604cc8d" member_type: NON_VOTER last_known_addr { host: "127.8.246.196" port: 43179 } attrs { promote: true } } }
I20260710 11:11:43.276846 10426 raft_consensus.cc:2955] T 810f201d16e944f4a1cb149b17c4d7c1 P 9a6754797ab74ceda5f016cfcfcb8a9b [term 1 FOLLOWER]: Committing config change with OpId 1.2: config changed from index -1 to 2, NON_VOTER 436eefe87e9e4224a42766aef604cc8d (127.8.246.196) added. New config: { opid_index: 2 OBSOLETE_local: false peers { permanent_uuid: "ccb81ff831f04220ba88d708f1d25b41" member_type: VOTER last_known_addr { host: "127.8.246.193" port: 36791 } } peers { permanent_uuid: "4067659184db4f8fa0cfb72650bf2d2f" member_type: VOTER last_known_addr { host: "127.8.246.194" port: 38583 } attrs { replace: true } } peers { permanent_uuid: "9a6754797ab74ceda5f016cfcfcb8a9b" member_type: VOTER last_known_addr { host: "127.8.246.195" port: 41953 } } peers { permanent_uuid: "436eefe87e9e4224a42766aef604cc8d" member_type: NON_VOTER last_known_addr { host: "127.8.246.196" port: 43179 } attrs { promote: true } } }
I20260710 11:11:43.276948 10353 raft_consensus.cc:2955] T 810f201d16e944f4a1cb149b17c4d7c1 P 4067659184db4f8fa0cfb72650bf2d2f [term 1 FOLLOWER]: Committing config change with OpId 1.2: config changed from index -1 to 2, NON_VOTER 436eefe87e9e4224a42766aef604cc8d (127.8.246.196) added. New config: { opid_index: 2 OBSOLETE_local: false peers { permanent_uuid: "ccb81ff831f04220ba88d708f1d25b41" member_type: VOTER last_known_addr { host: "127.8.246.193" port: 36791 } } peers { permanent_uuid: "4067659184db4f8fa0cfb72650bf2d2f" member_type: VOTER last_known_addr { host: "127.8.246.194" port: 38583 } attrs { replace: true } } peers { permanent_uuid: "9a6754797ab74ceda5f016cfcfcb8a9b" member_type: VOTER last_known_addr { host: "127.8.246.195" port: 41953 } } peers { permanent_uuid: "436eefe87e9e4224a42766aef604cc8d" member_type: NON_VOTER last_known_addr { host: "127.8.246.196" port: 43179 } attrs { promote: true } } }
I20260710 11:11:43.288262 10176 catalog_manager.cc:5697] T 810f201d16e944f4a1cb149b17c4d7c1 P 4067659184db4f8fa0cfb72650bf2d2f reported cstate change: config changed from index -1 to 2, NON_VOTER 436eefe87e9e4224a42766aef604cc8d (127.8.246.196) added. New cstate: current_term: 1 leader_uuid: "ccb81ff831f04220ba88d708f1d25b41" committed_config { opid_index: 2 OBSOLETE_local: false peers { permanent_uuid: "ccb81ff831f04220ba88d708f1d25b41" member_type: VOTER last_known_addr { host: "127.8.246.193" port: 36791 } } peers { permanent_uuid: "4067659184db4f8fa0cfb72650bf2d2f" member_type: VOTER last_known_addr { host: "127.8.246.194" port: 38583 } attrs { replace: true } } peers { permanent_uuid: "9a6754797ab74ceda5f016cfcfcb8a9b" member_type: VOTER last_known_addr { host: "127.8.246.195" port: 41953 } } peers { permanent_uuid: "436eefe87e9e4224a42766aef604cc8d" member_type: NON_VOTER last_known_addr { host: "127.8.246.196" port: 43179 } attrs { promote: true } } }
I20260710 11:11:43.293828 10279 consensus_queue.cc:237] T d128f8ec0599430b88bf0f553537fa92 P ccb81ff831f04220ba88d708f1d25b41 [LEADER]: Queue going to LEADER mode. State: All replicated index: 0, Majority replicated index: 1, Committed index: 1, Last appended: 1.1, Last appended by leader: 0, Current term: 1, Majority size: 2, State: 0, Mode: LEADER, active raft config: opid_index: 2 OBSOLETE_local: false peers { permanent_uuid: "ccb81ff831f04220ba88d708f1d25b41" member_type: VOTER last_known_addr { host: "127.8.246.193" port: 36791 } } peers { permanent_uuid: "4067659184db4f8fa0cfb72650bf2d2f" member_type: VOTER last_known_addr { host: "127.8.246.194" port: 38583 } } peers { permanent_uuid: "9a6754797ab74ceda5f016cfcfcb8a9b" member_type: VOTER last_known_addr { host: "127.8.246.195" port: 41953 } attrs { replace: true } } peers { permanent_uuid: "436eefe87e9e4224a42766aef604cc8d" member_type: NON_VOTER last_known_addr { host: "127.8.246.196" port: 43179 } attrs { promote: true } }
I20260710 11:11:43.302647 10353 raft_consensus.cc:1275] T d128f8ec0599430b88bf0f553537fa92 P 4067659184db4f8fa0cfb72650bf2d2f [term 1 FOLLOWER]: Refusing update from remote peer ccb81ff831f04220ba88d708f1d25b41: Log matching property violated. Preceding OpId in replica: term: 1 index: 1. Preceding OpId from leader: term: 1 index: 2. (index mismatch)
I20260710 11:11:43.302685 10426 raft_consensus.cc:1275] T d128f8ec0599430b88bf0f553537fa92 P 9a6754797ab74ceda5f016cfcfcb8a9b [term 1 FOLLOWER]: Refusing update from remote peer ccb81ff831f04220ba88d708f1d25b41: Log matching property violated. Preceding OpId in replica: term: 1 index: 1. Preceding OpId from leader: term: 1 index: 2. (index mismatch)
W20260710 11:11:43.303150 10242 consensus_peers.cc:597] T d128f8ec0599430b88bf0f553537fa92 P ccb81ff831f04220ba88d708f1d25b41 -> Peer 436eefe87e9e4224a42766aef604cc8d (127.8.246.196:43179): Couldn't send request to peer 436eefe87e9e4224a42766aef604cc8d. Error code: TABLET_NOT_FOUND (6). Status: Not found: Tablet not found: d128f8ec0599430b88bf0f553537fa92. This is attempt 1: this message will repeat every 5th retry.
I20260710 11:11:43.307155 10600 consensus_queue.cc:1048] T d128f8ec0599430b88bf0f553537fa92 P ccb81ff831f04220ba88d708f1d25b41 [LEADER]: Connected to new peer: Peer: permanent_uuid: "4067659184db4f8fa0cfb72650bf2d2f" member_type: VOTER last_known_addr { host: "127.8.246.194" port: 38583 }, Status: LMP_MISMATCH, Last received: 0.0, Next index: 2, Last known committed idx: 1, Time since last communication: 0.000s
I20260710 11:11:43.307761 10798 consensus_queue.cc:1048] T d128f8ec0599430b88bf0f553537fa92 P ccb81ff831f04220ba88d708f1d25b41 [LEADER]: Connected to new peer: Peer: permanent_uuid: "9a6754797ab74ceda5f016cfcfcb8a9b" member_type: VOTER last_known_addr { host: "127.8.246.195" port: 41953 } attrs { replace: true }, Status: LMP_MISMATCH, Last received: 0.0, Next index: 2, Last known committed idx: 1, Time since last communication: 0.000s
I20260710 11:11:43.314076 10600 raft_consensus.cc:2955] T d128f8ec0599430b88bf0f553537fa92 P ccb81ff831f04220ba88d708f1d25b41 [term 1 LEADER]: Committing config change with OpId 1.2: config changed from index -1 to 2, NON_VOTER 436eefe87e9e4224a42766aef604cc8d (127.8.246.196) added. New config: { opid_index: 2 OBSOLETE_local: false peers { permanent_uuid: "ccb81ff831f04220ba88d708f1d25b41" member_type: VOTER last_known_addr { host: "127.8.246.193" port: 36791 } } peers { permanent_uuid: "4067659184db4f8fa0cfb72650bf2d2f" member_type: VOTER last_known_addr { host: "127.8.246.194" port: 38583 } } peers { permanent_uuid: "9a6754797ab74ceda5f016cfcfcb8a9b" member_type: VOTER last_known_addr { host: "127.8.246.195" port: 41953 } attrs { replace: true } } peers { permanent_uuid: "436eefe87e9e4224a42766aef604cc8d" member_type: NON_VOTER last_known_addr { host: "127.8.246.196" port: 43179 } attrs { promote: true } } }
I20260710 11:11:43.315790 10353 raft_consensus.cc:2955] T d128f8ec0599430b88bf0f553537fa92 P 4067659184db4f8fa0cfb72650bf2d2f [term 1 FOLLOWER]: Committing config change with OpId 1.2: config changed from index -1 to 2, NON_VOTER 436eefe87e9e4224a42766aef604cc8d (127.8.246.196) added. New config: { opid_index: 2 OBSOLETE_local: false peers { permanent_uuid: "ccb81ff831f04220ba88d708f1d25b41" member_type: VOTER last_known_addr { host: "127.8.246.193" port: 36791 } } peers { permanent_uuid: "4067659184db4f8fa0cfb72650bf2d2f" member_type: VOTER last_known_addr { host: "127.8.246.194" port: 38583 } } peers { permanent_uuid: "9a6754797ab74ceda5f016cfcfcb8a9b" member_type: VOTER last_known_addr { host: "127.8.246.195" port: 41953 } attrs { replace: true } } peers { permanent_uuid: "436eefe87e9e4224a42766aef604cc8d" member_type: NON_VOTER last_known_addr { host: "127.8.246.196" port: 43179 } attrs { promote: true } } }
I20260710 11:11:43.320523 10426 raft_consensus.cc:2955] T d128f8ec0599430b88bf0f553537fa92 P 9a6754797ab74ceda5f016cfcfcb8a9b [term 1 FOLLOWER]: Committing config change with OpId 1.2: config changed from index -1 to 2, NON_VOTER 436eefe87e9e4224a42766aef604cc8d (127.8.246.196) added. New config: { opid_index: 2 OBSOLETE_local: false peers { permanent_uuid: "ccb81ff831f04220ba88d708f1d25b41" member_type: VOTER last_known_addr { host: "127.8.246.193" port: 36791 } } peers { permanent_uuid: "4067659184db4f8fa0cfb72650bf2d2f" member_type: VOTER last_known_addr { host: "127.8.246.194" port: 38583 } } peers { permanent_uuid: "9a6754797ab74ceda5f016cfcfcb8a9b" member_type: VOTER last_known_addr { host: "127.8.246.195" port: 41953 } attrs { replace: true } } peers { permanent_uuid: "436eefe87e9e4224a42766aef604cc8d" member_type: NON_VOTER last_known_addr { host: "127.8.246.196" port: 43179 } attrs { promote: true } } }
I20260710 11:11:43.327982 10173 catalog_manager.cc:5697] T d128f8ec0599430b88bf0f553537fa92 P 4067659184db4f8fa0cfb72650bf2d2f reported cstate change: config changed from index -1 to 2, NON_VOTER 436eefe87e9e4224a42766aef604cc8d (127.8.246.196) added. New cstate: current_term: 1 leader_uuid: "ccb81ff831f04220ba88d708f1d25b41" committed_config { opid_index: 2 OBSOLETE_local: false peers { permanent_uuid: "ccb81ff831f04220ba88d708f1d25b41" member_type: VOTER last_known_addr { host: "127.8.246.193" port: 36791 } } peers { permanent_uuid: "4067659184db4f8fa0cfb72650bf2d2f" member_type: VOTER last_known_addr { host: "127.8.246.194" port: 38583 } } peers { permanent_uuid: "9a6754797ab74ceda5f016cfcfcb8a9b" member_type: VOTER last_known_addr { host: "127.8.246.195" port: 41953 } attrs { replace: true } } peers { permanent_uuid: "436eefe87e9e4224a42766aef604cc8d" member_type: NON_VOTER last_known_addr { host: "127.8.246.196" port: 43179 } attrs { promote: true } } }
I20260710 11:11:43.632108 10804 ts_tablet_manager.cc:933] T 7d928fc880964d13a9ce456ec2e862dc P 436eefe87e9e4224a42766aef604cc8d: Initiating tablet copy from peer ccb81ff831f04220ba88d708f1d25b41 (127.8.246.193:36791)
I20260710 11:11:43.634804 10804 tablet_copy_client.cc:323] T 7d928fc880964d13a9ce456ec2e862dc P 436eefe87e9e4224a42766aef604cc8d: tablet copy: Beginning tablet copy session from remote peer at address 127.8.246.193:36791
I20260710 11:11:43.636750 10289 tablet_copy_service.cc:140] P ccb81ff831f04220ba88d708f1d25b41: Received BeginTabletCopySession request for tablet 7d928fc880964d13a9ce456ec2e862dc from peer 436eefe87e9e4224a42766aef604cc8d ({username='slave'} at 127.0.0.1:57946)
I20260710 11:11:43.637310 10289 tablet_copy_service.cc:161] P ccb81ff831f04220ba88d708f1d25b41: Beginning new tablet copy session on tablet 7d928fc880964d13a9ce456ec2e862dc from peer 436eefe87e9e4224a42766aef604cc8d at {username='slave'} at 127.0.0.1:57946: session id = 436eefe87e9e4224a42766aef604cc8d-7d928fc880964d13a9ce456ec2e862dc
I20260710 11:11:43.646796 10289 tablet_copy_source_session.cc:215] T 7d928fc880964d13a9ce456ec2e862dc P ccb81ff831f04220ba88d708f1d25b41: Tablet Copy: opened 0 blocks and 1 log segments
I20260710 11:11:43.649963 10804 data_dirs.cc:400] Could only allocate 1 dirs of requested 3 for tablet 7d928fc880964d13a9ce456ec2e862dc. 1 dirs total, 0 dirs full, 0 dirs failed
I20260710 11:11:43.667279 10804 tablet_copy_client.cc:806] T 7d928fc880964d13a9ce456ec2e862dc P 436eefe87e9e4224a42766aef604cc8d: tablet copy: Starting download of 0 data blocks...
I20260710 11:11:43.667949 10804 tablet_copy_client.cc:670] T 7d928fc880964d13a9ce456ec2e862dc P 436eefe87e9e4224a42766aef604cc8d: tablet copy: Starting download of 1 WAL segments...
I20260710 11:11:43.672976 10804 tablet_copy_client.cc:538] T 7d928fc880964d13a9ce456ec2e862dc P 436eefe87e9e4224a42766aef604cc8d: tablet copy: Tablet Copy complete. Replacing tablet superblock.
I20260710 11:11:43.680909 10804 tablet_bootstrap.cc:492] T 7d928fc880964d13a9ce456ec2e862dc P 436eefe87e9e4224a42766aef604cc8d: Bootstrap starting.
I20260710 11:11:43.696942 10806 ts_tablet_manager.cc:933] T 810f201d16e944f4a1cb149b17c4d7c1 P 436eefe87e9e4224a42766aef604cc8d: Initiating tablet copy from peer ccb81ff831f04220ba88d708f1d25b41 (127.8.246.193:36791)
I20260710 11:11:43.698982 10806 tablet_copy_client.cc:323] T 810f201d16e944f4a1cb149b17c4d7c1 P 436eefe87e9e4224a42766aef604cc8d: tablet copy: Beginning tablet copy session from remote peer at address 127.8.246.193:36791
I20260710 11:11:43.700531 10289 tablet_copy_service.cc:140] P ccb81ff831f04220ba88d708f1d25b41: Received BeginTabletCopySession request for tablet 810f201d16e944f4a1cb149b17c4d7c1 from peer 436eefe87e9e4224a42766aef604cc8d ({username='slave'} at 127.0.0.1:57946)
I20260710 11:11:43.701085 10289 tablet_copy_service.cc:161] P ccb81ff831f04220ba88d708f1d25b41: Beginning new tablet copy session on tablet 810f201d16e944f4a1cb149b17c4d7c1 from peer 436eefe87e9e4224a42766aef604cc8d at {username='slave'} at 127.0.0.1:57946: session id = 436eefe87e9e4224a42766aef604cc8d-810f201d16e944f4a1cb149b17c4d7c1
I20260710 11:11:43.701341 10804 tablet_bootstrap.cc:492] T 7d928fc880964d13a9ce456ec2e862dc P 436eefe87e9e4224a42766aef604cc8d: Bootstrap replayed 1/1 log segments. Stats: ops{read=2 overwritten=0 applied=2 ignored=0} inserts{seen=0 ignored=0} mutations{seen=0 ignored=0} orphaned_commits=0. Pending: 0 replicates
I20260710 11:11:43.702229 10804 tablet_bootstrap.cc:492] T 7d928fc880964d13a9ce456ec2e862dc P 436eefe87e9e4224a42766aef604cc8d: Bootstrap complete.
I20260710 11:11:43.702904 10804 ts_tablet_manager.cc:1403] T 7d928fc880964d13a9ce456ec2e862dc P 436eefe87e9e4224a42766aef604cc8d: Time spent bootstrapping tablet: real 0.022s	user 0.014s	sys 0.005s
I20260710 11:11:43.706416 10804 raft_consensus.cc:359] T 7d928fc880964d13a9ce456ec2e862dc P 436eefe87e9e4224a42766aef604cc8d [term 1 LEARNER]: Replica starting. Triggering 0 pending ops. Active config: opid_index: 2 OBSOLETE_local: false peers { permanent_uuid: "ccb81ff831f04220ba88d708f1d25b41" member_type: VOTER last_known_addr { host: "127.8.246.193" port: 36791 } } peers { permanent_uuid: "4067659184db4f8fa0cfb72650bf2d2f" member_type: VOTER last_known_addr { host: "127.8.246.194" port: 38583 } attrs { replace: true } } peers { permanent_uuid: "9a6754797ab74ceda5f016cfcfcb8a9b" member_type: VOTER last_known_addr { host: "127.8.246.195" port: 41953 } } peers { permanent_uuid: "436eefe87e9e4224a42766aef604cc8d" member_type: NON_VOTER last_known_addr { host: "127.8.246.196" port: 43179 } attrs { promote: true } }
I20260710 11:11:43.707669 10804 raft_consensus.cc:740] T 7d928fc880964d13a9ce456ec2e862dc P 436eefe87e9e4224a42766aef604cc8d [term 1 LEARNER]: Becoming Follower/Learner. State: Replica: 436eefe87e9e4224a42766aef604cc8d, State: Initialized, Role: LEARNER
I20260710 11:11:43.708349 10804 consensus_queue.cc:260] T 7d928fc880964d13a9ce456ec2e862dc P 436eefe87e9e4224a42766aef604cc8d [NON_LEADER]: Queue going to NON_LEADER mode. State: All replicated index: 0, Majority replicated index: 0, Committed index: 2, Last appended: 1.2, Last appended by leader: 2, Current term: 0, Majority size: -1, State: 0, Mode: NON_LEADER, active raft config: opid_index: 2 OBSOLETE_local: false peers { permanent_uuid: "ccb81ff831f04220ba88d708f1d25b41" member_type: VOTER last_known_addr { host: "127.8.246.193" port: 36791 } } peers { permanent_uuid: "4067659184db4f8fa0cfb72650bf2d2f" member_type: VOTER last_known_addr { host: "127.8.246.194" port: 38583 } attrs { replace: true } } peers { permanent_uuid: "9a6754797ab74ceda5f016cfcfcb8a9b" member_type: VOTER last_known_addr { host: "127.8.246.195" port: 41953 } } peers { permanent_uuid: "436eefe87e9e4224a42766aef604cc8d" member_type: NON_VOTER last_known_addr { host: "127.8.246.196" port: 43179 } attrs { promote: true } }
I20260710 11:11:43.709656 10289 tablet_copy_source_session.cc:215] T 810f201d16e944f4a1cb149b17c4d7c1 P ccb81ff831f04220ba88d708f1d25b41: Tablet Copy: opened 0 blocks and 1 log segments
I20260710 11:11:43.713310 10804 ts_tablet_manager.cc:1434] T 7d928fc880964d13a9ce456ec2e862dc P 436eefe87e9e4224a42766aef604cc8d: Time spent starting tablet: real 0.010s	user 0.003s	sys 0.008s
I20260710 11:11:43.713361 10806 data_dirs.cc:400] Could only allocate 1 dirs of requested 3 for tablet 810f201d16e944f4a1cb149b17c4d7c1. 1 dirs total, 0 dirs full, 0 dirs failed
I20260710 11:11:43.715292 10289 tablet_copy_service.cc:342] P ccb81ff831f04220ba88d708f1d25b41: Request end of tablet copy session 436eefe87e9e4224a42766aef604cc8d-7d928fc880964d13a9ce456ec2e862dc received from {username='slave'} at 127.0.0.1:57946
I20260710 11:11:43.715817 10289 tablet_copy_service.cc:434] P ccb81ff831f04220ba88d708f1d25b41: ending tablet copy session 436eefe87e9e4224a42766aef604cc8d-7d928fc880964d13a9ce456ec2e862dc on tablet 7d928fc880964d13a9ce456ec2e862dc with peer 436eefe87e9e4224a42766aef604cc8d
I20260710 11:11:43.723407 10804 ts_tablet_manager.cc:933] T 5c6c73d0be4c456a802487c9a7733fb1 P 436eefe87e9e4224a42766aef604cc8d: Initiating tablet copy from peer ccb81ff831f04220ba88d708f1d25b41 (127.8.246.193:36791)
I20260710 11:11:43.730290 10804 tablet_copy_client.cc:323] T 5c6c73d0be4c456a802487c9a7733fb1 P 436eefe87e9e4224a42766aef604cc8d: tablet copy: Beginning tablet copy session from remote peer at address 127.8.246.193:36791
I20260710 11:11:43.731777 10289 tablet_copy_service.cc:140] P ccb81ff831f04220ba88d708f1d25b41: Received BeginTabletCopySession request for tablet 5c6c73d0be4c456a802487c9a7733fb1 from peer 436eefe87e9e4224a42766aef604cc8d ({username='slave'} at 127.0.0.1:57946)
I20260710 11:11:43.732311 10289 tablet_copy_service.cc:161] P ccb81ff831f04220ba88d708f1d25b41: Beginning new tablet copy session on tablet 5c6c73d0be4c456a802487c9a7733fb1 from peer 436eefe87e9e4224a42766aef604cc8d at {username='slave'} at 127.0.0.1:57946: session id = 436eefe87e9e4224a42766aef604cc8d-5c6c73d0be4c456a802487c9a7733fb1
I20260710 11:11:43.733783 10806 tablet_copy_client.cc:806] T 810f201d16e944f4a1cb149b17c4d7c1 P 436eefe87e9e4224a42766aef604cc8d: tablet copy: Starting download of 0 data blocks...
I20260710 11:11:43.734366 10806 tablet_copy_client.cc:670] T 810f201d16e944f4a1cb149b17c4d7c1 P 436eefe87e9e4224a42766aef604cc8d: tablet copy: Starting download of 1 WAL segments...
I20260710 11:11:43.737906 10806 tablet_copy_client.cc:538] T 810f201d16e944f4a1cb149b17c4d7c1 P 436eefe87e9e4224a42766aef604cc8d: tablet copy: Tablet Copy complete. Replacing tablet superblock.
I20260710 11:11:43.738941 10289 tablet_copy_source_session.cc:215] T 5c6c73d0be4c456a802487c9a7733fb1 P ccb81ff831f04220ba88d708f1d25b41: Tablet Copy: opened 0 blocks and 1 log segments
I20260710 11:11:43.748131 10806 tablet_bootstrap.cc:492] T 810f201d16e944f4a1cb149b17c4d7c1 P 436eefe87e9e4224a42766aef604cc8d: Bootstrap starting.
I20260710 11:11:43.756260 10804 data_dirs.cc:400] Could only allocate 1 dirs of requested 3 for tablet 5c6c73d0be4c456a802487c9a7733fb1. 1 dirs total, 0 dirs full, 0 dirs failed
I20260710 11:11:43.769385 10804 tablet_copy_client.cc:806] T 5c6c73d0be4c456a802487c9a7733fb1 P 436eefe87e9e4224a42766aef604cc8d: tablet copy: Starting download of 0 data blocks...
I20260710 11:11:43.769949 10804 tablet_copy_client.cc:670] T 5c6c73d0be4c456a802487c9a7733fb1 P 436eefe87e9e4224a42766aef604cc8d: tablet copy: Starting download of 1 WAL segments...
I20260710 11:11:43.773496 10804 tablet_copy_client.cc:538] T 5c6c73d0be4c456a802487c9a7733fb1 P 436eefe87e9e4224a42766aef604cc8d: tablet copy: Tablet Copy complete. Replacing tablet superblock.
I20260710 11:11:43.777293 10806 tablet_bootstrap.cc:492] T 810f201d16e944f4a1cb149b17c4d7c1 P 436eefe87e9e4224a42766aef604cc8d: Bootstrap replayed 1/1 log segments. Stats: ops{read=2 overwritten=0 applied=2 ignored=0} inserts{seen=0 ignored=0} mutations{seen=0 ignored=0} orphaned_commits=0. Pending: 0 replicates
I20260710 11:11:43.777971 10806 tablet_bootstrap.cc:492] T 810f201d16e944f4a1cb149b17c4d7c1 P 436eefe87e9e4224a42766aef604cc8d: Bootstrap complete.
I20260710 11:11:43.778543 10806 ts_tablet_manager.cc:1403] T 810f201d16e944f4a1cb149b17c4d7c1 P 436eefe87e9e4224a42766aef604cc8d: Time spent bootstrapping tablet: real 0.031s	user 0.011s	sys 0.010s
I20260710 11:11:43.780853 10806 raft_consensus.cc:359] T 810f201d16e944f4a1cb149b17c4d7c1 P 436eefe87e9e4224a42766aef604cc8d [term 1 LEARNER]: Replica starting. Triggering 0 pending ops. Active config: opid_index: 2 OBSOLETE_local: false peers { permanent_uuid: "ccb81ff831f04220ba88d708f1d25b41" member_type: VOTER last_known_addr { host: "127.8.246.193" port: 36791 } } peers { permanent_uuid: "4067659184db4f8fa0cfb72650bf2d2f" member_type: VOTER last_known_addr { host: "127.8.246.194" port: 38583 } attrs { replace: true } } peers { permanent_uuid: "9a6754797ab74ceda5f016cfcfcb8a9b" member_type: VOTER last_known_addr { host: "127.8.246.195" port: 41953 } } peers { permanent_uuid: "436eefe87e9e4224a42766aef604cc8d" member_type: NON_VOTER last_known_addr { host: "127.8.246.196" port: 43179 } attrs { promote: true } }
I20260710 11:11:43.781651 10806 raft_consensus.cc:740] T 810f201d16e944f4a1cb149b17c4d7c1 P 436eefe87e9e4224a42766aef604cc8d [term 1 LEARNER]: Becoming Follower/Learner. State: Replica: 436eefe87e9e4224a42766aef604cc8d, State: Initialized, Role: LEARNER
I20260710 11:11:43.781949 10804 tablet_bootstrap.cc:492] T 5c6c73d0be4c456a802487c9a7733fb1 P 436eefe87e9e4224a42766aef604cc8d: Bootstrap starting.
I20260710 11:11:43.782146 10806 consensus_queue.cc:260] T 810f201d16e944f4a1cb149b17c4d7c1 P 436eefe87e9e4224a42766aef604cc8d [NON_LEADER]: Queue going to NON_LEADER mode. State: All replicated index: 0, Majority replicated index: 0, Committed index: 2, Last appended: 1.2, Last appended by leader: 2, Current term: 0, Majority size: -1, State: 0, Mode: NON_LEADER, active raft config: opid_index: 2 OBSOLETE_local: false peers { permanent_uuid: "ccb81ff831f04220ba88d708f1d25b41" member_type: VOTER last_known_addr { host: "127.8.246.193" port: 36791 } } peers { permanent_uuid: "4067659184db4f8fa0cfb72650bf2d2f" member_type: VOTER last_known_addr { host: "127.8.246.194" port: 38583 } attrs { replace: true } } peers { permanent_uuid: "9a6754797ab74ceda5f016cfcfcb8a9b" member_type: VOTER last_known_addr { host: "127.8.246.195" port: 41953 } } peers { permanent_uuid: "436eefe87e9e4224a42766aef604cc8d" member_type: NON_VOTER last_known_addr { host: "127.8.246.196" port: 43179 } attrs { promote: true } }
I20260710 11:11:43.784602 10806 ts_tablet_manager.cc:1434] T 810f201d16e944f4a1cb149b17c4d7c1 P 436eefe87e9e4224a42766aef604cc8d: Time spent starting tablet: real 0.006s	user 0.002s	sys 0.006s
I20260710 11:11:43.786089 10289 tablet_copy_service.cc:342] P ccb81ff831f04220ba88d708f1d25b41: Request end of tablet copy session 436eefe87e9e4224a42766aef604cc8d-810f201d16e944f4a1cb149b17c4d7c1 received from {username='slave'} at 127.0.0.1:57946
I20260710 11:11:43.786473 10289 tablet_copy_service.cc:434] P ccb81ff831f04220ba88d708f1d25b41: ending tablet copy session 436eefe87e9e4224a42766aef604cc8d-810f201d16e944f4a1cb149b17c4d7c1 on tablet 810f201d16e944f4a1cb149b17c4d7c1 with peer 436eefe87e9e4224a42766aef604cc8d
I20260710 11:11:43.804876 10804 tablet_bootstrap.cc:492] T 5c6c73d0be4c456a802487c9a7733fb1 P 436eefe87e9e4224a42766aef604cc8d: Bootstrap replayed 1/1 log segments. Stats: ops{read=2 overwritten=0 applied=2 ignored=0} inserts{seen=0 ignored=0} mutations{seen=0 ignored=0} orphaned_commits=0. Pending: 0 replicates
I20260710 11:11:43.805716 10804 tablet_bootstrap.cc:492] T 5c6c73d0be4c456a802487c9a7733fb1 P 436eefe87e9e4224a42766aef604cc8d: Bootstrap complete.
I20260710 11:11:43.806438 10804 ts_tablet_manager.cc:1403] T 5c6c73d0be4c456a802487c9a7733fb1 P 436eefe87e9e4224a42766aef604cc8d: Time spent bootstrapping tablet: real 0.025s	user 0.018s	sys 0.005s
I20260710 11:11:43.809366 10804 raft_consensus.cc:359] T 5c6c73d0be4c456a802487c9a7733fb1 P 436eefe87e9e4224a42766aef604cc8d [term 1 LEARNER]: Replica starting. Triggering 0 pending ops. Active config: opid_index: 2 OBSOLETE_local: false peers { permanent_uuid: "ccb81ff831f04220ba88d708f1d25b41" member_type: VOTER last_known_addr { host: "127.8.246.193" port: 36791 } } peers { permanent_uuid: "4067659184db4f8fa0cfb72650bf2d2f" member_type: VOTER last_known_addr { host: "127.8.246.194" port: 38583 } } peers { permanent_uuid: "9a6754797ab74ceda5f016cfcfcb8a9b" member_type: VOTER last_known_addr { host: "127.8.246.195" port: 41953 } attrs { replace: true } } peers { permanent_uuid: "436eefe87e9e4224a42766aef604cc8d" member_type: NON_VOTER last_known_addr { host: "127.8.246.196" port: 43179 } attrs { promote: true } }
I20260710 11:11:43.810173 10804 raft_consensus.cc:740] T 5c6c73d0be4c456a802487c9a7733fb1 P 436eefe87e9e4224a42766aef604cc8d [term 1 LEARNER]: Becoming Follower/Learner. State: Replica: 436eefe87e9e4224a42766aef604cc8d, State: Initialized, Role: LEARNER
I20260710 11:11:43.810757 10804 consensus_queue.cc:260] T 5c6c73d0be4c456a802487c9a7733fb1 P 436eefe87e9e4224a42766aef604cc8d [NON_LEADER]: Queue going to NON_LEADER mode. State: All replicated index: 0, Majority replicated index: 0, Committed index: 2, Last appended: 1.2, Last appended by leader: 2, Current term: 0, Majority size: -1, State: 0, Mode: NON_LEADER, active raft config: opid_index: 2 OBSOLETE_local: false peers { permanent_uuid: "ccb81ff831f04220ba88d708f1d25b41" member_type: VOTER last_known_addr { host: "127.8.246.193" port: 36791 } } peers { permanent_uuid: "4067659184db4f8fa0cfb72650bf2d2f" member_type: VOTER last_known_addr { host: "127.8.246.194" port: 38583 } } peers { permanent_uuid: "9a6754797ab74ceda5f016cfcfcb8a9b" member_type: VOTER last_known_addr { host: "127.8.246.195" port: 41953 } attrs { replace: true } } peers { permanent_uuid: "436eefe87e9e4224a42766aef604cc8d" member_type: NON_VOTER last_known_addr { host: "127.8.246.196" port: 43179 } attrs { promote: true } }
I20260710 11:11:43.812989 10804 ts_tablet_manager.cc:1434] T 5c6c73d0be4c456a802487c9a7733fb1 P 436eefe87e9e4224a42766aef604cc8d: Time spent starting tablet: real 0.006s	user 0.005s	sys 0.000s
I20260710 11:11:43.814428 10289 tablet_copy_service.cc:342] P ccb81ff831f04220ba88d708f1d25b41: Request end of tablet copy session 436eefe87e9e4224a42766aef604cc8d-5c6c73d0be4c456a802487c9a7733fb1 received from {username='slave'} at 127.0.0.1:57946
I20260710 11:11:43.814769 10289 tablet_copy_service.cc:434] P ccb81ff831f04220ba88d708f1d25b41: ending tablet copy session 436eefe87e9e4224a42766aef604cc8d-5c6c73d0be4c456a802487c9a7733fb1 on tablet 5c6c73d0be4c456a802487c9a7733fb1 with peer 436eefe87e9e4224a42766aef604cc8d
I20260710 11:11:43.905391 10804 ts_tablet_manager.cc:933] T d128f8ec0599430b88bf0f553537fa92 P 436eefe87e9e4224a42766aef604cc8d: Initiating tablet copy from peer ccb81ff831f04220ba88d708f1d25b41 (127.8.246.193:36791)
I20260710 11:11:43.907580 10804 tablet_copy_client.cc:323] T d128f8ec0599430b88bf0f553537fa92 P 436eefe87e9e4224a42766aef604cc8d: tablet copy: Beginning tablet copy session from remote peer at address 127.8.246.193:36791
I20260710 11:11:43.908972 10289 tablet_copy_service.cc:140] P ccb81ff831f04220ba88d708f1d25b41: Received BeginTabletCopySession request for tablet d128f8ec0599430b88bf0f553537fa92 from peer 436eefe87e9e4224a42766aef604cc8d ({username='slave'} at 127.0.0.1:57946)
I20260710 11:11:43.909381 10289 tablet_copy_service.cc:161] P ccb81ff831f04220ba88d708f1d25b41: Beginning new tablet copy session on tablet d128f8ec0599430b88bf0f553537fa92 from peer 436eefe87e9e4224a42766aef604cc8d at {username='slave'} at 127.0.0.1:57946: session id = 436eefe87e9e4224a42766aef604cc8d-d128f8ec0599430b88bf0f553537fa92
I20260710 11:11:43.914381 10289 tablet_copy_source_session.cc:215] T d128f8ec0599430b88bf0f553537fa92 P ccb81ff831f04220ba88d708f1d25b41: Tablet Copy: opened 0 blocks and 1 log segments
I20260710 11:11:43.916697 10804 data_dirs.cc:400] Could only allocate 1 dirs of requested 3 for tablet d128f8ec0599430b88bf0f553537fa92. 1 dirs total, 0 dirs full, 0 dirs failed
I20260710 11:11:43.925998 10804 tablet_copy_client.cc:806] T d128f8ec0599430b88bf0f553537fa92 P 436eefe87e9e4224a42766aef604cc8d: tablet copy: Starting download of 0 data blocks...
I20260710 11:11:43.926522 10804 tablet_copy_client.cc:670] T d128f8ec0599430b88bf0f553537fa92 P 436eefe87e9e4224a42766aef604cc8d: tablet copy: Starting download of 1 WAL segments...
I20260710 11:11:43.929739 10804 tablet_copy_client.cc:538] T d128f8ec0599430b88bf0f553537fa92 P 436eefe87e9e4224a42766aef604cc8d: tablet copy: Tablet Copy complete. Replacing tablet superblock.
I20260710 11:11:43.936733 10804 tablet_bootstrap.cc:492] T d128f8ec0599430b88bf0f553537fa92 P 436eefe87e9e4224a42766aef604cc8d: Bootstrap starting.
I20260710 11:11:43.953341 10804 tablet_bootstrap.cc:492] T d128f8ec0599430b88bf0f553537fa92 P 436eefe87e9e4224a42766aef604cc8d: Bootstrap replayed 1/1 log segments. Stats: ops{read=2 overwritten=0 applied=2 ignored=0} inserts{seen=0 ignored=0} mutations{seen=0 ignored=0} orphaned_commits=0. Pending: 0 replicates
I20260710 11:11:43.954135 10804 tablet_bootstrap.cc:492] T d128f8ec0599430b88bf0f553537fa92 P 436eefe87e9e4224a42766aef604cc8d: Bootstrap complete.
I20260710 11:11:43.954670 10804 ts_tablet_manager.cc:1403] T d128f8ec0599430b88bf0f553537fa92 P 436eefe87e9e4224a42766aef604cc8d: Time spent bootstrapping tablet: real 0.018s	user 0.014s	sys 0.001s
