I20260710 11:11:37.633569 10471 raft_consensus.cc:359] T 4138d3428003419ea02188d74efa5134 P 4067659184db4f8fa0cfb72650bf2d2f [term 0 FOLLOWER]: Replica starting. Triggering 0 pending ops. Active config: opid_index: -1 OBSOLETE_local: false peers { permanent_uuid: "ccb81ff831f04220ba88d708f1d25b41" member_type: VOTER last_known_addr { host: "127.8.246.193" port: 36791 } } peers { permanent_uuid: "4067659184db4f8fa0cfb72650bf2d2f" member_type: VOTER last_known_addr { host: "127.8.246.194" port: 38583 } } peers { permanent_uuid: "9a6754797ab74ceda5f016cfcfcb8a9b" member_type: VOTER last_known_addr { host: "127.8.246.195" port: 41953 } }
I20260710 11:11:37.634243 10471 raft_consensus.cc:385] T 4138d3428003419ea02188d74efa5134 P 4067659184db4f8fa0cfb72650bf2d2f [term 0 FOLLOWER]: Consensus starting up: Expiring failure detector timer to make a prompt election more likely
I20260710 11:11:37.634528 10471 raft_consensus.cc:740] T 4138d3428003419ea02188d74efa5134 P 4067659184db4f8fa0cfb72650bf2d2f [term 0 FOLLOWER]: Becoming Follower/Learner. State: Replica: 4067659184db4f8fa0cfb72650bf2d2f, State: Initialized, Role: FOLLOWER
I20260710 11:11:37.635164 10471 consensus_queue.cc:260] T 4138d3428003419ea02188d74efa5134 P 4067659184db4f8fa0cfb72650bf2d2f [NON_LEADER]: Queue going to NON_LEADER mode. State: All replicated index: 0, Majority replicated index: 0, Committed index: 0, Last appended: 0.0, Last appended by leader: 0, Current term: 0, Majority size: -1, State: 0, Mode: NON_LEADER, active raft config: opid_index: -1 OBSOLETE_local: false peers { permanent_uuid: "ccb81ff831f04220ba88d708f1d25b41" member_type: VOTER last_known_addr { host: "127.8.246.193" port: 36791 } } peers { permanent_uuid: "4067659184db4f8fa0cfb72650bf2d2f" member_type: VOTER last_known_addr { host: "127.8.246.194" port: 38583 } } peers { permanent_uuid: "9a6754797ab74ceda5f016cfcfcb8a9b" member_type: VOTER last_known_addr { host: "127.8.246.195" port: 41953 } }
W20260710 11:11:37.636293 10243 leader_election.cc:343] T b7aa25b3470646bebd7eb63fc9e2b9c4 P ccb81ff831f04220ba88d708f1d25b41 [CANDIDATE]: Term 1 pre-election: Tablet error from VoteRequest() call to peer 4067659184db4f8fa0cfb72650bf2d2f (127.8.246.194:38583): Illegal state: must be running to vote when last-logged opid is not known
I20260710 11:11:37.637828 10278 tablet_service.cc:1917] Received RequestConsensusVote() RPC: tablet_id: "d956c34903e2429e8ecb5eb6eb9d1497" candidate_uuid: "4067659184db4f8fa0cfb72650bf2d2f" candidate_term: 1 candidate_status { last_received { term: 0 index: 0 } } ignore_live_leader: false dest_uuid: "ccb81ff831f04220ba88d708f1d25b41" is_pre_election: true
I20260710 11:11:37.638813 10480 raft_consensus.cc:515] T b7aa25b3470646bebd7eb63fc9e2b9c4 P ccb81ff831f04220ba88d708f1d25b41 [term 1 FOLLOWER]: Starting leader election with config: opid_index: -1 OBSOLETE_local: false peers { permanent_uuid: "ccb81ff831f04220ba88d708f1d25b41" member_type: VOTER last_known_addr { host: "127.8.246.193" port: 36791 } } peers { permanent_uuid: "4067659184db4f8fa0cfb72650bf2d2f" member_type: VOTER last_known_addr { host: "127.8.246.194" port: 38583 } } peers { permanent_uuid: "9a6754797ab74ceda5f016cfcfcb8a9b" member_type: VOTER last_known_addr { host: "127.8.246.195" port: 41953 } }
W20260710 11:11:37.639323 10317 leader_election.cc:343] T d956c34903e2429e8ecb5eb6eb9d1497 P 4067659184db4f8fa0cfb72650bf2d2f [CANDIDATE]: Term 1 pre-election: Tablet error from VoteRequest() call to peer ccb81ff831f04220ba88d708f1d25b41 (127.8.246.193:36791): Illegal state: must be running to vote when last-logged opid is not known
I20260710 11:11:37.643540 10468 tablet_bootstrap.cc:492] T d956c34903e2429e8ecb5eb6eb9d1497 P ccb81ff831f04220ba88d708f1d25b41: No bootstrap required, opened a new log
I20260710 11:11:37.644771 10471 ts_tablet_manager.cc:1434] T 4138d3428003419ea02188d74efa5134 P 4067659184db4f8fa0cfb72650bf2d2f: Time spent starting tablet: real 0.014s	user 0.007s	sys 0.000s
I20260710 11:11:37.644793 10470 raft_consensus.cc:515] T d128f8ec0599430b88bf0f553537fa92 P ccb81ff831f04220ba88d708f1d25b41 [term 1 FOLLOWER]: Starting leader election with config: opid_index: -1 OBSOLETE_local: false peers { permanent_uuid: "ccb81ff831f04220ba88d708f1d25b41" member_type: VOTER last_known_addr { host: "127.8.246.193" port: 36791 } } peers { permanent_uuid: "4067659184db4f8fa0cfb72650bf2d2f" member_type: VOTER last_known_addr { host: "127.8.246.194" port: 38583 } } peers { permanent_uuid: "9a6754797ab74ceda5f016cfcfcb8a9b" member_type: VOTER last_known_addr { host: "127.8.246.195" port: 41953 } }
I20260710 11:11:37.648061 10428 tablet_service.cc:1917] Received RequestConsensusVote() RPC: tablet_id: "d956c34903e2429e8ecb5eb6eb9d1497" candidate_uuid: "4067659184db4f8fa0cfb72650bf2d2f" candidate_term: 1 candidate_status { last_received { term: 0 index: 0 } } ignore_live_leader: false dest_uuid: "9a6754797ab74ceda5f016cfcfcb8a9b" is_pre_election: true
I20260710 11:11:37.648824 10428 raft_consensus.cc:2393] T d956c34903e2429e8ecb5eb6eb9d1497 P 9a6754797ab74ceda5f016cfcfcb8a9b [term 1 FOLLOWER]: Leader pre-election vote request: Denying vote to candidate 4067659184db4f8fa0cfb72650bf2d2f in current term 1: Already voted for candidate 9a6754797ab74ceda5f016cfcfcb8a9b in this term.
I20260710 11:11:37.648928 10471 tablet_bootstrap.cc:492] T 9dc59d40c35f461c8f5f4940f5ff72b9 P 4067659184db4f8fa0cfb72650bf2d2f: Bootstrap starting.
I20260710 11:11:37.650111 10317 leader_election.cc:304] T d956c34903e2429e8ecb5eb6eb9d1497 P 4067659184db4f8fa0cfb72650bf2d2f [CANDIDATE]: Term 1 pre-election: Election decided. Result: candidate lost. Election summary: received 3 responses out of 3 voters: 1 yes votes; 2 no votes. yes voters: 4067659184db4f8fa0cfb72650bf2d2f; no voters: 9a6754797ab74ceda5f016cfcfcb8a9b, ccb81ff831f04220ba88d708f1d25b41
I20260710 11:11:37.651032 10478 raft_consensus.cc:3060] T d956c34903e2429e8ecb5eb6eb9d1497 P 4067659184db4f8fa0cfb72650bf2d2f [term 0 FOLLOWER]: Advancing to term 1
I20260710 11:11:37.652251 10468 ts_tablet_manager.cc:1403] T d956c34903e2429e8ecb5eb6eb9d1497 P ccb81ff831f04220ba88d708f1d25b41: Time spent bootstrapping tablet: real 0.082s	user 0.014s	sys 0.011s
I20260710 11:11:37.653663 10480 leader_election.cc:290] T b7aa25b3470646bebd7eb63fc9e2b9c4 P ccb81ff831f04220ba88d708f1d25b41 [CANDIDATE]: Term 1 election: Requested vote from peers 4067659184db4f8fa0cfb72650bf2d2f (127.8.246.194:38583), 9a6754797ab74ceda5f016cfcfcb8a9b (127.8.246.195:41953)
I20260710 11:11:37.654186 10480 raft_consensus.cc:493] T cc875dd9b30b457cb7f37e704e901943 P ccb81ff831f04220ba88d708f1d25b41 [term 0 FOLLOWER]: Starting pre-election (no leader contacted us within the election timeout)
I20260710 11:11:37.654609 10480 raft_consensus.cc:515] T cc875dd9b30b457cb7f37e704e901943 P ccb81ff831f04220ba88d708f1d25b41 [term 0 FOLLOWER]: Starting pre-election with config: opid_index: -1 OBSOLETE_local: false peers { permanent_uuid: "ccb81ff831f04220ba88d708f1d25b41" member_type: VOTER last_known_addr { host: "127.8.246.193" port: 36791 } } peers { permanent_uuid: "4067659184db4f8fa0cfb72650bf2d2f" member_type: VOTER last_known_addr { host: "127.8.246.194" port: 38583 } } peers { permanent_uuid: "9a6754797ab74ceda5f016cfcfcb8a9b" member_type: VOTER last_known_addr { host: "127.8.246.195" port: 41953 } }
I20260710 11:11:37.658270 10428 tablet_service.cc:1917] Received RequestConsensusVote() RPC: tablet_id: "b7aa25b3470646bebd7eb63fc9e2b9c4" candidate_uuid: "ccb81ff831f04220ba88d708f1d25b41" candidate_term: 1 candidate_status { last_received { term: 0 index: 0 } } ignore_live_leader: false dest_uuid: "9a6754797ab74ceda5f016cfcfcb8a9b"
I20260710 11:11:37.658821 10428 raft_consensus.cc:3060] T b7aa25b3470646bebd7eb63fc9e2b9c4 P 9a6754797ab74ceda5f016cfcfcb8a9b [term 0 FOLLOWER]: Advancing to term 1
I20260710 11:11:37.659426 10354 tablet_service.cc:1917] Received RequestConsensusVote() RPC: tablet_id: "b7aa25b3470646bebd7eb63fc9e2b9c4" candidate_uuid: "ccb81ff831f04220ba88d708f1d25b41" candidate_term: 1 candidate_status { last_received { term: 0 index: 0 } } ignore_live_leader: false dest_uuid: "4067659184db4f8fa0cfb72650bf2d2f"
I20260710 11:11:37.660640 10468 raft_consensus.cc:359] T d956c34903e2429e8ecb5eb6eb9d1497 P ccb81ff831f04220ba88d708f1d25b41 [term 0 FOLLOWER]: Replica starting. Triggering 0 pending ops. Active config: opid_index: -1 OBSOLETE_local: false peers { permanent_uuid: "ccb81ff831f04220ba88d708f1d25b41" member_type: VOTER last_known_addr { host: "127.8.246.193" port: 36791 } } peers { permanent_uuid: "4067659184db4f8fa0cfb72650bf2d2f" member_type: VOTER last_known_addr { host: "127.8.246.194" port: 38583 } } peers { permanent_uuid: "9a6754797ab74ceda5f016cfcfcb8a9b" member_type: VOTER last_known_addr { host: "127.8.246.195" port: 41953 } }
I20260710 11:11:37.661584 10468 raft_consensus.cc:385] T d956c34903e2429e8ecb5eb6eb9d1497 P ccb81ff831f04220ba88d708f1d25b41 [term 0 FOLLOWER]: Consensus starting up: Expiring failure detector timer to make a prompt election more likely
W20260710 11:11:37.661631 10243 leader_election.cc:343] T b7aa25b3470646bebd7eb63fc9e2b9c4 P ccb81ff831f04220ba88d708f1d25b41 [CANDIDATE]: Term 1 election: Tablet error from VoteRequest() call to peer 4067659184db4f8fa0cfb72650bf2d2f (127.8.246.194:38583): Illegal state: must be running to vote when last-logged opid is not known
I20260710 11:11:37.662477 10468 raft_consensus.cc:740] T d956c34903e2429e8ecb5eb6eb9d1497 P ccb81ff831f04220ba88d708f1d25b41 [term 0 FOLLOWER]: Becoming Follower/Learner. State: Replica: ccb81ff831f04220ba88d708f1d25b41, State: Initialized, Role: FOLLOWER
I20260710 11:11:37.664256 10478 raft_consensus.cc:2749] T d956c34903e2429e8ecb5eb6eb9d1497 P 4067659184db4f8fa0cfb72650bf2d2f [term 1 FOLLOWER]: Leader pre-election lost for term 1. Reason: could not achieve majority
I20260710 11:11:37.664868 10468 consensus_queue.cc:260] T d956c34903e2429e8ecb5eb6eb9d1497 P ccb81ff831f04220ba88d708f1d25b41 [NON_LEADER]: Queue going to NON_LEADER mode. State: All replicated index: 0, Majority replicated index: 0, Committed index: 0, Last appended: 0.0, Last appended by leader: 0, Current term: 0, Majority size: -1, State: 0, Mode: NON_LEADER, active raft config: opid_index: -1 OBSOLETE_local: false peers { permanent_uuid: "ccb81ff831f04220ba88d708f1d25b41" member_type: VOTER last_known_addr { host: "127.8.246.193" port: 36791 } } peers { permanent_uuid: "4067659184db4f8fa0cfb72650bf2d2f" member_type: VOTER last_known_addr { host: "127.8.246.194" port: 38583 } } peers { permanent_uuid: "9a6754797ab74ceda5f016cfcfcb8a9b" member_type: VOTER last_known_addr { host: "127.8.246.195" port: 41953 } }
I20260710 11:11:37.667121 10354 tablet_service.cc:1917] Received RequestConsensusVote() RPC: tablet_id: "d128f8ec0599430b88bf0f553537fa92" candidate_uuid: "ccb81ff831f04220ba88d708f1d25b41" candidate_term: 1 candidate_status { last_received { term: 0 index: 0 } } ignore_live_leader: false dest_uuid: "4067659184db4f8fa0cfb72650bf2d2f"
I20260710 11:11:37.667270 10427 tablet_service.cc:1917] Received RequestConsensusVote() RPC: tablet_id: "d128f8ec0599430b88bf0f553537fa92" candidate_uuid: "ccb81ff831f04220ba88d708f1d25b41" candidate_term: 1 candidate_status { last_received { term: 0 index: 0 } } ignore_live_leader: false dest_uuid: "9a6754797ab74ceda5f016cfcfcb8a9b"
I20260710 11:11:37.667717 10354 raft_consensus.cc:3060] T d128f8ec0599430b88bf0f553537fa92 P 4067659184db4f8fa0cfb72650bf2d2f [term 0 FOLLOWER]: Advancing to term 1
W20260710 11:11:37.668701 10242 leader_election.cc:343] T d128f8ec0599430b88bf0f553537fa92 P ccb81ff831f04220ba88d708f1d25b41 [CANDIDATE]: Term 1 election: Tablet error from VoteRequest() call to peer 9a6754797ab74ceda5f016cfcfcb8a9b (127.8.246.195:41953): Illegal state: must be running to vote when last-logged opid is not known
I20260710 11:11:37.669850 10500 leader_election.cc:290] T d956c34903e2429e8ecb5eb6eb9d1497 P 9a6754797ab74ceda5f016cfcfcb8a9b [CANDIDATE]: Term 1 election: Requested vote from peers ccb81ff831f04220ba88d708f1d25b41 (127.8.246.193:36791), 4067659184db4f8fa0cfb72650bf2d2f (127.8.246.194:38583)
I20260710 11:11:37.671789 10428 raft_consensus.cc:2468] T b7aa25b3470646bebd7eb63fc9e2b9c4 P 9a6754797ab74ceda5f016cfcfcb8a9b [term 1 FOLLOWER]: Leader election vote request: Granting yes vote for candidate ccb81ff831f04220ba88d708f1d25b41 in term 1.
I20260710 11:11:37.672957 10353 tablet_service.cc:1917] Received RequestConsensusVote() RPC: tablet_id: "d956c34903e2429e8ecb5eb6eb9d1497" candidate_uuid: "9a6754797ab74ceda5f016cfcfcb8a9b" candidate_term: 1 candidate_status { last_received { term: 0 index: 0 } } ignore_live_leader: false dest_uuid: "4067659184db4f8fa0cfb72650bf2d2f"
I20260710 11:11:37.666252 10470 leader_election.cc:290] T d128f8ec0599430b88bf0f553537fa92 P ccb81ff831f04220ba88d708f1d25b41 [CANDIDATE]: Term 1 election: Requested vote from peers 4067659184db4f8fa0cfb72650bf2d2f (127.8.246.194:38583), 9a6754797ab74ceda5f016cfcfcb8a9b (127.8.246.195:41953)
I20260710 11:11:37.668751 10468 ts_tablet_manager.cc:1434] T d956c34903e2429e8ecb5eb6eb9d1497 P ccb81ff831f04220ba88d708f1d25b41: Time spent starting tablet: real 0.016s	user 0.007s	sys 0.001s
I20260710 11:11:37.674876 10352 tablet_service.cc:1917] Received RequestConsensusVote() RPC: tablet_id: "cc875dd9b30b457cb7f37e704e901943" candidate_uuid: "ccb81ff831f04220ba88d708f1d25b41" candidate_term: 1 candidate_status { last_received { term: 0 index: 0 } } ignore_live_leader: false dest_uuid: "4067659184db4f8fa0cfb72650bf2d2f" is_pre_election: true
I20260710 11:11:37.675288 10468 tablet_bootstrap.cc:492] T 4138d3428003419ea02188d74efa5134 P ccb81ff831f04220ba88d708f1d25b41: Bootstrap starting.
I20260710 11:11:37.663839 10471 tablet_bootstrap.cc:654] T 9dc59d40c35f461c8f5f4940f5ff72b9 P 4067659184db4f8fa0cfb72650bf2d2f: Neither blocks nor log segments found. Creating new log.
W20260710 11:11:37.676374 10243 leader_election.cc:343] T cc875dd9b30b457cb7f37e704e901943 P ccb81ff831f04220ba88d708f1d25b41 [CANDIDATE]: Term 1 pre-election: Tablet error from VoteRequest() call to peer 4067659184db4f8fa0cfb72650bf2d2f (127.8.246.194:38583): Illegal state: must be running to vote when last-logged opid is not known
I20260710 11:11:37.675064 10480 leader_election.cc:290] T cc875dd9b30b457cb7f37e704e901943 P ccb81ff831f04220ba88d708f1d25b41 [CANDIDATE]: Term 1 pre-election: Requested pre-vote from peers 4067659184db4f8fa0cfb72650bf2d2f (127.8.246.194:38583), 9a6754797ab74ceda5f016cfcfcb8a9b (127.8.246.195:41953)
I20260710 11:11:37.677573 10242 leader_election.cc:304] T b7aa25b3470646bebd7eb63fc9e2b9c4 P ccb81ff831f04220ba88d708f1d25b41 [CANDIDATE]: Term 1 election: Election decided. Result: candidate won. Election summary: received 3 responses out of 3 voters: 2 yes votes; 1 no votes. yes voters: 9a6754797ab74ceda5f016cfcfcb8a9b, ccb81ff831f04220ba88d708f1d25b41; no voters: 4067659184db4f8fa0cfb72650bf2d2f
I20260710 11:11:37.677922 10428 tablet_service.cc:1917] Received RequestConsensusVote() RPC: tablet_id: "cc875dd9b30b457cb7f37e704e901943" candidate_uuid: "ccb81ff831f04220ba88d708f1d25b41" candidate_term: 1 candidate_status { last_received { term: 0 index: 0 } } ignore_live_leader: false dest_uuid: "9a6754797ab74ceda5f016cfcfcb8a9b" is_pre_election: true
I20260710 11:11:37.678570 10428 raft_consensus.cc:2468] T cc875dd9b30b457cb7f37e704e901943 P 9a6754797ab74ceda5f016cfcfcb8a9b [term 0 FOLLOWER]: Leader pre-election vote request: Granting yes vote for candidate ccb81ff831f04220ba88d708f1d25b41 in term 0.
I20260710 11:11:37.679070 10474 tablet_bootstrap.cc:492] T 5c6c73d0be4c456a802487c9a7733fb1 P 9a6754797ab74ceda5f016cfcfcb8a9b: No bootstrap required, opened a new log
I20260710 11:11:37.679507 10474 ts_tablet_manager.cc:1403] T 5c6c73d0be4c456a802487c9a7733fb1 P 9a6754797ab74ceda5f016cfcfcb8a9b: Time spent bootstrapping tablet: real 0.094s	user 0.024s	sys 0.059s
I20260710 11:11:37.680863 10500 raft_consensus.cc:493] T cc875dd9b30b457cb7f37e704e901943 P 9a6754797ab74ceda5f016cfcfcb8a9b [term 0 FOLLOWER]: Starting pre-election (no leader contacted us within the election timeout)
I20260710 11:11:37.681304 10500 raft_consensus.cc:515] T cc875dd9b30b457cb7f37e704e901943 P 9a6754797ab74ceda5f016cfcfcb8a9b [term 0 FOLLOWER]: Starting pre-election with config: opid_index: -1 OBSOLETE_local: false peers { permanent_uuid: "ccb81ff831f04220ba88d708f1d25b41" member_type: VOTER last_known_addr { host: "127.8.246.193" port: 36791 } } peers { permanent_uuid: "4067659184db4f8fa0cfb72650bf2d2f" member_type: VOTER last_known_addr { host: "127.8.246.194" port: 38583 } } peers { permanent_uuid: "9a6754797ab74ceda5f016cfcfcb8a9b" member_type: VOTER last_known_addr { host: "127.8.246.195" port: 41953 } }
I20260710 11:11:37.682356 10474 raft_consensus.cc:359] T 5c6c73d0be4c456a802487c9a7733fb1 P 9a6754797ab74ceda5f016cfcfcb8a9b [term 0 FOLLOWER]: Replica starting. Triggering 0 pending ops. Active config: opid_index: -1 OBSOLETE_local: false peers { permanent_uuid: "ccb81ff831f04220ba88d708f1d25b41" member_type: VOTER last_known_addr { host: "127.8.246.193" port: 36791 } } peers { permanent_uuid: "4067659184db4f8fa0cfb72650bf2d2f" member_type: VOTER last_known_addr { host: "127.8.246.194" port: 38583 } } peers { permanent_uuid: "9a6754797ab74ceda5f016cfcfcb8a9b" member_type: VOTER last_known_addr { host: "127.8.246.195" port: 41953 } }
I20260710 11:11:37.683079 10474 raft_consensus.cc:385] T 5c6c73d0be4c456a802487c9a7733fb1 P 9a6754797ab74ceda5f016cfcfcb8a9b [term 0 FOLLOWER]: Consensus starting up: Expiring failure detector timer to make a prompt election more likely
I20260710 11:11:37.683367 10500 leader_election.cc:290] T cc875dd9b30b457cb7f37e704e901943 P 9a6754797ab74ceda5f016cfcfcb8a9b [CANDIDATE]: Term 1 pre-election: Requested pre-vote from peers ccb81ff831f04220ba88d708f1d25b41 (127.8.246.193:36791), 4067659184db4f8fa0cfb72650bf2d2f (127.8.246.194:38583)
I20260710 11:11:37.683390 10474 raft_consensus.cc:740] T 5c6c73d0be4c456a802487c9a7733fb1 P 9a6754797ab74ceda5f016cfcfcb8a9b [term 0 FOLLOWER]: Becoming Follower/Learner. State: Replica: 9a6754797ab74ceda5f016cfcfcb8a9b, State: Initialized, Role: FOLLOWER
I20260710 11:11:37.684401 10474 consensus_queue.cc:260] T 5c6c73d0be4c456a802487c9a7733fb1 P 9a6754797ab74ceda5f016cfcfcb8a9b [NON_LEADER]: Queue going to NON_LEADER mode. State: All replicated index: 0, Majority replicated index: 0, Committed index: 0, Last appended: 0.0, Last appended by leader: 0, Current term: 0, Majority size: -1, State: 0, Mode: NON_LEADER, active raft config: opid_index: -1 OBSOLETE_local: false peers { permanent_uuid: "ccb81ff831f04220ba88d708f1d25b41" member_type: VOTER last_known_addr { host: "127.8.246.193" port: 36791 } } peers { permanent_uuid: "4067659184db4f8fa0cfb72650bf2d2f" member_type: VOTER last_known_addr { host: "127.8.246.194" port: 38583 } } peers { permanent_uuid: "9a6754797ab74ceda5f016cfcfcb8a9b" member_type: VOTER last_known_addr { host: "127.8.246.195" port: 41953 } }
I20260710 11:11:37.686506 10468 tablet_bootstrap.cc:654] T 4138d3428003419ea02188d74efa5134 P ccb81ff831f04220ba88d708f1d25b41: Neither blocks nor log segments found. Creating new log.
I20260710 11:11:37.686539 10474 ts_tablet_manager.cc:1434] T 5c6c73d0be4c456a802487c9a7733fb1 P 9a6754797ab74ceda5f016cfcfcb8a9b: Time spent starting tablet: real 0.007s	user 0.003s	sys 0.003s
I20260710 11:11:37.687095 10480 raft_consensus.cc:2804] T b7aa25b3470646bebd7eb63fc9e2b9c4 P ccb81ff831f04220ba88d708f1d25b41 [term 1 FOLLOWER]: Leader election won for term 1
I20260710 11:11:37.687872 10352 tablet_service.cc:1917] Received RequestConsensusVote() RPC: tablet_id: "cc875dd9b30b457cb7f37e704e901943" candidate_uuid: "9a6754797ab74ceda5f016cfcfcb8a9b" candidate_term: 1 candidate_status { last_received { term: 0 index: 0 } } ignore_live_leader: false dest_uuid: "4067659184db4f8fa0cfb72650bf2d2f" is_pre_election: true
I20260710 11:11:37.689924 10480 raft_consensus.cc:697] T b7aa25b3470646bebd7eb63fc9e2b9c4 P ccb81ff831f04220ba88d708f1d25b41 [term 1 LEADER]: Becoming Leader. State: Replica: ccb81ff831f04220ba88d708f1d25b41, State: Running, Role: LEADER
I20260710 11:11:37.688453 10278 tablet_service.cc:1917] Received RequestConsensusVote() RPC: tablet_id: "cc875dd9b30b457cb7f37e704e901943" candidate_uuid: "9a6754797ab74ceda5f016cfcfcb8a9b" candidate_term: 1 candidate_status { last_received { term: 0 index: 0 } } ignore_live_leader: false dest_uuid: "ccb81ff831f04220ba88d708f1d25b41" is_pre_election: true
I20260710 11:11:37.690411 10474 tablet_bootstrap.cc:492] T 52c96e077f4948a8855f0737591ce5d6 P 9a6754797ab74ceda5f016cfcfcb8a9b: Bootstrap starting.
I20260710 11:11:37.690698 10278 raft_consensus.cc:2468] T cc875dd9b30b457cb7f37e704e901943 P ccb81ff831f04220ba88d708f1d25b41 [term 0 FOLLOWER]: Leader pre-election vote request: Granting yes vote for candidate 9a6754797ab74ceda5f016cfcfcb8a9b in term 0.
I20260710 11:11:37.690745 10480 consensus_queue.cc:237] T b7aa25b3470646bebd7eb63fc9e2b9c4 P ccb81ff831f04220ba88d708f1d25b41 [LEADER]: Queue going to LEADER mode. State: All replicated index: 0, Majority replicated index: 0, Committed index: 0, Last appended: 0.0, Last appended by leader: 0, Current term: 1, Majority size: 2, State: 0, Mode: LEADER, active raft config: opid_index: -1 OBSOLETE_local: false peers { permanent_uuid: "ccb81ff831f04220ba88d708f1d25b41" member_type: VOTER last_known_addr { host: "127.8.246.193" port: 36791 } } peers { permanent_uuid: "4067659184db4f8fa0cfb72650bf2d2f" member_type: VOTER last_known_addr { host: "127.8.246.194" port: 38583 } } peers { permanent_uuid: "9a6754797ab74ceda5f016cfcfcb8a9b" member_type: VOTER last_known_addr { host: "127.8.246.195" port: 41953 } }
W20260710 11:11:37.692421 10392 leader_election.cc:343] T cc875dd9b30b457cb7f37e704e901943 P 9a6754797ab74ceda5f016cfcfcb8a9b [CANDIDATE]: Term 1 pre-election: Tablet error from VoteRequest() call to peer 4067659184db4f8fa0cfb72650bf2d2f (127.8.246.194:38583): Illegal state: must be running to vote when last-logged opid is not known
I20260710 11:11:37.689090 10242 leader_election.cc:304] T cc875dd9b30b457cb7f37e704e901943 P ccb81ff831f04220ba88d708f1d25b41 [CANDIDATE]: Term 1 pre-election: Election decided. Result: candidate won. Election summary: received 3 responses out of 3 voters: 2 yes votes; 1 no votes. yes voters: 9a6754797ab74ceda5f016cfcfcb8a9b, ccb81ff831f04220ba88d708f1d25b41; no voters: 4067659184db4f8fa0cfb72650bf2d2f
I20260710 11:11:37.695519 10470 raft_consensus.cc:2804] T cc875dd9b30b457cb7f37e704e901943 P ccb81ff831f04220ba88d708f1d25b41 [term 0 FOLLOWER]: Leader pre-election won for term 1
I20260710 11:11:37.695858 10470 raft_consensus.cc:493] T cc875dd9b30b457cb7f37e704e901943 P ccb81ff831f04220ba88d708f1d25b41 [term 0 FOLLOWER]: Starting leader election (no leader contacted us within the election timeout)
I20260710 11:11:37.696200 10470 raft_consensus.cc:3060] T cc875dd9b30b457cb7f37e704e901943 P ccb81ff831f04220ba88d708f1d25b41 [term 0 FOLLOWER]: Advancing to term 1
I20260710 11:11:37.697108 10474 tablet_bootstrap.cc:654] T 52c96e077f4948a8855f0737591ce5d6 P 9a6754797ab74ceda5f016cfcfcb8a9b: Neither blocks nor log segments found. Creating new log.
I20260710 11:11:37.697477 10353 raft_consensus.cc:2468] T d956c34903e2429e8ecb5eb6eb9d1497 P 4067659184db4f8fa0cfb72650bf2d2f [term 1 FOLLOWER]: Leader election vote request: Granting yes vote for candidate 9a6754797ab74ceda5f016cfcfcb8a9b in term 1.
I20260710 11:11:37.698951 10392 leader_election.cc:304] T d956c34903e2429e8ecb5eb6eb9d1497 P 9a6754797ab74ceda5f016cfcfcb8a9b [CANDIDATE]: Term 1 election: Election decided. Result: candidate won. Election summary: received 3 responses out of 3 voters: 2 yes votes; 1 no votes. yes voters: 4067659184db4f8fa0cfb72650bf2d2f, 9a6754797ab74ceda5f016cfcfcb8a9b; no voters: ccb81ff831f04220ba88d708f1d25b41
I20260710 11:11:37.700191 10500 raft_consensus.cc:493] T 7d928fc880964d13a9ce456ec2e862dc P 9a6754797ab74ceda5f016cfcfcb8a9b [term 0 FOLLOWER]: Starting pre-election (no leader contacted us within the election timeout)
I20260710 11:11:37.700374 10482 raft_consensus.cc:2804] T d956c34903e2429e8ecb5eb6eb9d1497 P 9a6754797ab74ceda5f016cfcfcb8a9b [term 1 FOLLOWER]: Leader election won for term 1
I20260710 11:11:37.700858 10500 raft_consensus.cc:515] T 7d928fc880964d13a9ce456ec2e862dc P 9a6754797ab74ceda5f016cfcfcb8a9b [term 0 FOLLOWER]: Starting pre-election with config: opid_index: -1 OBSOLETE_local: false peers { permanent_uuid: "ccb81ff831f04220ba88d708f1d25b41" member_type: VOTER last_known_addr { host: "127.8.246.193" port: 36791 } } peers { permanent_uuid: "4067659184db4f8fa0cfb72650bf2d2f" member_type: VOTER last_known_addr { host: "127.8.246.194" port: 38583 } } peers { permanent_uuid: "9a6754797ab74ceda5f016cfcfcb8a9b" member_type: VOTER last_known_addr { host: "127.8.246.195" port: 41953 } }
I20260710 11:11:37.703702 10391 leader_election.cc:304] T cc875dd9b30b457cb7f37e704e901943 P 9a6754797ab74ceda5f016cfcfcb8a9b [CANDIDATE]: Term 1 pre-election: Election decided. Result: candidate won. Election summary: received 3 responses out of 3 voters: 2 yes votes; 1 no votes. yes voters: 9a6754797ab74ceda5f016cfcfcb8a9b, ccb81ff831f04220ba88d708f1d25b41; no voters: 4067659184db4f8fa0cfb72650bf2d2f
I20260710 11:11:37.709858 10354 raft_consensus.cc:2468] T d128f8ec0599430b88bf0f553537fa92 P 4067659184db4f8fa0cfb72650bf2d2f [term 1 FOLLOWER]: Leader election vote request: Granting yes vote for candidate ccb81ff831f04220ba88d708f1d25b41 in term 1.
I20260710 11:11:37.711230 10278 tablet_service.cc:1917] Received RequestConsensusVote() RPC: tablet_id: "7d928fc880964d13a9ce456ec2e862dc" candidate_uuid: "9a6754797ab74ceda5f016cfcfcb8a9b" candidate_term: 1 candidate_status { last_received { term: 0 index: 0 } } ignore_live_leader: false dest_uuid: "ccb81ff831f04220ba88d708f1d25b41" is_pre_election: true
I20260710 11:11:37.714082 10243 leader_election.cc:304] T d128f8ec0599430b88bf0f553537fa92 P ccb81ff831f04220ba88d708f1d25b41 [CANDIDATE]: Term 1 election: Election decided. Result: candidate won. Election summary: received 3 responses out of 3 voters: 2 yes votes; 1 no votes. yes voters: 4067659184db4f8fa0cfb72650bf2d2f, ccb81ff831f04220ba88d708f1d25b41; no voters: 9a6754797ab74ceda5f016cfcfcb8a9b
I20260710 11:11:37.715624 10508 raft_consensus.cc:2804] T d128f8ec0599430b88bf0f553537fa92 P ccb81ff831f04220ba88d708f1d25b41 [term 1 FOLLOWER]: Leader election won for term 1
I20260710 11:11:37.719640 10482 raft_consensus.cc:697] T d956c34903e2429e8ecb5eb6eb9d1497 P 9a6754797ab74ceda5f016cfcfcb8a9b [term 1 LEADER]: Becoming Leader. State: Replica: 9a6754797ab74ceda5f016cfcfcb8a9b, State: Running, Role: LEADER
I20260710 11:11:37.720800 10482 consensus_queue.cc:237] T d956c34903e2429e8ecb5eb6eb9d1497 P 9a6754797ab74ceda5f016cfcfcb8a9b [LEADER]: Queue going to LEADER mode. State: All replicated index: 0, Majority replicated index: 0, Committed index: 0, Last appended: 0.0, Last appended by leader: 0, Current term: 1, Majority size: 2, State: 0, Mode: LEADER, active raft config: opid_index: -1 OBSOLETE_local: false peers { permanent_uuid: "ccb81ff831f04220ba88d708f1d25b41" member_type: VOTER last_known_addr { host: "127.8.246.193" port: 36791 } } peers { permanent_uuid: "4067659184db4f8fa0cfb72650bf2d2f" member_type: VOTER last_known_addr { host: "127.8.246.194" port: 38583 } } peers { permanent_uuid: "9a6754797ab74ceda5f016cfcfcb8a9b" member_type: VOTER last_known_addr { host: "127.8.246.195" port: 41953 } }
I20260710 11:11:37.719007 10512 raft_consensus.cc:2804] T cc875dd9b30b457cb7f37e704e901943 P 9a6754797ab74ceda5f016cfcfcb8a9b [term 0 FOLLOWER]: Leader pre-election won for term 1
I20260710 11:11:37.725342 10512 raft_consensus.cc:493] T cc875dd9b30b457cb7f37e704e901943 P 9a6754797ab74ceda5f016cfcfcb8a9b [term 0 FOLLOWER]: Starting leader election (no leader contacted us within the election timeout)
I20260710 11:11:37.725867 10512 raft_consensus.cc:3060] T cc875dd9b30b457cb7f37e704e901943 P 9a6754797ab74ceda5f016cfcfcb8a9b [term 0 FOLLOWER]: Advancing to term 1
I20260710 11:11:37.726764 10500 leader_election.cc:290] T 7d928fc880964d13a9ce456ec2e862dc P 9a6754797ab74ceda5f016cfcfcb8a9b [CANDIDATE]: Term 1 pre-election: Requested pre-vote from peers ccb81ff831f04220ba88d708f1d25b41 (127.8.246.193:36791), 4067659184db4f8fa0cfb72650bf2d2f (127.8.246.194:38583)
I20260710 11:11:37.727710 10353 tablet_service.cc:1917] Received RequestConsensusVote() RPC: tablet_id: "7d928fc880964d13a9ce456ec2e862dc" candidate_uuid: "9a6754797ab74ceda5f016cfcfcb8a9b" candidate_term: 1 candidate_status { last_received { term: 0 index: 0 } } ignore_live_leader: false dest_uuid: "4067659184db4f8fa0cfb72650bf2d2f" is_pre_election: true
I20260710 11:11:37.728729 10353 raft_consensus.cc:2393] T 7d928fc880964d13a9ce456ec2e862dc P 4067659184db4f8fa0cfb72650bf2d2f [term 1 FOLLOWER]: Leader pre-election vote request: Denying vote to candidate 9a6754797ab74ceda5f016cfcfcb8a9b in current term 1: Already voted for candidate ccb81ff831f04220ba88d708f1d25b41 in this term.
I20260710 11:11:37.739338 10173 catalog_manager.cc:5697] T d956c34903e2429e8ecb5eb6eb9d1497 P 9a6754797ab74ceda5f016cfcfcb8a9b reported cstate change: term changed from 0 to 1, leader changed from <none> to 9a6754797ab74ceda5f016cfcfcb8a9b (127.8.246.195). New cstate: current_term: 1 leader_uuid: "9a6754797ab74ceda5f016cfcfcb8a9b" committed_config { opid_index: -1 OBSOLETE_local: false peers { permanent_uuid: "ccb81ff831f04220ba88d708f1d25b41" member_type: VOTER last_known_addr { host: "127.8.246.193" port: 36791 } health_report { overall_health: UNKNOWN } } peers { permanent_uuid: "4067659184db4f8fa0cfb72650bf2d2f" member_type: VOTER last_known_addr { host: "127.8.246.194" port: 38583 } health_report { overall_health: UNKNOWN } } peers { permanent_uuid: "9a6754797ab74ceda5f016cfcfcb8a9b" member_type: VOTER last_known_addr { host: "127.8.246.195" port: 41953 } health_report { overall_health: HEALTHY } } }
I20260710 11:11:37.744165 10470 raft_consensus.cc:515] T cc875dd9b30b457cb7f37e704e901943 P ccb81ff831f04220ba88d708f1d25b41 [term 1 FOLLOWER]: Starting leader election with config: opid_index: -1 OBSOLETE_local: false peers { permanent_uuid: "ccb81ff831f04220ba88d708f1d25b41" member_type: VOTER last_known_addr { host: "127.8.246.193" port: 36791 } } peers { permanent_uuid: "4067659184db4f8fa0cfb72650bf2d2f" member_type: VOTER last_known_addr { host: "127.8.246.194" port: 38583 } } peers { permanent_uuid: "9a6754797ab74ceda5f016cfcfcb8a9b" member_type: VOTER last_known_addr { host: "127.8.246.195" port: 41953 } }
I20260710 11:11:37.745911 10474 tablet_bootstrap.cc:492] T 52c96e077f4948a8855f0737591ce5d6 P 9a6754797ab74ceda5f016cfcfcb8a9b: No bootstrap required, opened a new log
I20260710 11:11:37.746371 10474 ts_tablet_manager.cc:1403] T 52c96e077f4948a8855f0737591ce5d6 P 9a6754797ab74ceda5f016cfcfcb8a9b: Time spent bootstrapping tablet: real 0.056s	user 0.018s	sys 0.017s
I20260710 11:11:37.747805 10353 tablet_service.cc:1917] Received RequestConsensusVote() RPC: tablet_id: "cc875dd9b30b457cb7f37e704e901943" candidate_uuid: "ccb81ff831f04220ba88d708f1d25b41" candidate_term: 1 candidate_status { last_received { term: 0 index: 0 } } ignore_live_leader: false dest_uuid: "4067659184db4f8fa0cfb72650bf2d2f"
I20260710 11:11:37.748658 10471 tablet_bootstrap.cc:492] T 9dc59d40c35f461c8f5f4940f5ff72b9 P 4067659184db4f8fa0cfb72650bf2d2f: No bootstrap required, opened a new log
I20260710 11:11:37.749185 10471 ts_tablet_manager.cc:1403] T 9dc59d40c35f461c8f5f4940f5ff72b9 P 4067659184db4f8fa0cfb72650bf2d2f: Time spent bootstrapping tablet: real 0.101s	user 0.041s	sys 0.033s
I20260710 11:11:37.749051 10474 raft_consensus.cc:359] T 52c96e077f4948a8855f0737591ce5d6 P 9a6754797ab74ceda5f016cfcfcb8a9b [term 0 FOLLOWER]: Replica starting. Triggering 0 pending ops. Active config: opid_index: -1 OBSOLETE_local: false peers { permanent_uuid: "ccb81ff831f04220ba88d708f1d25b41" member_type: VOTER last_known_addr { host: "127.8.246.193" port: 36791 } } peers { permanent_uuid: "4067659184db4f8fa0cfb72650bf2d2f" member_type: VOTER last_known_addr { host: "127.8.246.194" port: 38583 } } peers { permanent_uuid: "9a6754797ab74ceda5f016cfcfcb8a9b" member_type: VOTER last_known_addr { host: "127.8.246.195" port: 41953 } }
I20260710 11:11:37.749778 10474 raft_consensus.cc:385] T 52c96e077f4948a8855f0737591ce5d6 P 9a6754797ab74ceda5f016cfcfcb8a9b [term 0 FOLLOWER]: Consensus starting up: Expiring failure detector timer to make a prompt election more likely
I20260710 11:11:37.750103 10474 raft_consensus.cc:740] T 52c96e077f4948a8855f0737591ce5d6 P 9a6754797ab74ceda5f016cfcfcb8a9b [term 0 FOLLOWER]: Becoming Follower/Learner. State: Replica: 9a6754797ab74ceda5f016cfcfcb8a9b, State: Initialized, Role: FOLLOWER
I20260710 11:11:37.751614 10512 raft_consensus.cc:515] T cc875dd9b30b457cb7f37e704e901943 P 9a6754797ab74ceda5f016cfcfcb8a9b [term 1 FOLLOWER]: Starting leader election with config: opid_index: -1 OBSOLETE_local: false peers { permanent_uuid: "ccb81ff831f04220ba88d708f1d25b41" member_type: VOTER last_known_addr { host: "127.8.246.193" port: 36791 } } peers { permanent_uuid: "4067659184db4f8fa0cfb72650bf2d2f" member_type: VOTER last_known_addr { host: "127.8.246.194" port: 38583 } } peers { permanent_uuid: "9a6754797ab74ceda5f016cfcfcb8a9b" member_type: VOTER last_known_addr { host: "127.8.246.195" port: 41953 } }
I20260710 11:11:37.752326 10471 raft_consensus.cc:359] T 9dc59d40c35f461c8f5f4940f5ff72b9 P 4067659184db4f8fa0cfb72650bf2d2f [term 0 FOLLOWER]: Replica starting. Triggering 0 pending ops. Active config: opid_index: -1 OBSOLETE_local: false peers { permanent_uuid: "ccb81ff831f04220ba88d708f1d25b41" member_type: VOTER last_known_addr { host: "127.8.246.193" port: 36791 } } peers { permanent_uuid: "4067659184db4f8fa0cfb72650bf2d2f" member_type: VOTER last_known_addr { host: "127.8.246.194" port: 38583 } } peers { permanent_uuid: "9a6754797ab74ceda5f016cfcfcb8a9b" member_type: VOTER last_known_addr { host: "127.8.246.195" port: 41953 } }
I20260710 11:11:37.753083 10471 raft_consensus.cc:385] T 9dc59d40c35f461c8f5f4940f5ff72b9 P 4067659184db4f8fa0cfb72650bf2d2f [term 0 FOLLOWER]: Consensus starting up: Expiring failure detector timer to make a prompt election more likely
I20260710 11:11:37.753423 10471 raft_consensus.cc:740] T 9dc59d40c35f461c8f5f4940f5ff72b9 P 4067659184db4f8fa0cfb72650bf2d2f [term 0 FOLLOWER]: Becoming Follower/Learner. State: Replica: 4067659184db4f8fa0cfb72650bf2d2f, State: Initialized, Role: FOLLOWER
I20260710 11:11:37.753639 10512 leader_election.cc:290] T cc875dd9b30b457cb7f37e704e901943 P 9a6754797ab74ceda5f016cfcfcb8a9b [CANDIDATE]: Term 1 election: Requested vote from peers ccb81ff831f04220ba88d708f1d25b41 (127.8.246.193:36791), 4067659184db4f8fa0cfb72650bf2d2f (127.8.246.194:38583)
I20260710 11:11:37.754352 10474 consensus_queue.cc:260] T 52c96e077f4948a8855f0737591ce5d6 P 9a6754797ab74ceda5f016cfcfcb8a9b [NON_LEADER]: Queue going to NON_LEADER mode. State: All replicated index: 0, Majority replicated index: 0, Committed index: 0, Last appended: 0.0, Last appended by leader: 0, Current term: 0, Majority size: -1, State: 0, Mode: NON_LEADER, active raft config: opid_index: -1 OBSOLETE_local: false peers { permanent_uuid: "ccb81ff831f04220ba88d708f1d25b41" member_type: VOTER last_known_addr { host: "127.8.246.193" port: 36791 } } peers { permanent_uuid: "4067659184db4f8fa0cfb72650bf2d2f" member_type: VOTER last_known_addr { host: "127.8.246.194" port: 38583 } } peers { permanent_uuid: "9a6754797ab74ceda5f016cfcfcb8a9b" member_type: VOTER last_known_addr { host: "127.8.246.195" port: 41953 } }
I20260710 11:11:37.754383 10471 consensus_queue.cc:260] T 9dc59d40c35f461c8f5f4940f5ff72b9 P 4067659184db4f8fa0cfb72650bf2d2f [NON_LEADER]: Queue going to NON_LEADER mode. State: All replicated index: 0, Majority replicated index: 0, Committed index: 0, Last appended: 0.0, Last appended by leader: 0, Current term: 0, Majority size: -1, State: 0, Mode: NON_LEADER, active raft config: opid_index: -1 OBSOLETE_local: false peers { permanent_uuid: "ccb81ff831f04220ba88d708f1d25b41" member_type: VOTER last_known_addr { host: "127.8.246.193" port: 36791 } } peers { permanent_uuid: "4067659184db4f8fa0cfb72650bf2d2f" member_type: VOTER last_known_addr { host: "127.8.246.194" port: 38583 } } peers { permanent_uuid: "9a6754797ab74ceda5f016cfcfcb8a9b" member_type: VOTER last_known_addr { host: "127.8.246.195" port: 41953 } }
I20260710 11:11:37.754778 10353 tablet_service.cc:1917] Received RequestConsensusVote() RPC: tablet_id: "cc875dd9b30b457cb7f37e704e901943" candidate_uuid: "9a6754797ab74ceda5f016cfcfcb8a9b" candidate_term: 1 candidate_status { last_received { term: 0 index: 0 } } ignore_live_leader: false dest_uuid: "4067659184db4f8fa0cfb72650bf2d2f"
I20260710 11:11:37.754417 10517 raft_consensus.cc:493] T 013cc6e1455e42aeab2ea8669971b283 P ccb81ff831f04220ba88d708f1d25b41 [term 0 FOLLOWER]: Starting pre-election (no leader contacted us within the election timeout)
W20260710 11:11:37.755585 10243 leader_election.cc:343] T cc875dd9b30b457cb7f37e704e901943 P ccb81ff831f04220ba88d708f1d25b41 [CANDIDATE]: Term 1 election: Tablet error from VoteRequest() call to peer 4067659184db4f8fa0cfb72650bf2d2f (127.8.246.194:38583): Illegal state: must be running to vote when last-logged opid is not known
W20260710 11:11:37.756199 10392 leader_election.cc:343] T cc875dd9b30b457cb7f37e704e901943 P 9a6754797ab74ceda5f016cfcfcb8a9b [CANDIDATE]: Term 1 election: Tablet error from VoteRequest() call to peer 4067659184db4f8fa0cfb72650bf2d2f (127.8.246.194:38583): Illegal state: must be running to vote when last-logged opid is not known
I20260710 11:11:37.756168 10517 raft_consensus.cc:515] T 013cc6e1455e42aeab2ea8669971b283 P ccb81ff831f04220ba88d708f1d25b41 [term 0 FOLLOWER]: Starting pre-election with config: opid_index: -1 OBSOLETE_local: false peers { permanent_uuid: "ccb81ff831f04220ba88d708f1d25b41" member_type: VOTER last_known_addr { host: "127.8.246.193" port: 36791 } } peers { permanent_uuid: "4067659184db4f8fa0cfb72650bf2d2f" member_type: VOTER last_known_addr { host: "127.8.246.194" port: 38583 } } peers { permanent_uuid: "9a6754797ab74ceda5f016cfcfcb8a9b" member_type: VOTER last_known_addr { host: "127.8.246.195" port: 41953 } }
I20260710 11:11:37.764415 10508 raft_consensus.cc:697] T d128f8ec0599430b88bf0f553537fa92 P ccb81ff831f04220ba88d708f1d25b41 [term 1 LEADER]: Becoming Leader. State: Replica: ccb81ff831f04220ba88d708f1d25b41, State: Running, Role: LEADER
I20260710 11:11:37.765313 10508 consensus_queue.cc:237] T d128f8ec0599430b88bf0f553537fa92 P ccb81ff831f04220ba88d708f1d25b41 [LEADER]: Queue going to LEADER mode. State: All replicated index: 0, Majority replicated index: 0, Committed index: 0, Last appended: 0.0, Last appended by leader: 0, Current term: 1, Majority size: 2, State: 0, Mode: LEADER, active raft config: opid_index: -1 OBSOLETE_local: false peers { permanent_uuid: "ccb81ff831f04220ba88d708f1d25b41" member_type: VOTER last_known_addr { host: "127.8.246.193" port: 36791 } } peers { permanent_uuid: "4067659184db4f8fa0cfb72650bf2d2f" member_type: VOTER last_known_addr { host: "127.8.246.194" port: 38583 } } peers { permanent_uuid: "9a6754797ab74ceda5f016cfcfcb8a9b" member_type: VOTER last_known_addr { host: "127.8.246.195" port: 41953 } }
I20260710 11:11:37.756740 10474 ts_tablet_manager.cc:1434] T 52c96e077f4948a8855f0737591ce5d6 P 9a6754797ab74ceda5f016cfcfcb8a9b: Time spent starting tablet: real 0.010s	user 0.006s	sys 0.001s
I20260710 11:11:37.757884 10428 tablet_service.cc:1917] Received RequestConsensusVote() RPC: tablet_id: "cc875dd9b30b457cb7f37e704e901943" candidate_uuid: "ccb81ff831f04220ba88d708f1d25b41" candidate_term: 1 candidate_status { last_received { term: 0 index: 0 } } ignore_live_leader: false dest_uuid: "9a6754797ab74ceda5f016cfcfcb8a9b"
I20260710 11:11:37.767681 10428 raft_consensus.cc:2393] T cc875dd9b30b457cb7f37e704e901943 P 9a6754797ab74ceda5f016cfcfcb8a9b [term 1 FOLLOWER]: Leader election vote request: Denying vote to candidate ccb81ff831f04220ba88d708f1d25b41 in current term 1: Already voted for candidate 9a6754797ab74ceda5f016cfcfcb8a9b in this term.
I20260710 11:11:37.758298 10470 leader_election.cc:290] T cc875dd9b30b457cb7f37e704e901943 P ccb81ff831f04220ba88d708f1d25b41 [CANDIDATE]: Term 1 election: Requested vote from peers 4067659184db4f8fa0cfb72650bf2d2f (127.8.246.194:38583), 9a6754797ab74ceda5f016cfcfcb8a9b (127.8.246.195:41953)
I20260710 11:11:37.758632 10471 ts_tablet_manager.cc:1434] T 9dc59d40c35f461c8f5f4940f5ff72b9 P 4067659184db4f8fa0cfb72650bf2d2f: Time spent starting tablet: real 0.009s	user 0.004s	sys 0.002s
I20260710 11:11:37.768142 10427 tablet_service.cc:1917] Received RequestConsensusVote() RPC: tablet_id: "013cc6e1455e42aeab2ea8669971b283" candidate_uuid: "ccb81ff831f04220ba88d708f1d25b41" candidate_term: 1 candidate_status { last_received { term: 0 index: 0 } } ignore_live_leader: false dest_uuid: "9a6754797ab74ceda5f016cfcfcb8a9b" is_pre_election: true
I20260710 11:11:37.769147 10474 tablet_bootstrap.cc:492] T 728e6dc46914484c9b1f3409c8a29bb8 P 9a6754797ab74ceda5f016cfcfcb8a9b: Bootstrap starting.
I20260710 11:11:37.769841 10517 leader_election.cc:290] T 013cc6e1455e42aeab2ea8669971b283 P ccb81ff831f04220ba88d708f1d25b41 [CANDIDATE]: Term 1 pre-election: Requested pre-vote from peers 4067659184db4f8fa0cfb72650bf2d2f (127.8.246.194:38583), 9a6754797ab74ceda5f016cfcfcb8a9b (127.8.246.195:41953)
I20260710 11:11:37.769773 10242 leader_election.cc:304] T cc875dd9b30b457cb7f37e704e901943 P ccb81ff831f04220ba88d708f1d25b41 [CANDIDATE]: Term 1 election: Election decided. Result: candidate lost. Election summary: received 3 responses out of 3 voters: 1 yes votes; 2 no votes. yes voters: ccb81ff831f04220ba88d708f1d25b41; no voters: 4067659184db4f8fa0cfb72650bf2d2f, 9a6754797ab74ceda5f016cfcfcb8a9b
W20260710 11:11:37.770922 10242 leader_election.cc:343] T 013cc6e1455e42aeab2ea8669971b283 P ccb81ff831f04220ba88d708f1d25b41 [CANDIDATE]: Term 1 pre-election: Tablet error from VoteRequest() call to peer 9a6754797ab74ceda5f016cfcfcb8a9b (127.8.246.195:41953): Illegal state: must be running to vote when last-logged opid is not known
I20260710 11:11:37.776432 10474 tablet_bootstrap.cc:654] T 728e6dc46914484c9b1f3409c8a29bb8 P 9a6754797ab74ceda5f016cfcfcb8a9b: Neither blocks nor log segments found. Creating new log.
I20260710 11:11:37.778174 10471 tablet_bootstrap.cc:492] T b7aa25b3470646bebd7eb63fc9e2b9c4 P 4067659184db4f8fa0cfb72650bf2d2f: Bootstrap starting.
I20260710 11:11:37.768162 10353 tablet_service.cc:1917] Received RequestConsensusVote() RPC: tablet_id: "013cc6e1455e42aeab2ea8669971b283" candidate_uuid: "ccb81ff831f04220ba88d708f1d25b41" candidate_term: 1 candidate_status { last_received { term: 0 index: 0 } } ignore_live_leader: false dest_uuid: "4067659184db4f8fa0cfb72650bf2d2f" is_pre_election: true
I20260710 11:11:37.761420 10468 tablet_bootstrap.cc:492] T 4138d3428003419ea02188d74efa5134 P ccb81ff831f04220ba88d708f1d25b41: No bootstrap required, opened a new log
W20260710 11:11:37.761679 10391 outbound_call.cc:321] RPC callback for RPC call kudu.consensus.ConsensusService.RequestConsensusVote -> {remote=127.8.246.193:36791, user_credentials={real_user=slave}} blocked reactor thread for 58034.2us
I20260710 11:11:37.778976 10353 raft_consensus.cc:2468] T 013cc6e1455e42aeab2ea8669971b283 P 4067659184db4f8fa0cfb72650bf2d2f [term 0 FOLLOWER]: Leader pre-election vote request: Granting yes vote for candidate ccb81ff831f04220ba88d708f1d25b41 in term 0.
I20260710 11:11:37.780121 10391 leader_election.cc:304] T 7d928fc880964d13a9ce456ec2e862dc P 9a6754797ab74ceda5f016cfcfcb8a9b [CANDIDATE]: Term 1 pre-election: Election decided. Result: candidate lost. Election summary: received 3 responses out of 3 voters: 1 yes votes; 2 no votes. yes voters: 9a6754797ab74ceda5f016cfcfcb8a9b; no voters: 4067659184db4f8fa0cfb72650bf2d2f, ccb81ff831f04220ba88d708f1d25b41
I20260710 11:11:37.780396 10243 leader_election.cc:304] T 013cc6e1455e42aeab2ea8669971b283 P ccb81ff831f04220ba88d708f1d25b41 [CANDIDATE]: Term 1 pre-election: Election decided. Result: candidate won. Election summary: received 3 responses out of 3 voters: 2 yes votes; 1 no votes. yes voters: 4067659184db4f8fa0cfb72650bf2d2f, ccb81ff831f04220ba88d708f1d25b41; no voters: 9a6754797ab74ceda5f016cfcfcb8a9b
I20260710 11:11:37.781759 10470 raft_consensus.cc:2749] T cc875dd9b30b457cb7f37e704e901943 P ccb81ff831f04220ba88d708f1d25b41 [term 1 FOLLOWER]: Leader election lost for term 1. Reason: could not achieve majority
I20260710 11:11:37.781812 10513 raft_consensus.cc:3060] T 7d928fc880964d13a9ce456ec2e862dc P 9a6754797ab74ceda5f016cfcfcb8a9b [term 0 FOLLOWER]: Advancing to term 1
I20260710 11:11:37.783114 10468 ts_tablet_manager.cc:1403] T 4138d3428003419ea02188d74efa5134 P ccb81ff831f04220ba88d708f1d25b41: Time spent bootstrapping tablet: real 0.108s	user 0.003s	sys 0.007s
I20260710 11:11:37.785204 10278 tablet_service.cc:1917] Received RequestConsensusVote() RPC: tablet_id: "cc875dd9b30b457cb7f37e704e901943" candidate_uuid: "9a6754797ab74ceda5f016cfcfcb8a9b" candidate_term: 1 candidate_status { last_received { term: 0 index: 0 } } ignore_live_leader: false dest_uuid: "ccb81ff831f04220ba88d708f1d25b41"
I20260710 11:11:37.786185 10278 raft_consensus.cc:2393] T cc875dd9b30b457cb7f37e704e901943 P ccb81ff831f04220ba88d708f1d25b41 [term 1 FOLLOWER]: Leader election vote request: Denying vote to candidate 9a6754797ab74ceda5f016cfcfcb8a9b in current term 1: Already voted for candidate ccb81ff831f04220ba88d708f1d25b41 in this term.
I20260710 11:11:37.782688 10470 raft_consensus.cc:2804] T 013cc6e1455e42aeab2ea8669971b283 P ccb81ff831f04220ba88d708f1d25b41 [term 0 FOLLOWER]: Leader pre-election won for term 1
I20260710 11:11:37.788376 10470 raft_consensus.cc:493] T 013cc6e1455e42aeab2ea8669971b283 P ccb81ff831f04220ba88d708f1d25b41 [term 0 FOLLOWER]: Starting leader election (no leader contacted us within the election timeout)
I20260710 11:11:37.788805 10470 raft_consensus.cc:3060] T 013cc6e1455e42aeab2ea8669971b283 P ccb81ff831f04220ba88d708f1d25b41 [term 0 FOLLOWER]: Advancing to term 1
I20260710 11:11:37.791561 10391 leader_election.cc:304] T cc875dd9b30b457cb7f37e704e901943 P 9a6754797ab74ceda5f016cfcfcb8a9b [CANDIDATE]: Term 1 election: Election decided. Result: candidate lost. Election summary: received 3 responses out of 3 voters: 1 yes votes; 2 no votes. yes voters: 9a6754797ab74ceda5f016cfcfcb8a9b; no voters: 4067659184db4f8fa0cfb72650bf2d2f, ccb81ff831f04220ba88d708f1d25b41
I20260710 11:11:37.792829 10512 raft_consensus.cc:2749] T cc875dd9b30b457cb7f37e704e901943 P 9a6754797ab74ceda5f016cfcfcb8a9b [term 1 FOLLOWER]: Leader election lost for term 1. Reason: could not achieve majority
I20260710 11:11:37.789666 10174 catalog_manager.cc:5697] T b7aa25b3470646bebd7eb63fc9e2b9c4 P ccb81ff831f04220ba88d708f1d25b41 reported cstate change: term changed from 0 to 1, leader changed from <none> to ccb81ff831f04220ba88d708f1d25b41 (127.8.246.193). New cstate: current_term: 1 leader_uuid: "ccb81ff831f04220ba88d708f1d25b41" committed_config { opid_index: -1 OBSOLETE_local: false peers { permanent_uuid: "ccb81ff831f04220ba88d708f1d25b41" member_type: VOTER last_known_addr { host: "127.8.246.193" port: 36791 } health_report { overall_health: HEALTHY } } peers { permanent_uuid: "4067659184db4f8fa0cfb72650bf2d2f" member_type: VOTER last_known_addr { host: "127.8.246.194" port: 38583 } health_report { overall_health: UNKNOWN } } peers { permanent_uuid: "9a6754797ab74ceda5f016cfcfcb8a9b" member_type: VOTER last_known_addr { host: "127.8.246.195" port: 41953 } health_report { overall_health: UNKNOWN } } }
I20260710 11:11:37.797283 10517 raft_consensus.cc:493] T 5c6c73d0be4c456a802487c9a7733fb1 P ccb81ff831f04220ba88d708f1d25b41 [term 0 FOLLOWER]: Starting pre-election (no leader contacted us within the election timeout)
I20260710 11:11:37.797734 10517 raft_consensus.cc:515] T 5c6c73d0be4c456a802487c9a7733fb1 P ccb81ff831f04220ba88d708f1d25b41 [term 0 FOLLOWER]: Starting pre-election with config: opid_index: -1 OBSOLETE_local: false peers { permanent_uuid: "ccb81ff831f04220ba88d708f1d25b41" member_type: VOTER last_known_addr { host: "127.8.246.193" port: 36791 } } peers { permanent_uuid: "4067659184db4f8fa0cfb72650bf2d2f" member_type: VOTER last_known_addr { host: "127.8.246.194" port: 38583 } } peers { permanent_uuid: "9a6754797ab74ceda5f016cfcfcb8a9b" member_type: VOTER last_known_addr { host: "127.8.246.195" port: 41953 } }
I20260710 11:11:37.799674 10517 leader_election.cc:290] T 5c6c73d0be4c456a802487c9a7733fb1 P ccb81ff831f04220ba88d708f1d25b41 [CANDIDATE]: Term 1 pre-election: Requested pre-vote from peers 4067659184db4f8fa0cfb72650bf2d2f (127.8.246.194:38583), 9a6754797ab74ceda5f016cfcfcb8a9b (127.8.246.195:41953)
I20260710 11:11:37.803901 10353 tablet_service.cc:1917] Received RequestConsensusVote() RPC: tablet_id: "5c6c73d0be4c456a802487c9a7733fb1" candidate_uuid: "ccb81ff831f04220ba88d708f1d25b41" candidate_term: 1 candidate_status { last_received { term: 0 index: 0 } } ignore_live_leader: false dest_uuid: "4067659184db4f8fa0cfb72650bf2d2f" is_pre_election: true
I20260710 11:11:37.804111 10427 tablet_service.cc:1917] Received RequestConsensusVote() RPC: tablet_id: "5c6c73d0be4c456a802487c9a7733fb1" candidate_uuid: "ccb81ff831f04220ba88d708f1d25b41" candidate_term: 1 candidate_status { last_received { term: 0 index: 0 } } ignore_live_leader: false dest_uuid: "9a6754797ab74ceda5f016cfcfcb8a9b" is_pre_election: true
I20260710 11:11:37.804783 10427 raft_consensus.cc:2468] T 5c6c73d0be4c456a802487c9a7733fb1 P 9a6754797ab74ceda5f016cfcfcb8a9b [term 0 FOLLOWER]: Leader pre-election vote request: Granting yes vote for candidate ccb81ff831f04220ba88d708f1d25b41 in term 0.
