I20260710 11:11:39.182257 13015 consensus_queue.cc:260] T 826907215d63439eaeccd735a6d42dba P 33794dcf62c8487da98915acff5b6802 [NON_LEADER]: Queue going to NON_LEADER mode. State: All replicated index: 0, Majority replicated index: 0, Committed index: 2, Last appended: 1.2, Last appended by leader: 2, Current term: 0, Majority size: -1, State: 0, Mode: NON_LEADER, active raft config: opid_index: 2 OBSOLETE_local: false peers { permanent_uuid: "1296edce99e24a2cb6df8efcd483d4af" member_type: VOTER last_known_addr { host: "127.11.44.1" port: 42593 } } peers { permanent_uuid: "31e5dc8e8c0b4778a49f1778ee9c3eb8" member_type: VOTER last_known_addr { host: "127.11.44.2" port: 43307 } } peers { permanent_uuid: "44b28729e6bf48b8a8cb53f053dbe004" member_type: VOTER last_known_addr { host: "127.11.44.3" port: 44841 } attrs { replace: true } } peers { permanent_uuid: "33794dcf62c8487da98915acff5b6802" member_type: NON_VOTER last_known_addr { host: "127.11.44.4" port: 34629 } attrs { promote: true } }
I20260710 11:11:39.185858 13018 raft_consensus.cc:359] T b019dd1dfd53459dae41a7b3f7888715 P 33794dcf62c8487da98915acff5b6802 [term 1 LEARNER]: Replica starting. Triggering 0 pending ops. Active config: opid_index: 2 OBSOLETE_local: false peers { permanent_uuid: "1296edce99e24a2cb6df8efcd483d4af" member_type: VOTER last_known_addr { host: "127.11.44.1" port: 42593 } } peers { permanent_uuid: "31e5dc8e8c0b4778a49f1778ee9c3eb8" member_type: VOTER last_known_addr { host: "127.11.44.2" port: 43307 } attrs { replace: true } } peers { permanent_uuid: "44b28729e6bf48b8a8cb53f053dbe004" member_type: VOTER last_known_addr { host: "127.11.44.3" port: 44841 } } peers { permanent_uuid: "33794dcf62c8487da98915acff5b6802" member_type: NON_VOTER last_known_addr { host: "127.11.44.4" port: 34629 } attrs { promote: true } }
I20260710 11:11:39.186625 13018 raft_consensus.cc:740] T b019dd1dfd53459dae41a7b3f7888715 P 33794dcf62c8487da98915acff5b6802 [term 1 LEARNER]: Becoming Follower/Learner. State: Replica: 33794dcf62c8487da98915acff5b6802, State: Initialized, Role: LEARNER
I20260710 11:11:39.187243 13018 consensus_queue.cc:260] T b019dd1dfd53459dae41a7b3f7888715 P 33794dcf62c8487da98915acff5b6802 [NON_LEADER]: Queue going to NON_LEADER mode. State: All replicated index: 0, Majority replicated index: 0, Committed index: 2, Last appended: 1.2, Last appended by leader: 2, Current term: 0, Majority size: -1, State: 0, Mode: NON_LEADER, active raft config: opid_index: 2 OBSOLETE_local: false peers { permanent_uuid: "1296edce99e24a2cb6df8efcd483d4af" member_type: VOTER last_known_addr { host: "127.11.44.1" port: 42593 } } peers { permanent_uuid: "31e5dc8e8c0b4778a49f1778ee9c3eb8" member_type: VOTER last_known_addr { host: "127.11.44.2" port: 43307 } attrs { replace: true } } peers { permanent_uuid: "44b28729e6bf48b8a8cb53f053dbe004" member_type: VOTER last_known_addr { host: "127.11.44.3" port: 44841 } } peers { permanent_uuid: "33794dcf62c8487da98915acff5b6802" member_type: NON_VOTER last_known_addr { host: "127.11.44.4" port: 34629 } attrs { promote: true } }
I20260710 11:11:39.191109 13015 ts_tablet_manager.cc:1434] T 826907215d63439eaeccd735a6d42dba P 33794dcf62c8487da98915acff5b6802: Time spent starting tablet: real 0.013s	user 0.005s	sys 0.004s
I20260710 11:11:39.194010 13018 ts_tablet_manager.cc:1434] T b019dd1dfd53459dae41a7b3f7888715 P 33794dcf62c8487da98915acff5b6802: Time spent starting tablet: real 0.012s	user 0.007s	sys 0.001s
I20260710 11:11:39.194024 12561 tablet_copy_service.cc:342] P 1296edce99e24a2cb6df8efcd483d4af: Request end of tablet copy session 33794dcf62c8487da98915acff5b6802-826907215d63439eaeccd735a6d42dba received from {username='slave'} at 127.0.0.1:52202
I20260710 11:11:39.197963 12561 tablet_copy_service.cc:434] P 1296edce99e24a2cb6df8efcd483d4af: ending tablet copy session 33794dcf62c8487da98915acff5b6802-826907215d63439eaeccd735a6d42dba on tablet 826907215d63439eaeccd735a6d42dba with peer 33794dcf62c8487da98915acff5b6802
I20260710 11:11:39.199826 12710 tablet_copy_service.cc:342] P 44b28729e6bf48b8a8cb53f053dbe004: Request end of tablet copy session 33794dcf62c8487da98915acff5b6802-b019dd1dfd53459dae41a7b3f7888715 received from {username='slave'} at 127.0.0.1:55254
I20260710 11:11:39.200243 12710 tablet_copy_service.cc:434] P 44b28729e6bf48b8a8cb53f053dbe004: ending tablet copy session 33794dcf62c8487da98915acff5b6802-b019dd1dfd53459dae41a7b3f7888715 on tablet b019dd1dfd53459dae41a7b3f7888715 with peer 33794dcf62c8487da98915acff5b6802
I20260710 11:11:39.200543 13023 ts_tablet_manager.cc:933] T 9e1efee3b0aa43c387da35ee503f022b P 33794dcf62c8487da98915acff5b6802: Initiating tablet copy from peer 31e5dc8e8c0b4778a49f1778ee9c3eb8 (127.11.44.2:43307)
I20260710 11:11:39.202342 13023 tablet_copy_client.cc:323] T 9e1efee3b0aa43c387da35ee503f022b P 33794dcf62c8487da98915acff5b6802: tablet copy: Beginning tablet copy session from remote peer at address 127.11.44.2:43307
I20260710 11:11:39.211238 12636 tablet_copy_service.cc:140] P 31e5dc8e8c0b4778a49f1778ee9c3eb8: Received BeginTabletCopySession request for tablet 9e1efee3b0aa43c387da35ee503f022b from peer 33794dcf62c8487da98915acff5b6802 ({username='slave'} at 127.0.0.1:56110)
I20260710 11:11:39.211710 12636 tablet_copy_service.cc:161] P 31e5dc8e8c0b4778a49f1778ee9c3eb8: Beginning new tablet copy session on tablet 9e1efee3b0aa43c387da35ee503f022b from peer 33794dcf62c8487da98915acff5b6802 at {username='slave'} at 127.0.0.1:56110: session id = 33794dcf62c8487da98915acff5b6802-9e1efee3b0aa43c387da35ee503f022b
I20260710 11:11:39.219105 12636 tablet_copy_source_session.cc:215] T 9e1efee3b0aa43c387da35ee503f022b P 31e5dc8e8c0b4778a49f1778ee9c3eb8: Tablet Copy: opened 0 blocks and 1 log segments
I20260710 11:11:39.221683 13023 data_dirs.cc:400] Could only allocate 1 dirs of requested 3 for tablet 9e1efee3b0aa43c387da35ee503f022b. 1 dirs total, 0 dirs full, 0 dirs failed
I20260710 11:11:39.230734 13023 tablet_copy_client.cc:806] T 9e1efee3b0aa43c387da35ee503f022b P 33794dcf62c8487da98915acff5b6802: tablet copy: Starting download of 0 data blocks...
I20260710 11:11:39.231201 13023 tablet_copy_client.cc:670] T 9e1efee3b0aa43c387da35ee503f022b P 33794dcf62c8487da98915acff5b6802: tablet copy: Starting download of 1 WAL segments...
I20260710 11:11:39.234622 13023 tablet_copy_client.cc:538] T 9e1efee3b0aa43c387da35ee503f022b P 33794dcf62c8487da98915acff5b6802: tablet copy: Tablet Copy complete. Replacing tablet superblock.
I20260710 11:11:39.241214 13023 tablet_bootstrap.cc:492] T 9e1efee3b0aa43c387da35ee503f022b P 33794dcf62c8487da98915acff5b6802: Bootstrap starting.
I20260710 11:11:39.263283 13023 tablet_bootstrap.cc:492] T 9e1efee3b0aa43c387da35ee503f022b P 33794dcf62c8487da98915acff5b6802: Bootstrap replayed 1/1 log segments. Stats: ops{read=2 overwritten=0 applied=2 ignored=0} inserts{seen=0 ignored=0} mutations{seen=0 ignored=0} orphaned_commits=0. Pending: 0 replicates
I20260710 11:11:39.263912 13023 tablet_bootstrap.cc:492] T 9e1efee3b0aa43c387da35ee503f022b P 33794dcf62c8487da98915acff5b6802: Bootstrap complete.
I20260710 11:11:39.264396 13023 ts_tablet_manager.cc:1403] T 9e1efee3b0aa43c387da35ee503f022b P 33794dcf62c8487da98915acff5b6802: Time spent bootstrapping tablet: real 0.023s	user 0.011s	sys 0.007s
I20260710 11:11:39.266798 13023 raft_consensus.cc:359] T 9e1efee3b0aa43c387da35ee503f022b P 33794dcf62c8487da98915acff5b6802 [term 1 LEARNER]: Replica starting. Triggering 0 pending ops. Active config: opid_index: 2 OBSOLETE_local: false peers { permanent_uuid: "1296edce99e24a2cb6df8efcd483d4af" member_type: VOTER last_known_addr { host: "127.11.44.1" port: 42593 } attrs { replace: true } } peers { permanent_uuid: "31e5dc8e8c0b4778a49f1778ee9c3eb8" member_type: VOTER last_known_addr { host: "127.11.44.2" port: 43307 } } peers { permanent_uuid: "44b28729e6bf48b8a8cb53f053dbe004" member_type: VOTER last_known_addr { host: "127.11.44.3" port: 44841 } } peers { permanent_uuid: "33794dcf62c8487da98915acff5b6802" member_type: NON_VOTER last_known_addr { host: "127.11.44.4" port: 34629 } attrs { promote: true } }
I20260710 11:11:39.267390 13023 raft_consensus.cc:740] T 9e1efee3b0aa43c387da35ee503f022b P 33794dcf62c8487da98915acff5b6802 [term 1 LEARNER]: Becoming Follower/Learner. State: Replica: 33794dcf62c8487da98915acff5b6802, State: Initialized, Role: LEARNER
I20260710 11:11:39.267855 13023 consensus_queue.cc:260] T 9e1efee3b0aa43c387da35ee503f022b P 33794dcf62c8487da98915acff5b6802 [NON_LEADER]: Queue going to NON_LEADER mode. State: All replicated index: 0, Majority replicated index: 0, Committed index: 2, Last appended: 1.2, Last appended by leader: 2, Current term: 0, Majority size: -1, State: 0, Mode: NON_LEADER, active raft config: opid_index: 2 OBSOLETE_local: false peers { permanent_uuid: "1296edce99e24a2cb6df8efcd483d4af" member_type: VOTER last_known_addr { host: "127.11.44.1" port: 42593 } attrs { replace: true } } peers { permanent_uuid: "31e5dc8e8c0b4778a49f1778ee9c3eb8" member_type: VOTER last_known_addr { host: "127.11.44.2" port: 43307 } } peers { permanent_uuid: "44b28729e6bf48b8a8cb53f053dbe004" member_type: VOTER last_known_addr { host: "127.11.44.3" port: 44841 } } peers { permanent_uuid: "33794dcf62c8487da98915acff5b6802" member_type: NON_VOTER last_known_addr { host: "127.11.44.4" port: 34629 } attrs { promote: true } }
I20260710 11:11:39.269511 13023 ts_tablet_manager.cc:1434] T 9e1efee3b0aa43c387da35ee503f022b P 33794dcf62c8487da98915acff5b6802: Time spent starting tablet: real 0.005s	user 0.008s	sys 0.000s
I20260710 11:11:39.271013 12636 tablet_copy_service.cc:342] P 31e5dc8e8c0b4778a49f1778ee9c3eb8: Request end of tablet copy session 33794dcf62c8487da98915acff5b6802-9e1efee3b0aa43c387da35ee503f022b received from {username='slave'} at 127.0.0.1:56110
I20260710 11:11:39.271378 12636 tablet_copy_service.cc:434] P 31e5dc8e8c0b4778a49f1778ee9c3eb8: ending tablet copy session 33794dcf62c8487da98915acff5b6802-9e1efee3b0aa43c387da35ee503f022b on tablet 9e1efee3b0aa43c387da35ee503f022b with peer 33794dcf62c8487da98915acff5b6802
I20260710 11:11:39.331769 13023 ts_tablet_manager.cc:933] T db5bbbeb73da4eb8a2489756b2ecd0f8 P 33794dcf62c8487da98915acff5b6802: Initiating tablet copy from peer 31e5dc8e8c0b4778a49f1778ee9c3eb8 (127.11.44.2:43307)
I20260710 11:11:39.333567 13023 tablet_copy_client.cc:323] T db5bbbeb73da4eb8a2489756b2ecd0f8 P 33794dcf62c8487da98915acff5b6802: tablet copy: Beginning tablet copy session from remote peer at address 127.11.44.2:43307
I20260710 11:11:39.335075 12636 tablet_copy_service.cc:140] P 31e5dc8e8c0b4778a49f1778ee9c3eb8: Received BeginTabletCopySession request for tablet db5bbbeb73da4eb8a2489756b2ecd0f8 from peer 33794dcf62c8487da98915acff5b6802 ({username='slave'} at 127.0.0.1:56110)
I20260710 11:11:39.335578 12636 tablet_copy_service.cc:161] P 31e5dc8e8c0b4778a49f1778ee9c3eb8: Beginning new tablet copy session on tablet db5bbbeb73da4eb8a2489756b2ecd0f8 from peer 33794dcf62c8487da98915acff5b6802 at {username='slave'} at 127.0.0.1:56110: session id = 33794dcf62c8487da98915acff5b6802-db5bbbeb73da4eb8a2489756b2ecd0f8
I20260710 11:11:39.342950 12636 tablet_copy_source_session.cc:215] T db5bbbeb73da4eb8a2489756b2ecd0f8 P 31e5dc8e8c0b4778a49f1778ee9c3eb8: Tablet Copy: opened 0 blocks and 1 log segments
I20260710 11:11:39.345903 13023 data_dirs.cc:400] Could only allocate 1 dirs of requested 3 for tablet db5bbbeb73da4eb8a2489756b2ecd0f8. 1 dirs total, 0 dirs full, 0 dirs failed
I20260710 11:11:39.355556 13023 tablet_copy_client.cc:806] T db5bbbeb73da4eb8a2489756b2ecd0f8 P 33794dcf62c8487da98915acff5b6802: tablet copy: Starting download of 0 data blocks...
I20260710 11:11:39.356127 13023 tablet_copy_client.cc:670] T db5bbbeb73da4eb8a2489756b2ecd0f8 P 33794dcf62c8487da98915acff5b6802: tablet copy: Starting download of 1 WAL segments...
I20260710 11:11:39.359340 13023 tablet_copy_client.cc:538] T db5bbbeb73da4eb8a2489756b2ecd0f8 P 33794dcf62c8487da98915acff5b6802: tablet copy: Tablet Copy complete. Replacing tablet superblock.
I20260710 11:11:39.368089 13023 tablet_bootstrap.cc:492] T db5bbbeb73da4eb8a2489756b2ecd0f8 P 33794dcf62c8487da98915acff5b6802: Bootstrap starting.
I20260710 11:11:39.385496 13023 tablet_bootstrap.cc:492] T db5bbbeb73da4eb8a2489756b2ecd0f8 P 33794dcf62c8487da98915acff5b6802: Bootstrap replayed 1/1 log segments. Stats: ops{read=2 overwritten=0 applied=2 ignored=0} inserts{seen=0 ignored=0} mutations{seen=0 ignored=0} orphaned_commits=0. Pending: 0 replicates
I20260710 11:11:39.386415 13023 tablet_bootstrap.cc:492] T db5bbbeb73da4eb8a2489756b2ecd0f8 P 33794dcf62c8487da98915acff5b6802: Bootstrap complete.
I20260710 11:11:39.387038 13023 ts_tablet_manager.cc:1403] T db5bbbeb73da4eb8a2489756b2ecd0f8 P 33794dcf62c8487da98915acff5b6802: Time spent bootstrapping tablet: real 0.019s	user 0.015s	sys 0.004s
I20260710 11:11:39.389807 13023 raft_consensus.cc:359] T db5bbbeb73da4eb8a2489756b2ecd0f8 P 33794dcf62c8487da98915acff5b6802 [term 1 LEARNER]: Replica starting. Triggering 0 pending ops. Active config: opid_index: 2 OBSOLETE_local: false peers { permanent_uuid: "1296edce99e24a2cb6df8efcd483d4af" member_type: VOTER last_known_addr { host: "127.11.44.1" port: 42593 } } peers { permanent_uuid: "31e5dc8e8c0b4778a49f1778ee9c3eb8" member_type: VOTER last_known_addr { host: "127.11.44.2" port: 43307 } } peers { permanent_uuid: "44b28729e6bf48b8a8cb53f053dbe004" member_type: VOTER last_known_addr { host: "127.11.44.3" port: 44841 } attrs { replace: true } } peers { permanent_uuid: "33794dcf62c8487da98915acff5b6802" member_type: NON_VOTER last_known_addr { host: "127.11.44.4" port: 34629 } attrs { promote: true } }
I20260710 11:11:39.390636 13023 raft_consensus.cc:740] T db5bbbeb73da4eb8a2489756b2ecd0f8 P 33794dcf62c8487da98915acff5b6802 [term 1 LEARNER]: Becoming Follower/Learner. State: Replica: 33794dcf62c8487da98915acff5b6802, State: Initialized, Role: LEARNER
I20260710 11:11:39.391295 13023 consensus_queue.cc:260] T db5bbbeb73da4eb8a2489756b2ecd0f8 P 33794dcf62c8487da98915acff5b6802 [NON_LEADER]: Queue going to NON_LEADER mode. State: All replicated index: 0, Majority replicated index: 0, Committed index: 2, Last appended: 1.2, Last appended by leader: 2, Current term: 0, Majority size: -1, State: 0, Mode: NON_LEADER, active raft config: opid_index: 2 OBSOLETE_local: false peers { permanent_uuid: "1296edce99e24a2cb6df8efcd483d4af" member_type: VOTER last_known_addr { host: "127.11.44.1" port: 42593 } } peers { permanent_uuid: "31e5dc8e8c0b4778a49f1778ee9c3eb8" member_type: VOTER last_known_addr { host: "127.11.44.2" port: 43307 } } peers { permanent_uuid: "44b28729e6bf48b8a8cb53f053dbe004" member_type: VOTER last_known_addr { host: "127.11.44.3" port: 44841 } attrs { replace: true } } peers { permanent_uuid: "33794dcf62c8487da98915acff5b6802" member_type: NON_VOTER last_known_addr { host: "127.11.44.4" port: 34629 } attrs { promote: true } }
I20260710 11:11:39.393507 13023 ts_tablet_manager.cc:1434] T db5bbbeb73da4eb8a2489756b2ecd0f8 P 33794dcf62c8487da98915acff5b6802: Time spent starting tablet: real 0.006s	user 0.008s	sys 0.000s
I20260710 11:11:39.395103 12636 tablet_copy_service.cc:342] P 31e5dc8e8c0b4778a49f1778ee9c3eb8: Request end of tablet copy session 33794dcf62c8487da98915acff5b6802-db5bbbeb73da4eb8a2489756b2ecd0f8 received from {username='slave'} at 127.0.0.1:56110
I20260710 11:11:39.395519 12636 tablet_copy_service.cc:434] P 31e5dc8e8c0b4778a49f1778ee9c3eb8: ending tablet copy session 33794dcf62c8487da98915acff5b6802-db5bbbeb73da4eb8a2489756b2ecd0f8 on tablet db5bbbeb73da4eb8a2489756b2ecd0f8 with peer 33794dcf62c8487da98915acff5b6802
I20260710 11:11:39.535828 12963 raft_consensus.cc:1217] T 826907215d63439eaeccd735a6d42dba P 33794dcf62c8487da98915acff5b6802 [term 1 LEARNER]: Deduplicated request from leader. Original: 1.1->[1.2-1.2]   Dedup: 1.2->[]
I20260710 11:11:39.612874 12963 raft_consensus.cc:1217] T b019dd1dfd53459dae41a7b3f7888715 P 33794dcf62c8487da98915acff5b6802 [term 1 LEARNER]: Deduplicated request from leader. Original: 1.1->[1.2-1.2]   Dedup: 1.2->[]
I20260710 11:11:39.640144 12963 raft_consensus.cc:1217] T 9e1efee3b0aa43c387da35ee503f022b P 33794dcf62c8487da98915acff5b6802 [term 1 LEARNER]: Deduplicated request from leader. Original: 1.1->[1.2-1.2]   Dedup: 1.2->[]
I20260710 11:11:39.941545 12963 raft_consensus.cc:1217] T db5bbbeb73da4eb8a2489756b2ecd0f8 P 33794dcf62c8487da98915acff5b6802 [term 1 LEARNER]: Deduplicated request from leader. Original: 1.1->[1.2-1.2]   Dedup: 1.2->[]
I20260710 11:11:40.098887 13029 raft_consensus.cc:1064] T b019dd1dfd53459dae41a7b3f7888715 P 44b28729e6bf48b8a8cb53f053dbe004: attempting to promote NON_VOTER 33794dcf62c8487da98915acff5b6802 to VOTER
I20260710 11:11:40.101246 13029 consensus_queue.cc:237] T b019dd1dfd53459dae41a7b3f7888715 P 44b28729e6bf48b8a8cb53f053dbe004 [LEADER]: Queue going to LEADER mode. State: All replicated index: 0, Majority replicated index: 2, Committed index: 2, Last appended: 1.2, Last appended by leader: 0, Current term: 1, Majority size: 3, State: 0, Mode: LEADER, active raft config: opid_index: 3 OBSOLETE_local: false peers { permanent_uuid: "1296edce99e24a2cb6df8efcd483d4af" member_type: VOTER last_known_addr { host: "127.11.44.1" port: 42593 } } peers { permanent_uuid: "31e5dc8e8c0b4778a49f1778ee9c3eb8" member_type: VOTER last_known_addr { host: "127.11.44.2" port: 43307 } attrs { replace: true } } peers { permanent_uuid: "44b28729e6bf48b8a8cb53f053dbe004" member_type: VOTER last_known_addr { host: "127.11.44.3" port: 44841 } } peers { permanent_uuid: "33794dcf62c8487da98915acff5b6802" member_type: VOTER last_known_addr { host: "127.11.44.4" port: 34629 } attrs { promote: false } }
I20260710 11:11:40.107244 12963 raft_consensus.cc:1275] T b019dd1dfd53459dae41a7b3f7888715 P 33794dcf62c8487da98915acff5b6802 [term 1 LEARNER]: Refusing update from remote peer 44b28729e6bf48b8a8cb53f053dbe004: Log matching property violated. Preceding OpId in replica: term: 1 index: 2. Preceding OpId from leader: term: 1 index: 3. (index mismatch)
I20260710 11:11:40.108819 13029 consensus_queue.cc:1048] T b019dd1dfd53459dae41a7b3f7888715 P 44b28729e6bf48b8a8cb53f053dbe004 [LEADER]: Connected to new peer: Peer: permanent_uuid: "33794dcf62c8487da98915acff5b6802" member_type: VOTER last_known_addr { host: "127.11.44.4" port: 34629 } attrs { promote: false }, Status: LMP_MISMATCH, Last received: 0.0, Next index: 3, Last known committed idx: 2, Time since last communication: 0.000s
I20260710 11:11:40.110328 12625 raft_consensus.cc:1275] T b019dd1dfd53459dae41a7b3f7888715 P 31e5dc8e8c0b4778a49f1778ee9c3eb8 [term 1 FOLLOWER]: Refusing update from remote peer 44b28729e6bf48b8a8cb53f053dbe004: Log matching property violated. Preceding OpId in replica: term: 1 index: 2. Preceding OpId from leader: term: 1 index: 3. (index mismatch)
I20260710 11:11:40.112715 12550 raft_consensus.cc:1275] T b019dd1dfd53459dae41a7b3f7888715 P 1296edce99e24a2cb6df8efcd483d4af [term 1 FOLLOWER]: Refusing update from remote peer 44b28729e6bf48b8a8cb53f053dbe004: Log matching property violated. Preceding OpId in replica: term: 1 index: 2. Preceding OpId from leader: term: 1 index: 3. (index mismatch)
I20260710 11:11:40.113970 12779 consensus_queue.cc:1048] T b019dd1dfd53459dae41a7b3f7888715 P 44b28729e6bf48b8a8cb53f053dbe004 [LEADER]: Connected to new peer: Peer: permanent_uuid: "31e5dc8e8c0b4778a49f1778ee9c3eb8" member_type: VOTER last_known_addr { host: "127.11.44.2" port: 43307 } attrs { replace: true }, Status: LMP_MISMATCH, Last received: 0.0, Next index: 3, Last known committed idx: 2, Time since last communication: 0.000s
I20260710 11:11:40.116279 12779 consensus_queue.cc:1048] T b019dd1dfd53459dae41a7b3f7888715 P 44b28729e6bf48b8a8cb53f053dbe004 [LEADER]: Connected to new peer: Peer: permanent_uuid: "1296edce99e24a2cb6df8efcd483d4af" member_type: VOTER last_known_addr { host: "127.11.44.1" port: 42593 }, Status: LMP_MISMATCH, Last received: 0.0, Next index: 3, Last known committed idx: 2, Time since last communication: 0.001s
I20260710 11:11:40.127614 13033 raft_consensus.cc:2955] T b019dd1dfd53459dae41a7b3f7888715 P 44b28729e6bf48b8a8cb53f053dbe004 [term 1 LEADER]: Committing config change with OpId 1.3: config changed from index 2 to 3, 33794dcf62c8487da98915acff5b6802 (127.11.44.4) changed from NON_VOTER to VOTER. New config: { opid_index: 3 OBSOLETE_local: false peers { permanent_uuid: "1296edce99e24a2cb6df8efcd483d4af" member_type: VOTER last_known_addr { host: "127.11.44.1" port: 42593 } } peers { permanent_uuid: "31e5dc8e8c0b4778a49f1778ee9c3eb8" member_type: VOTER last_known_addr { host: "127.11.44.2" port: 43307 } attrs { replace: true } } peers { permanent_uuid: "44b28729e6bf48b8a8cb53f053dbe004" member_type: VOTER last_known_addr { host: "127.11.44.3" port: 44841 } } peers { permanent_uuid: "33794dcf62c8487da98915acff5b6802" member_type: VOTER last_known_addr { host: "127.11.44.4" port: 34629 } attrs { promote: false } } }
I20260710 11:11:40.129769 13036 raft_consensus.cc:1064] T 826907215d63439eaeccd735a6d42dba P 1296edce99e24a2cb6df8efcd483d4af: attempting to promote NON_VOTER 33794dcf62c8487da98915acff5b6802 to VOTER
I20260710 11:11:40.132120 13036 consensus_queue.cc:237] T 826907215d63439eaeccd735a6d42dba P 1296edce99e24a2cb6df8efcd483d4af [LEADER]: Queue going to LEADER mode. State: All replicated index: 0, Majority replicated index: 2, Committed index: 2, Last appended: 1.2, Last appended by leader: 0, Current term: 1, Majority size: 3, State: 0, Mode: LEADER, active raft config: opid_index: 3 OBSOLETE_local: false peers { permanent_uuid: "1296edce99e24a2cb6df8efcd483d4af" member_type: VOTER last_known_addr { host: "127.11.44.1" port: 42593 } } peers { permanent_uuid: "31e5dc8e8c0b4778a49f1778ee9c3eb8" member_type: VOTER last_known_addr { host: "127.11.44.2" port: 43307 } } peers { permanent_uuid: "44b28729e6bf48b8a8cb53f053dbe004" member_type: VOTER last_known_addr { host: "127.11.44.3" port: 44841 } attrs { replace: true } } peers { permanent_uuid: "33794dcf62c8487da98915acff5b6802" member_type: VOTER last_known_addr { host: "127.11.44.4" port: 34629 } attrs { promote: false } }
I20260710 11:11:40.135582 12625 raft_consensus.cc:2955] T b019dd1dfd53459dae41a7b3f7888715 P 31e5dc8e8c0b4778a49f1778ee9c3eb8 [term 1 FOLLOWER]: Committing config change with OpId 1.3: config changed from index 2 to 3, 33794dcf62c8487da98915acff5b6802 (127.11.44.4) changed from NON_VOTER to VOTER. New config: { opid_index: 3 OBSOLETE_local: false peers { permanent_uuid: "1296edce99e24a2cb6df8efcd483d4af" member_type: VOTER last_known_addr { host: "127.11.44.1" port: 42593 } } peers { permanent_uuid: "31e5dc8e8c0b4778a49f1778ee9c3eb8" member_type: VOTER last_known_addr { host: "127.11.44.2" port: 43307 } attrs { replace: true } } peers { permanent_uuid: "44b28729e6bf48b8a8cb53f053dbe004" member_type: VOTER last_known_addr { host: "127.11.44.3" port: 44841 } } peers { permanent_uuid: "33794dcf62c8487da98915acff5b6802" member_type: VOTER last_known_addr { host: "127.11.44.4" port: 34629 } attrs { promote: false } } }
I20260710 11:11:40.143836 12551 raft_consensus.cc:2955] T b019dd1dfd53459dae41a7b3f7888715 P 1296edce99e24a2cb6df8efcd483d4af [term 1 FOLLOWER]: Committing config change with OpId 1.3: config changed from index 2 to 3, 33794dcf62c8487da98915acff5b6802 (127.11.44.4) changed from NON_VOTER to VOTER. New config: { opid_index: 3 OBSOLETE_local: false peers { permanent_uuid: "1296edce99e24a2cb6df8efcd483d4af" member_type: VOTER last_known_addr { host: "127.11.44.1" port: 42593 } } peers { permanent_uuid: "31e5dc8e8c0b4778a49f1778ee9c3eb8" member_type: VOTER last_known_addr { host: "127.11.44.2" port: 43307 } attrs { replace: true } } peers { permanent_uuid: "44b28729e6bf48b8a8cb53f053dbe004" member_type: VOTER last_known_addr { host: "127.11.44.3" port: 44841 } } peers { permanent_uuid: "33794dcf62c8487da98915acff5b6802" member_type: VOTER last_known_addr { host: "127.11.44.4" port: 34629 } attrs { promote: false } } }
I20260710 11:11:40.156246 12696 raft_consensus.cc:1275] T 826907215d63439eaeccd735a6d42dba P 44b28729e6bf48b8a8cb53f053dbe004 [term 1 FOLLOWER]: Refusing update from remote peer 1296edce99e24a2cb6df8efcd483d4af: Log matching property violated. Preceding OpId in replica: term: 1 index: 2. Preceding OpId from leader: term: 1 index: 3. (index mismatch)
I20260710 11:11:40.161176 13028 consensus_queue.cc:1048] T 826907215d63439eaeccd735a6d42dba P 1296edce99e24a2cb6df8efcd483d4af [LEADER]: Connected to new peer: Peer: permanent_uuid: "44b28729e6bf48b8a8cb53f053dbe004" member_type: VOTER last_known_addr { host: "127.11.44.3" port: 44841 } attrs { replace: true }, Status: LMP_MISMATCH, Last received: 0.0, Next index: 3, Last known committed idx: 2, Time since last communication: 0.000s
I20260710 11:11:40.170694 12448 catalog_manager.cc:5697] T b019dd1dfd53459dae41a7b3f7888715 P 1296edce99e24a2cb6df8efcd483d4af reported cstate change: config changed from index 2 to 3, 33794dcf62c8487da98915acff5b6802 (127.11.44.4) changed from NON_VOTER to VOTER. New cstate: current_term: 1 leader_uuid: "44b28729e6bf48b8a8cb53f053dbe004" committed_config { opid_index: 3 OBSOLETE_local: false peers { permanent_uuid: "1296edce99e24a2cb6df8efcd483d4af" member_type: VOTER last_known_addr { host: "127.11.44.1" port: 42593 } } peers { permanent_uuid: "31e5dc8e8c0b4778a49f1778ee9c3eb8" member_type: VOTER last_known_addr { host: "127.11.44.2" port: 43307 } attrs { replace: true } } peers { permanent_uuid: "44b28729e6bf48b8a8cb53f053dbe004" member_type: VOTER last_known_addr { host: "127.11.44.3" port: 44841 } } peers { permanent_uuid: "33794dcf62c8487da98915acff5b6802" member_type: VOTER last_known_addr { host: "127.11.44.4" port: 34629 } attrs { promote: false } } }
I20260710 11:11:40.195243 12625 raft_consensus.cc:1275] T 826907215d63439eaeccd735a6d42dba P 31e5dc8e8c0b4778a49f1778ee9c3eb8 [term 1 FOLLOWER]: Refusing update from remote peer 1296edce99e24a2cb6df8efcd483d4af: Log matching property violated. Preceding OpId in replica: term: 1 index: 2. Preceding OpId from leader: term: 1 index: 3. (index mismatch)
I20260710 11:11:40.195243 12962 raft_consensus.cc:1275] T 826907215d63439eaeccd735a6d42dba P 33794dcf62c8487da98915acff5b6802 [term 1 LEARNER]: Refusing update from remote peer 1296edce99e24a2cb6df8efcd483d4af: Log matching property violated. Preceding OpId in replica: term: 1 index: 2. Preceding OpId from leader: term: 1 index: 3. (index mismatch)
I20260710 11:11:40.194743 12963 raft_consensus.cc:2955] T b019dd1dfd53459dae41a7b3f7888715 P 33794dcf62c8487da98915acff5b6802 [term 1 FOLLOWER]: Committing config change with OpId 1.3: config changed from index 2 to 3, 33794dcf62c8487da98915acff5b6802 (127.11.44.4) changed from NON_VOTER to VOTER. New config: { opid_index: 3 OBSOLETE_local: false peers { permanent_uuid: "1296edce99e24a2cb6df8efcd483d4af" member_type: VOTER last_known_addr { host: "127.11.44.1" port: 42593 } } peers { permanent_uuid: "31e5dc8e8c0b4778a49f1778ee9c3eb8" member_type: VOTER last_known_addr { host: "127.11.44.2" port: 43307 } attrs { replace: true } } peers { permanent_uuid: "44b28729e6bf48b8a8cb53f053dbe004" member_type: VOTER last_known_addr { host: "127.11.44.3" port: 44841 } } peers { permanent_uuid: "33794dcf62c8487da98915acff5b6802" member_type: VOTER last_known_addr { host: "127.11.44.4" port: 34629 } attrs { promote: false } } }
I20260710 11:11:40.197672 13036 consensus_queue.cc:1048] T 826907215d63439eaeccd735a6d42dba P 1296edce99e24a2cb6df8efcd483d4af [LEADER]: Connected to new peer: Peer: permanent_uuid: "33794dcf62c8487da98915acff5b6802" member_type: VOTER last_known_addr { host: "127.11.44.4" port: 34629 } attrs { promote: false }, Status: LMP_MISMATCH, Last received: 0.0, Next index: 3, Last known committed idx: 2, Time since last communication: 0.000s
I20260710 11:11:40.199504 13036 consensus_queue.cc:1048] T 826907215d63439eaeccd735a6d42dba P 1296edce99e24a2cb6df8efcd483d4af [LEADER]: Connected to new peer: Peer: permanent_uuid: "31e5dc8e8c0b4778a49f1778ee9c3eb8" member_type: VOTER last_known_addr { host: "127.11.44.2" port: 43307 }, Status: LMP_MISMATCH, Last received: 0.0, Next index: 3, Last known committed idx: 2, Time since last communication: 0.000s
I20260710 11:11:40.216401 13028 raft_consensus.cc:2955] T 826907215d63439eaeccd735a6d42dba P 1296edce99e24a2cb6df8efcd483d4af [term 1 LEADER]: Committing config change with OpId 1.3: config changed from index 2 to 3, 33794dcf62c8487da98915acff5b6802 (127.11.44.4) changed from NON_VOTER to VOTER. New config: { opid_index: 3 OBSOLETE_local: false peers { permanent_uuid: "1296edce99e24a2cb6df8efcd483d4af" member_type: VOTER last_known_addr { host: "127.11.44.1" port: 42593 } } peers { permanent_uuid: "31e5dc8e8c0b4778a49f1778ee9c3eb8" member_type: VOTER last_known_addr { host: "127.11.44.2" port: 43307 } } peers { permanent_uuid: "44b28729e6bf48b8a8cb53f053dbe004" member_type: VOTER last_known_addr { host: "127.11.44.3" port: 44841 } attrs { replace: true } } peers { permanent_uuid: "33794dcf62c8487da98915acff5b6802" member_type: VOTER last_known_addr { host: "127.11.44.4" port: 34629 } attrs { promote: false } } }
I20260710 11:11:40.230681 12700 raft_consensus.cc:2955] T 826907215d63439eaeccd735a6d42dba P 44b28729e6bf48b8a8cb53f053dbe004 [term 1 FOLLOWER]: Committing config change with OpId 1.3: config changed from index 2 to 3, 33794dcf62c8487da98915acff5b6802 (127.11.44.4) changed from NON_VOTER to VOTER. New config: { opid_index: 3 OBSOLETE_local: false peers { permanent_uuid: "1296edce99e24a2cb6df8efcd483d4af" member_type: VOTER last_known_addr { host: "127.11.44.1" port: 42593 } } peers { permanent_uuid: "31e5dc8e8c0b4778a49f1778ee9c3eb8" member_type: VOTER last_known_addr { host: "127.11.44.2" port: 43307 } } peers { permanent_uuid: "44b28729e6bf48b8a8cb53f053dbe004" member_type: VOTER last_known_addr { host: "127.11.44.3" port: 44841 } attrs { replace: true } } peers { permanent_uuid: "33794dcf62c8487da98915acff5b6802" member_type: VOTER last_known_addr { host: "127.11.44.4" port: 34629 } attrs { promote: false } } }
I20260710 11:11:40.243616 12625 raft_consensus.cc:2955] T 826907215d63439eaeccd735a6d42dba P 31e5dc8e8c0b4778a49f1778ee9c3eb8 [term 1 FOLLOWER]: Committing config change with OpId 1.3: config changed from index 2 to 3, 33794dcf62c8487da98915acff5b6802 (127.11.44.4) changed from NON_VOTER to VOTER. New config: { opid_index: 3 OBSOLETE_local: false peers { permanent_uuid: "1296edce99e24a2cb6df8efcd483d4af" member_type: VOTER last_known_addr { host: "127.11.44.1" port: 42593 } } peers { permanent_uuid: "31e5dc8e8c0b4778a49f1778ee9c3eb8" member_type: VOTER last_known_addr { host: "127.11.44.2" port: 43307 } } peers { permanent_uuid: "44b28729e6bf48b8a8cb53f053dbe004" member_type: VOTER last_known_addr { host: "127.11.44.3" port: 44841 } attrs { replace: true } } peers { permanent_uuid: "33794dcf62c8487da98915acff5b6802" member_type: VOTER last_known_addr { host: "127.11.44.4" port: 34629 } attrs { promote: false } } }
I20260710 11:11:40.251955 12963 raft_consensus.cc:2955] T 826907215d63439eaeccd735a6d42dba P 33794dcf62c8487da98915acff5b6802 [term 1 FOLLOWER]: Committing config change with OpId 1.3: config changed from index 2 to 3, 33794dcf62c8487da98915acff5b6802 (127.11.44.4) changed from NON_VOTER to VOTER. New config: { opid_index: 3 OBSOLETE_local: false peers { permanent_uuid: "1296edce99e24a2cb6df8efcd483d4af" member_type: VOTER last_known_addr { host: "127.11.44.1" port: 42593 } } peers { permanent_uuid: "31e5dc8e8c0b4778a49f1778ee9c3eb8" member_type: VOTER last_known_addr { host: "127.11.44.2" port: 43307 } } peers { permanent_uuid: "44b28729e6bf48b8a8cb53f053dbe004" member_type: VOTER last_known_addr { host: "127.11.44.3" port: 44841 } attrs { replace: true } } peers { permanent_uuid: "33794dcf62c8487da98915acff5b6802" member_type: VOTER last_known_addr { host: "127.11.44.4" port: 34629 } attrs { promote: false } } }
I20260710 11:11:40.256233 13031 raft_consensus.cc:1064] T 9e1efee3b0aa43c387da35ee503f022b P 31e5dc8e8c0b4778a49f1778ee9c3eb8: attempting to promote NON_VOTER 33794dcf62c8487da98915acff5b6802 to VOTER
I20260710 11:11:40.264472 13031 consensus_queue.cc:237] T 9e1efee3b0aa43c387da35ee503f022b P 31e5dc8e8c0b4778a49f1778ee9c3eb8 [LEADER]: Queue going to LEADER mode. State: All replicated index: 0, Majority replicated index: 2, Committed index: 2, Last appended: 1.2, Last appended by leader: 0, Current term: 1, Majority size: 3, State: 0, Mode: LEADER, active raft config: opid_index: 3 OBSOLETE_local: false peers { permanent_uuid: "1296edce99e24a2cb6df8efcd483d4af" member_type: VOTER last_known_addr { host: "127.11.44.1" port: 42593 } attrs { replace: true } } peers { permanent_uuid: "31e5dc8e8c0b4778a49f1778ee9c3eb8" member_type: VOTER last_known_addr { host: "127.11.44.2" port: 43307 } } peers { permanent_uuid: "44b28729e6bf48b8a8cb53f053dbe004" member_type: VOTER last_known_addr { host: "127.11.44.3" port: 44841 } } peers { permanent_uuid: "33794dcf62c8487da98915acff5b6802" member_type: VOTER last_known_addr { host: "127.11.44.4" port: 34629 } attrs { promote: false } }
I20260710 11:11:40.288347 12700 consensus_queue.cc:237] T b019dd1dfd53459dae41a7b3f7888715 P 44b28729e6bf48b8a8cb53f053dbe004 [LEADER]: Queue going to LEADER mode. State: All replicated index: 0, Majority replicated index: 3, Committed index: 3, Last appended: 1.3, Last appended by leader: 0, Current term: 1, Majority size: 2, State: 0, Mode: LEADER, active raft config: opid_index: 4 OBSOLETE_local: false peers { permanent_uuid: "1296edce99e24a2cb6df8efcd483d4af" member_type: VOTER last_known_addr { host: "127.11.44.1" port: 42593 } } peers { permanent_uuid: "44b28729e6bf48b8a8cb53f053dbe004" member_type: VOTER last_known_addr { host: "127.11.44.3" port: 44841 } } peers { permanent_uuid: "33794dcf62c8487da98915acff5b6802" member_type: VOTER last_known_addr { host: "127.11.44.4" port: 34629 } attrs { promote: false } }
I20260710 11:11:40.290331 12549 raft_consensus.cc:1275] T 9e1efee3b0aa43c387da35ee503f022b P 1296edce99e24a2cb6df8efcd483d4af [term 1 FOLLOWER]: Refusing update from remote peer 31e5dc8e8c0b4778a49f1778ee9c3eb8: Log matching property violated. Preceding OpId in replica: term: 1 index: 2. Preceding OpId from leader: term: 1 index: 3. (index mismatch)
I20260710 11:11:40.294294 12696 raft_consensus.cc:1275] T 9e1efee3b0aa43c387da35ee503f022b P 44b28729e6bf48b8a8cb53f053dbe004 [term 1 FOLLOWER]: Refusing update from remote peer 31e5dc8e8c0b4778a49f1778ee9c3eb8: Log matching property violated. Preceding OpId in replica: term: 1 index: 2. Preceding OpId from leader: term: 1 index: 3. (index mismatch)
I20260710 11:11:40.294836 12963 raft_consensus.cc:1275] T b019dd1dfd53459dae41a7b3f7888715 P 33794dcf62c8487da98915acff5b6802 [term 1 FOLLOWER]: Refusing update from remote peer 44b28729e6bf48b8a8cb53f053dbe004: Log matching property violated. Preceding OpId in replica: term: 1 index: 3. Preceding OpId from leader: term: 1 index: 4. (index mismatch)
I20260710 11:11:40.289644 12447 catalog_manager.cc:5697] T 826907215d63439eaeccd735a6d42dba P 33794dcf62c8487da98915acff5b6802 reported cstate change: config changed from index 2 to 3, 33794dcf62c8487da98915acff5b6802 (127.11.44.4) changed from NON_VOTER to VOTER. New cstate: current_term: 1 leader_uuid: "1296edce99e24a2cb6df8efcd483d4af" committed_config { opid_index: 3 OBSOLETE_local: false peers { permanent_uuid: "1296edce99e24a2cb6df8efcd483d4af" member_type: VOTER last_known_addr { host: "127.11.44.1" port: 42593 } } peers { permanent_uuid: "31e5dc8e8c0b4778a49f1778ee9c3eb8" member_type: VOTER last_known_addr { host: "127.11.44.2" port: 43307 } } peers { permanent_uuid: "44b28729e6bf48b8a8cb53f053dbe004" member_type: VOTER last_known_addr { host: "127.11.44.3" port: 44841 } attrs { replace: true } } peers { permanent_uuid: "33794dcf62c8487da98915acff5b6802" member_type: VOTER last_known_addr { host: "127.11.44.4" port: 34629 } attrs { promote: false } } }
I20260710 11:11:40.296348 12779 consensus_queue.cc:1048] T b019dd1dfd53459dae41a7b3f7888715 P 44b28729e6bf48b8a8cb53f053dbe004 [LEADER]: Connected to new peer: Peer: permanent_uuid: "33794dcf62c8487da98915acff5b6802" member_type: VOTER last_known_addr { host: "127.11.44.4" port: 34629 } attrs { promote: false }, Status: LMP_MISMATCH, Last received: 0.0, Next index: 4, Last known committed idx: 3, Time since last communication: 0.000s
I20260710 11:11:40.299722 12962 raft_consensus.cc:1275] T 9e1efee3b0aa43c387da35ee503f022b P 33794dcf62c8487da98915acff5b6802 [term 1 LEARNER]: Refusing update from remote peer 31e5dc8e8c0b4778a49f1778ee9c3eb8: Log matching property violated. Preceding OpId in replica: term: 1 index: 2. Preceding OpId from leader: term: 1 index: 3. (index mismatch)
I20260710 11:11:40.301151 12833 consensus_queue.cc:1048] T 9e1efee3b0aa43c387da35ee503f022b P 31e5dc8e8c0b4778a49f1778ee9c3eb8 [LEADER]: Connected to new peer: Peer: permanent_uuid: "1296edce99e24a2cb6df8efcd483d4af" member_type: VOTER last_known_addr { host: "127.11.44.1" port: 42593 } attrs { replace: true }, Status: LMP_MISMATCH, Last received: 0.0, Next index: 3, Last known committed idx: 2, Time since last communication: 0.000s
I20260710 11:11:40.302121 13049 consensus_queue.cc:1048] T 9e1efee3b0aa43c387da35ee503f022b P 31e5dc8e8c0b4778a49f1778ee9c3eb8 [LEADER]: Connected to new peer: Peer: permanent_uuid: "44b28729e6bf48b8a8cb53f053dbe004" member_type: VOTER last_known_addr { host: "127.11.44.3" port: 44841 }, Status: LMP_MISMATCH, Last received: 0.0, Next index: 3, Last known committed idx: 2, Time since last communication: 0.000s
I20260710 11:11:40.303467 12549 raft_consensus.cc:1275] T b019dd1dfd53459dae41a7b3f7888715 P 1296edce99e24a2cb6df8efcd483d4af [term 1 FOLLOWER]: Refusing update from remote peer 44b28729e6bf48b8a8cb53f053dbe004: Log matching property violated. Preceding OpId in replica: term: 1 index: 3. Preceding OpId from leader: term: 1 index: 4. (index mismatch)
I20260710 11:11:40.303771 13049 consensus_queue.cc:1048] T 9e1efee3b0aa43c387da35ee503f022b P 31e5dc8e8c0b4778a49f1778ee9c3eb8 [LEADER]: Connected to new peer: Peer: permanent_uuid: "33794dcf62c8487da98915acff5b6802" member_type: VOTER last_known_addr { host: "127.11.44.4" port: 34629 } attrs { promote: false }, Status: LMP_MISMATCH, Last received: 0.0, Next index: 3, Last known committed idx: 2, Time since last communication: 0.000s
I20260710 11:11:40.305611 13030 consensus_queue.cc:1048] T b019dd1dfd53459dae41a7b3f7888715 P 44b28729e6bf48b8a8cb53f053dbe004 [LEADER]: Connected to new peer: Peer: permanent_uuid: "1296edce99e24a2cb6df8efcd483d4af" member_type: VOTER last_known_addr { host: "127.11.44.1" port: 42593 }, Status: LMP_MISMATCH, Last received: 0.0, Next index: 4, Last known committed idx: 3, Time since last communication: 0.001s
I20260710 11:11:40.306521 13033 raft_consensus.cc:2955] T b019dd1dfd53459dae41a7b3f7888715 P 44b28729e6bf48b8a8cb53f053dbe004 [term 1 LEADER]: Committing config change with OpId 1.4: config changed from index 3 to 4, VOTER 31e5dc8e8c0b4778a49f1778ee9c3eb8 (127.11.44.2) evicted. New config: { opid_index: 4 OBSOLETE_local: false peers { permanent_uuid: "1296edce99e24a2cb6df8efcd483d4af" member_type: VOTER last_known_addr { host: "127.11.44.1" port: 42593 } } peers { permanent_uuid: "44b28729e6bf48b8a8cb53f053dbe004" member_type: VOTER last_known_addr { host: "127.11.44.3" port: 44841 } } peers { permanent_uuid: "33794dcf62c8487da98915acff5b6802" member_type: VOTER last_known_addr { host: "127.11.44.4" port: 34629 } attrs { promote: false } } }
I20260710 11:11:40.307314 12963 raft_consensus.cc:2955] T b019dd1dfd53459dae41a7b3f7888715 P 33794dcf62c8487da98915acff5b6802 [term 1 FOLLOWER]: Committing config change with OpId 1.4: config changed from index 3 to 4, VOTER 31e5dc8e8c0b4778a49f1778ee9c3eb8 (127.11.44.2) evicted. New config: { opid_index: 4 OBSOLETE_local: false peers { permanent_uuid: "1296edce99e24a2cb6df8efcd483d4af" member_type: VOTER last_known_addr { host: "127.11.44.1" port: 42593 } } peers { permanent_uuid: "44b28729e6bf48b8a8cb53f053dbe004" member_type: VOTER last_known_addr { host: "127.11.44.3" port: 44841 } } peers { permanent_uuid: "33794dcf62c8487da98915acff5b6802" member_type: VOTER last_known_addr { host: "127.11.44.4" port: 34629 } attrs { promote: false } } }
I20260710 11:11:40.316942 12550 raft_consensus.cc:2955] T b019dd1dfd53459dae41a7b3f7888715 P 1296edce99e24a2cb6df8efcd483d4af [term 1 FOLLOWER]: Committing config change with OpId 1.4: config changed from index 3 to 4, VOTER 31e5dc8e8c0b4778a49f1778ee9c3eb8 (127.11.44.2) evicted. New config: { opid_index: 4 OBSOLETE_local: false peers { permanent_uuid: "1296edce99e24a2cb6df8efcd483d4af" member_type: VOTER last_known_addr { host: "127.11.44.1" port: 42593 } } peers { permanent_uuid: "44b28729e6bf48b8a8cb53f053dbe004" member_type: VOTER last_known_addr { host: "127.11.44.3" port: 44841 } } peers { permanent_uuid: "33794dcf62c8487da98915acff5b6802" member_type: VOTER last_known_addr { host: "127.11.44.4" port: 34629 } attrs { promote: false } } }
I20260710 11:11:40.318774 12549 consensus_queue.cc:237] T 826907215d63439eaeccd735a6d42dba P 1296edce99e24a2cb6df8efcd483d4af [LEADER]: Queue going to LEADER mode. State: All replicated index: 0, Majority replicated index: 3, Committed index: 3, Last appended: 1.3, Last appended by leader: 0, Current term: 1, Majority size: 2, State: 0, Mode: LEADER, active raft config: opid_index: 4 OBSOLETE_local: false peers { permanent_uuid: "1296edce99e24a2cb6df8efcd483d4af" member_type: VOTER last_known_addr { host: "127.11.44.1" port: 42593 } } peers { permanent_uuid: "31e5dc8e8c0b4778a49f1778ee9c3eb8" member_type: VOTER last_known_addr { host: "127.11.44.2" port: 43307 } } peers { permanent_uuid: "33794dcf62c8487da98915acff5b6802" member_type: VOTER last_known_addr { host: "127.11.44.4" port: 34629 } attrs { promote: false } }
I20260710 11:11:40.328009 12447 catalog_manager.cc:5697] T b019dd1dfd53459dae41a7b3f7888715 P 33794dcf62c8487da98915acff5b6802 reported cstate change: config changed from index 3 to 4, VOTER 31e5dc8e8c0b4778a49f1778ee9c3eb8 (127.11.44.2) evicted. New cstate: current_term: 1 leader_uuid: "44b28729e6bf48b8a8cb53f053dbe004" committed_config { opid_index: 4 OBSOLETE_local: false peers { permanent_uuid: "1296edce99e24a2cb6df8efcd483d4af" member_type: VOTER last_known_addr { host: "127.11.44.1" port: 42593 } } peers { permanent_uuid: "44b28729e6bf48b8a8cb53f053dbe004" member_type: VOTER last_known_addr { host: "127.11.44.3" port: 44841 } } peers { permanent_uuid: "33794dcf62c8487da98915acff5b6802" member_type: VOTER last_known_addr { host: "127.11.44.4" port: 34629 } attrs { promote: false } } }
I20260710 11:11:40.331694 12625 raft_consensus.cc:1275] T 826907215d63439eaeccd735a6d42dba P 31e5dc8e8c0b4778a49f1778ee9c3eb8 [term 1 FOLLOWER]: Refusing update from remote peer 1296edce99e24a2cb6df8efcd483d4af: Log matching property violated. Preceding OpId in replica: term: 1 index: 3. Preceding OpId from leader: term: 1 index: 4. (index mismatch)
I20260710 11:11:40.339396 13028 consensus_queue.cc:1048] T 826907215d63439eaeccd735a6d42dba P 1296edce99e24a2cb6df8efcd483d4af [LEADER]: Connected to new peer: Peer: permanent_uuid: "31e5dc8e8c0b4778a49f1778ee9c3eb8" member_type: VOTER last_known_addr { host: "127.11.44.2" port: 43307 }, Status: LMP_MISMATCH, Last received: 0.0, Next index: 4, Last known committed idx: 3, Time since last communication: 0.000s
I20260710 11:11:40.340591 12434 catalog_manager.cc:5210] ChangeConfig:REMOVE_PEER RPC for tablet b019dd1dfd53459dae41a7b3f7888715 with cas_config_opid_index 3: ChangeConfig:REMOVE_PEER succeeded (attempt 1)
I20260710 11:11:40.331694 12963 raft_consensus.cc:1275] T 826907215d63439eaeccd735a6d42dba P 33794dcf62c8487da98915acff5b6802 [term 1 FOLLOWER]: Refusing update from remote peer 1296edce99e24a2cb6df8efcd483d4af: Log matching property violated. Preceding OpId in replica: term: 1 index: 3. Preceding OpId from leader: term: 1 index: 4. (index mismatch)
I20260710 11:11:40.343526 13039 consensus_queue.cc:1048] T 826907215d63439eaeccd735a6d42dba P 1296edce99e24a2cb6df8efcd483d4af [LEADER]: Connected to new peer: Peer: permanent_uuid: "33794dcf62c8487da98915acff5b6802" member_type: VOTER last_known_addr { host: "127.11.44.4" port: 34629 } attrs { promote: false }, Status: LMP_MISMATCH, Last received: 0.0, Next index: 4, Last known committed idx: 3, Time since last communication: 0.001s
I20260710 11:11:40.347637 12612 tablet_service.cc:1558] Processing DeleteTablet for tablet b019dd1dfd53459dae41a7b3f7888715 with delete_type TABLET_DATA_TOMBSTONED (TS 31e5dc8e8c0b4778a49f1778ee9c3eb8 not found in new config with opid_index 4) from {username='slave'} at 127.0.0.1:56076
I20260710 11:11:40.349303 12833 raft_consensus.cc:2955] T 9e1efee3b0aa43c387da35ee503f022b P 31e5dc8e8c0b4778a49f1778ee9c3eb8 [term 1 LEADER]: Committing config change with OpId 1.3: config changed from index 2 to 3, 33794dcf62c8487da98915acff5b6802 (127.11.44.4) changed from NON_VOTER to VOTER. New config: { opid_index: 3 OBSOLETE_local: false peers { permanent_uuid: "1296edce99e24a2cb6df8efcd483d4af" member_type: VOTER last_known_addr { host: "127.11.44.1" port: 42593 } attrs { replace: true } } peers { permanent_uuid: "31e5dc8e8c0b4778a49f1778ee9c3eb8" member_type: VOTER last_known_addr { host: "127.11.44.2" port: 43307 } } peers { permanent_uuid: "44b28729e6bf48b8a8cb53f053dbe004" member_type: VOTER last_known_addr { host: "127.11.44.3" port: 44841 } } peers { permanent_uuid: "33794dcf62c8487da98915acff5b6802" member_type: VOTER last_known_addr { host: "127.11.44.4" port: 34629 } attrs { promote: false } } }
I20260710 11:11:40.351504 13039 raft_consensus.cc:2955] T 826907215d63439eaeccd735a6d42dba P 1296edce99e24a2cb6df8efcd483d4af [term 1 LEADER]: Committing config change with OpId 1.4: config changed from index 3 to 4, VOTER 44b28729e6bf48b8a8cb53f053dbe004 (127.11.44.3) evicted. New config: { opid_index: 4 OBSOLETE_local: false peers { permanent_uuid: "1296edce99e24a2cb6df8efcd483d4af" member_type: VOTER last_known_addr { host: "127.11.44.1" port: 42593 } } peers { permanent_uuid: "31e5dc8e8c0b4778a49f1778ee9c3eb8" member_type: VOTER last_known_addr { host: "127.11.44.2" port: 43307 } } peers { permanent_uuid: "33794dcf62c8487da98915acff5b6802" member_type: VOTER last_known_addr { host: "127.11.44.4" port: 34629 } attrs { promote: false } } }
I20260710 11:11:40.353811 12961 raft_consensus.cc:2955] T 826907215d63439eaeccd735a6d42dba P 33794dcf62c8487da98915acff5b6802 [term 1 FOLLOWER]: Committing config change with OpId 1.4: config changed from index 3 to 4, VOTER 44b28729e6bf48b8a8cb53f053dbe004 (127.11.44.3) evicted. New config: { opid_index: 4 OBSOLETE_local: false peers { permanent_uuid: "1296edce99e24a2cb6df8efcd483d4af" member_type: VOTER last_known_addr { host: "127.11.44.1" port: 42593 } } peers { permanent_uuid: "31e5dc8e8c0b4778a49f1778ee9c3eb8" member_type: VOTER last_known_addr { host: "127.11.44.2" port: 43307 } } peers { permanent_uuid: "33794dcf62c8487da98915acff5b6802" member_type: VOTER last_known_addr { host: "127.11.44.4" port: 34629 } attrs { promote: false } } }
I20260710 11:11:40.358040 12625 raft_consensus.cc:2955] T 826907215d63439eaeccd735a6d42dba P 31e5dc8e8c0b4778a49f1778ee9c3eb8 [term 1 FOLLOWER]: Committing config change with OpId 1.4: config changed from index 3 to 4, VOTER 44b28729e6bf48b8a8cb53f053dbe004 (127.11.44.3) evicted. New config: { opid_index: 4 OBSOLETE_local: false peers { permanent_uuid: "1296edce99e24a2cb6df8efcd483d4af" member_type: VOTER last_known_addr { host: "127.11.44.1" port: 42593 } } peers { permanent_uuid: "31e5dc8e8c0b4778a49f1778ee9c3eb8" member_type: VOTER last_known_addr { host: "127.11.44.2" port: 43307 } } peers { permanent_uuid: "33794dcf62c8487da98915acff5b6802" member_type: VOTER last_known_addr { host: "127.11.44.4" port: 34629 } attrs { promote: false } } }
I20260710 11:11:40.361279 12962 raft_consensus.cc:2955] T 9e1efee3b0aa43c387da35ee503f022b P 33794dcf62c8487da98915acff5b6802 [term 1 FOLLOWER]: Committing config change with OpId 1.3: config changed from index 2 to 3, 33794dcf62c8487da98915acff5b6802 (127.11.44.4) changed from NON_VOTER to VOTER. New config: { opid_index: 3 OBSOLETE_local: false peers { permanent_uuid: "1296edce99e24a2cb6df8efcd483d4af" member_type: VOTER last_known_addr { host: "127.11.44.1" port: 42593 } attrs { replace: true } } peers { permanent_uuid: "31e5dc8e8c0b4778a49f1778ee9c3eb8" member_type: VOTER last_known_addr { host: "127.11.44.2" port: 43307 } } peers { permanent_uuid: "44b28729e6bf48b8a8cb53f053dbe004" member_type: VOTER last_known_addr { host: "127.11.44.3" port: 44841 } } peers { permanent_uuid: "33794dcf62c8487da98915acff5b6802" member_type: VOTER last_known_addr { host: "127.11.44.4" port: 34629 } attrs { promote: false } } }
I20260710 11:11:40.372344 12447 catalog_manager.cc:5697] T 826907215d63439eaeccd735a6d42dba P 33794dcf62c8487da98915acff5b6802 reported cstate change: config changed from index 3 to 4, VOTER 44b28729e6bf48b8a8cb53f053dbe004 (127.11.44.3) evicted. New cstate: current_term: 1 leader_uuid: "1296edce99e24a2cb6df8efcd483d4af" committed_config { opid_index: 4 OBSOLETE_local: false peers { permanent_uuid: "1296edce99e24a2cb6df8efcd483d4af" member_type: VOTER last_known_addr { host: "127.11.44.1" port: 42593 } } peers { permanent_uuid: "31e5dc8e8c0b4778a49f1778ee9c3eb8" member_type: VOTER last_known_addr { host: "127.11.44.2" port: 43307 } } peers { permanent_uuid: "33794dcf62c8487da98915acff5b6802" member_type: VOTER last_known_addr { host: "127.11.44.4" port: 34629 } attrs { promote: false } } }
