I20260710 11:11:25.374936 12070 raft_consensus.cc:2468] T 2e672b0320034a68b2578e9afd155c86 P 29d81767c41d476393a4c89ad9f5cd56 [term 1 FOLLOWER]: Leader election vote request: Granting yes vote for candidate 2f0ca78da7a6499985e01e5113d7f7f9 in term 1.
I20260710 11:11:25.375411 12146 tablet_service.cc:1917] Received RequestConsensusVote() RPC: tablet_id: "68c81808595e430aab890e857500faab" candidate_uuid: "29d81767c41d476393a4c89ad9f5cd56" candidate_term: 1 candidate_status { last_received { term: 0 index: 0 } } ignore_live_leader: false dest_uuid: "22fc45aab60c499bab89d5ef9e66b1df" is_pre_election: true
I20260710 11:11:25.376127 12146 raft_consensus.cc:2468] T 68c81808595e430aab890e857500faab P 22fc45aab60c499bab89d5ef9e66b1df [term 0 FOLLOWER]: Leader pre-election vote request: Granting yes vote for candidate 29d81767c41d476393a4c89ad9f5cd56 in term 0.
I20260710 11:11:25.377027 12261 tablet_bootstrap.cc:654] T 8f1a1a1f5e114df4b122959090795fba P 29d81767c41d476393a4c89ad9f5cd56: Neither blocks nor log segments found. Creating new log.
I20260710 11:11:25.377962 12036 leader_election.cc:304] T 68c81808595e430aab890e857500faab P 29d81767c41d476393a4c89ad9f5cd56 [CANDIDATE]: Term 1 pre-election: Election decided. Result: candidate won. Election summary: received 2 responses out of 3 voters: 2 yes votes; 0 no votes. yes voters: 22fc45aab60c499bab89d5ef9e66b1df, 29d81767c41d476393a4c89ad9f5cd56; no voters: 
I20260710 11:11:25.379092 12269 raft_consensus.cc:2804] T 68c81808595e430aab890e857500faab P 29d81767c41d476393a4c89ad9f5cd56 [term 0 FOLLOWER]: Leader pre-election won for term 1
I20260710 11:11:25.379546 12269 raft_consensus.cc:493] T 68c81808595e430aab890e857500faab P 29d81767c41d476393a4c89ad9f5cd56 [term 0 FOLLOWER]: Starting leader election (no leader contacted us within the election timeout)
I20260710 11:11:25.379943 12269 raft_consensus.cc:3060] T 68c81808595e430aab890e857500faab P 29d81767c41d476393a4c89ad9f5cd56 [term 0 FOLLOWER]: Advancing to term 1
I20260710 11:11:25.382625 12145 raft_consensus.cc:2468] T 833b3e6ed61c406197d742012e3e0b76 P 22fc45aab60c499bab89d5ef9e66b1df [term 1 FOLLOWER]: Leader election vote request: Granting yes vote for candidate 2f0ca78da7a6499985e01e5113d7f7f9 in term 1.
I20260710 11:11:25.384277 12185 leader_election.cc:304] T 833b3e6ed61c406197d742012e3e0b76 P 2f0ca78da7a6499985e01e5113d7f7f9 [CANDIDATE]: Term 1 election: Election decided. Result: candidate won. Election summary: received 2 responses out of 3 voters: 2 yes votes; 0 no votes. yes voters: 22fc45aab60c499bab89d5ef9e66b1df, 2f0ca78da7a6499985e01e5113d7f7f9; no voters: 
I20260710 11:11:25.385520 12287 raft_consensus.cc:2804] T 833b3e6ed61c406197d742012e3e0b76 P 2f0ca78da7a6499985e01e5113d7f7f9 [term 1 FOLLOWER]: Leader election won for term 1
I20260710 11:11:25.387086 12287 raft_consensus.cc:697] T 833b3e6ed61c406197d742012e3e0b76 P 2f0ca78da7a6499985e01e5113d7f7f9 [term 1 LEADER]: Becoming Leader. State: Replica: 2f0ca78da7a6499985e01e5113d7f7f9, State: Running, Role: LEADER
I20260710 11:11:25.388259 12287 consensus_queue.cc:237] T 833b3e6ed61c406197d742012e3e0b76 P 2f0ca78da7a6499985e01e5113d7f7f9 [LEADER]: Queue going to LEADER mode. State: All replicated index: 0, Majority replicated index: 0, Committed index: 0, Last appended: 0.0, Last appended by leader: 0, Current term: 1, Majority size: 2, State: 0, Mode: LEADER, active raft config: opid_index: -1 OBSOLETE_local: false peers { permanent_uuid: "29d81767c41d476393a4c89ad9f5cd56" member_type: VOTER last_known_addr { host: "127.11.44.1" port: 34631 } } peers { permanent_uuid: "22fc45aab60c499bab89d5ef9e66b1df" member_type: VOTER last_known_addr { host: "127.11.44.2" port: 43779 } } peers { permanent_uuid: "2f0ca78da7a6499985e01e5113d7f7f9" member_type: VOTER last_known_addr { host: "127.11.44.3" port: 35869 } }
I20260710 11:11:25.388250 12269 raft_consensus.cc:515] T 68c81808595e430aab890e857500faab P 29d81767c41d476393a4c89ad9f5cd56 [term 1 FOLLOWER]: Starting leader election with config: opid_index: -1 OBSOLETE_local: false peers { permanent_uuid: "29d81767c41d476393a4c89ad9f5cd56" member_type: VOTER last_known_addr { host: "127.11.44.1" port: 34631 } } peers { permanent_uuid: "22fc45aab60c499bab89d5ef9e66b1df" member_type: VOTER last_known_addr { host: "127.11.44.2" port: 43779 } } peers { permanent_uuid: "2f0ca78da7a6499985e01e5113d7f7f9" member_type: VOTER last_known_addr { host: "127.11.44.3" port: 35869 } }
I20260710 11:11:25.394557 12269 leader_election.cc:290] T 68c81808595e430aab890e857500faab P 29d81767c41d476393a4c89ad9f5cd56 [CANDIDATE]: Term 1 election: Requested vote from peers 22fc45aab60c499bab89d5ef9e66b1df (127.11.44.2:43779), 2f0ca78da7a6499985e01e5113d7f7f9 (127.11.44.3:35869)
I20260710 11:11:25.395311 12145 tablet_service.cc:1917] Received RequestConsensusVote() RPC: tablet_id: "68c81808595e430aab890e857500faab" candidate_uuid: "29d81767c41d476393a4c89ad9f5cd56" candidate_term: 1 candidate_status { last_received { term: 0 index: 0 } } ignore_live_leader: false dest_uuid: "22fc45aab60c499bab89d5ef9e66b1df"
I20260710 11:11:25.398595 12260 tablet_bootstrap.cc:492] T d317a77045b94741965866547236137e P 2f0ca78da7a6499985e01e5113d7f7f9: No bootstrap required, opened a new log
I20260710 11:11:25.399039 11964 catalog_manager.cc:5697] T 833b3e6ed61c406197d742012e3e0b76 P 2f0ca78da7a6499985e01e5113d7f7f9 reported cstate change: term changed from 0 to 1, leader changed from <none> to 2f0ca78da7a6499985e01e5113d7f7f9 (127.11.44.3). New cstate: current_term: 1 leader_uuid: "2f0ca78da7a6499985e01e5113d7f7f9" committed_config { opid_index: -1 OBSOLETE_local: false peers { permanent_uuid: "29d81767c41d476393a4c89ad9f5cd56" member_type: VOTER last_known_addr { host: "127.11.44.1" port: 34631 } health_report { overall_health: UNKNOWN } } peers { permanent_uuid: "22fc45aab60c499bab89d5ef9e66b1df" member_type: VOTER last_known_addr { host: "127.11.44.2" port: 43779 } health_report { overall_health: UNKNOWN } } peers { permanent_uuid: "2f0ca78da7a6499985e01e5113d7f7f9" member_type: VOTER last_known_addr { host: "127.11.44.3" port: 35869 } health_report { overall_health: HEALTHY } } }
I20260710 11:11:25.400261 12145 raft_consensus.cc:3060] T 68c81808595e430aab890e857500faab P 22fc45aab60c499bab89d5ef9e66b1df [term 0 FOLLOWER]: Advancing to term 1
I20260710 11:11:25.400421 12260 ts_tablet_manager.cc:1403] T d317a77045b94741965866547236137e P 2f0ca78da7a6499985e01e5113d7f7f9: Time spent bootstrapping tablet: real 0.086s	user 0.016s	sys 0.030s
I20260710 11:11:25.403383 12260 raft_consensus.cc:359] T d317a77045b94741965866547236137e P 2f0ca78da7a6499985e01e5113d7f7f9 [term 0 FOLLOWER]: Replica starting. Triggering 0 pending ops. Active config: opid_index: -1 OBSOLETE_local: false peers { permanent_uuid: "29d81767c41d476393a4c89ad9f5cd56" member_type: VOTER last_known_addr { host: "127.11.44.1" port: 34631 } } peers { permanent_uuid: "22fc45aab60c499bab89d5ef9e66b1df" member_type: VOTER last_known_addr { host: "127.11.44.2" port: 43779 } } peers { permanent_uuid: "2f0ca78da7a6499985e01e5113d7f7f9" member_type: VOTER last_known_addr { host: "127.11.44.3" port: 35869 } }
I20260710 11:11:25.404014 12260 raft_consensus.cc:385] T d317a77045b94741965866547236137e P 2f0ca78da7a6499985e01e5113d7f7f9 [term 0 FOLLOWER]: Consensus starting up: Expiring failure detector timer to make a prompt election more likely
I20260710 11:11:25.404299 12260 raft_consensus.cc:740] T d317a77045b94741965866547236137e P 2f0ca78da7a6499985e01e5113d7f7f9 [term 0 FOLLOWER]: Becoming Follower/Learner. State: Replica: 2f0ca78da7a6499985e01e5113d7f7f9, State: Initialized, Role: FOLLOWER
I20260710 11:11:25.405130 12260 consensus_queue.cc:260] T d317a77045b94741965866547236137e P 2f0ca78da7a6499985e01e5113d7f7f9 [NON_LEADER]: Queue going to NON_LEADER mode. State: All replicated index: 0, Majority replicated index: 0, Committed index: 0, Last appended: 0.0, Last appended by leader: 0, Current term: 0, Majority size: -1, State: 0, Mode: NON_LEADER, active raft config: opid_index: -1 OBSOLETE_local: false peers { permanent_uuid: "29d81767c41d476393a4c89ad9f5cd56" member_type: VOTER last_known_addr { host: "127.11.44.1" port: 34631 } } peers { permanent_uuid: "22fc45aab60c499bab89d5ef9e66b1df" member_type: VOTER last_known_addr { host: "127.11.44.2" port: 43779 } } peers { permanent_uuid: "2f0ca78da7a6499985e01e5113d7f7f9" member_type: VOTER last_known_addr { host: "127.11.44.3" port: 35869 } }
I20260710 11:11:25.407326 12260 ts_tablet_manager.cc:1434] T d317a77045b94741965866547236137e P 2f0ca78da7a6499985e01e5113d7f7f9: Time spent starting tablet: real 0.007s	user 0.004s	sys 0.001s
I20260710 11:11:25.408192 12260 tablet_bootstrap.cc:492] T 38717b5525464ccf8872ab59d41bfdae P 2f0ca78da7a6499985e01e5113d7f7f9: Bootstrap starting.
I20260710 11:11:25.408851 12261 tablet_bootstrap.cc:492] T 8f1a1a1f5e114df4b122959090795fba P 29d81767c41d476393a4c89ad9f5cd56: No bootstrap required, opened a new log
I20260710 11:11:25.409350 12261 ts_tablet_manager.cc:1403] T 8f1a1a1f5e114df4b122959090795fba P 29d81767c41d476393a4c89ad9f5cd56: Time spent bootstrapping tablet: real 0.039s	user 0.012s	sys 0.006s
I20260710 11:11:25.399735 12262 tablet_bootstrap.cc:492] T 2e672b0320034a68b2578e9afd155c86 P 22fc45aab60c499bab89d5ef9e66b1df: No bootstrap required, opened a new log
I20260710 11:11:25.412328 12262 ts_tablet_manager.cc:1403] T 2e672b0320034a68b2578e9afd155c86 P 22fc45aab60c499bab89d5ef9e66b1df: Time spent bootstrapping tablet: real 0.106s	user 0.017s	sys 0.026s
I20260710 11:11:25.412030 12261 raft_consensus.cc:359] T 8f1a1a1f5e114df4b122959090795fba P 29d81767c41d476393a4c89ad9f5cd56 [term 0 FOLLOWER]: Replica starting. Triggering 0 pending ops. Active config: opid_index: -1 OBSOLETE_local: false peers { permanent_uuid: "29d81767c41d476393a4c89ad9f5cd56" member_type: VOTER last_known_addr { host: "127.11.44.1" port: 34631 } } peers { permanent_uuid: "22fc45aab60c499bab89d5ef9e66b1df" member_type: VOTER last_known_addr { host: "127.11.44.2" port: 43779 } } peers { permanent_uuid: "2f0ca78da7a6499985e01e5113d7f7f9" member_type: VOTER last_known_addr { host: "127.11.44.3" port: 35869 } }
I20260710 11:11:25.412873 12261 raft_consensus.cc:385] T 8f1a1a1f5e114df4b122959090795fba P 29d81767c41d476393a4c89ad9f5cd56 [term 0 FOLLOWER]: Consensus starting up: Expiring failure detector timer to make a prompt election more likely
I20260710 11:11:25.413281 12261 raft_consensus.cc:740] T 8f1a1a1f5e114df4b122959090795fba P 29d81767c41d476393a4c89ad9f5cd56 [term 0 FOLLOWER]: Becoming Follower/Learner. State: Replica: 29d81767c41d476393a4c89ad9f5cd56, State: Initialized, Role: FOLLOWER
I20260710 11:11:25.414147 12261 consensus_queue.cc:260] T 8f1a1a1f5e114df4b122959090795fba P 29d81767c41d476393a4c89ad9f5cd56 [NON_LEADER]: Queue going to NON_LEADER mode. State: All replicated index: 0, Majority replicated index: 0, Committed index: 0, Last appended: 0.0, Last appended by leader: 0, Current term: 0, Majority size: -1, State: 0, Mode: NON_LEADER, active raft config: opid_index: -1 OBSOLETE_local: false peers { permanent_uuid: "29d81767c41d476393a4c89ad9f5cd56" member_type: VOTER last_known_addr { host: "127.11.44.1" port: 34631 } } peers { permanent_uuid: "22fc45aab60c499bab89d5ef9e66b1df" member_type: VOTER last_known_addr { host: "127.11.44.2" port: 43779 } } peers { permanent_uuid: "2f0ca78da7a6499985e01e5113d7f7f9" member_type: VOTER last_known_addr { host: "127.11.44.3" port: 35869 } }
I20260710 11:11:25.414897 12262 raft_consensus.cc:359] T 2e672b0320034a68b2578e9afd155c86 P 22fc45aab60c499bab89d5ef9e66b1df [term 0 FOLLOWER]: Replica starting. Triggering 0 pending ops. Active config: opid_index: -1 OBSOLETE_local: false peers { permanent_uuid: "2f0ca78da7a6499985e01e5113d7f7f9" member_type: VOTER last_known_addr { host: "127.11.44.3" port: 35869 } } peers { permanent_uuid: "22fc45aab60c499bab89d5ef9e66b1df" member_type: VOTER last_known_addr { host: "127.11.44.2" port: 43779 } } peers { permanent_uuid: "29d81767c41d476393a4c89ad9f5cd56" member_type: VOTER last_known_addr { host: "127.11.44.1" port: 34631 } }
I20260710 11:11:25.415578 12262 raft_consensus.cc:385] T 2e672b0320034a68b2578e9afd155c86 P 22fc45aab60c499bab89d5ef9e66b1df [term 0 FOLLOWER]: Consensus starting up: Expiring failure detector timer to make a prompt election more likely
I20260710 11:11:25.415900 12262 raft_consensus.cc:740] T 2e672b0320034a68b2578e9afd155c86 P 22fc45aab60c499bab89d5ef9e66b1df [term 0 FOLLOWER]: Becoming Follower/Learner. State: Replica: 22fc45aab60c499bab89d5ef9e66b1df, State: Initialized, Role: FOLLOWER
I20260710 11:11:25.417223 12287 raft_consensus.cc:493] T 7cea234eb84043b280cb79802c9d7c66 P 2f0ca78da7a6499985e01e5113d7f7f9 [term 0 FOLLOWER]: Starting pre-election (no leader contacted us within the election timeout)
I20260710 11:11:25.417666 12287 raft_consensus.cc:515] T 7cea234eb84043b280cb79802c9d7c66 P 2f0ca78da7a6499985e01e5113d7f7f9 [term 0 FOLLOWER]: Starting pre-election with config: opid_index: -1 OBSOLETE_local: false peers { permanent_uuid: "29d81767c41d476393a4c89ad9f5cd56" member_type: VOTER last_known_addr { host: "127.11.44.1" port: 34631 } } peers { permanent_uuid: "22fc45aab60c499bab89d5ef9e66b1df" member_type: VOTER last_known_addr { host: "127.11.44.2" port: 43779 } } peers { permanent_uuid: "2f0ca78da7a6499985e01e5113d7f7f9" member_type: VOTER last_known_addr { host: "127.11.44.3" port: 35869 } }
I20260710 11:11:25.417742 12262 consensus_queue.cc:260] T 2e672b0320034a68b2578e9afd155c86 P 22fc45aab60c499bab89d5ef9e66b1df [NON_LEADER]: Queue going to NON_LEADER mode. State: All replicated index: 0, Majority replicated index: 0, Committed index: 0, Last appended: 0.0, Last appended by leader: 0, Current term: 0, Majority size: -1, State: 0, Mode: NON_LEADER, active raft config: opid_index: -1 OBSOLETE_local: false peers { permanent_uuid: "2f0ca78da7a6499985e01e5113d7f7f9" member_type: VOTER last_known_addr { host: "127.11.44.3" port: 35869 } } peers { permanent_uuid: "22fc45aab60c499bab89d5ef9e66b1df" member_type: VOTER last_known_addr { host: "127.11.44.2" port: 43779 } } peers { permanent_uuid: "29d81767c41d476393a4c89ad9f5cd56" member_type: VOTER last_known_addr { host: "127.11.44.1" port: 34631 } }
I20260710 11:11:25.418035 12145 raft_consensus.cc:2468] T 68c81808595e430aab890e857500faab P 22fc45aab60c499bab89d5ef9e66b1df [term 1 FOLLOWER]: Leader election vote request: Granting yes vote for candidate 29d81767c41d476393a4c89ad9f5cd56 in term 1.
I20260710 11:11:25.419334 12036 leader_election.cc:304] T 68c81808595e430aab890e857500faab P 29d81767c41d476393a4c89ad9f5cd56 [CANDIDATE]: Term 1 election: Election decided. Result: candidate won. Election summary: received 2 responses out of 3 voters: 2 yes votes; 0 no votes. yes voters: 22fc45aab60c499bab89d5ef9e66b1df, 29d81767c41d476393a4c89ad9f5cd56; no voters: 
I20260710 11:11:25.419710 12287 leader_election.cc:290] T 7cea234eb84043b280cb79802c9d7c66 P 2f0ca78da7a6499985e01e5113d7f7f9 [CANDIDATE]: Term 1 pre-election: Requested pre-vote from peers 29d81767c41d476393a4c89ad9f5cd56 (127.11.44.1:34631), 22fc45aab60c499bab89d5ef9e66b1df (127.11.44.2:43779)
I20260710 11:11:25.420570 12262 ts_tablet_manager.cc:1434] T 2e672b0320034a68b2578e9afd155c86 P 22fc45aab60c499bab89d5ef9e66b1df: Time spent starting tablet: real 0.008s	user 0.005s	sys 0.000s
I20260710 11:11:25.421248 12146 tablet_service.cc:1917] Received RequestConsensusVote() RPC: tablet_id: "7cea234eb84043b280cb79802c9d7c66" candidate_uuid: "2f0ca78da7a6499985e01e5113d7f7f9" candidate_term: 1 candidate_status { last_received { term: 0 index: 0 } } ignore_live_leader: false dest_uuid: "22fc45aab60c499bab89d5ef9e66b1df" is_pre_election: true
I20260710 11:11:25.421837 12146 raft_consensus.cc:2468] T 7cea234eb84043b280cb79802c9d7c66 P 22fc45aab60c499bab89d5ef9e66b1df [term 0 FOLLOWER]: Leader pre-election vote request: Granting yes vote for candidate 2f0ca78da7a6499985e01e5113d7f7f9 in term 0.
I20260710 11:11:25.423065 12185 leader_election.cc:304] T 7cea234eb84043b280cb79802c9d7c66 P 2f0ca78da7a6499985e01e5113d7f7f9 [CANDIDATE]: Term 1 pre-election: Election decided. Result: candidate won. Election summary: received 2 responses out of 3 voters: 2 yes votes; 0 no votes. yes voters: 22fc45aab60c499bab89d5ef9e66b1df, 2f0ca78da7a6499985e01e5113d7f7f9; no voters: 
I20260710 11:11:25.423693 12260 tablet_bootstrap.cc:654] T 38717b5525464ccf8872ab59d41bfdae P 2f0ca78da7a6499985e01e5113d7f7f9: Neither blocks nor log segments found. Creating new log.
I20260710 11:11:25.423839 12269 raft_consensus.cc:2804] T 68c81808595e430aab890e857500faab P 29d81767c41d476393a4c89ad9f5cd56 [term 1 FOLLOWER]: Leader election won for term 1
I20260710 11:11:25.423930 12287 raft_consensus.cc:2804] T 7cea234eb84043b280cb79802c9d7c66 P 2f0ca78da7a6499985e01e5113d7f7f9 [term 0 FOLLOWER]: Leader pre-election won for term 1
I20260710 11:11:25.424358 12287 raft_consensus.cc:493] T 7cea234eb84043b280cb79802c9d7c66 P 2f0ca78da7a6499985e01e5113d7f7f9 [term 0 FOLLOWER]: Starting leader election (no leader contacted us within the election timeout)
I20260710 11:11:25.424937 12287 raft_consensus.cc:3060] T 7cea234eb84043b280cb79802c9d7c66 P 2f0ca78da7a6499985e01e5113d7f7f9 [term 0 FOLLOWER]: Advancing to term 1
W20260710 11:11:25.425681 12186 leader_election.cc:343] T 833b3e6ed61c406197d742012e3e0b76 P 2f0ca78da7a6499985e01e5113d7f7f9 [CANDIDATE]: Term 1 pre-election: Tablet error from VoteRequest() call to peer 29d81767c41d476393a4c89ad9f5cd56 (127.11.44.1:34631): Illegal state: must be running to vote when last-logged opid is not known
I20260710 11:11:25.431543 12070 tablet_service.cc:1917] Received RequestConsensusVote() RPC: tablet_id: "68c81808595e430aab890e857500faab" candidate_uuid: "22fc45aab60c499bab89d5ef9e66b1df" candidate_term: 1 candidate_status { last_received { term: 0 index: 0 } } ignore_live_leader: false dest_uuid: "29d81767c41d476393a4c89ad9f5cd56" is_pre_election: true
I20260710 11:11:25.432464 12071 tablet_service.cc:1917] Received RequestConsensusVote() RPC: tablet_id: "d317a77045b94741965866547236137e" candidate_uuid: "22fc45aab60c499bab89d5ef9e66b1df" candidate_term: 1 candidate_status { last_received { term: 0 index: 0 } } ignore_live_leader: false dest_uuid: "29d81767c41d476393a4c89ad9f5cd56" is_pre_election: true
I20260710 11:11:25.433065 12071 raft_consensus.cc:2468] T d317a77045b94741965866547236137e P 29d81767c41d476393a4c89ad9f5cd56 [term 0 FOLLOWER]: Leader pre-election vote request: Granting yes vote for candidate 22fc45aab60c499bab89d5ef9e66b1df in term 0.
I20260710 11:11:25.433367 12287 raft_consensus.cc:515] T 7cea234eb84043b280cb79802c9d7c66 P 2f0ca78da7a6499985e01e5113d7f7f9 [term 1 FOLLOWER]: Starting leader election with config: opid_index: -1 OBSOLETE_local: false peers { permanent_uuid: "29d81767c41d476393a4c89ad9f5cd56" member_type: VOTER last_known_addr { host: "127.11.44.1" port: 34631 } } peers { permanent_uuid: "22fc45aab60c499bab89d5ef9e66b1df" member_type: VOTER last_known_addr { host: "127.11.44.2" port: 43779 } } peers { permanent_uuid: "2f0ca78da7a6499985e01e5113d7f7f9" member_type: VOTER last_known_addr { host: "127.11.44.3" port: 35869 } }
I20260710 11:11:25.424381 12269 raft_consensus.cc:697] T 68c81808595e430aab890e857500faab P 29d81767c41d476393a4c89ad9f5cd56 [term 1 LEADER]: Becoming Leader. State: Replica: 29d81767c41d476393a4c89ad9f5cd56, State: Running, Role: LEADER
I20260710 11:11:25.421458 12262 tablet_bootstrap.cc:492] T 1b4979f82b9346e39e69f13a746cab42 P 22fc45aab60c499bab89d5ef9e66b1df: Bootstrap starting.
I20260710 11:11:25.434480 12112 leader_election.cc:304] T d317a77045b94741965866547236137e P 22fc45aab60c499bab89d5ef9e66b1df [CANDIDATE]: Term 1 pre-election: Election decided. Result: candidate won. Election summary: received 2 responses out of 3 voters: 2 yes votes; 0 no votes. yes voters: 22fc45aab60c499bab89d5ef9e66b1df, 29d81767c41d476393a4c89ad9f5cd56; no voters: 
I20260710 11:11:25.438247 12265 raft_consensus.cc:2804] T d317a77045b94741965866547236137e P 22fc45aab60c499bab89d5ef9e66b1df [term 0 FOLLOWER]: Leader pre-election won for term 1
I20260710 11:11:25.438704 12265 raft_consensus.cc:493] T d317a77045b94741965866547236137e P 22fc45aab60c499bab89d5ef9e66b1df [term 0 FOLLOWER]: Starting leader election (no leader contacted us within the election timeout)
I20260710 11:11:25.439118 12265 raft_consensus.cc:3060] T d317a77045b94741965866547236137e P 22fc45aab60c499bab89d5ef9e66b1df [term 0 FOLLOWER]: Advancing to term 1
I20260710 11:11:25.440188 12260 tablet_bootstrap.cc:492] T 38717b5525464ccf8872ab59d41bfdae P 2f0ca78da7a6499985e01e5113d7f7f9: No bootstrap required, opened a new log
I20260710 11:11:25.440722 12260 ts_tablet_manager.cc:1403] T 38717b5525464ccf8872ab59d41bfdae P 2f0ca78da7a6499985e01e5113d7f7f9: Time spent bootstrapping tablet: real 0.033s	user 0.008s	sys 0.009s
I20260710 11:11:25.443502 12262 tablet_bootstrap.cc:654] T 1b4979f82b9346e39e69f13a746cab42 P 22fc45aab60c499bab89d5ef9e66b1df: Neither blocks nor log segments found. Creating new log.
I20260710 11:11:25.449532 12145 tablet_service.cc:1917] Received RequestConsensusVote() RPC: tablet_id: "7cea234eb84043b280cb79802c9d7c66" candidate_uuid: "2f0ca78da7a6499985e01e5113d7f7f9" candidate_term: 1 candidate_status { last_received { term: 0 index: 0 } } ignore_live_leader: false dest_uuid: "22fc45aab60c499bab89d5ef9e66b1df"
I20260710 11:11:25.450240 12145 raft_consensus.cc:3060] T 7cea234eb84043b280cb79802c9d7c66 P 22fc45aab60c499bab89d5ef9e66b1df [term 0 FOLLOWER]: Advancing to term 1
I20260710 11:11:25.443652 12260 raft_consensus.cc:359] T 38717b5525464ccf8872ab59d41bfdae P 2f0ca78da7a6499985e01e5113d7f7f9 [term 0 FOLLOWER]: Replica starting. Triggering 0 pending ops. Active config: opid_index: -1 OBSOLETE_local: false peers { permanent_uuid: "29d81767c41d476393a4c89ad9f5cd56" member_type: VOTER last_known_addr { host: "127.11.44.1" port: 34631 } } peers { permanent_uuid: "22fc45aab60c499bab89d5ef9e66b1df" member_type: VOTER last_known_addr { host: "127.11.44.2" port: 43779 } } peers { permanent_uuid: "2f0ca78da7a6499985e01e5113d7f7f9" member_type: VOTER last_known_addr { host: "127.11.44.3" port: 35869 } }
I20260710 11:11:25.450667 12261 ts_tablet_manager.cc:1434] T 8f1a1a1f5e114df4b122959090795fba P 29d81767c41d476393a4c89ad9f5cd56: Time spent starting tablet: real 0.041s	user 0.009s	sys 0.005s
I20260710 11:11:25.450719 12260 raft_consensus.cc:385] T 38717b5525464ccf8872ab59d41bfdae P 2f0ca78da7a6499985e01e5113d7f7f9 [term 0 FOLLOWER]: Consensus starting up: Expiring failure detector timer to make a prompt election more likely
I20260710 11:11:25.451264 12260 raft_consensus.cc:740] T 38717b5525464ccf8872ab59d41bfdae P 2f0ca78da7a6499985e01e5113d7f7f9 [term 0 FOLLOWER]: Becoming Follower/Learner. State: Replica: 2f0ca78da7a6499985e01e5113d7f7f9, State: Initialized, Role: FOLLOWER
I20260710 11:11:25.444701 12287 leader_election.cc:290] T 7cea234eb84043b280cb79802c9d7c66 P 2f0ca78da7a6499985e01e5113d7f7f9 [CANDIDATE]: Term 1 election: Requested vote from peers 29d81767c41d476393a4c89ad9f5cd56 (127.11.44.1:34631), 22fc45aab60c499bab89d5ef9e66b1df (127.11.44.2:43779)
I20260710 11:11:25.434900 12186 leader_election.cc:304] T 2e672b0320034a68b2578e9afd155c86 P 2f0ca78da7a6499985e01e5113d7f7f9 [CANDIDATE]: Term 1 election: Election decided. Result: candidate won. Election summary: received 3 responses out of 3 voters: 2 yes votes; 1 no votes. yes voters: 29d81767c41d476393a4c89ad9f5cd56, 2f0ca78da7a6499985e01e5113d7f7f9; no voters: 22fc45aab60c499bab89d5ef9e66b1df
I20260710 11:11:25.452000 12071 tablet_service.cc:1917] Received RequestConsensusVote() RPC: tablet_id: "833b3e6ed61c406197d742012e3e0b76" candidate_uuid: "2f0ca78da7a6499985e01e5113d7f7f9" candidate_term: 1 candidate_status { last_received { term: 0 index: 0 } } ignore_live_leader: false dest_uuid: "29d81767c41d476393a4c89ad9f5cd56"
I20260710 11:11:25.452150 12260 consensus_queue.cc:260] T 38717b5525464ccf8872ab59d41bfdae P 2f0ca78da7a6499985e01e5113d7f7f9 [NON_LEADER]: Queue going to NON_LEADER mode. State: All replicated index: 0, Majority replicated index: 0, Committed index: 0, Last appended: 0.0, Last appended by leader: 0, Current term: 0, Majority size: -1, State: 0, Mode: NON_LEADER, active raft config: opid_index: -1 OBSOLETE_local: false peers { permanent_uuid: "29d81767c41d476393a4c89ad9f5cd56" member_type: VOTER last_known_addr { host: "127.11.44.1" port: 34631 } } peers { permanent_uuid: "22fc45aab60c499bab89d5ef9e66b1df" member_type: VOTER last_known_addr { host: "127.11.44.2" port: 43779 } } peers { permanent_uuid: "2f0ca78da7a6499985e01e5113d7f7f9" member_type: VOTER last_known_addr { host: "127.11.44.3" port: 35869 } }
I20260710 11:11:25.453033 12287 raft_consensus.cc:2804] T 2e672b0320034a68b2578e9afd155c86 P 2f0ca78da7a6499985e01e5113d7f7f9 [term 1 FOLLOWER]: Leader election won for term 1
I20260710 11:11:25.453506 12071 tablet_service.cc:1917] Received RequestConsensusVote() RPC: tablet_id: "7cea234eb84043b280cb79802c9d7c66" candidate_uuid: "2f0ca78da7a6499985e01e5113d7f7f9" candidate_term: 1 candidate_status { last_received { term: 0 index: 0 } } ignore_live_leader: false dest_uuid: "29d81767c41d476393a4c89ad9f5cd56" is_pre_election: true
I20260710 11:11:25.454087 12287 raft_consensus.cc:697] T 2e672b0320034a68b2578e9afd155c86 P 2f0ca78da7a6499985e01e5113d7f7f9 [term 1 LEADER]: Becoming Leader. State: Replica: 2f0ca78da7a6499985e01e5113d7f7f9, State: Running, Role: LEADER
I20260710 11:11:25.454581 12260 ts_tablet_manager.cc:1434] T 38717b5525464ccf8872ab59d41bfdae P 2f0ca78da7a6499985e01e5113d7f7f9: Time spent starting tablet: real 0.014s	user 0.005s	sys 0.001s
I20260710 11:11:25.436537 12269 consensus_queue.cc:237] T 68c81808595e430aab890e857500faab P 29d81767c41d476393a4c89ad9f5cd56 [LEADER]: Queue going to LEADER mode. State: All replicated index: 0, Majority replicated index: 0, Committed index: 0, Last appended: 0.0, Last appended by leader: 0, Current term: 1, Majority size: 2, State: 0, Mode: LEADER, active raft config: opid_index: -1 OBSOLETE_local: false peers { permanent_uuid: "29d81767c41d476393a4c89ad9f5cd56" member_type: VOTER last_known_addr { host: "127.11.44.1" port: 34631 } } peers { permanent_uuid: "22fc45aab60c499bab89d5ef9e66b1df" member_type: VOTER last_known_addr { host: "127.11.44.2" port: 43779 } } peers { permanent_uuid: "2f0ca78da7a6499985e01e5113d7f7f9" member_type: VOTER last_known_addr { host: "127.11.44.3" port: 35869 } }
I20260710 11:11:25.455621 12260 tablet_bootstrap.cc:492] T 68c81808595e430aab890e857500faab P 2f0ca78da7a6499985e01e5113d7f7f9: Bootstrap starting.
I20260710 11:11:25.456676 12071 tablet_service.cc:1917] Received RequestConsensusVote() RPC: tablet_id: "7cea234eb84043b280cb79802c9d7c66" candidate_uuid: "2f0ca78da7a6499985e01e5113d7f7f9" candidate_term: 1 candidate_status { last_received { term: 0 index: 0 } } ignore_live_leader: false dest_uuid: "29d81767c41d476393a4c89ad9f5cd56"
I20260710 11:11:25.458513 12287 consensus_queue.cc:237] T 2e672b0320034a68b2578e9afd155c86 P 2f0ca78da7a6499985e01e5113d7f7f9 [LEADER]: Queue going to LEADER mode. State: All replicated index: 0, Majority replicated index: 0, Committed index: 0, Last appended: 0.0, Last appended by leader: 0, Current term: 1, Majority size: 2, State: 0, Mode: LEADER, active raft config: opid_index: -1 OBSOLETE_local: false peers { permanent_uuid: "2f0ca78da7a6499985e01e5113d7f7f9" member_type: VOTER last_known_addr { host: "127.11.44.3" port: 35869 } } peers { permanent_uuid: "22fc45aab60c499bab89d5ef9e66b1df" member_type: VOTER last_known_addr { host: "127.11.44.2" port: 43779 } } peers { permanent_uuid: "29d81767c41d476393a4c89ad9f5cd56" member_type: VOTER last_known_addr { host: "127.11.44.1" port: 34631 } }
I20260710 11:11:25.460472 12220 tablet_service.cc:1917] Received RequestConsensusVote() RPC: tablet_id: "68c81808595e430aab890e857500faab" candidate_uuid: "22fc45aab60c499bab89d5ef9e66b1df" candidate_term: 1 candidate_status { last_received { term: 0 index: 0 } } ignore_live_leader: false dest_uuid: "2f0ca78da7a6499985e01e5113d7f7f9" is_pre_election: true
I20260710 11:11:25.462778 12219 tablet_service.cc:1917] Received RequestConsensusVote() RPC: tablet_id: "d317a77045b94741965866547236137e" candidate_uuid: "22fc45aab60c499bab89d5ef9e66b1df" candidate_term: 1 candidate_status { last_received { term: 0 index: 0 } } ignore_live_leader: false dest_uuid: "2f0ca78da7a6499985e01e5113d7f7f9" is_pre_election: true
I20260710 11:11:25.463521 12260 tablet_bootstrap.cc:654] T 68c81808595e430aab890e857500faab P 2f0ca78da7a6499985e01e5113d7f7f9: Neither blocks nor log segments found. Creating new log.
I20260710 11:11:25.463428 12219 raft_consensus.cc:2468] T d317a77045b94741965866547236137e P 2f0ca78da7a6499985e01e5113d7f7f9 [term 0 FOLLOWER]: Leader pre-election vote request: Granting yes vote for candidate 22fc45aab60c499bab89d5ef9e66b1df in term 0.
I20260710 11:11:25.448765 12265 raft_consensus.cc:515] T d317a77045b94741965866547236137e P 22fc45aab60c499bab89d5ef9e66b1df [term 1 FOLLOWER]: Starting leader election with config: opid_index: -1 OBSOLETE_local: false peers { permanent_uuid: "29d81767c41d476393a4c89ad9f5cd56" member_type: VOTER last_known_addr { host: "127.11.44.1" port: 34631 } } peers { permanent_uuid: "22fc45aab60c499bab89d5ef9e66b1df" member_type: VOTER last_known_addr { host: "127.11.44.2" port: 43779 } } peers { permanent_uuid: "2f0ca78da7a6499985e01e5113d7f7f9" member_type: VOTER last_known_addr { host: "127.11.44.3" port: 35869 } }
I20260710 11:11:25.464769 12219 tablet_service.cc:1917] Received RequestConsensusVote() RPC: tablet_id: "68c81808595e430aab890e857500faab" candidate_uuid: "29d81767c41d476393a4c89ad9f5cd56" candidate_term: 1 candidate_status { last_received { term: 0 index: 0 } } ignore_live_leader: false dest_uuid: "2f0ca78da7a6499985e01e5113d7f7f9" is_pre_election: true
I20260710 11:11:25.465714 12261 tablet_bootstrap.cc:492] T 7cea234eb84043b280cb79802c9d7c66 P 29d81767c41d476393a4c89ad9f5cd56: Bootstrap starting.
I20260710 11:11:25.466792 12219 tablet_service.cc:1917] Received RequestConsensusVote() RPC: tablet_id: "68c81808595e430aab890e857500faab" candidate_uuid: "29d81767c41d476393a4c89ad9f5cd56" candidate_term: 1 candidate_status { last_received { term: 0 index: 0 } } ignore_live_leader: false dest_uuid: "2f0ca78da7a6499985e01e5113d7f7f9"
I20260710 11:11:25.467805 12262 tablet_bootstrap.cc:492] T 1b4979f82b9346e39e69f13a746cab42 P 22fc45aab60c499bab89d5ef9e66b1df: No bootstrap required, opened a new log
I20260710 11:11:25.467674 12071 tablet_service.cc:1917] Received RequestConsensusVote() RPC: tablet_id: "d317a77045b94741965866547236137e" candidate_uuid: "22fc45aab60c499bab89d5ef9e66b1df" candidate_term: 1 candidate_status { last_received { term: 0 index: 0 } } ignore_live_leader: false dest_uuid: "29d81767c41d476393a4c89ad9f5cd56"
W20260710 11:11:25.468137 12186 leader_election.cc:343] T 833b3e6ed61c406197d742012e3e0b76 P 2f0ca78da7a6499985e01e5113d7f7f9 [CANDIDATE]: Term 1 election: Tablet error from VoteRequest() call to peer 29d81767c41d476393a4c89ad9f5cd56 (127.11.44.1:34631): Illegal state: must be running to vote when last-logged opid is not known
I20260710 11:11:25.468245 12071 raft_consensus.cc:3060] T d317a77045b94741965866547236137e P 29d81767c41d476393a4c89ad9f5cd56 [term 0 FOLLOWER]: Advancing to term 1
W20260710 11:11:25.469202 12186 leader_election.cc:343] T 7cea234eb84043b280cb79802c9d7c66 P 2f0ca78da7a6499985e01e5113d7f7f9 [CANDIDATE]: Term 1 pre-election: Tablet error from VoteRequest() call to peer 29d81767c41d476393a4c89ad9f5cd56 (127.11.44.1:34631): Illegal state: must be running to vote when last-logged opid is not known
W20260710 11:11:25.470139 12186 leader_election.cc:343] T 7cea234eb84043b280cb79802c9d7c66 P 2f0ca78da7a6499985e01e5113d7f7f9 [CANDIDATE]: Term 1 election: Tablet error from VoteRequest() call to peer 29d81767c41d476393a4c89ad9f5cd56 (127.11.44.1:34631): Illegal state: must be running to vote when last-logged opid is not known
W20260710 11:11:25.471061 12109 leader_election.cc:343] T 68c81808595e430aab890e857500faab P 22fc45aab60c499bab89d5ef9e66b1df [CANDIDATE]: Term 1 pre-election: Tablet error from VoteRequest() call to peer 2f0ca78da7a6499985e01e5113d7f7f9 (127.11.44.3:35869): Illegal state: must be running to vote when last-logged opid is not known
I20260710 11:11:25.468240 12262 ts_tablet_manager.cc:1403] T 1b4979f82b9346e39e69f13a746cab42 P 22fc45aab60c499bab89d5ef9e66b1df: Time spent bootstrapping tablet: real 0.047s	user 0.015s	sys 0.006s
I20260710 11:11:25.473086 12261 tablet_bootstrap.cc:654] T 7cea234eb84043b280cb79802c9d7c66 P 29d81767c41d476393a4c89ad9f5cd56: Neither blocks nor log segments found. Creating new log.
I20260710 11:11:25.474015 12301 raft_consensus.cc:493] T 1b4979f82b9346e39e69f13a746cab42 P 29d81767c41d476393a4c89ad9f5cd56 [term 0 FOLLOWER]: Starting pre-election (no leader contacted us within the election timeout)
I20260710 11:11:25.474025 12262 raft_consensus.cc:359] T 1b4979f82b9346e39e69f13a746cab42 P 22fc45aab60c499bab89d5ef9e66b1df [term 0 FOLLOWER]: Replica starting. Triggering 0 pending ops. Active config: opid_index: -1 OBSOLETE_local: false peers { permanent_uuid: "29d81767c41d476393a4c89ad9f5cd56" member_type: VOTER last_known_addr { host: "127.11.44.1" port: 34631 } } peers { permanent_uuid: "22fc45aab60c499bab89d5ef9e66b1df" member_type: VOTER last_known_addr { host: "127.11.44.2" port: 43779 } } peers { permanent_uuid: "2f0ca78da7a6499985e01e5113d7f7f9" member_type: VOTER last_known_addr { host: "127.11.44.3" port: 35869 } }
I20260710 11:11:25.474860 12301 raft_consensus.cc:515] T 1b4979f82b9346e39e69f13a746cab42 P 29d81767c41d476393a4c89ad9f5cd56 [term 0 FOLLOWER]: Starting pre-election with config: opid_index: -1 OBSOLETE_local: false peers { permanent_uuid: "29d81767c41d476393a4c89ad9f5cd56" member_type: VOTER last_known_addr { host: "127.11.44.1" port: 34631 } } peers { permanent_uuid: "22fc45aab60c499bab89d5ef9e66b1df" member_type: VOTER last_known_addr { host: "127.11.44.2" port: 43779 } } peers { permanent_uuid: "2f0ca78da7a6499985e01e5113d7f7f9" member_type: VOTER last_known_addr { host: "127.11.44.3" port: 35869 } }
I20260710 11:11:25.478945 12301 leader_election.cc:290] T 1b4979f82b9346e39e69f13a746cab42 P 29d81767c41d476393a4c89ad9f5cd56 [CANDIDATE]: Term 1 pre-election: Requested pre-vote from peers 22fc45aab60c499bab89d5ef9e66b1df (127.11.44.2:43779), 2f0ca78da7a6499985e01e5113d7f7f9 (127.11.44.3:35869)
I20260710 11:11:25.479681 12146 tablet_service.cc:1917] Received RequestConsensusVote() RPC: tablet_id: "1b4979f82b9346e39e69f13a746cab42" candidate_uuid: "29d81767c41d476393a4c89ad9f5cd56" candidate_term: 1 candidate_status { last_received { term: 0 index: 0 } } ignore_live_leader: false dest_uuid: "22fc45aab60c499bab89d5ef9e66b1df" is_pre_election: true
W20260710 11:11:25.481277 12034 leader_election.cc:343] T 68c81808595e430aab890e857500faab P 29d81767c41d476393a4c89ad9f5cd56 [CANDIDATE]: Term 1 pre-election: Tablet error from VoteRequest() call to peer 2f0ca78da7a6499985e01e5113d7f7f9 (127.11.44.3:35869): Illegal state: must be running to vote when last-logged opid is not known
W20260710 11:11:25.482475 12034 leader_election.cc:343] T 68c81808595e430aab890e857500faab P 29d81767c41d476393a4c89ad9f5cd56 [CANDIDATE]: Term 1 election: Tablet error from VoteRequest() call to peer 2f0ca78da7a6499985e01e5113d7f7f9 (127.11.44.3:35869): Illegal state: must be running to vote when last-logged opid is not known
I20260710 11:11:25.484104 12219 tablet_service.cc:1917] Received RequestConsensusVote() RPC: tablet_id: "1b4979f82b9346e39e69f13a746cab42" candidate_uuid: "29d81767c41d476393a4c89ad9f5cd56" candidate_term: 1 candidate_status { last_received { term: 0 index: 0 } } ignore_live_leader: false dest_uuid: "2f0ca78da7a6499985e01e5113d7f7f9" is_pre_election: true
I20260710 11:11:25.484680 12219 raft_consensus.cc:2468] T 1b4979f82b9346e39e69f13a746cab42 P 2f0ca78da7a6499985e01e5113d7f7f9 [term 0 FOLLOWER]: Leader pre-election vote request: Granting yes vote for candidate 29d81767c41d476393a4c89ad9f5cd56 in term 0.
I20260710 11:11:25.485157 12261 tablet_bootstrap.cc:492] T 7cea234eb84043b280cb79802c9d7c66 P 29d81767c41d476393a4c89ad9f5cd56: No bootstrap required, opened a new log
I20260710 11:11:25.485644 12261 ts_tablet_manager.cc:1403] T 7cea234eb84043b280cb79802c9d7c66 P 29d81767c41d476393a4c89ad9f5cd56: Time spent bootstrapping tablet: real 0.020s	user 0.013s	sys 0.000s
I20260710 11:11:25.485715 12034 leader_election.cc:304] T 1b4979f82b9346e39e69f13a746cab42 P 29d81767c41d476393a4c89ad9f5cd56 [CANDIDATE]: Term 1 pre-election: Election decided. Result: candidate won. Election summary: received 2 responses out of 3 voters: 2 yes votes; 0 no votes. yes voters: 29d81767c41d476393a4c89ad9f5cd56, 2f0ca78da7a6499985e01e5113d7f7f9; no voters: 
I20260710 11:11:25.486663 12301 raft_consensus.cc:2804] T 1b4979f82b9346e39e69f13a746cab42 P 29d81767c41d476393a4c89ad9f5cd56 [term 0 FOLLOWER]: Leader pre-election won for term 1
I20260710 11:11:25.487056 12301 raft_consensus.cc:493] T 1b4979f82b9346e39e69f13a746cab42 P 29d81767c41d476393a4c89ad9f5cd56 [term 0 FOLLOWER]: Starting leader election (no leader contacted us within the election timeout)
I20260710 11:11:25.487421 12301 raft_consensus.cc:3060] T 1b4979f82b9346e39e69f13a746cab42 P 29d81767c41d476393a4c89ad9f5cd56 [term 0 FOLLOWER]: Advancing to term 1
I20260710 11:11:25.474880 12262 raft_consensus.cc:385] T 1b4979f82b9346e39e69f13a746cab42 P 22fc45aab60c499bab89d5ef9e66b1df [term 0 FOLLOWER]: Consensus starting up: Expiring failure detector timer to make a prompt election more likely
I20260710 11:11:25.488289 12261 raft_consensus.cc:359] T 7cea234eb84043b280cb79802c9d7c66 P 29d81767c41d476393a4c89ad9f5cd56 [term 0 FOLLOWER]: Replica starting. Triggering 0 pending ops. Active config: opid_index: -1 OBSOLETE_local: false peers { permanent_uuid: "29d81767c41d476393a4c89ad9f5cd56" member_type: VOTER last_known_addr { host: "127.11.44.1" port: 34631 } } peers { permanent_uuid: "22fc45aab60c499bab89d5ef9e66b1df" member_type: VOTER last_known_addr { host: "127.11.44.2" port: 43779 } } peers { permanent_uuid: "2f0ca78da7a6499985e01e5113d7f7f9" member_type: VOTER last_known_addr { host: "127.11.44.3" port: 35869 } }
I20260710 11:11:25.488724 12262 raft_consensus.cc:740] T 1b4979f82b9346e39e69f13a746cab42 P 22fc45aab60c499bab89d5ef9e66b1df [term 0 FOLLOWER]: Becoming Follower/Learner. State: Replica: 22fc45aab60c499bab89d5ef9e66b1df, State: Initialized, Role: FOLLOWER
I20260710 11:11:25.488965 12261 raft_consensus.cc:385] T 7cea234eb84043b280cb79802c9d7c66 P 29d81767c41d476393a4c89ad9f5cd56 [term 0 FOLLOWER]: Consensus starting up: Expiring failure detector timer to make a prompt election more likely
I20260710 11:11:25.489328 12261 raft_consensus.cc:740] T 7cea234eb84043b280cb79802c9d7c66 P 29d81767c41d476393a4c89ad9f5cd56 [term 0 FOLLOWER]: Becoming Follower/Learner. State: Replica: 29d81767c41d476393a4c89ad9f5cd56, State: Initialized, Role: FOLLOWER
I20260710 11:11:25.489522 12262 consensus_queue.cc:260] T 1b4979f82b9346e39e69f13a746cab42 P 22fc45aab60c499bab89d5ef9e66b1df [NON_LEADER]: Queue going to NON_LEADER mode. State: All replicated index: 0, Majority replicated index: 0, Committed index: 0, Last appended: 0.0, Last appended by leader: 0, Current term: 0, Majority size: -1, State: 0, Mode: NON_LEADER, active raft config: opid_index: -1 OBSOLETE_local: false peers { permanent_uuid: "29d81767c41d476393a4c89ad9f5cd56" member_type: VOTER last_known_addr { host: "127.11.44.1" port: 34631 } } peers { permanent_uuid: "22fc45aab60c499bab89d5ef9e66b1df" member_type: VOTER last_known_addr { host: "127.11.44.2" port: 43779 } } peers { permanent_uuid: "2f0ca78da7a6499985e01e5113d7f7f9" member_type: VOTER last_known_addr { host: "127.11.44.3" port: 35869 } }
I20260710 11:11:25.490049 12219 tablet_service.cc:1917] Received RequestConsensusVote() RPC: tablet_id: "d317a77045b94741965866547236137e" candidate_uuid: "22fc45aab60c499bab89d5ef9e66b1df" candidate_term: 1 candidate_status { last_received { term: 0 index: 0 } } ignore_live_leader: false dest_uuid: "2f0ca78da7a6499985e01e5113d7f7f9"
I20260710 11:11:25.490413 12146 raft_consensus.cc:2468] T 1b4979f82b9346e39e69f13a746cab42 P 22fc45aab60c499bab89d5ef9e66b1df [term 0 FOLLOWER]: Leader pre-election vote request: Granting yes vote for candidate 29d81767c41d476393a4c89ad9f5cd56 in term 0.
I20260710 11:11:25.490141 12261 consensus_queue.cc:260] T 7cea234eb84043b280cb79802c9d7c66 P 29d81767c41d476393a4c89ad9f5cd56 [NON_LEADER]: Queue going to NON_LEADER mode. State: All replicated index: 0, Majority replicated index: 0, Committed index: 0, Last appended: 0.0, Last appended by leader: 0, Current term: 0, Majority size: -1, State: 0, Mode: NON_LEADER, active raft config: opid_index: -1 OBSOLETE_local: false peers { permanent_uuid: "29d81767c41d476393a4c89ad9f5cd56" member_type: VOTER last_known_addr { host: "127.11.44.1" port: 34631 } } peers { permanent_uuid: "22fc45aab60c499bab89d5ef9e66b1df" member_type: VOTER last_known_addr { host: "127.11.44.2" port: 43779 } } peers { permanent_uuid: "2f0ca78da7a6499985e01e5113d7f7f9" member_type: VOTER last_known_addr { host: "127.11.44.3" port: 35869 } }
I20260710 11:11:25.490890 12219 raft_consensus.cc:3060] T d317a77045b94741965866547236137e P 2f0ca78da7a6499985e01e5113d7f7f9 [term 0 FOLLOWER]: Advancing to term 1
I20260710 11:11:25.492933 12261 ts_tablet_manager.cc:1434] T 7cea234eb84043b280cb79802c9d7c66 P 29d81767c41d476393a4c89ad9f5cd56: Time spent starting tablet: real 0.007s	user 0.005s	sys 0.000s
I20260710 11:11:25.493911 12261 tablet_bootstrap.cc:492] T cde41ef8c08f44078f2c71384ecc3ecc P 29d81767c41d476393a4c89ad9f5cd56: Bootstrap starting.
I20260710 11:11:25.496148 12260 tablet_bootstrap.cc:492] T 68c81808595e430aab890e857500faab P 2f0ca78da7a6499985e01e5113d7f7f9: No bootstrap required, opened a new log
I20260710 11:11:25.496654 12260 ts_tablet_manager.cc:1403] T 68c81808595e430aab890e857500faab P 2f0ca78da7a6499985e01e5113d7f7f9: Time spent bootstrapping tablet: real 0.041s	user 0.016s	sys 0.020s
I20260710 11:11:25.499257 12260 raft_consensus.cc:359] T 68c81808595e430aab890e857500faab P 2f0ca78da7a6499985e01e5113d7f7f9 [term 0 FOLLOWER]: Replica starting. Triggering 0 pending ops. Active config: opid_index: -1 OBSOLETE_local: false peers { permanent_uuid: "29d81767c41d476393a4c89ad9f5cd56" member_type: VOTER last_known_addr { host: "127.11.44.1" port: 34631 } } peers { permanent_uuid: "22fc45aab60c499bab89d5ef9e66b1df" member_type: VOTER last_known_addr { host: "127.11.44.2" port: 43779 } } peers { permanent_uuid: "2f0ca78da7a6499985e01e5113d7f7f9" member_type: VOTER last_known_addr { host: "127.11.44.3" port: 35869 } }
I20260710 11:11:25.499943 12260 raft_consensus.cc:385] T 68c81808595e430aab890e857500faab P 2f0ca78da7a6499985e01e5113d7f7f9 [term 0 FOLLOWER]: Consensus starting up: Expiring failure detector timer to make a prompt election more likely
I20260710 11:11:25.500432 12260 raft_consensus.cc:740] T 68c81808595e430aab890e857500faab P 2f0ca78da7a6499985e01e5113d7f7f9 [term 0 FOLLOWER]: Becoming Follower/Learner. State: Replica: 2f0ca78da7a6499985e01e5113d7f7f9, State: Initialized, Role: FOLLOWER
I20260710 11:11:25.500545 12300 raft_consensus.cc:493] T 7cea234eb84043b280cb79802c9d7c66 P 29d81767c41d476393a4c89ad9f5cd56 [term 0 FOLLOWER]: Starting pre-election (no leader contacted us within the election timeout)
I20260710 11:11:25.501328 12260 consensus_queue.cc:260] T 68c81808595e430aab890e857500faab P 2f0ca78da7a6499985e01e5113d7f7f9 [NON_LEADER]: Queue going to NON_LEADER mode. State: All replicated index: 0, Majority replicated index: 0, Committed index: 0, Last appended: 0.0, Last appended by leader: 0, Current term: 0, Majority size: -1, State: 0, Mode: NON_LEADER, active raft config: opid_index: -1 OBSOLETE_local: false peers { permanent_uuid: "29d81767c41d476393a4c89ad9f5cd56" member_type: VOTER last_known_addr { host: "127.11.44.1" port: 34631 } } peers { permanent_uuid: "22fc45aab60c499bab89d5ef9e66b1df" member_type: VOTER last_known_addr { host: "127.11.44.2" port: 43779 } } peers { permanent_uuid: "2f0ca78da7a6499985e01e5113d7f7f9" member_type: VOTER last_known_addr { host: "127.11.44.3" port: 35869 } }
I20260710 11:11:25.501189 12300 raft_consensus.cc:515] T 7cea234eb84043b280cb79802c9d7c66 P 29d81767c41d476393a4c89ad9f5cd56 [term 0 FOLLOWER]: Starting pre-election with config: opid_index: -1 OBSOLETE_local: false peers { permanent_uuid: "29d81767c41d476393a4c89ad9f5cd56" member_type: VOTER last_known_addr { host: "127.11.44.1" port: 34631 } } peers { permanent_uuid: "22fc45aab60c499bab89d5ef9e66b1df" member_type: VOTER last_known_addr { host: "127.11.44.2" port: 43779 } } peers { permanent_uuid: "2f0ca78da7a6499985e01e5113d7f7f9" member_type: VOTER last_known_addr { host: "127.11.44.3" port: 35869 } }
I20260710 11:11:25.502349 12265 leader_election.cc:290] T d317a77045b94741965866547236137e P 22fc45aab60c499bab89d5ef9e66b1df [CANDIDATE]: Term 1 election: Requested vote from peers 29d81767c41d476393a4c89ad9f5cd56 (127.11.44.1:34631), 2f0ca78da7a6499985e01e5113d7f7f9 (127.11.44.3:35869)
I20260710 11:11:25.503407 12260 ts_tablet_manager.cc:1434] T 68c81808595e430aab890e857500faab P 2f0ca78da7a6499985e01e5113d7f7f9: Time spent starting tablet: real 0.006s	user 0.004s	sys 0.000s
I20260710 11:11:25.503466 12145 raft_consensus.cc:2468] T 7cea234eb84043b280cb79802c9d7c66 P 22fc45aab60c499bab89d5ef9e66b1df [term 1 FOLLOWER]: Leader election vote request: Granting yes vote for candidate 2f0ca78da7a6499985e01e5113d7f7f9 in term 1.
I20260710 11:11:25.504261 12260 tablet_bootstrap.cc:492] T cde41ef8c08f44078f2c71384ecc3ecc P 2f0ca78da7a6499985e01e5113d7f7f9: Bootstrap starting.
I20260710 11:11:25.504652 12185 leader_election.cc:304] T 7cea234eb84043b280cb79802c9d7c66 P 2f0ca78da7a6499985e01e5113d7f7f9 [CANDIDATE]: Term 1 election: Election decided. Result: candidate won. Election summary: received 3 responses out of 3 voters: 2 yes votes; 1 no votes. yes voters: 22fc45aab60c499bab89d5ef9e66b1df, 2f0ca78da7a6499985e01e5113d7f7f9; no voters: 29d81767c41d476393a4c89ad9f5cd56
I20260710 11:11:25.499933 12219 raft_consensus.cc:2468] T d317a77045b94741965866547236137e P 2f0ca78da7a6499985e01e5113d7f7f9 [term 1 FOLLOWER]: Leader election vote request: Granting yes vote for candidate 22fc45aab60c499bab89d5ef9e66b1df in term 1.
I20260710 11:11:25.505970 12266 raft_consensus.cc:2804] T 7cea234eb84043b280cb79802c9d7c66 P 2f0ca78da7a6499985e01e5113d7f7f9 [term 1 FOLLOWER]: Leader election won for term 1
I20260710 11:11:25.506403 12266 raft_consensus.cc:697] T 7cea234eb84043b280cb79802c9d7c66 P 2f0ca78da7a6499985e01e5113d7f7f9 [term 1 LEADER]: Becoming Leader. State: Replica: 2f0ca78da7a6499985e01e5113d7f7f9, State: Running, Role: LEADER
I20260710 11:11:25.507225 12266 consensus_queue.cc:237] T 7cea234eb84043b280cb79802c9d7c66 P 2f0ca78da7a6499985e01e5113d7f7f9 [LEADER]: Queue going to LEADER mode. State: All replicated index: 0, Majority replicated index: 0, Committed index: 0, Last appended: 0.0, Last appended by leader: 0, Current term: 1, Majority size: 2, State: 0, Mode: LEADER, active raft config: opid_index: -1 OBSOLETE_local: false peers { permanent_uuid: "29d81767c41d476393a4c89ad9f5cd56" member_type: VOTER last_known_addr { host: "127.11.44.1" port: 34631 } } peers { permanent_uuid: "22fc45aab60c499bab89d5ef9e66b1df" member_type: VOTER last_known_addr { host: "127.11.44.2" port: 43779 } } peers { permanent_uuid: "2f0ca78da7a6499985e01e5113d7f7f9" member_type: VOTER last_known_addr { host: "127.11.44.3" port: 35869 } }
I20260710 11:11:25.510553 12300 leader_election.cc:290] T 7cea234eb84043b280cb79802c9d7c66 P 29d81767c41d476393a4c89ad9f5cd56 [CANDIDATE]: Term 1 pre-election: Requested pre-vote from peers 22fc45aab60c499bab89d5ef9e66b1df (127.11.44.2:43779), 2f0ca78da7a6499985e01e5113d7f7f9 (127.11.44.3:35869)
I20260710 11:11:25.511150 12260 tablet_bootstrap.cc:654] T cde41ef8c08f44078f2c71384ecc3ecc P 2f0ca78da7a6499985e01e5113d7f7f9: Neither blocks nor log segments found. Creating new log.
I20260710 11:11:25.515913 12261 tablet_bootstrap.cc:654] T cde41ef8c08f44078f2c71384ecc3ecc P 29d81767c41d476393a4c89ad9f5cd56: Neither blocks nor log segments found. Creating new log.
I20260710 11:11:25.516777 12146 tablet_service.cc:1917] Received RequestConsensusVote() RPC: tablet_id: "7cea234eb84043b280cb79802c9d7c66" candidate_uuid: "29d81767c41d476393a4c89ad9f5cd56" candidate_term: 1 candidate_status { last_received { term: 0 index: 0 } } ignore_live_leader: false dest_uuid: "22fc45aab60c499bab89d5ef9e66b1df" is_pre_election: true
I20260710 11:11:25.518385 12146 raft_consensus.cc:2393] T 7cea234eb84043b280cb79802c9d7c66 P 22fc45aab60c499bab89d5ef9e66b1df [term 1 FOLLOWER]: Leader pre-election vote request: Denying vote to candidate 29d81767c41d476393a4c89ad9f5cd56 in current term 1: Already voted for candidate 2f0ca78da7a6499985e01e5113d7f7f9 in this term.
I20260710 11:11:25.520572 12109 leader_election.cc:304] T d317a77045b94741965866547236137e P 22fc45aab60c499bab89d5ef9e66b1df [CANDIDATE]: Term 1 election: Election decided. Result: candidate won. Election summary: received 2 responses out of 3 voters: 2 yes votes; 0 no votes. yes voters: 22fc45aab60c499bab89d5ef9e66b1df, 2f0ca78da7a6499985e01e5113d7f7f9; no voters: 
I20260710 11:11:25.522787 12219 tablet_service.cc:1917] Received RequestConsensusVote() RPC: tablet_id: "7cea234eb84043b280cb79802c9d7c66" candidate_uuid: "29d81767c41d476393a4c89ad9f5cd56" candidate_term: 1 candidate_status { last_received { term: 0 index: 0 } } ignore_live_leader: false dest_uuid: "2f0ca78da7a6499985e01e5113d7f7f9" is_pre_election: true
