I20260710 11:11:22.326953 23399 raft_consensus.cc:515] T 2314d7581de04b5687077232f3eabeba P 3e1d911fe963495b87ccab4126a58d1a [term 0 FOLLOWER]: Starting pre-election with config: opid_index: -1 OBSOLETE_local: false peers { permanent_uuid: "738cce1e4837435ba4e5dadd243dbb28" member_type: VOTER last_known_addr { host: "127.22.12.193" port: 44575 } } peers { permanent_uuid: "80e05ab545ac46f1a5cabd756ae0b19d" member_type: VOTER last_known_addr { host: "127.22.12.194" port: 38637 } } peers { permanent_uuid: "3e1d911fe963495b87ccab4126a58d1a" member_type: VOTER last_known_addr { host: "127.22.12.195" port: 40235 } }
I20260710 11:11:22.327704 23171 leader_election.cc:304] T 2e18ea49520a48c9b58c9775b60f387f P 738cce1e4837435ba4e5dadd243dbb28 [CANDIDATE]: Term 1 pre-election: Election decided. Result: candidate won. Election summary: received 2 responses out of 3 voters: 2 yes votes; 0 no votes. yes voters: 738cce1e4837435ba4e5dadd243dbb28, 80e05ab545ac46f1a5cabd756ae0b19d; no voters: 
I20260710 11:11:22.328775 23399 leader_election.cc:290] T 2314d7581de04b5687077232f3eabeba P 3e1d911fe963495b87ccab4126a58d1a [CANDIDATE]: Term 1 pre-election: Requested pre-vote from peers 738cce1e4837435ba4e5dadd243dbb28 (127.22.12.193:44575), 80e05ab545ac46f1a5cabd756ae0b19d (127.22.12.194:38637)
I20260710 11:11:22.326236 23103 catalog_manager.cc:5697] T 52b7333d504e4db7bfb856de8a49dab7 P 80e05ab545ac46f1a5cabd756ae0b19d reported cstate change: term changed from 0 to 1, leader changed from <none> to 80e05ab545ac46f1a5cabd756ae0b19d (127.22.12.194). New cstate: current_term: 1 leader_uuid: "80e05ab545ac46f1a5cabd756ae0b19d" committed_config { opid_index: -1 OBSOLETE_local: false peers { permanent_uuid: "738cce1e4837435ba4e5dadd243dbb28" member_type: VOTER last_known_addr { host: "127.22.12.193" port: 44575 } health_report { overall_health: UNKNOWN } } peers { permanent_uuid: "80e05ab545ac46f1a5cabd756ae0b19d" member_type: VOTER last_known_addr { host: "127.22.12.194" port: 38637 } health_report { overall_health: HEALTHY } } peers { permanent_uuid: "3e1d911fe963495b87ccab4126a58d1a" member_type: VOTER last_known_addr { host: "127.22.12.195" port: 40235 } health_report { overall_health: UNKNOWN } } }
I20260710 11:11:22.330087 23280 tablet_service.cc:1917] Received RequestConsensusVote() RPC: tablet_id: "2314d7581de04b5687077232f3eabeba" candidate_uuid: "3e1d911fe963495b87ccab4126a58d1a" candidate_term: 1 candidate_status { last_received { term: 0 index: 0 } } ignore_live_leader: false dest_uuid: "80e05ab545ac46f1a5cabd756ae0b19d" is_pre_election: true
I20260710 11:11:22.330250 23205 tablet_service.cc:1917] Received RequestConsensusVote() RPC: tablet_id: "2314d7581de04b5687077232f3eabeba" candidate_uuid: "3e1d911fe963495b87ccab4126a58d1a" candidate_term: 1 candidate_status { last_received { term: 0 index: 0 } } ignore_live_leader: false dest_uuid: "738cce1e4837435ba4e5dadd243dbb28" is_pre_election: true
I20260710 11:11:22.330556 23424 raft_consensus.cc:2804] T 2e18ea49520a48c9b58c9775b60f387f P 738cce1e4837435ba4e5dadd243dbb28 [term 0 FOLLOWER]: Leader pre-election won for term 1
I20260710 11:11:22.330667 23280 raft_consensus.cc:2468] T 2314d7581de04b5687077232f3eabeba P 80e05ab545ac46f1a5cabd756ae0b19d [term 0 FOLLOWER]: Leader pre-election vote request: Granting yes vote for candidate 3e1d911fe963495b87ccab4126a58d1a in term 0.
I20260710 11:11:22.330749 23205 raft_consensus.cc:2468] T 2314d7581de04b5687077232f3eabeba P 738cce1e4837435ba4e5dadd243dbb28 [term 0 FOLLOWER]: Leader pre-election vote request: Granting yes vote for candidate 3e1d911fe963495b87ccab4126a58d1a in term 0.
I20260710 11:11:22.331785 23318 leader_election.cc:304] T 2314d7581de04b5687077232f3eabeba P 3e1d911fe963495b87ccab4126a58d1a [CANDIDATE]: Term 1 pre-election: Election decided. Result: candidate won. Election summary: received 2 responses out of 3 voters: 2 yes votes; 0 no votes. yes voters: 3e1d911fe963495b87ccab4126a58d1a, 738cce1e4837435ba4e5dadd243dbb28; no voters: 
I20260710 11:11:22.332549 23399 raft_consensus.cc:2804] T 2314d7581de04b5687077232f3eabeba P 3e1d911fe963495b87ccab4126a58d1a [term 0 FOLLOWER]: Leader pre-election won for term 1
I20260710 11:11:22.332876 23399 raft_consensus.cc:493] T 2314d7581de04b5687077232f3eabeba P 3e1d911fe963495b87ccab4126a58d1a [term 0 FOLLOWER]: Starting leader election (no leader contacted us within the election timeout)
I20260710 11:11:22.333182 23399 raft_consensus.cc:3060] T 2314d7581de04b5687077232f3eabeba P 3e1d911fe963495b87ccab4126a58d1a [term 0 FOLLOWER]: Advancing to term 1
I20260710 11:11:22.330935 23424 raft_consensus.cc:493] T 2e18ea49520a48c9b58c9775b60f387f P 738cce1e4837435ba4e5dadd243dbb28 [term 0 FOLLOWER]: Starting leader election (no leader contacted us within the election timeout)
I20260710 11:11:22.333595 23424 raft_consensus.cc:3060] T 2e18ea49520a48c9b58c9775b60f387f P 738cce1e4837435ba4e5dadd243dbb28 [term 0 FOLLOWER]: Advancing to term 1
I20260710 11:11:22.339563 23399 raft_consensus.cc:515] T 2314d7581de04b5687077232f3eabeba P 3e1d911fe963495b87ccab4126a58d1a [term 1 FOLLOWER]: Starting leader election with config: opid_index: -1 OBSOLETE_local: false peers { permanent_uuid: "738cce1e4837435ba4e5dadd243dbb28" member_type: VOTER last_known_addr { host: "127.22.12.193" port: 44575 } } peers { permanent_uuid: "80e05ab545ac46f1a5cabd756ae0b19d" member_type: VOTER last_known_addr { host: "127.22.12.194" port: 38637 } } peers { permanent_uuid: "3e1d911fe963495b87ccab4126a58d1a" member_type: VOTER last_known_addr { host: "127.22.12.195" port: 40235 } }
I20260710 11:11:22.339744 23424 raft_consensus.cc:515] T 2e18ea49520a48c9b58c9775b60f387f P 738cce1e4837435ba4e5dadd243dbb28 [term 1 FOLLOWER]: Starting leader election with config: opid_index: -1 OBSOLETE_local: false peers { permanent_uuid: "738cce1e4837435ba4e5dadd243dbb28" member_type: VOTER last_known_addr { host: "127.22.12.193" port: 44575 } } peers { permanent_uuid: "80e05ab545ac46f1a5cabd756ae0b19d" member_type: VOTER last_known_addr { host: "127.22.12.194" port: 38637 } } peers { permanent_uuid: "3e1d911fe963495b87ccab4126a58d1a" member_type: VOTER last_known_addr { host: "127.22.12.195" port: 40235 } }
I20260710 11:11:22.340996 23399 leader_election.cc:290] T 2314d7581de04b5687077232f3eabeba P 3e1d911fe963495b87ccab4126a58d1a [CANDIDATE]: Term 1 election: Requested vote from peers 738cce1e4837435ba4e5dadd243dbb28 (127.22.12.193:44575), 80e05ab545ac46f1a5cabd756ae0b19d (127.22.12.194:38637)
I20260710 11:11:22.341725 23205 tablet_service.cc:1917] Received RequestConsensusVote() RPC: tablet_id: "2314d7581de04b5687077232f3eabeba" candidate_uuid: "3e1d911fe963495b87ccab4126a58d1a" candidate_term: 1 candidate_status { last_received { term: 0 index: 0 } } ignore_live_leader: false dest_uuid: "738cce1e4837435ba4e5dadd243dbb28"
I20260710 11:11:22.341985 23424 leader_election.cc:290] T 2e18ea49520a48c9b58c9775b60f387f P 738cce1e4837435ba4e5dadd243dbb28 [CANDIDATE]: Term 1 election: Requested vote from peers 80e05ab545ac46f1a5cabd756ae0b19d (127.22.12.194:38637), 3e1d911fe963495b87ccab4126a58d1a (127.22.12.195:40235)
I20260710 11:11:22.342252 23205 raft_consensus.cc:3060] T 2314d7581de04b5687077232f3eabeba P 738cce1e4837435ba4e5dadd243dbb28 [term 0 FOLLOWER]: Advancing to term 1
I20260710 11:11:22.342372 23280 tablet_service.cc:1917] Received RequestConsensusVote() RPC: tablet_id: "2314d7581de04b5687077232f3eabeba" candidate_uuid: "3e1d911fe963495b87ccab4126a58d1a" candidate_term: 1 candidate_status { last_received { term: 0 index: 0 } } ignore_live_leader: false dest_uuid: "80e05ab545ac46f1a5cabd756ae0b19d"
I20260710 11:11:22.342875 23280 raft_consensus.cc:3060] T 2314d7581de04b5687077232f3eabeba P 80e05ab545ac46f1a5cabd756ae0b19d [term 0 FOLLOWER]: Advancing to term 1
I20260710 11:11:22.342942 23354 tablet_service.cc:1917] Received RequestConsensusVote() RPC: tablet_id: "2e18ea49520a48c9b58c9775b60f387f" candidate_uuid: "738cce1e4837435ba4e5dadd243dbb28" candidate_term: 1 candidate_status { last_received { term: 0 index: 0 } } ignore_live_leader: false dest_uuid: "3e1d911fe963495b87ccab4126a58d1a"
I20260710 11:11:22.343528 23354 raft_consensus.cc:3060] T 2e18ea49520a48c9b58c9775b60f387f P 3e1d911fe963495b87ccab4126a58d1a [term 0 FOLLOWER]: Advancing to term 1
I20260710 11:11:22.344493 23279 tablet_service.cc:1917] Received RequestConsensusVote() RPC: tablet_id: "2e18ea49520a48c9b58c9775b60f387f" candidate_uuid: "738cce1e4837435ba4e5dadd243dbb28" candidate_term: 1 candidate_status { last_received { term: 0 index: 0 } } ignore_live_leader: false dest_uuid: "80e05ab545ac46f1a5cabd756ae0b19d"
I20260710 11:11:22.345032 23279 raft_consensus.cc:3060] T 2e18ea49520a48c9b58c9775b60f387f P 80e05ab545ac46f1a5cabd756ae0b19d [term 0 FOLLOWER]: Advancing to term 1
I20260710 11:11:22.349176 23205 raft_consensus.cc:2468] T 2314d7581de04b5687077232f3eabeba P 738cce1e4837435ba4e5dadd243dbb28 [term 1 FOLLOWER]: Leader election vote request: Granting yes vote for candidate 3e1d911fe963495b87ccab4126a58d1a in term 1.
I20260710 11:11:22.350220 23280 raft_consensus.cc:2468] T 2314d7581de04b5687077232f3eabeba P 80e05ab545ac46f1a5cabd756ae0b19d [term 1 FOLLOWER]: Leader election vote request: Granting yes vote for candidate 3e1d911fe963495b87ccab4126a58d1a in term 1.
I20260710 11:11:22.350335 23318 leader_election.cc:304] T 2314d7581de04b5687077232f3eabeba P 3e1d911fe963495b87ccab4126a58d1a [CANDIDATE]: Term 1 election: Election decided. Result: candidate won. Election summary: received 2 responses out of 3 voters: 2 yes votes; 0 no votes. yes voters: 3e1d911fe963495b87ccab4126a58d1a, 738cce1e4837435ba4e5dadd243dbb28; no voters: 
I20260710 11:11:22.350512 23354 raft_consensus.cc:2468] T 2e18ea49520a48c9b58c9775b60f387f P 3e1d911fe963495b87ccab4126a58d1a [term 1 FOLLOWER]: Leader election vote request: Granting yes vote for candidate 738cce1e4837435ba4e5dadd243dbb28 in term 1.
I20260710 11:11:22.351135 23399 raft_consensus.cc:2804] T 2314d7581de04b5687077232f3eabeba P 3e1d911fe963495b87ccab4126a58d1a [term 1 FOLLOWER]: Leader election won for term 1
I20260710 11:11:22.351473 23168 leader_election.cc:304] T 2e18ea49520a48c9b58c9775b60f387f P 738cce1e4837435ba4e5dadd243dbb28 [CANDIDATE]: Term 1 election: Election decided. Result: candidate won. Election summary: received 2 responses out of 3 voters: 2 yes votes; 0 no votes. yes voters: 3e1d911fe963495b87ccab4126a58d1a, 738cce1e4837435ba4e5dadd243dbb28; no voters: 
I20260710 11:11:22.351636 23279 raft_consensus.cc:2468] T 2e18ea49520a48c9b58c9775b60f387f P 80e05ab545ac46f1a5cabd756ae0b19d [term 1 FOLLOWER]: Leader election vote request: Granting yes vote for candidate 738cce1e4837435ba4e5dadd243dbb28 in term 1.
I20260710 11:11:22.352288 23424 raft_consensus.cc:2804] T 2e18ea49520a48c9b58c9775b60f387f P 738cce1e4837435ba4e5dadd243dbb28 [term 1 FOLLOWER]: Leader election won for term 1
I20260710 11:11:22.352299 23399 raft_consensus.cc:697] T 2314d7581de04b5687077232f3eabeba P 3e1d911fe963495b87ccab4126a58d1a [term 1 LEADER]: Becoming Leader. State: Replica: 3e1d911fe963495b87ccab4126a58d1a, State: Running, Role: LEADER
I20260710 11:11:22.352886 23424 raft_consensus.cc:697] T 2e18ea49520a48c9b58c9775b60f387f P 738cce1e4837435ba4e5dadd243dbb28 [term 1 LEADER]: Becoming Leader. State: Replica: 738cce1e4837435ba4e5dadd243dbb28, State: Running, Role: LEADER
I20260710 11:11:22.353284 23399 consensus_queue.cc:237] T 2314d7581de04b5687077232f3eabeba P 3e1d911fe963495b87ccab4126a58d1a [LEADER]: Queue going to LEADER mode. State: All replicated index: 0, Majority replicated index: 0, Committed index: 0, Last appended: 0.0, Last appended by leader: 0, Current term: 1, Majority size: 2, State: 0, Mode: LEADER, active raft config: opid_index: -1 OBSOLETE_local: false peers { permanent_uuid: "738cce1e4837435ba4e5dadd243dbb28" member_type: VOTER last_known_addr { host: "127.22.12.193" port: 44575 } } peers { permanent_uuid: "80e05ab545ac46f1a5cabd756ae0b19d" member_type: VOTER last_known_addr { host: "127.22.12.194" port: 38637 } } peers { permanent_uuid: "3e1d911fe963495b87ccab4126a58d1a" member_type: VOTER last_known_addr { host: "127.22.12.195" port: 40235 } }
I20260710 11:11:22.353817 23424 consensus_queue.cc:237] T 2e18ea49520a48c9b58c9775b60f387f P 738cce1e4837435ba4e5dadd243dbb28 [LEADER]: Queue going to LEADER mode. State: All replicated index: 0, Majority replicated index: 0, Committed index: 0, Last appended: 0.0, Last appended by leader: 0, Current term: 1, Majority size: 2, State: 0, Mode: LEADER, active raft config: opid_index: -1 OBSOLETE_local: false peers { permanent_uuid: "738cce1e4837435ba4e5dadd243dbb28" member_type: VOTER last_known_addr { host: "127.22.12.193" port: 44575 } } peers { permanent_uuid: "80e05ab545ac46f1a5cabd756ae0b19d" member_type: VOTER last_known_addr { host: "127.22.12.194" port: 38637 } } peers { permanent_uuid: "3e1d911fe963495b87ccab4126a58d1a" member_type: VOTER last_known_addr { host: "127.22.12.195" port: 40235 } }
I20260710 11:11:22.361099 23103 catalog_manager.cc:5697] T 2314d7581de04b5687077232f3eabeba P 3e1d911fe963495b87ccab4126a58d1a reported cstate change: term changed from 0 to 1, leader changed from <none> to 3e1d911fe963495b87ccab4126a58d1a (127.22.12.195). New cstate: current_term: 1 leader_uuid: "3e1d911fe963495b87ccab4126a58d1a" committed_config { opid_index: -1 OBSOLETE_local: false peers { permanent_uuid: "738cce1e4837435ba4e5dadd243dbb28" member_type: VOTER last_known_addr { host: "127.22.12.193" port: 44575 } health_report { overall_health: UNKNOWN } } peers { permanent_uuid: "80e05ab545ac46f1a5cabd756ae0b19d" member_type: VOTER last_known_addr { host: "127.22.12.194" port: 38637 } health_report { overall_health: UNKNOWN } } peers { permanent_uuid: "3e1d911fe963495b87ccab4126a58d1a" member_type: VOTER last_known_addr { host: "127.22.12.195" port: 40235 } health_report { overall_health: HEALTHY } } }
I20260710 11:11:22.362056 23101 catalog_manager.cc:5697] T 2e18ea49520a48c9b58c9775b60f387f P 738cce1e4837435ba4e5dadd243dbb28 reported cstate change: term changed from 0 to 1, leader changed from <none> to 738cce1e4837435ba4e5dadd243dbb28 (127.22.12.193). New cstate: current_term: 1 leader_uuid: "738cce1e4837435ba4e5dadd243dbb28" committed_config { opid_index: -1 OBSOLETE_local: false peers { permanent_uuid: "738cce1e4837435ba4e5dadd243dbb28" member_type: VOTER last_known_addr { host: "127.22.12.193" port: 44575 } health_report { overall_health: HEALTHY } } peers { permanent_uuid: "80e05ab545ac46f1a5cabd756ae0b19d" member_type: VOTER last_known_addr { host: "127.22.12.194" port: 38637 } health_report { overall_health: UNKNOWN } } peers { permanent_uuid: "3e1d911fe963495b87ccab4126a58d1a" member_type: VOTER last_known_addr { host: "127.22.12.195" port: 40235 } health_report { overall_health: UNKNOWN } } }
I20260710 11:11:22.393826 23420 raft_consensus.cc:493] T bde608af0fcc409da395190e8d38fa25 P 80e05ab545ac46f1a5cabd756ae0b19d [term 0 FOLLOWER]: Starting pre-election (no leader contacted us within the election timeout)
I20260710 11:11:22.394264 23420 raft_consensus.cc:515] T bde608af0fcc409da395190e8d38fa25 P 80e05ab545ac46f1a5cabd756ae0b19d [term 0 FOLLOWER]: Starting pre-election with config: opid_index: -1 OBSOLETE_local: false peers { permanent_uuid: "738cce1e4837435ba4e5dadd243dbb28" member_type: VOTER last_known_addr { host: "127.22.12.193" port: 44575 } } peers { permanent_uuid: "80e05ab545ac46f1a5cabd756ae0b19d" member_type: VOTER last_known_addr { host: "127.22.12.194" port: 38637 } } peers { permanent_uuid: "3e1d911fe963495b87ccab4126a58d1a" member_type: VOTER last_known_addr { host: "127.22.12.195" port: 40235 } }
I20260710 11:11:22.395843 23420 leader_election.cc:290] T bde608af0fcc409da395190e8d38fa25 P 80e05ab545ac46f1a5cabd756ae0b19d [CANDIDATE]: Term 1 pre-election: Requested pre-vote from peers 738cce1e4837435ba4e5dadd243dbb28 (127.22.12.193:44575), 3e1d911fe963495b87ccab4126a58d1a (127.22.12.195:40235)
I20260710 11:11:22.396548 23205 tablet_service.cc:1917] Received RequestConsensusVote() RPC: tablet_id: "bde608af0fcc409da395190e8d38fa25" candidate_uuid: "80e05ab545ac46f1a5cabd756ae0b19d" candidate_term: 1 candidate_status { last_received { term: 0 index: 0 } } ignore_live_leader: false dest_uuid: "738cce1e4837435ba4e5dadd243dbb28" is_pre_election: true
I20260710 11:11:22.396762 23354 tablet_service.cc:1917] Received RequestConsensusVote() RPC: tablet_id: "bde608af0fcc409da395190e8d38fa25" candidate_uuid: "80e05ab545ac46f1a5cabd756ae0b19d" candidate_term: 1 candidate_status { last_received { term: 0 index: 0 } } ignore_live_leader: false dest_uuid: "3e1d911fe963495b87ccab4126a58d1a" is_pre_election: true
I20260710 11:11:22.397045 23205 raft_consensus.cc:2468] T bde608af0fcc409da395190e8d38fa25 P 738cce1e4837435ba4e5dadd243dbb28 [term 0 FOLLOWER]: Leader pre-election vote request: Granting yes vote for candidate 80e05ab545ac46f1a5cabd756ae0b19d in term 0.
I20260710 11:11:22.397315 23354 raft_consensus.cc:2468] T bde608af0fcc409da395190e8d38fa25 P 3e1d911fe963495b87ccab4126a58d1a [term 0 FOLLOWER]: Leader pre-election vote request: Granting yes vote for candidate 80e05ab545ac46f1a5cabd756ae0b19d in term 0.
I20260710 11:11:22.397957 23244 leader_election.cc:304] T bde608af0fcc409da395190e8d38fa25 P 80e05ab545ac46f1a5cabd756ae0b19d [CANDIDATE]: Term 1 pre-election: Election decided. Result: candidate won. Election summary: received 2 responses out of 3 voters: 2 yes votes; 0 no votes. yes voters: 738cce1e4837435ba4e5dadd243dbb28, 80e05ab545ac46f1a5cabd756ae0b19d; no voters: 
I20260710 11:11:22.398648 23420 raft_consensus.cc:2804] T bde608af0fcc409da395190e8d38fa25 P 80e05ab545ac46f1a5cabd756ae0b19d [term 0 FOLLOWER]: Leader pre-election won for term 1
I20260710 11:11:22.398895 23420 raft_consensus.cc:493] T bde608af0fcc409da395190e8d38fa25 P 80e05ab545ac46f1a5cabd756ae0b19d [term 0 FOLLOWER]: Starting leader election (no leader contacted us within the election timeout)
I20260710 11:11:22.399140 23420 raft_consensus.cc:3060] T bde608af0fcc409da395190e8d38fa25 P 80e05ab545ac46f1a5cabd756ae0b19d [term 0 FOLLOWER]: Advancing to term 1
I20260710 11:11:22.403402 23420 raft_consensus.cc:515] T bde608af0fcc409da395190e8d38fa25 P 80e05ab545ac46f1a5cabd756ae0b19d [term 1 FOLLOWER]: Starting leader election with config: opid_index: -1 OBSOLETE_local: false peers { permanent_uuid: "738cce1e4837435ba4e5dadd243dbb28" member_type: VOTER last_known_addr { host: "127.22.12.193" port: 44575 } } peers { permanent_uuid: "80e05ab545ac46f1a5cabd756ae0b19d" member_type: VOTER last_known_addr { host: "127.22.12.194" port: 38637 } } peers { permanent_uuid: "3e1d911fe963495b87ccab4126a58d1a" member_type: VOTER last_known_addr { host: "127.22.12.195" port: 40235 } }
I20260710 11:11:22.404805 23420 leader_election.cc:290] T bde608af0fcc409da395190e8d38fa25 P 80e05ab545ac46f1a5cabd756ae0b19d [CANDIDATE]: Term 1 election: Requested vote from peers 738cce1e4837435ba4e5dadd243dbb28 (127.22.12.193:44575), 3e1d911fe963495b87ccab4126a58d1a (127.22.12.195:40235)
I20260710 11:11:22.405465 23205 tablet_service.cc:1917] Received RequestConsensusVote() RPC: tablet_id: "bde608af0fcc409da395190e8d38fa25" candidate_uuid: "80e05ab545ac46f1a5cabd756ae0b19d" candidate_term: 1 candidate_status { last_received { term: 0 index: 0 } } ignore_live_leader: false dest_uuid: "738cce1e4837435ba4e5dadd243dbb28"
I20260710 11:11:22.405614 23354 tablet_service.cc:1917] Received RequestConsensusVote() RPC: tablet_id: "bde608af0fcc409da395190e8d38fa25" candidate_uuid: "80e05ab545ac46f1a5cabd756ae0b19d" candidate_term: 1 candidate_status { last_received { term: 0 index: 0 } } ignore_live_leader: false dest_uuid: "3e1d911fe963495b87ccab4126a58d1a"
I20260710 11:11:22.405892 23205 raft_consensus.cc:3060] T bde608af0fcc409da395190e8d38fa25 P 738cce1e4837435ba4e5dadd243dbb28 [term 0 FOLLOWER]: Advancing to term 1
I20260710 11:11:22.406090 23354 raft_consensus.cc:3060] T bde608af0fcc409da395190e8d38fa25 P 3e1d911fe963495b87ccab4126a58d1a [term 0 FOLLOWER]: Advancing to term 1
I20260710 11:11:22.410220 23205 raft_consensus.cc:2468] T bde608af0fcc409da395190e8d38fa25 P 738cce1e4837435ba4e5dadd243dbb28 [term 1 FOLLOWER]: Leader election vote request: Granting yes vote for candidate 80e05ab545ac46f1a5cabd756ae0b19d in term 1.
I20260710 11:11:22.410398 23354 raft_consensus.cc:2468] T bde608af0fcc409da395190e8d38fa25 P 3e1d911fe963495b87ccab4126a58d1a [term 1 FOLLOWER]: Leader election vote request: Granting yes vote for candidate 80e05ab545ac46f1a5cabd756ae0b19d in term 1.
I20260710 11:11:22.411068 23244 leader_election.cc:304] T bde608af0fcc409da395190e8d38fa25 P 80e05ab545ac46f1a5cabd756ae0b19d [CANDIDATE]: Term 1 election: Election decided. Result: candidate won. Election summary: received 2 responses out of 3 voters: 2 yes votes; 0 no votes. yes voters: 738cce1e4837435ba4e5dadd243dbb28, 80e05ab545ac46f1a5cabd756ae0b19d; no voters: 
I20260710 11:11:22.411710 23420 raft_consensus.cc:2804] T bde608af0fcc409da395190e8d38fa25 P 80e05ab545ac46f1a5cabd756ae0b19d [term 1 FOLLOWER]: Leader election won for term 1
I20260710 11:11:22.412045 23420 raft_consensus.cc:697] T bde608af0fcc409da395190e8d38fa25 P 80e05ab545ac46f1a5cabd756ae0b19d [term 1 LEADER]: Becoming Leader. State: Replica: 80e05ab545ac46f1a5cabd756ae0b19d, State: Running, Role: LEADER
I20260710 11:11:22.412721 23420 consensus_queue.cc:237] T bde608af0fcc409da395190e8d38fa25 P 80e05ab545ac46f1a5cabd756ae0b19d [LEADER]: Queue going to LEADER mode. State: All replicated index: 0, Majority replicated index: 0, Committed index: 0, Last appended: 0.0, Last appended by leader: 0, Current term: 1, Majority size: 2, State: 0, Mode: LEADER, active raft config: opid_index: -1 OBSOLETE_local: false peers { permanent_uuid: "738cce1e4837435ba4e5dadd243dbb28" member_type: VOTER last_known_addr { host: "127.22.12.193" port: 44575 } } peers { permanent_uuid: "80e05ab545ac46f1a5cabd756ae0b19d" member_type: VOTER last_known_addr { host: "127.22.12.194" port: 38637 } } peers { permanent_uuid: "3e1d911fe963495b87ccab4126a58d1a" member_type: VOTER last_known_addr { host: "127.22.12.195" port: 40235 } }
I20260710 11:11:22.418908 23101 catalog_manager.cc:5697] T bde608af0fcc409da395190e8d38fa25 P 80e05ab545ac46f1a5cabd756ae0b19d reported cstate change: term changed from 0 to 1, leader changed from <none> to 80e05ab545ac46f1a5cabd756ae0b19d (127.22.12.194). New cstate: current_term: 1 leader_uuid: "80e05ab545ac46f1a5cabd756ae0b19d" committed_config { opid_index: -1 OBSOLETE_local: false peers { permanent_uuid: "738cce1e4837435ba4e5dadd243dbb28" member_type: VOTER last_known_addr { host: "127.22.12.193" port: 44575 } health_report { overall_health: UNKNOWN } } peers { permanent_uuid: "80e05ab545ac46f1a5cabd756ae0b19d" member_type: VOTER last_known_addr { host: "127.22.12.194" port: 38637 } health_report { overall_health: HEALTHY } } peers { permanent_uuid: "3e1d911fe963495b87ccab4126a58d1a" member_type: VOTER last_known_addr { host: "127.22.12.195" port: 40235 } health_report { overall_health: UNKNOWN } } }
I20260710 11:11:22.459496 23420 consensus_queue.cc:1048] T 3ac5fe5cc35e4294b43390dea5ebac30 P 80e05ab545ac46f1a5cabd756ae0b19d [LEADER]: Connected to new peer: Peer: permanent_uuid: "738cce1e4837435ba4e5dadd243dbb28" member_type: VOTER last_known_addr { host: "127.22.12.193" port: 44575 }, Status: LMP_MISMATCH, Last received: 0.0, Next index: 1, Last known committed idx: 0, Time since last communication: 0.000s
I20260710 11:11:22.470171 23415 consensus_queue.cc:1048] T 3ac5fe5cc35e4294b43390dea5ebac30 P 80e05ab545ac46f1a5cabd756ae0b19d [LEADER]: Connected to new peer: Peer: permanent_uuid: "3e1d911fe963495b87ccab4126a58d1a" member_type: VOTER last_known_addr { host: "127.22.12.195" port: 40235 }, Status: LMP_MISMATCH, Last received: 0.0, Next index: 1, Last known committed idx: 0, Time since last communication: 0.001s
I20260710 11:11:22.519871 23399 raft_consensus.cc:493] T 40f19391acfc452b894e798b6732b08c P 3e1d911fe963495b87ccab4126a58d1a [term 0 FOLLOWER]: Starting pre-election (no leader contacted us within the election timeout)
I20260710 11:11:22.520258 23399 raft_consensus.cc:515] T 40f19391acfc452b894e798b6732b08c P 3e1d911fe963495b87ccab4126a58d1a [term 0 FOLLOWER]: Starting pre-election with config: opid_index: -1 OBSOLETE_local: false peers { permanent_uuid: "738cce1e4837435ba4e5dadd243dbb28" member_type: VOTER last_known_addr { host: "127.22.12.193" port: 44575 } } peers { permanent_uuid: "80e05ab545ac46f1a5cabd756ae0b19d" member_type: VOTER last_known_addr { host: "127.22.12.194" port: 38637 } } peers { permanent_uuid: "3e1d911fe963495b87ccab4126a58d1a" member_type: VOTER last_known_addr { host: "127.22.12.195" port: 40235 } }
I20260710 11:11:22.521919 23399 leader_election.cc:290] T 40f19391acfc452b894e798b6732b08c P 3e1d911fe963495b87ccab4126a58d1a [CANDIDATE]: Term 1 pre-election: Requested pre-vote from peers 738cce1e4837435ba4e5dadd243dbb28 (127.22.12.193:44575), 80e05ab545ac46f1a5cabd756ae0b19d (127.22.12.194:38637)
I20260710 11:11:22.522570 23205 tablet_service.cc:1917] Received RequestConsensusVote() RPC: tablet_id: "40f19391acfc452b894e798b6732b08c" candidate_uuid: "3e1d911fe963495b87ccab4126a58d1a" candidate_term: 1 candidate_status { last_received { term: 0 index: 0 } } ignore_live_leader: false dest_uuid: "738cce1e4837435ba4e5dadd243dbb28" is_pre_election: true
I20260710 11:11:22.522863 23279 tablet_service.cc:1917] Received RequestConsensusVote() RPC: tablet_id: "40f19391acfc452b894e798b6732b08c" candidate_uuid: "3e1d911fe963495b87ccab4126a58d1a" candidate_term: 1 candidate_status { last_received { term: 0 index: 0 } } ignore_live_leader: false dest_uuid: "80e05ab545ac46f1a5cabd756ae0b19d" is_pre_election: true
I20260710 11:11:22.523080 23205 raft_consensus.cc:2468] T 40f19391acfc452b894e798b6732b08c P 738cce1e4837435ba4e5dadd243dbb28 [term 0 FOLLOWER]: Leader pre-election vote request: Granting yes vote for candidate 3e1d911fe963495b87ccab4126a58d1a in term 0.
I20260710 11:11:22.523372 23279 raft_consensus.cc:2468] T 40f19391acfc452b894e798b6732b08c P 80e05ab545ac46f1a5cabd756ae0b19d [term 0 FOLLOWER]: Leader pre-election vote request: Granting yes vote for candidate 3e1d911fe963495b87ccab4126a58d1a in term 0.
I20260710 11:11:22.523953 23318 leader_election.cc:304] T 40f19391acfc452b894e798b6732b08c P 3e1d911fe963495b87ccab4126a58d1a [CANDIDATE]: Term 1 pre-election: Election decided. Result: candidate won. Election summary: received 2 responses out of 3 voters: 2 yes votes; 0 no votes. yes voters: 3e1d911fe963495b87ccab4126a58d1a, 738cce1e4837435ba4e5dadd243dbb28; no voters: 
I20260710 11:11:22.524616 23399 raft_consensus.cc:2804] T 40f19391acfc452b894e798b6732b08c P 3e1d911fe963495b87ccab4126a58d1a [term 0 FOLLOWER]: Leader pre-election won for term 1
I20260710 11:11:22.524935 23399 raft_consensus.cc:493] T 40f19391acfc452b894e798b6732b08c P 3e1d911fe963495b87ccab4126a58d1a [term 0 FOLLOWER]: Starting leader election (no leader contacted us within the election timeout)
I20260710 11:11:22.525178 23399 raft_consensus.cc:3060] T 40f19391acfc452b894e798b6732b08c P 3e1d911fe963495b87ccab4126a58d1a [term 0 FOLLOWER]: Advancing to term 1
I20260710 11:11:22.529537 23399 raft_consensus.cc:515] T 40f19391acfc452b894e798b6732b08c P 3e1d911fe963495b87ccab4126a58d1a [term 1 FOLLOWER]: Starting leader election with config: opid_index: -1 OBSOLETE_local: false peers { permanent_uuid: "738cce1e4837435ba4e5dadd243dbb28" member_type: VOTER last_known_addr { host: "127.22.12.193" port: 44575 } } peers { permanent_uuid: "80e05ab545ac46f1a5cabd756ae0b19d" member_type: VOTER last_known_addr { host: "127.22.12.194" port: 38637 } } peers { permanent_uuid: "3e1d911fe963495b87ccab4126a58d1a" member_type: VOTER last_known_addr { host: "127.22.12.195" port: 40235 } }
I20260710 11:11:22.531004 23399 leader_election.cc:290] T 40f19391acfc452b894e798b6732b08c P 3e1d911fe963495b87ccab4126a58d1a [CANDIDATE]: Term 1 election: Requested vote from peers 738cce1e4837435ba4e5dadd243dbb28 (127.22.12.193:44575), 80e05ab545ac46f1a5cabd756ae0b19d (127.22.12.194:38637)
I20260710 11:11:22.531610 23205 tablet_service.cc:1917] Received RequestConsensusVote() RPC: tablet_id: "40f19391acfc452b894e798b6732b08c" candidate_uuid: "3e1d911fe963495b87ccab4126a58d1a" candidate_term: 1 candidate_status { last_received { term: 0 index: 0 } } ignore_live_leader: false dest_uuid: "738cce1e4837435ba4e5dadd243dbb28"
I20260710 11:11:22.531877 23279 tablet_service.cc:1917] Received RequestConsensusVote() RPC: tablet_id: "40f19391acfc452b894e798b6732b08c" candidate_uuid: "3e1d911fe963495b87ccab4126a58d1a" candidate_term: 1 candidate_status { last_received { term: 0 index: 0 } } ignore_live_leader: false dest_uuid: "80e05ab545ac46f1a5cabd756ae0b19d"
I20260710 11:11:22.532074 23205 raft_consensus.cc:3060] T 40f19391acfc452b894e798b6732b08c P 738cce1e4837435ba4e5dadd243dbb28 [term 0 FOLLOWER]: Advancing to term 1
I20260710 11:11:22.532382 23279 raft_consensus.cc:3060] T 40f19391acfc452b894e798b6732b08c P 80e05ab545ac46f1a5cabd756ae0b19d [term 0 FOLLOWER]: Advancing to term 1
I20260710 11:11:22.536249 23205 raft_consensus.cc:2468] T 40f19391acfc452b894e798b6732b08c P 738cce1e4837435ba4e5dadd243dbb28 [term 1 FOLLOWER]: Leader election vote request: Granting yes vote for candidate 3e1d911fe963495b87ccab4126a58d1a in term 1.
I20260710 11:11:22.536319 23279 raft_consensus.cc:2468] T 40f19391acfc452b894e798b6732b08c P 80e05ab545ac46f1a5cabd756ae0b19d [term 1 FOLLOWER]: Leader election vote request: Granting yes vote for candidate 3e1d911fe963495b87ccab4126a58d1a in term 1.
I20260710 11:11:22.537168 23318 leader_election.cc:304] T 40f19391acfc452b894e798b6732b08c P 3e1d911fe963495b87ccab4126a58d1a [CANDIDATE]: Term 1 election: Election decided. Result: candidate won. Election summary: received 2 responses out of 3 voters: 2 yes votes; 0 no votes. yes voters: 3e1d911fe963495b87ccab4126a58d1a, 738cce1e4837435ba4e5dadd243dbb28; no voters: 
I20260710 11:11:22.537799 23399 raft_consensus.cc:2804] T 40f19391acfc452b894e798b6732b08c P 3e1d911fe963495b87ccab4126a58d1a [term 1 FOLLOWER]: Leader election won for term 1
I20260710 11:11:22.538194 23399 raft_consensus.cc:697] T 40f19391acfc452b894e798b6732b08c P 3e1d911fe963495b87ccab4126a58d1a [term 1 LEADER]: Becoming Leader. State: Replica: 3e1d911fe963495b87ccab4126a58d1a, State: Running, Role: LEADER
I20260710 11:11:22.538836 23399 consensus_queue.cc:237] T 40f19391acfc452b894e798b6732b08c P 3e1d911fe963495b87ccab4126a58d1a [LEADER]: Queue going to LEADER mode. State: All replicated index: 0, Majority replicated index: 0, Committed index: 0, Last appended: 0.0, Last appended by leader: 0, Current term: 1, Majority size: 2, State: 0, Mode: LEADER, active raft config: opid_index: -1 OBSOLETE_local: false peers { permanent_uuid: "738cce1e4837435ba4e5dadd243dbb28" member_type: VOTER last_known_addr { host: "127.22.12.193" port: 44575 } } peers { permanent_uuid: "80e05ab545ac46f1a5cabd756ae0b19d" member_type: VOTER last_known_addr { host: "127.22.12.194" port: 38637 } } peers { permanent_uuid: "3e1d911fe963495b87ccab4126a58d1a" member_type: VOTER last_known_addr { host: "127.22.12.195" port: 40235 } }
I20260710 11:11:22.545023 23101 catalog_manager.cc:5697] T 40f19391acfc452b894e798b6732b08c P 3e1d911fe963495b87ccab4126a58d1a reported cstate change: term changed from 0 to 1, leader changed from <none> to 3e1d911fe963495b87ccab4126a58d1a (127.22.12.195). New cstate: current_term: 1 leader_uuid: "3e1d911fe963495b87ccab4126a58d1a" committed_config { opid_index: -1 OBSOLETE_local: false peers { permanent_uuid: "738cce1e4837435ba4e5dadd243dbb28" member_type: VOTER last_known_addr { host: "127.22.12.193" port: 44575 } health_report { overall_health: UNKNOWN } } peers { permanent_uuid: "80e05ab545ac46f1a5cabd756ae0b19d" member_type: VOTER last_known_addr { host: "127.22.12.194" port: 38637 } health_report { overall_health: UNKNOWN } } peers { permanent_uuid: "3e1d911fe963495b87ccab4126a58d1a" member_type: VOTER last_known_addr { host: "127.22.12.195" port: 40235 } health_report { overall_health: HEALTHY } } }
I20260710 11:11:22.585151 23424 consensus_queue.cc:1048] T 6a45e55c59704a51a2178b35922743f6 P 738cce1e4837435ba4e5dadd243dbb28 [LEADER]: Connected to new peer: Peer: permanent_uuid: "80e05ab545ac46f1a5cabd756ae0b19d" member_type: VOTER last_known_addr { host: "127.22.12.194" port: 38637 }, Status: LMP_MISMATCH, Last received: 0.0, Next index: 1, Last known committed idx: 0, Time since last communication: 0.000s
I20260710 11:11:22.593596 23354 raft_consensus.cc:3060] T 6a45e55c59704a51a2178b35922743f6 P 3e1d911fe963495b87ccab4126a58d1a [term 0 FOLLOWER]: Advancing to term 1
I20260710 11:11:22.601253 23455 consensus_queue.cc:1048] T 6a45e55c59704a51a2178b35922743f6 P 738cce1e4837435ba4e5dadd243dbb28 [LEADER]: Connected to new peer: Peer: permanent_uuid: "3e1d911fe963495b87ccab4126a58d1a" member_type: VOTER last_known_addr { host: "127.22.12.195" port: 40235 }, Status: LMP_MISMATCH, Last received: 0.0, Next index: 1, Last known committed idx: 0, Time since last communication: 0.000s
I20260710 11:11:22.607718 23415 consensus_queue.cc:1048] T 7c330f57cd9f4382adc11199eedf0cef P 80e05ab545ac46f1a5cabd756ae0b19d [LEADER]: Connected to new peer: Peer: permanent_uuid: "738cce1e4837435ba4e5dadd243dbb28" member_type: VOTER last_known_addr { host: "127.22.12.193" port: 44575 }, Status: LMP_MISMATCH, Last received: 0.0, Next index: 1, Last known committed idx: 0, Time since last communication: 0.000s
I20260710 11:11:22.618036 23402 consensus_queue.cc:1048] T 7c330f57cd9f4382adc11199eedf0cef P 80e05ab545ac46f1a5cabd756ae0b19d [LEADER]: Connected to new peer: Peer: permanent_uuid: "3e1d911fe963495b87ccab4126a58d1a" member_type: VOTER last_known_addr { host: "127.22.12.195" port: 40235 }, Status: LMP_MISMATCH, Last received: 0.0, Next index: 1, Last known committed idx: 0, Time since last communication: 0.000s
I20260710 11:11:22.723726 23455 consensus_queue.cc:1048] T 038740e9b6864a58b27d6cfe14ada04b P 738cce1e4837435ba4e5dadd243dbb28 [LEADER]: Connected to new peer: Peer: permanent_uuid: "3e1d911fe963495b87ccab4126a58d1a" member_type: VOTER last_known_addr { host: "127.22.12.195" port: 40235 }, Status: LMP_MISMATCH, Last received: 0.0, Next index: 1, Last known committed idx: 0, Time since last communication: 0.000s
I20260710 11:11:22.734503 23402 raft_consensus.cc:493] T d80664515c034c38b500ab58c84749e6 P 80e05ab545ac46f1a5cabd756ae0b19d [term 0 FOLLOWER]: Starting pre-election (no leader contacted us within the election timeout)
I20260710 11:11:22.734526 23424 consensus_queue.cc:1048] T 038740e9b6864a58b27d6cfe14ada04b P 738cce1e4837435ba4e5dadd243dbb28 [LEADER]: Connected to new peer: Peer: permanent_uuid: "80e05ab545ac46f1a5cabd756ae0b19d" member_type: VOTER last_known_addr { host: "127.22.12.194" port: 38637 }, Status: LMP_MISMATCH, Last received: 0.0, Next index: 1, Last known committed idx: 0, Time since last communication: 0.000s
I20260710 11:11:22.735097 23402 raft_consensus.cc:515] T d80664515c034c38b500ab58c84749e6 P 80e05ab545ac46f1a5cabd756ae0b19d [term 0 FOLLOWER]: Starting pre-election with config: opid_index: -1 OBSOLETE_local: false peers { permanent_uuid: "738cce1e4837435ba4e5dadd243dbb28" member_type: VOTER last_known_addr { host: "127.22.12.193" port: 44575 } } peers { permanent_uuid: "80e05ab545ac46f1a5cabd756ae0b19d" member_type: VOTER last_known_addr { host: "127.22.12.194" port: 38637 } } peers { permanent_uuid: "3e1d911fe963495b87ccab4126a58d1a" member_type: VOTER last_known_addr { host: "127.22.12.195" port: 40235 } }
I20260710 11:11:22.737001 23402 leader_election.cc:290] T d80664515c034c38b500ab58c84749e6 P 80e05ab545ac46f1a5cabd756ae0b19d [CANDIDATE]: Term 1 pre-election: Requested pre-vote from peers 738cce1e4837435ba4e5dadd243dbb28 (127.22.12.193:44575), 3e1d911fe963495b87ccab4126a58d1a (127.22.12.195:40235)
I20260710 11:11:22.738551 23205 tablet_service.cc:1917] Received RequestConsensusVote() RPC: tablet_id: "d80664515c034c38b500ab58c84749e6" candidate_uuid: "80e05ab545ac46f1a5cabd756ae0b19d" candidate_term: 1 candidate_status { last_received { term: 0 index: 0 } } ignore_live_leader: false dest_uuid: "738cce1e4837435ba4e5dadd243dbb28" is_pre_election: true
I20260710 11:11:22.739167 23205 raft_consensus.cc:2468] T d80664515c034c38b500ab58c84749e6 P 738cce1e4837435ba4e5dadd243dbb28 [term 0 FOLLOWER]: Leader pre-election vote request: Granting yes vote for candidate 80e05ab545ac46f1a5cabd756ae0b19d in term 0.
I20260710 11:11:22.740259 23244 leader_election.cc:304] T d80664515c034c38b500ab58c84749e6 P 80e05ab545ac46f1a5cabd756ae0b19d [CANDIDATE]: Term 1 pre-election: Election decided. Result: candidate won. Election summary: received 2 responses out of 3 voters: 2 yes votes; 0 no votes. yes voters: 738cce1e4837435ba4e5dadd243dbb28, 80e05ab545ac46f1a5cabd756ae0b19d; no voters: 
I20260710 11:11:22.739419 23354 tablet_service.cc:1917] Received RequestConsensusVote() RPC: tablet_id: "d80664515c034c38b500ab58c84749e6" candidate_uuid: "80e05ab545ac46f1a5cabd756ae0b19d" candidate_term: 1 candidate_status { last_received { term: 0 index: 0 } } ignore_live_leader: false dest_uuid: "3e1d911fe963495b87ccab4126a58d1a" is_pre_election: true
I20260710 11:11:22.741056 23420 raft_consensus.cc:2804] T d80664515c034c38b500ab58c84749e6 P 80e05ab545ac46f1a5cabd756ae0b19d [term 0 FOLLOWER]: Leader pre-election won for term 1
I20260710 11:11:22.741483 23420 raft_consensus.cc:493] T d80664515c034c38b500ab58c84749e6 P 80e05ab545ac46f1a5cabd756ae0b19d [term 0 FOLLOWER]: Starting leader election (no leader contacted us within the election timeout)
I20260710 11:11:22.741441 23354 raft_consensus.cc:2468] T d80664515c034c38b500ab58c84749e6 P 3e1d911fe963495b87ccab4126a58d1a [term 0 FOLLOWER]: Leader pre-election vote request: Granting yes vote for candidate 80e05ab545ac46f1a5cabd756ae0b19d in term 0.
I20260710 11:11:22.741847 23420 raft_consensus.cc:3060] T d80664515c034c38b500ab58c84749e6 P 80e05ab545ac46f1a5cabd756ae0b19d [term 0 FOLLOWER]: Advancing to term 1
I20260710 11:11:22.744091 23402 consensus_queue.cc:1048] T 52b7333d504e4db7bfb856de8a49dab7 P 80e05ab545ac46f1a5cabd756ae0b19d [LEADER]: Connected to new peer: Peer: permanent_uuid: "738cce1e4837435ba4e5dadd243dbb28" member_type: VOTER last_known_addr { host: "127.22.12.193" port: 44575 }, Status: LMP_MISMATCH, Last received: 0.0, Next index: 1, Last known committed idx: 0, Time since last communication: 0.000s
I20260710 11:11:22.748523 23420 raft_consensus.cc:515] T d80664515c034c38b500ab58c84749e6 P 80e05ab545ac46f1a5cabd756ae0b19d [term 1 FOLLOWER]: Starting leader election with config: opid_index: -1 OBSOLETE_local: false peers { permanent_uuid: "738cce1e4837435ba4e5dadd243dbb28" member_type: VOTER last_known_addr { host: "127.22.12.193" port: 44575 } } peers { permanent_uuid: "80e05ab545ac46f1a5cabd756ae0b19d" member_type: VOTER last_known_addr { host: "127.22.12.194" port: 38637 } } peers { permanent_uuid: "3e1d911fe963495b87ccab4126a58d1a" member_type: VOTER last_known_addr { host: "127.22.12.195" port: 40235 } }
I20260710 11:11:22.751950 23354 tablet_service.cc:1917] Received RequestConsensusVote() RPC: tablet_id: "d80664515c034c38b500ab58c84749e6" candidate_uuid: "80e05ab545ac46f1a5cabd756ae0b19d" candidate_term: 1 candidate_status { last_received { term: 0 index: 0 } } ignore_live_leader: false dest_uuid: "3e1d911fe963495b87ccab4126a58d1a"
I20260710 11:11:22.752264 23420 leader_election.cc:290] T d80664515c034c38b500ab58c84749e6 P 80e05ab545ac46f1a5cabd756ae0b19d [CANDIDATE]: Term 1 election: Requested vote from peers 738cce1e4837435ba4e5dadd243dbb28 (127.22.12.193:44575), 3e1d911fe963495b87ccab4126a58d1a (127.22.12.195:40235)
I20260710 11:11:22.752542 23354 raft_consensus.cc:3060] T d80664515c034c38b500ab58c84749e6 P 3e1d911fe963495b87ccab4126a58d1a [term 0 FOLLOWER]: Advancing to term 1
I20260710 11:11:22.752427 23399 consensus_queue.cc:1048] T 2314d7581de04b5687077232f3eabeba P 3e1d911fe963495b87ccab4126a58d1a [LEADER]: Connected to new peer: Peer: permanent_uuid: "80e05ab545ac46f1a5cabd756ae0b19d" member_type: VOTER last_known_addr { host: "127.22.12.194" port: 38637 }, Status: LMP_MISMATCH, Last received: 0.0, Next index: 1, Last known committed idx: 0, Time since last communication: 0.000s
I20260710 11:11:22.758071 23420 consensus_queue.cc:1048] T 52b7333d504e4db7bfb856de8a49dab7 P 80e05ab545ac46f1a5cabd756ae0b19d [LEADER]: Connected to new peer: Peer: permanent_uuid: "3e1d911fe963495b87ccab4126a58d1a" member_type: VOTER last_known_addr { host: "127.22.12.195" port: 40235 }, Status: LMP_MISMATCH, Last received: 0.0, Next index: 1, Last known committed idx: 0, Time since last communication: 0.000s
I20260710 11:11:22.762228 23205 tablet_service.cc:1917] Received RequestConsensusVote() RPC: tablet_id: "d80664515c034c38b500ab58c84749e6" candidate_uuid: "80e05ab545ac46f1a5cabd756ae0b19d" candidate_term: 1 candidate_status { last_received { term: 0 index: 0 } } ignore_live_leader: false dest_uuid: "738cce1e4837435ba4e5dadd243dbb28"
I20260710 11:11:22.762892 23205 raft_consensus.cc:3060] T d80664515c034c38b500ab58c84749e6 P 738cce1e4837435ba4e5dadd243dbb28 [term 0 FOLLOWER]: Advancing to term 1
I20260710 11:11:22.762619 23444 consensus_queue.cc:1048] T 2314d7581de04b5687077232f3eabeba P 3e1d911fe963495b87ccab4126a58d1a [LEADER]: Connected to new peer: Peer: permanent_uuid: "738cce1e4837435ba4e5dadd243dbb28" member_type: VOTER last_known_addr { host: "127.22.12.193" port: 44575 }, Status: LMP_MISMATCH, Last received: 0.0, Next index: 1, Last known committed idx: 0, Time since last communication: 0.000s
I20260710 11:11:22.767544 23354 raft_consensus.cc:2468] T d80664515c034c38b500ab58c84749e6 P 3e1d911fe963495b87ccab4126a58d1a [term 1 FOLLOWER]: Leader election vote request: Granting yes vote for candidate 80e05ab545ac46f1a5cabd756ae0b19d in term 1.
I20260710 11:11:22.769759 23205 raft_consensus.cc:2468] T d80664515c034c38b500ab58c84749e6 P 738cce1e4837435ba4e5dadd243dbb28 [term 1 FOLLOWER]: Leader election vote request: Granting yes vote for candidate 80e05ab545ac46f1a5cabd756ae0b19d in term 1.
I20260710 11:11:22.770862 23244 leader_election.cc:304] T d80664515c034c38b500ab58c84749e6 P 80e05ab545ac46f1a5cabd756ae0b19d [CANDIDATE]: Term 1 election: Election decided. Result: candidate won. Election summary: received 2 responses out of 3 voters: 2 yes votes; 0 no votes. yes voters: 738cce1e4837435ba4e5dadd243dbb28, 80e05ab545ac46f1a5cabd756ae0b19d; no voters: 
I20260710 11:11:22.771602 23420 raft_consensus.cc:2804] T d80664515c034c38b500ab58c84749e6 P 80e05ab545ac46f1a5cabd756ae0b19d [term 1 FOLLOWER]: Leader election won for term 1
I20260710 11:11:22.772082 23420 raft_consensus.cc:697] T d80664515c034c38b500ab58c84749e6 P 80e05ab545ac46f1a5cabd756ae0b19d [term 1 LEADER]: Becoming Leader. State: Replica: 80e05ab545ac46f1a5cabd756ae0b19d, State: Running, Role: LEADER
I20260710 11:11:22.772873 23420 consensus_queue.cc:237] T d80664515c034c38b500ab58c84749e6 P 80e05ab545ac46f1a5cabd756ae0b19d [LEADER]: Queue going to LEADER mode. State: All replicated index: 0, Majority replicated index: 0, Committed index: 0, Last appended: 0.0, Last appended by leader: 0, Current term: 1, Majority size: 2, State: 0, Mode: LEADER, active raft config: opid_index: -1 OBSOLETE_local: false peers { permanent_uuid: "738cce1e4837435ba4e5dadd243dbb28" member_type: VOTER last_known_addr { host: "127.22.12.193" port: 44575 } } peers { permanent_uuid: "80e05ab545ac46f1a5cabd756ae0b19d" member_type: VOTER last_known_addr { host: "127.22.12.194" port: 38637 } } peers { permanent_uuid: "3e1d911fe963495b87ccab4126a58d1a" member_type: VOTER last_known_addr { host: "127.22.12.195" port: 40235 } }
I20260710 11:11:22.794600 23103 catalog_manager.cc:5697] T d80664515c034c38b500ab58c84749e6 P 80e05ab545ac46f1a5cabd756ae0b19d reported cstate change: term changed from 0 to 1, leader changed from <none> to 80e05ab545ac46f1a5cabd756ae0b19d (127.22.12.194). New cstate: current_term: 1 leader_uuid: "80e05ab545ac46f1a5cabd756ae0b19d" committed_config { opid_index: -1 OBSOLETE_local: false peers { permanent_uuid: "738cce1e4837435ba4e5dadd243dbb28" member_type: VOTER last_known_addr { host: "127.22.12.193" port: 44575 } health_report { overall_health: UNKNOWN } } peers { permanent_uuid: "80e05ab545ac46f1a5cabd756ae0b19d" member_type: VOTER last_known_addr { host: "127.22.12.194" port: 38637 } health_report { overall_health: HEALTHY } } peers { permanent_uuid: "3e1d911fe963495b87ccab4126a58d1a" member_type: VOTER last_known_addr { host: "127.22.12.195" port: 40235 } health_report { overall_health: UNKNOWN } } }
I20260710 11:11:22.920804 23424 consensus_queue.cc:1048] T 2e18ea49520a48c9b58c9775b60f387f P 738cce1e4837435ba4e5dadd243dbb28 [LEADER]: Connected to new peer: Peer: permanent_uuid: "80e05ab545ac46f1a5cabd756ae0b19d" member_type: VOTER last_known_addr { host: "127.22.12.194" port: 38637 }, Status: LMP_MISMATCH, Last received: 0.0, Next index: 1, Last known committed idx: 0, Time since last communication: 0.000s
I20260710 11:11:22.930040 23400 consensus_queue.cc:1048] T 2e18ea49520a48c9b58c9775b60f387f P 738cce1e4837435ba4e5dadd243dbb28 [LEADER]: Connected to new peer: Peer: permanent_uuid: "3e1d911fe963495b87ccab4126a58d1a" member_type: VOTER last_known_addr { host: "127.22.12.195" port: 40235 }, Status: LMP_MISMATCH, Last received: 0.0, Next index: 1, Last known committed idx: 0, Time since last communication: 0.000s
I20260710 11:11:22.994108 23415 consensus_queue.cc:1048] T bde608af0fcc409da395190e8d38fa25 P 80e05ab545ac46f1a5cabd756ae0b19d [LEADER]: Connected to new peer: Peer: permanent_uuid: "3e1d911fe963495b87ccab4126a58d1a" member_type: VOTER last_known_addr { host: "127.22.12.195" port: 40235 }, Status: LMP_MISMATCH, Last received: 0.0, Next index: 1, Last known committed idx: 0, Time since last communication: 0.000s
I20260710 11:11:22.999042 23444 consensus_queue.cc:1048] T 40f19391acfc452b894e798b6732b08c P 3e1d911fe963495b87ccab4126a58d1a [LEADER]: Connected to new peer: Peer: permanent_uuid: "738cce1e4837435ba4e5dadd243dbb28" member_type: VOTER last_known_addr { host: "127.22.12.193" port: 44575 }, Status: LMP_MISMATCH, Last received: 0.0, Next index: 1, Last known committed idx: 0, Time since last communication: 0.000s
I20260710 11:11:23.002741 23420 consensus_queue.cc:1048] T bde608af0fcc409da395190e8d38fa25 P 80e05ab545ac46f1a5cabd756ae0b19d [LEADER]: Connected to new peer: Peer: permanent_uuid: "738cce1e4837435ba4e5dadd243dbb28" member_type: VOTER last_known_addr { host: "127.22.12.193" port: 44575 }, Status: LMP_MISMATCH, Last received: 0.0, Next index: 1, Last known committed idx: 0, Time since last communication: 0.000s
I20260710 11:11:23.014904 23444 consensus_queue.cc:1048] T 40f19391acfc452b894e798b6732b08c P 3e1d911fe963495b87ccab4126a58d1a [LEADER]: Connected to new peer: Peer: permanent_uuid: "80e05ab545ac46f1a5cabd756ae0b19d" member_type: VOTER last_known_addr { host: "127.22.12.194" port: 38637 }, Status: LMP_MISMATCH, Last received: 0.0, Next index: 1, Last known committed idx: 0, Time since last communication: 0.000s
I20260710 11:11:23.076779 23279 tablet_service.cc:2072] Received LeaderStepDown RPC: tablet_id: "3ac5fe5cc35e4294b43390dea5ebac30"
dest_uuid: "80e05ab545ac46f1a5cabd756ae0b19d"
mode: GRACEFUL
new_leader_uuid: "738cce1e4837435ba4e5dadd243dbb28"
 from {username='slave'} at 127.0.0.1:44552
I20260710 11:11:23.077260 23279 raft_consensus.cc:606] T 3ac5fe5cc35e4294b43390dea5ebac30 P 80e05ab545ac46f1a5cabd756ae0b19d [term 1 LEADER]: Received request to transfer leadership to TS 738cce1e4837435ba4e5dadd243dbb28
I20260710 11:11:23.081844 23279 tablet_service.cc:2072] Received LeaderStepDown RPC: tablet_id: "bde608af0fcc409da395190e8d38fa25"
dest_uuid: "80e05ab545ac46f1a5cabd756ae0b19d"
mode: GRACEFUL
new_leader_uuid: "738cce1e4837435ba4e5dadd243dbb28"
 from {username='slave'} at 127.0.0.1:44552
I20260710 11:11:23.082307 23279 raft_consensus.cc:606] T bde608af0fcc409da395190e8d38fa25 P 80e05ab545ac46f1a5cabd756ae0b19d [term 1 LEADER]: Received request to transfer leadership to TS 738cce1e4837435ba4e5dadd243dbb28
I20260710 11:11:23.088560 23279 tablet_service.cc:2072] Received LeaderStepDown RPC: tablet_id: "7c330f57cd9f4382adc11199eedf0cef"
dest_uuid: "80e05ab545ac46f1a5cabd756ae0b19d"
mode: GRACEFUL
new_leader_uuid: "738cce1e4837435ba4e5dadd243dbb28"
 from {username='slave'} at 127.0.0.1:44552
I20260710 11:11:23.089010 23279 raft_consensus.cc:606] T 7c330f57cd9f4382adc11199eedf0cef P 80e05ab545ac46f1a5cabd756ae0b19d [term 1 LEADER]: Received request to transfer leadership to TS 738cce1e4837435ba4e5dadd243dbb28
I20260710 11:11:23.102705 23353 tablet_service.cc:2072] Received LeaderStepDown RPC: tablet_id: "40f19391acfc452b894e798b6732b08c"
dest_uuid: "3e1d911fe963495b87ccab4126a58d1a"
mode: GRACEFUL
new_leader_uuid: "80e05ab545ac46f1a5cabd756ae0b19d"
 from {username='slave'} at 127.0.0.1:46296
I20260710 11:11:23.103163 23353 raft_consensus.cc:606] T 40f19391acfc452b894e798b6732b08c P 3e1d911fe963495b87ccab4126a58d1a [term 1 LEADER]: Received request to transfer leadership to TS 80e05ab545ac46f1a5cabd756ae0b19d
I20260710 11:11:23.117012 23205 tablet_service.cc:2072] Received LeaderStepDown RPC: tablet_id: "2e18ea49520a48c9b58c9775b60f387f"
dest_uuid: "738cce1e4837435ba4e5dadd243dbb28"
mode: GRACEFUL
new_leader_uuid: "80e05ab545ac46f1a5cabd756ae0b19d"
 from {username='slave'} at 127.0.0.1:50234
I20260710 11:11:23.117480 23205 raft_consensus.cc:606] T 2e18ea49520a48c9b58c9775b60f387f P 738cce1e4837435ba4e5dadd243dbb28 [term 1 LEADER]: Received request to transfer leadership to TS 80e05ab545ac46f1a5cabd756ae0b19d
I20260710 11:11:23.140085 23415 raft_consensus.cc:993] T 7c330f57cd9f4382adc11199eedf0cef P 80e05ab545ac46f1a5cabd756ae0b19d: : Instructing follower 738cce1e4837435ba4e5dadd243dbb28 to start an election
