I20260710 11:11:36.343268 13923 consensus_queue.cc:1048] T 5ed09e75fb914e18aff0d5f418e05530 P 5f3ff67fc32d48a08c46ac4490761cc6 [LEADER]: Connected to new peer: Peer: permanent_uuid: "a3fb583a33a04bf5bd673e19d750f825" member_type: VOTER last_known_addr { host: "127.12.74.193" port: 45197 }, Status: LMP_MISMATCH, Last received: 0.0, Next index: 1, Last known committed idx: 0, Time since last communication: 0.000s
I20260710 11:11:36.370195 13864 raft_consensus.cc:3060] T 3c6766f77e4e45da94889e5bf8f30c1b P b7eaf693c94a4c7ba7832b5a62cb28fa [term 0 FOLLOWER]: Advancing to term 1
I20260710 11:11:36.376130 14080 consensus_queue.cc:1048] T 3c6766f77e4e45da94889e5bf8f30c1b P 5f3ff67fc32d48a08c46ac4490761cc6 [LEADER]: Connected to new peer: Peer: permanent_uuid: "b7eaf693c94a4c7ba7832b5a62cb28fa" member_type: VOTER last_known_addr { host: "127.12.74.195" port: 43335 }, Status: LMP_MISMATCH, Last received: 0.0, Next index: 1, Last known committed idx: 0, Time since last communication: 0.001s
I20260710 11:11:36.384757 13923 consensus_queue.cc:1048] T 3c6766f77e4e45da94889e5bf8f30c1b P 5f3ff67fc32d48a08c46ac4490761cc6 [LEADER]: Connected to new peer: Peer: permanent_uuid: "a3fb583a33a04bf5bd673e19d750f825" member_type: VOTER last_known_addr { host: "127.12.74.193" port: 45197 }, Status: LMP_MISMATCH, Last received: 0.0, Next index: 1, Last known committed idx: 0, Time since last communication: 0.000s
I20260710 11:11:36.400789 13972 consensus_queue.cc:1048] T 0813af6c75814b87ae28daf210268394 P a3fb583a33a04bf5bd673e19d750f825 [LEADER]: Connected to new peer: Peer: permanent_uuid: "5f3ff67fc32d48a08c46ac4490761cc6" member_type: VOTER last_known_addr { host: "127.12.74.194" port: 35929 }, Status: LMP_MISMATCH, Last received: 0.0, Next index: 1, Last known committed idx: 0, Time since last communication: 0.000s
I20260710 11:11:36.409514 13973 consensus_queue.cc:1048] T 0813af6c75814b87ae28daf210268394 P a3fb583a33a04bf5bd673e19d750f825 [LEADER]: Connected to new peer: Peer: permanent_uuid: "b7eaf693c94a4c7ba7832b5a62cb28fa" member_type: VOTER last_known_addr { host: "127.12.74.195" port: 43335 }, Status: LMP_MISMATCH, Last received: 0.0, Next index: 1, Last known committed idx: 0, Time since last communication: 0.000s
I20260710 11:11:36.413112 14077 raft_consensus.cc:493] T 08dea3e9eff54a45861708443ad872aa P b7eaf693c94a4c7ba7832b5a62cb28fa [term 0 FOLLOWER]: Starting pre-election (no leader contacted us within the election timeout)
I20260710 11:11:36.413549 14077 raft_consensus.cc:515] T 08dea3e9eff54a45861708443ad872aa P b7eaf693c94a4c7ba7832b5a62cb28fa [term 0 FOLLOWER]: Starting pre-election with config: opid_index: -1 OBSOLETE_local: false peers { permanent_uuid: "a3fb583a33a04bf5bd673e19d750f825" member_type: VOTER last_known_addr { host: "127.12.74.193" port: 45197 } } peers { permanent_uuid: "5f3ff67fc32d48a08c46ac4490761cc6" member_type: VOTER last_known_addr { host: "127.12.74.194" port: 35929 } } peers { permanent_uuid: "b7eaf693c94a4c7ba7832b5a62cb28fa" member_type: VOTER last_known_addr { host: "127.12.74.195" port: 43335 } }
I20260710 11:11:36.416241 14077 leader_election.cc:290] T 08dea3e9eff54a45861708443ad872aa P b7eaf693c94a4c7ba7832b5a62cb28fa [CANDIDATE]: Term 1 pre-election: Requested pre-vote from peers a3fb583a33a04bf5bd673e19d750f825 (127.12.74.193:45197), 5f3ff67fc32d48a08c46ac4490761cc6 (127.12.74.194:35929)
I20260710 11:11:36.417160 13792 tablet_service.cc:1917] Received RequestConsensusVote() RPC: tablet_id: "08dea3e9eff54a45861708443ad872aa" candidate_uuid: "b7eaf693c94a4c7ba7832b5a62cb28fa" candidate_term: 1 candidate_status { last_received { term: 0 index: 0 } } ignore_live_leader: false dest_uuid: "5f3ff67fc32d48a08c46ac4490761cc6" is_pre_election: true
I20260710 11:11:36.417773 13792 raft_consensus.cc:2468] T 08dea3e9eff54a45861708443ad872aa P 5f3ff67fc32d48a08c46ac4490761cc6 [term 0 FOLLOWER]: Leader pre-election vote request: Granting yes vote for candidate b7eaf693c94a4c7ba7832b5a62cb28fa in term 0.
I20260710 11:11:36.417825 13714 tablet_service.cc:1917] Received RequestConsensusVote() RPC: tablet_id: "08dea3e9eff54a45861708443ad872aa" candidate_uuid: "b7eaf693c94a4c7ba7832b5a62cb28fa" candidate_term: 1 candidate_status { last_received { term: 0 index: 0 } } ignore_live_leader: false dest_uuid: "a3fb583a33a04bf5bd673e19d750f825" is_pre_election: true
I20260710 11:11:36.418443 13714 raft_consensus.cc:2468] T 08dea3e9eff54a45861708443ad872aa P a3fb583a33a04bf5bd673e19d750f825 [term 0 FOLLOWER]: Leader pre-election vote request: Granting yes vote for candidate b7eaf693c94a4c7ba7832b5a62cb28fa in term 0.
I20260710 11:11:36.418892 13831 leader_election.cc:304] T 08dea3e9eff54a45861708443ad872aa P b7eaf693c94a4c7ba7832b5a62cb28fa [CANDIDATE]: Term 1 pre-election: Election decided. Result: candidate won. Election summary: received 2 responses out of 3 voters: 2 yes votes; 0 no votes. yes voters: 5f3ff67fc32d48a08c46ac4490761cc6, b7eaf693c94a4c7ba7832b5a62cb28fa; no voters: 
I20260710 11:11:36.421967 14077 raft_consensus.cc:2804] T 08dea3e9eff54a45861708443ad872aa P b7eaf693c94a4c7ba7832b5a62cb28fa [term 0 FOLLOWER]: Leader pre-election won for term 1
I20260710 11:11:36.422289 14077 raft_consensus.cc:493] T 08dea3e9eff54a45861708443ad872aa P b7eaf693c94a4c7ba7832b5a62cb28fa [term 0 FOLLOWER]: Starting leader election (no leader contacted us within the election timeout)
I20260710 11:11:36.422567 14077 raft_consensus.cc:3060] T 08dea3e9eff54a45861708443ad872aa P b7eaf693c94a4c7ba7832b5a62cb28fa [term 0 FOLLOWER]: Advancing to term 1
I20260710 11:11:36.427600 14077 raft_consensus.cc:515] T 08dea3e9eff54a45861708443ad872aa P b7eaf693c94a4c7ba7832b5a62cb28fa [term 1 FOLLOWER]: Starting leader election with config: opid_index: -1 OBSOLETE_local: false peers { permanent_uuid: "a3fb583a33a04bf5bd673e19d750f825" member_type: VOTER last_known_addr { host: "127.12.74.193" port: 45197 } } peers { permanent_uuid: "5f3ff67fc32d48a08c46ac4490761cc6" member_type: VOTER last_known_addr { host: "127.12.74.194" port: 35929 } } peers { permanent_uuid: "b7eaf693c94a4c7ba7832b5a62cb28fa" member_type: VOTER last_known_addr { host: "127.12.74.195" port: 43335 } }
I20260710 11:11:36.429093 14077 leader_election.cc:290] T 08dea3e9eff54a45861708443ad872aa P b7eaf693c94a4c7ba7832b5a62cb28fa [CANDIDATE]: Term 1 election: Requested vote from peers a3fb583a33a04bf5bd673e19d750f825 (127.12.74.193:45197), 5f3ff67fc32d48a08c46ac4490761cc6 (127.12.74.194:35929)
I20260710 11:11:36.429684 13714 tablet_service.cc:1917] Received RequestConsensusVote() RPC: tablet_id: "08dea3e9eff54a45861708443ad872aa" candidate_uuid: "b7eaf693c94a4c7ba7832b5a62cb28fa" candidate_term: 1 candidate_status { last_received { term: 0 index: 0 } } ignore_live_leader: false dest_uuid: "a3fb583a33a04bf5bd673e19d750f825"
I20260710 11:11:36.430050 13792 tablet_service.cc:1917] Received RequestConsensusVote() RPC: tablet_id: "08dea3e9eff54a45861708443ad872aa" candidate_uuid: "b7eaf693c94a4c7ba7832b5a62cb28fa" candidate_term: 1 candidate_status { last_received { term: 0 index: 0 } } ignore_live_leader: false dest_uuid: "5f3ff67fc32d48a08c46ac4490761cc6"
I20260710 11:11:36.430156 13714 raft_consensus.cc:3060] T 08dea3e9eff54a45861708443ad872aa P a3fb583a33a04bf5bd673e19d750f825 [term 0 FOLLOWER]: Advancing to term 1
I20260710 11:11:36.430505 13792 raft_consensus.cc:3060] T 08dea3e9eff54a45861708443ad872aa P 5f3ff67fc32d48a08c46ac4490761cc6 [term 0 FOLLOWER]: Advancing to term 1
I20260710 11:11:36.434489 13714 raft_consensus.cc:2468] T 08dea3e9eff54a45861708443ad872aa P a3fb583a33a04bf5bd673e19d750f825 [term 1 FOLLOWER]: Leader election vote request: Granting yes vote for candidate b7eaf693c94a4c7ba7832b5a62cb28fa in term 1.
I20260710 11:11:36.434499 13792 raft_consensus.cc:2468] T 08dea3e9eff54a45861708443ad872aa P 5f3ff67fc32d48a08c46ac4490761cc6 [term 1 FOLLOWER]: Leader election vote request: Granting yes vote for candidate b7eaf693c94a4c7ba7832b5a62cb28fa in term 1.
I20260710 11:11:36.435454 13830 leader_election.cc:304] T 08dea3e9eff54a45861708443ad872aa P b7eaf693c94a4c7ba7832b5a62cb28fa [CANDIDATE]: Term 1 election: Election decided. Result: candidate won. Election summary: received 2 responses out of 3 voters: 2 yes votes; 0 no votes. yes voters: a3fb583a33a04bf5bd673e19d750f825, b7eaf693c94a4c7ba7832b5a62cb28fa; no voters: 
I20260710 11:11:36.436036 14077 raft_consensus.cc:2804] T 08dea3e9eff54a45861708443ad872aa P b7eaf693c94a4c7ba7832b5a62cb28fa [term 1 FOLLOWER]: Leader election won for term 1
I20260710 11:11:36.436422 14077 raft_consensus.cc:697] T 08dea3e9eff54a45861708443ad872aa P b7eaf693c94a4c7ba7832b5a62cb28fa [term 1 LEADER]: Becoming Leader. State: Replica: b7eaf693c94a4c7ba7832b5a62cb28fa, State: Running, Role: LEADER
I20260710 11:11:36.437041 14077 consensus_queue.cc:237] T 08dea3e9eff54a45861708443ad872aa P b7eaf693c94a4c7ba7832b5a62cb28fa [LEADER]: Queue going to LEADER mode. State: All replicated index: 0, Majority replicated index: 0, Committed index: 0, Last appended: 0.0, Last appended by leader: 0, Current term: 1, Majority size: 2, State: 0, Mode: LEADER, active raft config: opid_index: -1 OBSOLETE_local: false peers { permanent_uuid: "a3fb583a33a04bf5bd673e19d750f825" member_type: VOTER last_known_addr { host: "127.12.74.193" port: 45197 } } peers { permanent_uuid: "5f3ff67fc32d48a08c46ac4490761cc6" member_type: VOTER last_known_addr { host: "127.12.74.194" port: 35929 } } peers { permanent_uuid: "b7eaf693c94a4c7ba7832b5a62cb28fa" member_type: VOTER last_known_addr { host: "127.12.74.195" port: 43335 } }
I20260710 11:11:36.443789 13611 catalog_manager.cc:5697] T 08dea3e9eff54a45861708443ad872aa P b7eaf693c94a4c7ba7832b5a62cb28fa reported cstate change: term changed from 0 to 1, leader changed from <none> to b7eaf693c94a4c7ba7832b5a62cb28fa (127.12.74.195). New cstate: current_term: 1 leader_uuid: "b7eaf693c94a4c7ba7832b5a62cb28fa" committed_config { opid_index: -1 OBSOLETE_local: false peers { permanent_uuid: "a3fb583a33a04bf5bd673e19d750f825" member_type: VOTER last_known_addr { host: "127.12.74.193" port: 45197 } health_report { overall_health: UNKNOWN } } peers { permanent_uuid: "5f3ff67fc32d48a08c46ac4490761cc6" member_type: VOTER last_known_addr { host: "127.12.74.194" port: 35929 } health_report { overall_health: UNKNOWN } } peers { permanent_uuid: "b7eaf693c94a4c7ba7832b5a62cb28fa" member_type: VOTER last_known_addr { host: "127.12.74.195" port: 43335 } health_report { overall_health: HEALTHY } } }
I20260710 11:11:36.484483 13923 consensus_queue.cc:1048] T 3f910015207a4ddaa7b48284ada91707 P 5f3ff67fc32d48a08c46ac4490761cc6 [LEADER]: Connected to new peer: Peer: permanent_uuid: "b7eaf693c94a4c7ba7832b5a62cb28fa" member_type: VOTER last_known_addr { host: "127.12.74.195" port: 43335 }, Status: LMP_MISMATCH, Last received: 0.0, Next index: 1, Last known committed idx: 0, Time since last communication: 0.000s
I20260710 11:11:36.494731 14080 consensus_queue.cc:1048] T 3f910015207a4ddaa7b48284ada91707 P 5f3ff67fc32d48a08c46ac4490761cc6 [LEADER]: Connected to new peer: Peer: permanent_uuid: "a3fb583a33a04bf5bd673e19d750f825" member_type: VOTER last_known_addr { host: "127.12.74.193" port: 45197 }, Status: LMP_MISMATCH, Last received: 0.0, Next index: 1, Last known committed idx: 0, Time since last communication: 0.000s
I20260710 11:11:36.559414 14077 consensus_queue.cc:1048] T bd7b5a576d7b4175a6f0a40d0ede074a P b7eaf693c94a4c7ba7832b5a62cb28fa [LEADER]: Connected to new peer: Peer: permanent_uuid: "a3fb583a33a04bf5bd673e19d750f825" member_type: VOTER last_known_addr { host: "127.12.74.193" port: 45197 }, Status: LMP_MISMATCH, Last received: 0.0, Next index: 1, Last known committed idx: 0, Time since last communication: 0.000s
I20260710 11:11:36.568949 13940 consensus_queue.cc:1048] T bd7b5a576d7b4175a6f0a40d0ede074a P b7eaf693c94a4c7ba7832b5a62cb28fa [LEADER]: Connected to new peer: Peer: permanent_uuid: "5f3ff67fc32d48a08c46ac4490761cc6" member_type: VOTER last_known_addr { host: "127.12.74.194" port: 35929 }, Status: LMP_MISMATCH, Last received: 0.0, Next index: 1, Last known committed idx: 0, Time since last communication: 0.000s
I20260710 11:11:36.657115 12587 file_cache.cc:504] Constructed file cache file cache with capacity 419430
I20260710 11:11:36.660733 14080 consensus_queue.cc:1048] T fe5f0ecca9514e8f80bc6d9266a685b4 P 5f3ff67fc32d48a08c46ac4490761cc6 [LEADER]: Connected to new peer: Peer: permanent_uuid: "a3fb583a33a04bf5bd673e19d750f825" member_type: VOTER last_known_addr { host: "127.12.74.193" port: 45197 }, Status: LMP_MISMATCH, Last received: 0.0, Next index: 1, Last known committed idx: 0, Time since last communication: 0.000s
W20260710 11:11:36.663774 14091 instance_detector.cc:116] could not retrieve AWS instance metadata: Network error: curl error: HTTP response code said error: The requested URL returned error: 404
W20260710 11:11:36.666893 14092 instance_detector.cc:116] could not retrieve Azure instance metadata: Network error: curl error: HTTP response code said error: The requested URL returned error: 404
W20260710 11:11:36.668488 14094 instance_detector.cc:116] could not retrieve OpenStack instance metadata: Network error: curl error: HTTP response code said error: The requested URL returned error: 404
I20260710 11:11:36.668709 12587 server_base.cc:1061] running on GCE node
I20260710 11:11:36.670892 12587 hybrid_clock.cc:584] initializing the hybrid clock with 'system_unsync' time source
W20260710 11:11:36.671195 12587 system_unsync_time.cc:38] NTP support is disabled. Clock error bounds will not be accurate. This configuration is not suitable for distributed clusters.
I20260710 11:11:36.671429 12587 hybrid_clock.cc:648] HybridClock initialized: now 1783681896671410 us; error 0 us; skew 500 ppm
I20260710 11:11:36.672122 12587 server_base.cc:861] Flag tcmalloc_max_total_thread_cache_bytes is not working since tcmalloc is not enabled.
I20260710 11:11:36.676015 13923 consensus_queue.cc:1048] T fe5f0ecca9514e8f80bc6d9266a685b4 P 5f3ff67fc32d48a08c46ac4490761cc6 [LEADER]: Connected to new peer: Peer: permanent_uuid: "b7eaf693c94a4c7ba7832b5a62cb28fa" member_type: VOTER last_known_addr { host: "127.12.74.195" port: 43335 }, Status: LMP_MISMATCH, Last received: 0.0, Next index: 1, Last known committed idx: 0, Time since last communication: 0.000s
I20260710 11:11:36.681502 12587 webserver.cc:533] Webserver started at http://127.12.74.196:44609/ using document root <none> and password file <none>
I20260710 11:11:36.682590 12587 fs_manager.cc:362] Metadata directory not provided
I20260710 11:11:36.682889 12587 fs_manager.cc:368] Using write-ahead log directory (fs_wal_dir) as metadata directory
I20260710 11:11:36.683156 12587 server_base.cc:909] This appears to be a new deployment of Kudu; creating new FS layout
I20260710 11:11:36.684429 12587 fs_manager.cc:1068] Generated new instance metadata in path /tmp/dist-test-taskQiGi8t/test-tmp/auto_leader_rebalancer-test.0.LeaderRebalancerTest.AddTserver.1783681868476537-12587-0/minicluster-data/ts-3-root/instance:
uuid: "8aff4e6b194c480e8090439675057ca7"
format_stamp: "Formatted at 2026-07-10 11:11:36 on dist-test-slave-q852"
I20260710 11:11:36.690013 12587 fs_manager.cc:696] Time spent creating directory manager: real 0.005s	user 0.005s	sys 0.000s
I20260710 11:11:36.693874 14101 log_block_manager.cc:4127] Time spent loading block containers with low live blocks: real 0.000s	user 0.000s	sys 0.000s
I20260710 11:11:36.694605 12587 fs_manager.cc:730] Time spent opening block manager: real 0.002s	user 0.002s	sys 0.000s
I20260710 11:11:36.694871 12587 fs_manager.cc:647] Opened local filesystem: /tmp/dist-test-taskQiGi8t/test-tmp/auto_leader_rebalancer-test.0.LeaderRebalancerTest.AddTserver.1783681868476537-12587-0/minicluster-data/ts-3-root
uuid: "8aff4e6b194c480e8090439675057ca7"
format_stamp: "Formatted at 2026-07-10 11:11:36 on dist-test-slave-q852"
I20260710 11:11:36.695111 12587 fs_report.cc:389] FS layout report
--------------------
wal directory: /tmp/dist-test-taskQiGi8t/test-tmp/auto_leader_rebalancer-test.0.LeaderRebalancerTest.AddTserver.1783681868476537-12587-0/minicluster-data/ts-3-root
metadata directory: /tmp/dist-test-taskQiGi8t/test-tmp/auto_leader_rebalancer-test.0.LeaderRebalancerTest.AddTserver.1783681868476537-12587-0/minicluster-data/ts-3-root
1 data directories: /tmp/dist-test-taskQiGi8t/test-tmp/auto_leader_rebalancer-test.0.LeaderRebalancerTest.AddTserver.1783681868476537-12587-0/minicluster-data/ts-3-root/data
Total live blocks: 0
Total live bytes: 0
Total live bytes (after alignment): 0
Total number of LBM containers: 0 (0 full)
Did not check for missing blocks
Did not check for orphaned blocks
Total full LBM containers with extra space: 0 (0 repaired)
Total full LBM container extra space in bytes: 0 (0 repaired)
Total incomplete LBM containers: 0 (0 repaired)
Total LBM partial records: 0 (0 repaired)
Total corrupted LBM metadata records in RocksDB: 0 (0 repaired)
I20260710 11:11:36.713321 12587 rpc_server.cc:225] running with OpenSSL 1.1.1  11 Sep 2018
I20260710 11:11:36.714449 12587 kserver.cc:163] Server-wide thread pool size limit: 3276
I20260710 11:11:36.715812 12587 txn_system_client.cc:432] TxnSystemClient initialization is disabled...
I20260710 11:11:36.717857 12587 ts_tablet_manager.cc:585] Loaded tablet metadata (0 total tablets, 0 live tablets)
I20260710 11:11:36.718042 12587 ts_tablet_manager.cc:531] Time spent load tablet metadata: real 0.000s	user 0.000s	sys 0.000s
I20260710 11:11:36.718261 12587 ts_tablet_manager.cc:616] Registered 0 tablets
I20260710 11:11:36.718416 12587 ts_tablet_manager.cc:595] Time spent register tablets: real 0.000s	user 0.000s	sys 0.000s
I20260710 11:11:36.784608 14163 acceptor_pool.cc:272] collecting diagnostics on the listening RPC socket 127.12.74.196:39287 every 8 connection(s)
I20260710 11:11:36.784484 12587 rpc_server.cc:307] RPC server started. Bound to: 127.12.74.196:39287
I20260710 11:11:36.790958 12587 auto_leader_rebalancer-test.cc:388] add a tserver: 8aff4e6b194c480e8090439675057ca7
I20260710 11:11:36.809298 14164 heartbeater.cc:344] Connected to a master server at 127.12.74.254:35569
I20260710 11:11:36.809619 14164 heartbeater.cc:461] Registering TS with master...
I20260710 11:11:36.810258 14164 heartbeater.cc:507] Master 127.12.74.254:35569 requested a full tablet report, sending...
I20260710 11:11:36.811772 13613 ts_manager.cc:194] Registered new tserver with Master: 8aff4e6b194c480e8090439675057ca7 (127.12.74.196:39287)
I20260710 11:11:36.812896 13613 master_service.cc:502] Signed X509 certificate for tserver {username='slave'} at 127.0.0.1:46924
I20260710 11:11:36.950773 13915 consensus_queue.cc:1048] T 08dea3e9eff54a45861708443ad872aa P b7eaf693c94a4c7ba7832b5a62cb28fa [LEADER]: Connected to new peer: Peer: permanent_uuid: "a3fb583a33a04bf5bd673e19d750f825" member_type: VOTER last_known_addr { host: "127.12.74.193" port: 45197 }, Status: LMP_MISMATCH, Last received: 0.0, Next index: 1, Last known committed idx: 0, Time since last communication: 0.000s
I20260710 11:11:36.964628 13915 consensus_queue.cc:1048] T 08dea3e9eff54a45861708443ad872aa P b7eaf693c94a4c7ba7832b5a62cb28fa [LEADER]: Connected to new peer: Peer: permanent_uuid: "5f3ff67fc32d48a08c46ac4490761cc6" member_type: VOTER last_known_addr { host: "127.12.74.194" port: 35929 }, Status: LMP_MISMATCH, Last received: 0.0, Next index: 1, Last known committed idx: 0, Time since last communication: 0.000s
I20260710 11:11:36.997403 13864 consensus_queue.cc:237] T a1d0639d0b174e10a4a7af07db0428cc P b7eaf693c94a4c7ba7832b5a62cb28fa [LEADER]: Queue going to LEADER mode. State: All replicated index: 0, Majority replicated index: 1, Committed index: 1, Last appended: 1.1, Last appended by leader: 0, Current term: 1, Majority size: 2, State: 0, Mode: LEADER, active raft config: opid_index: 2 OBSOLETE_local: false peers { permanent_uuid: "a3fb583a33a04bf5bd673e19d750f825" member_type: VOTER last_known_addr { host: "127.12.74.193" port: 45197 } } peers { permanent_uuid: "5f3ff67fc32d48a08c46ac4490761cc6" member_type: VOTER last_known_addr { host: "127.12.74.194" port: 35929 } attrs { replace: true } } peers { permanent_uuid: "b7eaf693c94a4c7ba7832b5a62cb28fa" member_type: VOTER last_known_addr { host: "127.12.74.195" port: 43335 } } peers { permanent_uuid: "8aff4e6b194c480e8090439675057ca7" member_type: NON_VOTER last_known_addr { host: "127.12.74.196" port: 39287 } attrs { promote: true } }
I20260710 11:11:37.004062 13792 raft_consensus.cc:1275] T a1d0639d0b174e10a4a7af07db0428cc P 5f3ff67fc32d48a08c46ac4490761cc6 [term 1 FOLLOWER]: Refusing update from remote peer b7eaf693c94a4c7ba7832b5a62cb28fa: Log matching property violated. Preceding OpId in replica: term: 1 index: 1. Preceding OpId from leader: term: 1 index: 2. (index mismatch)
I20260710 11:11:37.005440 13714 raft_consensus.cc:1275] T a1d0639d0b174e10a4a7af07db0428cc P a3fb583a33a04bf5bd673e19d750f825 [term 1 FOLLOWER]: Refusing update from remote peer b7eaf693c94a4c7ba7832b5a62cb28fa: Log matching property violated. Preceding OpId in replica: term: 1 index: 1. Preceding OpId from leader: term: 1 index: 2. (index mismatch)
I20260710 11:11:37.005636 13940 consensus_queue.cc:1048] T a1d0639d0b174e10a4a7af07db0428cc P b7eaf693c94a4c7ba7832b5a62cb28fa [LEADER]: Connected to new peer: Peer: permanent_uuid: "5f3ff67fc32d48a08c46ac4490761cc6" member_type: VOTER last_known_addr { host: "127.12.74.194" port: 35929 } attrs { replace: true }, Status: LMP_MISMATCH, Last received: 0.0, Next index: 2, Last known committed idx: 1, Time since last communication: 0.000s
I20260710 11:11:37.006958 14077 consensus_queue.cc:1048] T a1d0639d0b174e10a4a7af07db0428cc P b7eaf693c94a4c7ba7832b5a62cb28fa [LEADER]: Connected to new peer: Peer: permanent_uuid: "a3fb583a33a04bf5bd673e19d750f825" member_type: VOTER last_known_addr { host: "127.12.74.193" port: 45197 }, Status: LMP_MISMATCH, Last received: 0.0, Next index: 2, Last known committed idx: 1, Time since last communication: 0.000s
I20260710 11:11:37.016959 13940 raft_consensus.cc:2955] T a1d0639d0b174e10a4a7af07db0428cc P b7eaf693c94a4c7ba7832b5a62cb28fa [term 1 LEADER]: Committing config change with OpId 1.2: config changed from index -1 to 2, NON_VOTER 8aff4e6b194c480e8090439675057ca7 (127.12.74.196) added. New config: { opid_index: 2 OBSOLETE_local: false peers { permanent_uuid: "a3fb583a33a04bf5bd673e19d750f825" member_type: VOTER last_known_addr { host: "127.12.74.193" port: 45197 } } peers { permanent_uuid: "5f3ff67fc32d48a08c46ac4490761cc6" member_type: VOTER last_known_addr { host: "127.12.74.194" port: 35929 } attrs { replace: true } } peers { permanent_uuid: "b7eaf693c94a4c7ba7832b5a62cb28fa" member_type: VOTER last_known_addr { host: "127.12.74.195" port: 43335 } } peers { permanent_uuid: "8aff4e6b194c480e8090439675057ca7" member_type: NON_VOTER last_known_addr { host: "127.12.74.196" port: 39287 } attrs { promote: true } } }
W20260710 11:11:37.018769 13830 consensus_peers.cc:597] T a1d0639d0b174e10a4a7af07db0428cc P b7eaf693c94a4c7ba7832b5a62cb28fa -> Peer 8aff4e6b194c480e8090439675057ca7 (127.12.74.196:39287): Couldn't send request to peer 8aff4e6b194c480e8090439675057ca7. Error code: TABLET_NOT_FOUND (6). Status: Not found: Tablet not found: a1d0639d0b174e10a4a7af07db0428cc. This is attempt 1: this message will repeat every 5th retry.
I20260710 11:11:37.019019 13792 raft_consensus.cc:2955] T a1d0639d0b174e10a4a7af07db0428cc P 5f3ff67fc32d48a08c46ac4490761cc6 [term 1 FOLLOWER]: Committing config change with OpId 1.2: config changed from index -1 to 2, NON_VOTER 8aff4e6b194c480e8090439675057ca7 (127.12.74.196) added. New config: { opid_index: 2 OBSOLETE_local: false peers { permanent_uuid: "a3fb583a33a04bf5bd673e19d750f825" member_type: VOTER last_known_addr { host: "127.12.74.193" port: 45197 } } peers { permanent_uuid: "5f3ff67fc32d48a08c46ac4490761cc6" member_type: VOTER last_known_addr { host: "127.12.74.194" port: 35929 } attrs { replace: true } } peers { permanent_uuid: "b7eaf693c94a4c7ba7832b5a62cb28fa" member_type: VOTER last_known_addr { host: "127.12.74.195" port: 43335 } } peers { permanent_uuid: "8aff4e6b194c480e8090439675057ca7" member_type: NON_VOTER last_known_addr { host: "127.12.74.196" port: 39287 } attrs { promote: true } } }
I20260710 11:11:37.029217 13613 catalog_manager.cc:5697] T a1d0639d0b174e10a4a7af07db0428cc P b7eaf693c94a4c7ba7832b5a62cb28fa reported cstate change: config changed from index -1 to 2, NON_VOTER 8aff4e6b194c480e8090439675057ca7 (127.12.74.196) added. New cstate: current_term: 1 leader_uuid: "b7eaf693c94a4c7ba7832b5a62cb28fa" committed_config { opid_index: 2 OBSOLETE_local: false peers { permanent_uuid: "a3fb583a33a04bf5bd673e19d750f825" member_type: VOTER last_known_addr { host: "127.12.74.193" port: 45197 } health_report { overall_health: UNKNOWN } } peers { permanent_uuid: "5f3ff67fc32d48a08c46ac4490761cc6" member_type: VOTER last_known_addr { host: "127.12.74.194" port: 35929 } attrs { replace: true } health_report { overall_health: HEALTHY } } peers { permanent_uuid: "b7eaf693c94a4c7ba7832b5a62cb28fa" member_type: VOTER last_known_addr { host: "127.12.74.195" port: 43335 } health_report { overall_health: HEALTHY } } peers { permanent_uuid: "8aff4e6b194c480e8090439675057ca7" member_type: NON_VOTER last_known_addr { host: "127.12.74.196" port: 39287 } attrs { promote: true } health_report { overall_health: UNKNOWN } } }
I20260710 11:11:37.030555 13714 raft_consensus.cc:2955] T a1d0639d0b174e10a4a7af07db0428cc P a3fb583a33a04bf5bd673e19d750f825 [term 1 FOLLOWER]: Committing config change with OpId 1.2: config changed from index -1 to 2, NON_VOTER 8aff4e6b194c480e8090439675057ca7 (127.12.74.196) added. New config: { opid_index: 2 OBSOLETE_local: false peers { permanent_uuid: "a3fb583a33a04bf5bd673e19d750f825" member_type: VOTER last_known_addr { host: "127.12.74.193" port: 45197 } } peers { permanent_uuid: "5f3ff67fc32d48a08c46ac4490761cc6" member_type: VOTER last_known_addr { host: "127.12.74.194" port: 35929 } attrs { replace: true } } peers { permanent_uuid: "b7eaf693c94a4c7ba7832b5a62cb28fa" member_type: VOTER last_known_addr { host: "127.12.74.195" port: 43335 } } peers { permanent_uuid: "8aff4e6b194c480e8090439675057ca7" member_type: NON_VOTER last_known_addr { host: "127.12.74.196" port: 39287 } attrs { promote: true } } }
I20260710 11:11:37.050356 13792 consensus_queue.cc:237] T fd0920e798c549178532e84a0933ccee P 5f3ff67fc32d48a08c46ac4490761cc6 [LEADER]: Queue going to LEADER mode. State: All replicated index: 0, Majority replicated index: 1, Committed index: 1, Last appended: 1.1, Last appended by leader: 0, Current term: 1, Majority size: 2, State: 0, Mode: LEADER, active raft config: opid_index: 2 OBSOLETE_local: false peers { permanent_uuid: "a3fb583a33a04bf5bd673e19d750f825" member_type: VOTER last_known_addr { host: "127.12.74.193" port: 45197 } } peers { permanent_uuid: "5f3ff67fc32d48a08c46ac4490761cc6" member_type: VOTER last_known_addr { host: "127.12.74.194" port: 35929 } } peers { permanent_uuid: "b7eaf693c94a4c7ba7832b5a62cb28fa" member_type: VOTER last_known_addr { host: "127.12.74.195" port: 43335 } attrs { replace: true } } peers { permanent_uuid: "8aff4e6b194c480e8090439675057ca7" member_type: NON_VOTER last_known_addr { host: "127.12.74.196" port: 39287 } attrs { promote: true } }
I20260710 11:11:37.060874 13864 raft_consensus.cc:1275] T fd0920e798c549178532e84a0933ccee P b7eaf693c94a4c7ba7832b5a62cb28fa [term 1 FOLLOWER]: Refusing update from remote peer 5f3ff67fc32d48a08c46ac4490761cc6: Log matching property violated. Preceding OpId in replica: term: 1 index: 1. Preceding OpId from leader: term: 1 index: 2. (index mismatch)
I20260710 11:11:37.062191 13911 consensus_queue.cc:1048] T fd0920e798c549178532e84a0933ccee P 5f3ff67fc32d48a08c46ac4490761cc6 [LEADER]: Connected to new peer: Peer: permanent_uuid: "b7eaf693c94a4c7ba7832b5a62cb28fa" member_type: VOTER last_known_addr { host: "127.12.74.195" port: 43335 } attrs { replace: true }, Status: LMP_MISMATCH, Last received: 0.0, Next index: 2, Last known committed idx: 1, Time since last communication: 0.000s
I20260710 11:11:37.062472 13714 raft_consensus.cc:1275] T fd0920e798c549178532e84a0933ccee P a3fb583a33a04bf5bd673e19d750f825 [term 1 FOLLOWER]: Refusing update from remote peer 5f3ff67fc32d48a08c46ac4490761cc6: Log matching property violated. Preceding OpId in replica: term: 1 index: 1. Preceding OpId from leader: term: 1 index: 2. (index mismatch)
I20260710 11:11:37.063949 13911 consensus_queue.cc:1048] T fd0920e798c549178532e84a0933ccee P 5f3ff67fc32d48a08c46ac4490761cc6 [LEADER]: Connected to new peer: Peer: permanent_uuid: "a3fb583a33a04bf5bd673e19d750f825" member_type: VOTER last_known_addr { host: "127.12.74.193" port: 45197 }, Status: LMP_MISMATCH, Last received: 0.0, Next index: 2, Last known committed idx: 1, Time since last communication: 0.000s
W20260710 11:11:37.070443 13756 consensus_peers.cc:597] T fd0920e798c549178532e84a0933ccee P 5f3ff67fc32d48a08c46ac4490761cc6 -> Peer 8aff4e6b194c480e8090439675057ca7 (127.12.74.196:39287): Couldn't send request to peer 8aff4e6b194c480e8090439675057ca7. Error code: TABLET_NOT_FOUND (6). Status: Not found: Tablet not found: fd0920e798c549178532e84a0933ccee. This is attempt 1: this message will repeat every 5th retry.
I20260710 11:11:37.076372 14080 raft_consensus.cc:2955] T fd0920e798c549178532e84a0933ccee P 5f3ff67fc32d48a08c46ac4490761cc6 [term 1 LEADER]: Committing config change with OpId 1.2: config changed from index -1 to 2, NON_VOTER 8aff4e6b194c480e8090439675057ca7 (127.12.74.196) added. New config: { opid_index: 2 OBSOLETE_local: false peers { permanent_uuid: "a3fb583a33a04bf5bd673e19d750f825" member_type: VOTER last_known_addr { host: "127.12.74.193" port: 45197 } } peers { permanent_uuid: "5f3ff67fc32d48a08c46ac4490761cc6" member_type: VOTER last_known_addr { host: "127.12.74.194" port: 35929 } } peers { permanent_uuid: "b7eaf693c94a4c7ba7832b5a62cb28fa" member_type: VOTER last_known_addr { host: "127.12.74.195" port: 43335 } attrs { replace: true } } peers { permanent_uuid: "8aff4e6b194c480e8090439675057ca7" member_type: NON_VOTER last_known_addr { host: "127.12.74.196" port: 39287 } attrs { promote: true } } }
I20260710 11:11:37.077461 13864 raft_consensus.cc:2955] T fd0920e798c549178532e84a0933ccee P b7eaf693c94a4c7ba7832b5a62cb28fa [term 1 FOLLOWER]: Committing config change with OpId 1.2: config changed from index -1 to 2, NON_VOTER 8aff4e6b194c480e8090439675057ca7 (127.12.74.196) added. New config: { opid_index: 2 OBSOLETE_local: false peers { permanent_uuid: "a3fb583a33a04bf5bd673e19d750f825" member_type: VOTER last_known_addr { host: "127.12.74.193" port: 45197 } } peers { permanent_uuid: "5f3ff67fc32d48a08c46ac4490761cc6" member_type: VOTER last_known_addr { host: "127.12.74.194" port: 35929 } } peers { permanent_uuid: "b7eaf693c94a4c7ba7832b5a62cb28fa" member_type: VOTER last_known_addr { host: "127.12.74.195" port: 43335 } attrs { replace: true } } peers { permanent_uuid: "8aff4e6b194c480e8090439675057ca7" member_type: NON_VOTER last_known_addr { host: "127.12.74.196" port: 39287 } attrs { promote: true } } }
I20260710 11:11:37.078989 13714 raft_consensus.cc:2955] T fd0920e798c549178532e84a0933ccee P a3fb583a33a04bf5bd673e19d750f825 [term 1 FOLLOWER]: Committing config change with OpId 1.2: config changed from index -1 to 2, NON_VOTER 8aff4e6b194c480e8090439675057ca7 (127.12.74.196) added. New config: { opid_index: 2 OBSOLETE_local: false peers { permanent_uuid: "a3fb583a33a04bf5bd673e19d750f825" member_type: VOTER last_known_addr { host: "127.12.74.193" port: 45197 } } peers { permanent_uuid: "5f3ff67fc32d48a08c46ac4490761cc6" member_type: VOTER last_known_addr { host: "127.12.74.194" port: 35929 } } peers { permanent_uuid: "b7eaf693c94a4c7ba7832b5a62cb28fa" member_type: VOTER last_known_addr { host: "127.12.74.195" port: 43335 } attrs { replace: true } } peers { permanent_uuid: "8aff4e6b194c480e8090439675057ca7" member_type: NON_VOTER last_known_addr { host: "127.12.74.196" port: 39287 } attrs { promote: true } } }
I20260710 11:11:37.090432 13792 consensus_queue.cc:237] T fe5f0ecca9514e8f80bc6d9266a685b4 P 5f3ff67fc32d48a08c46ac4490761cc6 [LEADER]: Queue going to LEADER mode. State: All replicated index: 0, Majority replicated index: 1, Committed index: 1, Last appended: 1.1, Last appended by leader: 0, Current term: 1, Majority size: 2, State: 0, Mode: LEADER, active raft config: opid_index: 2 OBSOLETE_local: false peers { permanent_uuid: "a3fb583a33a04bf5bd673e19d750f825" member_type: VOTER last_known_addr { host: "127.12.74.193" port: 45197 } attrs { replace: true } } peers { permanent_uuid: "5f3ff67fc32d48a08c46ac4490761cc6" member_type: VOTER last_known_addr { host: "127.12.74.194" port: 35929 } } peers { permanent_uuid: "b7eaf693c94a4c7ba7832b5a62cb28fa" member_type: VOTER last_known_addr { host: "127.12.74.195" port: 43335 } } peers { permanent_uuid: "8aff4e6b194c480e8090439675057ca7" member_type: NON_VOTER last_known_addr { host: "127.12.74.196" port: 39287 } attrs { promote: true } }
I20260710 11:11:37.092119 13615 catalog_manager.cc:5697] T fd0920e798c549178532e84a0933ccee P a3fb583a33a04bf5bd673e19d750f825 reported cstate change: config changed from index -1 to 2, NON_VOTER 8aff4e6b194c480e8090439675057ca7 (127.12.74.196) added. New cstate: current_term: 1 leader_uuid: "5f3ff67fc32d48a08c46ac4490761cc6" committed_config { opid_index: 2 OBSOLETE_local: false peers { permanent_uuid: "a3fb583a33a04bf5bd673e19d750f825" member_type: VOTER last_known_addr { host: "127.12.74.193" port: 45197 } } peers { permanent_uuid: "5f3ff67fc32d48a08c46ac4490761cc6" member_type: VOTER last_known_addr { host: "127.12.74.194" port: 35929 } } peers { permanent_uuid: "b7eaf693c94a4c7ba7832b5a62cb28fa" member_type: VOTER last_known_addr { host: "127.12.74.195" port: 43335 } attrs { replace: true } } peers { permanent_uuid: "8aff4e6b194c480e8090439675057ca7" member_type: NON_VOTER last_known_addr { host: "127.12.74.196" port: 39287 } attrs { promote: true } } }
I20260710 11:11:37.097654 13866 raft_consensus.cc:1275] T fe5f0ecca9514e8f80bc6d9266a685b4 P b7eaf693c94a4c7ba7832b5a62cb28fa [term 1 FOLLOWER]: Refusing update from remote peer 5f3ff67fc32d48a08c46ac4490761cc6: Log matching property violated. Preceding OpId in replica: term: 1 index: 1. Preceding OpId from leader: term: 1 index: 2. (index mismatch)
I20260710 11:11:37.099026 13987 consensus_queue.cc:1048] T fe5f0ecca9514e8f80bc6d9266a685b4 P 5f3ff67fc32d48a08c46ac4490761cc6 [LEADER]: Connected to new peer: Peer: permanent_uuid: "b7eaf693c94a4c7ba7832b5a62cb28fa" member_type: VOTER last_known_addr { host: "127.12.74.195" port: 43335 }, Status: LMP_MISMATCH, Last received: 0.0, Next index: 2, Last known committed idx: 1, Time since last communication: 0.000s
W20260710 11:11:37.101203 13756 consensus_peers.cc:597] T fe5f0ecca9514e8f80bc6d9266a685b4 P 5f3ff67fc32d48a08c46ac4490761cc6 -> Peer 8aff4e6b194c480e8090439675057ca7 (127.12.74.196:39287): Couldn't send request to peer 8aff4e6b194c480e8090439675057ca7. Error code: TABLET_NOT_FOUND (6). Status: Not found: Tablet not found: fe5f0ecca9514e8f80bc6d9266a685b4. This is attempt 1: this message will repeat every 5th retry.
I20260710 11:11:37.101565 13714 raft_consensus.cc:1275] T fe5f0ecca9514e8f80bc6d9266a685b4 P a3fb583a33a04bf5bd673e19d750f825 [term 1 FOLLOWER]: Refusing update from remote peer 5f3ff67fc32d48a08c46ac4490761cc6: Log matching property violated. Preceding OpId in replica: term: 1 index: 1. Preceding OpId from leader: term: 1 index: 2. (index mismatch)
I20260710 11:11:37.102974 13987 consensus_queue.cc:1048] T fe5f0ecca9514e8f80bc6d9266a685b4 P 5f3ff67fc32d48a08c46ac4490761cc6 [LEADER]: Connected to new peer: Peer: permanent_uuid: "a3fb583a33a04bf5bd673e19d750f825" member_type: VOTER last_known_addr { host: "127.12.74.193" port: 45197 } attrs { replace: true }, Status: LMP_MISMATCH, Last received: 0.0, Next index: 2, Last known committed idx: 1, Time since last communication: 0.000s
I20260710 11:11:37.105868 13987 raft_consensus.cc:2955] T fe5f0ecca9514e8f80bc6d9266a685b4 P 5f3ff67fc32d48a08c46ac4490761cc6 [term 1 LEADER]: Committing config change with OpId 1.2: config changed from index -1 to 2, NON_VOTER 8aff4e6b194c480e8090439675057ca7 (127.12.74.196) added. New config: { opid_index: 2 OBSOLETE_local: false peers { permanent_uuid: "a3fb583a33a04bf5bd673e19d750f825" member_type: VOTER last_known_addr { host: "127.12.74.193" port: 45197 } attrs { replace: true } } peers { permanent_uuid: "5f3ff67fc32d48a08c46ac4490761cc6" member_type: VOTER last_known_addr { host: "127.12.74.194" port: 35929 } } peers { permanent_uuid: "b7eaf693c94a4c7ba7832b5a62cb28fa" member_type: VOTER last_known_addr { host: "127.12.74.195" port: 43335 } } peers { permanent_uuid: "8aff4e6b194c480e8090439675057ca7" member_type: NON_VOTER last_known_addr { host: "127.12.74.196" port: 39287 } attrs { promote: true } } }
I20260710 11:11:37.107487 13866 raft_consensus.cc:2955] T fe5f0ecca9514e8f80bc6d9266a685b4 P b7eaf693c94a4c7ba7832b5a62cb28fa [term 1 FOLLOWER]: Committing config change with OpId 1.2: config changed from index -1 to 2, NON_VOTER 8aff4e6b194c480e8090439675057ca7 (127.12.74.196) added. New config: { opid_index: 2 OBSOLETE_local: false peers { permanent_uuid: "a3fb583a33a04bf5bd673e19d750f825" member_type: VOTER last_known_addr { host: "127.12.74.193" port: 45197 } attrs { replace: true } } peers { permanent_uuid: "5f3ff67fc32d48a08c46ac4490761cc6" member_type: VOTER last_known_addr { host: "127.12.74.194" port: 35929 } } peers { permanent_uuid: "b7eaf693c94a4c7ba7832b5a62cb28fa" member_type: VOTER last_known_addr { host: "127.12.74.195" port: 43335 } } peers { permanent_uuid: "8aff4e6b194c480e8090439675057ca7" member_type: NON_VOTER last_known_addr { host: "127.12.74.196" port: 39287 } attrs { promote: true } } }
I20260710 11:11:37.118042 13714 raft_consensus.cc:2955] T fe5f0ecca9514e8f80bc6d9266a685b4 P a3fb583a33a04bf5bd673e19d750f825 [term 1 FOLLOWER]: Committing config change with OpId 1.2: config changed from index -1 to 2, NON_VOTER 8aff4e6b194c480e8090439675057ca7 (127.12.74.196) added. New config: { opid_index: 2 OBSOLETE_local: false peers { permanent_uuid: "a3fb583a33a04bf5bd673e19d750f825" member_type: VOTER last_known_addr { host: "127.12.74.193" port: 45197 } attrs { replace: true } } peers { permanent_uuid: "5f3ff67fc32d48a08c46ac4490761cc6" member_type: VOTER last_known_addr { host: "127.12.74.194" port: 35929 } } peers { permanent_uuid: "b7eaf693c94a4c7ba7832b5a62cb28fa" member_type: VOTER last_known_addr { host: "127.12.74.195" port: 43335 } } peers { permanent_uuid: "8aff4e6b194c480e8090439675057ca7" member_type: NON_VOTER last_known_addr { host: "127.12.74.196" port: 39287 } attrs { promote: true } } }
I20260710 11:11:37.126653 13611 catalog_manager.cc:5697] T fe5f0ecca9514e8f80bc6d9266a685b4 P 5f3ff67fc32d48a08c46ac4490761cc6 reported cstate change: config changed from index -1 to 2, NON_VOTER 8aff4e6b194c480e8090439675057ca7 (127.12.74.196) added. New cstate: current_term: 1 leader_uuid: "5f3ff67fc32d48a08c46ac4490761cc6" committed_config { opid_index: 2 OBSOLETE_local: false peers { permanent_uuid: "a3fb583a33a04bf5bd673e19d750f825" member_type: VOTER last_known_addr { host: "127.12.74.193" port: 45197 } attrs { replace: true } health_report { overall_health: HEALTHY } } peers { permanent_uuid: "5f3ff67fc32d48a08c46ac4490761cc6" member_type: VOTER last_known_addr { host: "127.12.74.194" port: 35929 } health_report { overall_health: HEALTHY } } peers { permanent_uuid: "b7eaf693c94a4c7ba7832b5a62cb28fa" member_type: VOTER last_known_addr { host: "127.12.74.195" port: 43335 } health_report { overall_health: HEALTHY } } peers { permanent_uuid: "8aff4e6b194c480e8090439675057ca7" member_type: NON_VOTER last_known_addr { host: "127.12.74.196" port: 39287 } attrs { promote: true } health_report { overall_health: UNKNOWN } } }
I20260710 11:11:37.146598 13714 consensus_queue.cc:237] T ad6e27b82ecd4276aa4b66ae42fba477 P a3fb583a33a04bf5bd673e19d750f825 [LEADER]: Queue going to LEADER mode. State: All replicated index: 0, Majority replicated index: 1, Committed index: 1, Last appended: 1.1, Last appended by leader: 0, Current term: 1, Majority size: 2, State: 0, Mode: LEADER, active raft config: opid_index: 2 OBSOLETE_local: false peers { permanent_uuid: "a3fb583a33a04bf5bd673e19d750f825" member_type: VOTER last_known_addr { host: "127.12.74.193" port: 45197 } } peers { permanent_uuid: "5f3ff67fc32d48a08c46ac4490761cc6" member_type: VOTER last_known_addr { host: "127.12.74.194" port: 35929 } } peers { permanent_uuid: "b7eaf693c94a4c7ba7832b5a62cb28fa" member_type: VOTER last_known_addr { host: "127.12.74.195" port: 43335 } attrs { replace: true } } peers { permanent_uuid: "8aff4e6b194c480e8090439675057ca7" member_type: NON_VOTER last_known_addr { host: "127.12.74.196" port: 39287 } attrs { promote: true } }
I20260710 11:11:37.152041 13866 raft_consensus.cc:1275] T ad6e27b82ecd4276aa4b66ae42fba477 P b7eaf693c94a4c7ba7832b5a62cb28fa [term 1 FOLLOWER]: Refusing update from remote peer a3fb583a33a04bf5bd673e19d750f825: Log matching property violated. Preceding OpId in replica: term: 1 index: 1. Preceding OpId from leader: term: 1 index: 2. (index mismatch)
I20260710 11:11:37.152771 13792 raft_consensus.cc:1275] T ad6e27b82ecd4276aa4b66ae42fba477 P 5f3ff67fc32d48a08c46ac4490761cc6 [term 1 FOLLOWER]: Refusing update from remote peer a3fb583a33a04bf5bd673e19d750f825: Log matching property violated. Preceding OpId in replica: term: 1 index: 1. Preceding OpId from leader: term: 1 index: 2. (index mismatch)
I20260710 11:11:37.153839 14037 consensus_queue.cc:1048] T ad6e27b82ecd4276aa4b66ae42fba477 P a3fb583a33a04bf5bd673e19d750f825 [LEADER]: Connected to new peer: Peer: permanent_uuid: "b7eaf693c94a4c7ba7832b5a62cb28fa" member_type: VOTER last_known_addr { host: "127.12.74.195" port: 43335 } attrs { replace: true }, Status: LMP_MISMATCH, Last received: 0.0, Next index: 2, Last known committed idx: 1, Time since last communication: 0.000s
I20260710 11:11:37.154572 13973 consensus_queue.cc:1048] T ad6e27b82ecd4276aa4b66ae42fba477 P a3fb583a33a04bf5bd673e19d750f825 [LEADER]: Connected to new peer: Peer: permanent_uuid: "5f3ff67fc32d48a08c46ac4490761cc6" member_type: VOTER last_known_addr { host: "127.12.74.194" port: 35929 }, Status: LMP_MISMATCH, Last received: 0.0, Next index: 2, Last known committed idx: 1, Time since last communication: 0.000s
W20260710 11:11:37.161597 13681 consensus_peers.cc:597] T ad6e27b82ecd4276aa4b66ae42fba477 P a3fb583a33a04bf5bd673e19d750f825 -> Peer 8aff4e6b194c480e8090439675057ca7 (127.12.74.196:39287): Couldn't send request to peer 8aff4e6b194c480e8090439675057ca7. Error code: TABLET_NOT_FOUND (6). Status: Not found: Tablet not found: ad6e27b82ecd4276aa4b66ae42fba477. This is attempt 1: this message will repeat every 5th retry.
I20260710 11:11:37.163745 13973 raft_consensus.cc:2955] T ad6e27b82ecd4276aa4b66ae42fba477 P a3fb583a33a04bf5bd673e19d750f825 [term 1 LEADER]: Committing config change with OpId 1.2: config changed from index -1 to 2, NON_VOTER 8aff4e6b194c480e8090439675057ca7 (127.12.74.196) added. New config: { opid_index: 2 OBSOLETE_local: false peers { permanent_uuid: "a3fb583a33a04bf5bd673e19d750f825" member_type: VOTER last_known_addr { host: "127.12.74.193" port: 45197 } } peers { permanent_uuid: "5f3ff67fc32d48a08c46ac4490761cc6" member_type: VOTER last_known_addr { host: "127.12.74.194" port: 35929 } } peers { permanent_uuid: "b7eaf693c94a4c7ba7832b5a62cb28fa" member_type: VOTER last_known_addr { host: "127.12.74.195" port: 43335 } attrs { replace: true } } peers { permanent_uuid: "8aff4e6b194c480e8090439675057ca7" member_type: NON_VOTER last_known_addr { host: "127.12.74.196" port: 39287 } attrs { promote: true } } }
I20260710 11:11:37.165277 13792 raft_consensus.cc:2955] T ad6e27b82ecd4276aa4b66ae42fba477 P 5f3ff67fc32d48a08c46ac4490761cc6 [term 1 FOLLOWER]: Committing config change with OpId 1.2: config changed from index -1 to 2, NON_VOTER 8aff4e6b194c480e8090439675057ca7 (127.12.74.196) added. New config: { opid_index: 2 OBSOLETE_local: false peers { permanent_uuid: "a3fb583a33a04bf5bd673e19d750f825" member_type: VOTER last_known_addr { host: "127.12.74.193" port: 45197 } } peers { permanent_uuid: "5f3ff67fc32d48a08c46ac4490761cc6" member_type: VOTER last_known_addr { host: "127.12.74.194" port: 35929 } } peers { permanent_uuid: "b7eaf693c94a4c7ba7832b5a62cb28fa" member_type: VOTER last_known_addr { host: "127.12.74.195" port: 43335 } attrs { replace: true } } peers { permanent_uuid: "8aff4e6b194c480e8090439675057ca7" member_type: NON_VOTER last_known_addr { host: "127.12.74.196" port: 39287 } attrs { promote: true } } }
I20260710 11:11:37.167193 13866 raft_consensus.cc:2955] T ad6e27b82ecd4276aa4b66ae42fba477 P b7eaf693c94a4c7ba7832b5a62cb28fa [term 1 FOLLOWER]: Committing config change with OpId 1.2: config changed from index -1 to 2, NON_VOTER 8aff4e6b194c480e8090439675057ca7 (127.12.74.196) added. New config: { opid_index: 2 OBSOLETE_local: false peers { permanent_uuid: "a3fb583a33a04bf5bd673e19d750f825" member_type: VOTER last_known_addr { host: "127.12.74.193" port: 45197 } } peers { permanent_uuid: "5f3ff67fc32d48a08c46ac4490761cc6" member_type: VOTER last_known_addr { host: "127.12.74.194" port: 35929 } } peers { permanent_uuid: "b7eaf693c94a4c7ba7832b5a62cb28fa" member_type: VOTER last_known_addr { host: "127.12.74.195" port: 43335 } attrs { replace: true } } peers { permanent_uuid: "8aff4e6b194c480e8090439675057ca7" member_type: NON_VOTER last_known_addr { host: "127.12.74.196" port: 39287 } attrs { promote: true } } }
I20260710 11:11:37.175304 13615 catalog_manager.cc:5697] T ad6e27b82ecd4276aa4b66ae42fba477 P 5f3ff67fc32d48a08c46ac4490761cc6 reported cstate change: config changed from index -1 to 2, NON_VOTER 8aff4e6b194c480e8090439675057ca7 (127.12.74.196) added. New cstate: current_term: 1 leader_uuid: "a3fb583a33a04bf5bd673e19d750f825" committed_config { opid_index: 2 OBSOLETE_local: false peers { permanent_uuid: "a3fb583a33a04bf5bd673e19d750f825" member_type: VOTER last_known_addr { host: "127.12.74.193" port: 45197 } } peers { permanent_uuid: "5f3ff67fc32d48a08c46ac4490761cc6" member_type: VOTER last_known_addr { host: "127.12.74.194" port: 35929 } } peers { permanent_uuid: "b7eaf693c94a4c7ba7832b5a62cb28fa" member_type: VOTER last_known_addr { host: "127.12.74.195" port: 43335 } attrs { replace: true } } peers { permanent_uuid: "8aff4e6b194c480e8090439675057ca7" member_type: NON_VOTER last_known_addr { host: "127.12.74.196" port: 39287 } attrs { promote: true } } }
I20260710 11:11:37.537235 14190 ts_tablet_manager.cc:933] T a1d0639d0b174e10a4a7af07db0428cc P 8aff4e6b194c480e8090439675057ca7: Initiating tablet copy from peer b7eaf693c94a4c7ba7832b5a62cb28fa (127.12.74.195:43335)
I20260710 11:11:37.539263 14190 tablet_copy_client.cc:323] T a1d0639d0b174e10a4a7af07db0428cc P 8aff4e6b194c480e8090439675057ca7: tablet copy: Beginning tablet copy session from remote peer at address 127.12.74.195:43335
I20260710 11:11:37.550364 13876 tablet_copy_service.cc:140] P b7eaf693c94a4c7ba7832b5a62cb28fa: Received BeginTabletCopySession request for tablet a1d0639d0b174e10a4a7af07db0428cc from peer 8aff4e6b194c480e8090439675057ca7 ({username='slave'} at 127.0.0.1:52304)
I20260710 11:11:37.550829 13876 tablet_copy_service.cc:161] P b7eaf693c94a4c7ba7832b5a62cb28fa: Beginning new tablet copy session on tablet a1d0639d0b174e10a4a7af07db0428cc from peer 8aff4e6b194c480e8090439675057ca7 at {username='slave'} at 127.0.0.1:52304: session id = 8aff4e6b194c480e8090439675057ca7-a1d0639d0b174e10a4a7af07db0428cc
I20260710 11:11:37.555998 13876 tablet_copy_source_session.cc:215] T a1d0639d0b174e10a4a7af07db0428cc P b7eaf693c94a4c7ba7832b5a62cb28fa: Tablet Copy: opened 0 blocks and 1 log segments
I20260710 11:11:37.559751 14190 data_dirs.cc:400] Could only allocate 1 dirs of requested 3 for tablet a1d0639d0b174e10a4a7af07db0428cc. 1 dirs total, 0 dirs full, 0 dirs failed
I20260710 11:11:37.569768 14190 tablet_copy_client.cc:806] T a1d0639d0b174e10a4a7af07db0428cc P 8aff4e6b194c480e8090439675057ca7: tablet copy: Starting download of 0 data blocks...
I20260710 11:11:37.570304 14190 tablet_copy_client.cc:670] T a1d0639d0b174e10a4a7af07db0428cc P 8aff4e6b194c480e8090439675057ca7: tablet copy: Starting download of 1 WAL segments...
I20260710 11:11:37.573721 14190 tablet_copy_client.cc:538] T a1d0639d0b174e10a4a7af07db0428cc P 8aff4e6b194c480e8090439675057ca7: tablet copy: Tablet Copy complete. Replacing tablet superblock.
I20260710 11:11:37.581795 14190 tablet_bootstrap.cc:492] T a1d0639d0b174e10a4a7af07db0428cc P 8aff4e6b194c480e8090439675057ca7: Bootstrap starting.
I20260710 11:11:37.597450 14194 ts_tablet_manager.cc:933] T fd0920e798c549178532e84a0933ccee P 8aff4e6b194c480e8090439675057ca7: Initiating tablet copy from peer 5f3ff67fc32d48a08c46ac4490761cc6 (127.12.74.194:35929)
I20260710 11:11:37.599529 14194 tablet_copy_client.cc:323] T fd0920e798c549178532e84a0933ccee P 8aff4e6b194c480e8090439675057ca7: tablet copy: Beginning tablet copy session from remote peer at address 127.12.74.194:35929
I20260710 11:11:37.612372 14197 ts_tablet_manager.cc:933] T ad6e27b82ecd4276aa4b66ae42fba477 P 8aff4e6b194c480e8090439675057ca7: Initiating tablet copy from peer a3fb583a33a04bf5bd673e19d750f825 (127.12.74.193:45197)
I20260710 11:11:37.617022 13802 tablet_copy_service.cc:140] P 5f3ff67fc32d48a08c46ac4490761cc6: Received BeginTabletCopySession request for tablet fd0920e798c549178532e84a0933ccee from peer 8aff4e6b194c480e8090439675057ca7 ({username='slave'} at 127.0.0.1:59574)
