I20260710 11:11:22.530448 24316 raft_consensus.cc:493] T 9f5301e66e674498a92693eecb4d6e2e P d731ceb148b54852b5a99562ad92f1e7 [term 0 FOLLOWER]: Starting pre-election (no leader contacted us within the election timeout)
I20260710 11:11:22.530872 24316 raft_consensus.cc:515] T 9f5301e66e674498a92693eecb4d6e2e P d731ceb148b54852b5a99562ad92f1e7 [term 0 FOLLOWER]: Starting pre-election with config: opid_index: -1 OBSOLETE_local: false peers { permanent_uuid: "438836379d7541bea3bb3a70024fbe14" member_type: VOTER last_known_addr { host: "127.22.233.65" port: 36681 } } peers { permanent_uuid: "216b994b9409419c95de9aeb86b251d0" member_type: VOTER last_known_addr { host: "127.22.233.66" port: 45849 } } peers { permanent_uuid: "d731ceb148b54852b5a99562ad92f1e7" member_type: VOTER last_known_addr { host: "127.22.233.67" port: 40755 } }
I20260710 11:11:22.532392 24316 leader_election.cc:290] T 9f5301e66e674498a92693eecb4d6e2e P d731ceb148b54852b5a99562ad92f1e7 [CANDIDATE]: Term 1 pre-election: Requested pre-vote from peers 438836379d7541bea3bb3a70024fbe14 (127.22.233.65:36681), 216b994b9409419c95de9aeb86b251d0 (127.22.233.66:45849)
I20260710 11:11:22.533268 24089 tablet_service.cc:1917] Received RequestConsensusVote() RPC: tablet_id: "9f5301e66e674498a92693eecb4d6e2e" candidate_uuid: "d731ceb148b54852b5a99562ad92f1e7" candidate_term: 1 candidate_status { last_received { term: 0 index: 0 } } ignore_live_leader: false dest_uuid: "438836379d7541bea3bb3a70024fbe14" is_pre_election: true
I20260710 11:11:22.533455 24165 tablet_service.cc:1917] Received RequestConsensusVote() RPC: tablet_id: "9f5301e66e674498a92693eecb4d6e2e" candidate_uuid: "d731ceb148b54852b5a99562ad92f1e7" candidate_term: 1 candidate_status { last_received { term: 0 index: 0 } } ignore_live_leader: false dest_uuid: "216b994b9409419c95de9aeb86b251d0" is_pre_election: true
I20260710 11:11:22.533962 24089 raft_consensus.cc:2393] T 9f5301e66e674498a92693eecb4d6e2e P 438836379d7541bea3bb3a70024fbe14 [term 1 FOLLOWER]: Leader pre-election vote request: Denying vote to candidate d731ceb148b54852b5a99562ad92f1e7 in current term 1: Already voted for candidate 216b994b9409419c95de9aeb86b251d0 in this term.
I20260710 11:11:22.535038 24202 leader_election.cc:304] T 9f5301e66e674498a92693eecb4d6e2e P d731ceb148b54852b5a99562ad92f1e7 [CANDIDATE]: Term 1 pre-election: Election decided. Result: candidate lost. Election summary: received 3 responses out of 3 voters: 1 yes votes; 2 no votes. yes voters: d731ceb148b54852b5a99562ad92f1e7; no voters: 216b994b9409419c95de9aeb86b251d0, 438836379d7541bea3bb3a70024fbe14
I20260710 11:11:22.535758 24316 raft_consensus.cc:3060] T 9f5301e66e674498a92693eecb4d6e2e P d731ceb148b54852b5a99562ad92f1e7 [term 0 FOLLOWER]: Advancing to term 1
I20260710 11:11:22.536084 24312 consensus_queue.cc:1048] T 4c9fdb26b8414c74b6f729a8137c3290 P 216b994b9409419c95de9aeb86b251d0 [LEADER]: Connected to new peer: Peer: permanent_uuid: "438836379d7541bea3bb3a70024fbe14" member_type: VOTER last_known_addr { host: "127.22.233.65" port: 36681 }, Status: LMP_MISMATCH, Last received: 0.0, Next index: 1, Last known committed idx: 0, Time since last communication: 0.000s
I20260710 11:11:22.539135 24285 raft_consensus.cc:493] T cb767d4755ce4738a35296a664596df7 P d731ceb148b54852b5a99562ad92f1e7 [term 0 FOLLOWER]: Starting pre-election (no leader contacted us within the election timeout)
I20260710 11:11:22.539534 24285 raft_consensus.cc:515] T cb767d4755ce4738a35296a664596df7 P d731ceb148b54852b5a99562ad92f1e7 [term 0 FOLLOWER]: Starting pre-election with config: opid_index: -1 OBSOLETE_local: false peers { permanent_uuid: "438836379d7541bea3bb3a70024fbe14" member_type: VOTER last_known_addr { host: "127.22.233.65" port: 36681 } } peers { permanent_uuid: "216b994b9409419c95de9aeb86b251d0" member_type: VOTER last_known_addr { host: "127.22.233.66" port: 45849 } } peers { permanent_uuid: "d731ceb148b54852b5a99562ad92f1e7" member_type: VOTER last_known_addr { host: "127.22.233.67" port: 40755 } }
I20260710 11:11:22.541491 24285 leader_election.cc:290] T cb767d4755ce4738a35296a664596df7 P d731ceb148b54852b5a99562ad92f1e7 [CANDIDATE]: Term 1 pre-election: Requested pre-vote from peers 438836379d7541bea3bb3a70024fbe14 (127.22.233.65:36681), 216b994b9409419c95de9aeb86b251d0 (127.22.233.66:45849)
I20260710 11:11:22.541719 24316 raft_consensus.cc:2749] T 9f5301e66e674498a92693eecb4d6e2e P d731ceb148b54852b5a99562ad92f1e7 [term 1 FOLLOWER]: Leader pre-election lost for term 1. Reason: could not achieve majority
I20260710 11:11:22.543191 24090 tablet_service.cc:1917] Received RequestConsensusVote() RPC: tablet_id: "cb767d4755ce4738a35296a664596df7" candidate_uuid: "d731ceb148b54852b5a99562ad92f1e7" candidate_term: 1 candidate_status { last_received { term: 0 index: 0 } } ignore_live_leader: false dest_uuid: "438836379d7541bea3bb3a70024fbe14" is_pre_election: true
I20260710 11:11:22.543744 24165 tablet_service.cc:1917] Received RequestConsensusVote() RPC: tablet_id: "cb767d4755ce4738a35296a664596df7" candidate_uuid: "d731ceb148b54852b5a99562ad92f1e7" candidate_term: 1 candidate_status { last_received { term: 0 index: 0 } } ignore_live_leader: false dest_uuid: "216b994b9409419c95de9aeb86b251d0" is_pre_election: true
I20260710 11:11:22.543848 24090 raft_consensus.cc:2468] T cb767d4755ce4738a35296a664596df7 P 438836379d7541bea3bb3a70024fbe14 [term 0 FOLLOWER]: Leader pre-election vote request: Granting yes vote for candidate d731ceb148b54852b5a99562ad92f1e7 in term 0.
I20260710 11:11:22.545234 24202 leader_election.cc:304] T cb767d4755ce4738a35296a664596df7 P d731ceb148b54852b5a99562ad92f1e7 [CANDIDATE]: Term 1 pre-election: Election decided. Result: candidate won. Election summary: received 2 responses out of 3 voters: 2 yes votes; 0 no votes. yes voters: 438836379d7541bea3bb3a70024fbe14, d731ceb148b54852b5a99562ad92f1e7; no voters: 
I20260710 11:11:22.546028 24316 raft_consensus.cc:2804] T cb767d4755ce4738a35296a664596df7 P d731ceb148b54852b5a99562ad92f1e7 [term 0 FOLLOWER]: Leader pre-election won for term 1
I20260710 11:11:22.546367 24316 raft_consensus.cc:493] T cb767d4755ce4738a35296a664596df7 P d731ceb148b54852b5a99562ad92f1e7 [term 0 FOLLOWER]: Starting leader election (no leader contacted us within the election timeout)
I20260710 11:11:22.546661 24316 raft_consensus.cc:3060] T cb767d4755ce4738a35296a664596df7 P d731ceb148b54852b5a99562ad92f1e7 [term 0 FOLLOWER]: Advancing to term 1
I20260710 11:11:22.547461 24165 raft_consensus.cc:2468] T cb767d4755ce4738a35296a664596df7 P 216b994b9409419c95de9aeb86b251d0 [term 0 FOLLOWER]: Leader pre-election vote request: Granting yes vote for candidate d731ceb148b54852b5a99562ad92f1e7 in term 0.
I20260710 11:11:22.551263 24312 consensus_queue.cc:1048] T 4c9fdb26b8414c74b6f729a8137c3290 P 216b994b9409419c95de9aeb86b251d0 [LEADER]: Connected to new peer: Peer: permanent_uuid: "d731ceb148b54852b5a99562ad92f1e7" member_type: VOTER last_known_addr { host: "127.22.233.67" port: 40755 }, Status: LMP_MISMATCH, Last received: 0.0, Next index: 1, Last known committed idx: 0, Time since last communication: 0.001s
I20260710 11:11:22.554467 24283 consensus_queue.cc:1048] T 5c9664349a1d420dbbe21e330f533855 P 438836379d7541bea3bb3a70024fbe14 [LEADER]: Connected to new peer: Peer: permanent_uuid: "216b994b9409419c95de9aeb86b251d0" member_type: VOTER last_known_addr { host: "127.22.233.66" port: 45849 }, Status: LMP_MISMATCH, Last received: 0.0, Next index: 1, Last known committed idx: 0, Time since last communication: 0.000s
I20260710 11:11:22.555027 24316 raft_consensus.cc:515] T cb767d4755ce4738a35296a664596df7 P d731ceb148b54852b5a99562ad92f1e7 [term 1 FOLLOWER]: Starting leader election with config: opid_index: -1 OBSOLETE_local: false peers { permanent_uuid: "438836379d7541bea3bb3a70024fbe14" member_type: VOTER last_known_addr { host: "127.22.233.65" port: 36681 } } peers { permanent_uuid: "216b994b9409419c95de9aeb86b251d0" member_type: VOTER last_known_addr { host: "127.22.233.66" port: 45849 } } peers { permanent_uuid: "d731ceb148b54852b5a99562ad92f1e7" member_type: VOTER last_known_addr { host: "127.22.233.67" port: 40755 } }
I20260710 11:11:22.556901 24316 leader_election.cc:290] T cb767d4755ce4738a35296a664596df7 P d731ceb148b54852b5a99562ad92f1e7 [CANDIDATE]: Term 1 election: Requested vote from peers 438836379d7541bea3bb3a70024fbe14 (127.22.233.65:36681), 216b994b9409419c95de9aeb86b251d0 (127.22.233.66:45849)
I20260710 11:11:22.560349 24089 tablet_service.cc:1917] Received RequestConsensusVote() RPC: tablet_id: "cb767d4755ce4738a35296a664596df7" candidate_uuid: "d731ceb148b54852b5a99562ad92f1e7" candidate_term: 1 candidate_status { last_received { term: 0 index: 0 } } ignore_live_leader: false dest_uuid: "438836379d7541bea3bb3a70024fbe14"
I20260710 11:11:22.560916 24089 raft_consensus.cc:3060] T cb767d4755ce4738a35296a664596df7 P 438836379d7541bea3bb3a70024fbe14 [term 0 FOLLOWER]: Advancing to term 1
I20260710 11:11:22.561517 24165 tablet_service.cc:1917] Received RequestConsensusVote() RPC: tablet_id: "cb767d4755ce4738a35296a664596df7" candidate_uuid: "d731ceb148b54852b5a99562ad92f1e7" candidate_term: 1 candidate_status { last_received { term: 0 index: 0 } } ignore_live_leader: false dest_uuid: "216b994b9409419c95de9aeb86b251d0"
I20260710 11:11:22.562032 24165 raft_consensus.cc:3060] T cb767d4755ce4738a35296a664596df7 P 216b994b9409419c95de9aeb86b251d0 [term 0 FOLLOWER]: Advancing to term 1
I20260710 11:11:22.567723 24089 raft_consensus.cc:2468] T cb767d4755ce4738a35296a664596df7 P 438836379d7541bea3bb3a70024fbe14 [term 1 FOLLOWER]: Leader election vote request: Granting yes vote for candidate d731ceb148b54852b5a99562ad92f1e7 in term 1.
I20260710 11:11:22.568944 24165 raft_consensus.cc:2468] T cb767d4755ce4738a35296a664596df7 P 216b994b9409419c95de9aeb86b251d0 [term 1 FOLLOWER]: Leader election vote request: Granting yes vote for candidate d731ceb148b54852b5a99562ad92f1e7 in term 1.
I20260710 11:11:22.568986 24202 leader_election.cc:304] T cb767d4755ce4738a35296a664596df7 P d731ceb148b54852b5a99562ad92f1e7 [CANDIDATE]: Term 1 election: Election decided. Result: candidate won. Election summary: received 2 responses out of 3 voters: 2 yes votes; 0 no votes. yes voters: 438836379d7541bea3bb3a70024fbe14, d731ceb148b54852b5a99562ad92f1e7; no voters: 
I20260710 11:11:22.571048 24316 raft_consensus.cc:2804] T cb767d4755ce4738a35296a664596df7 P d731ceb148b54852b5a99562ad92f1e7 [term 1 FOLLOWER]: Leader election won for term 1
I20260710 11:11:22.571733 24316 raft_consensus.cc:697] T cb767d4755ce4738a35296a664596df7 P d731ceb148b54852b5a99562ad92f1e7 [term 1 LEADER]: Becoming Leader. State: Replica: d731ceb148b54852b5a99562ad92f1e7, State: Running, Role: LEADER
I20260710 11:11:22.572634 24316 consensus_queue.cc:237] T cb767d4755ce4738a35296a664596df7 P d731ceb148b54852b5a99562ad92f1e7 [LEADER]: Queue going to LEADER mode. State: All replicated index: 0, Majority replicated index: 0, Committed index: 0, Last appended: 0.0, Last appended by leader: 0, Current term: 1, Majority size: 2, State: 0, Mode: LEADER, active raft config: opid_index: -1 OBSOLETE_local: false peers { permanent_uuid: "438836379d7541bea3bb3a70024fbe14" member_type: VOTER last_known_addr { host: "127.22.233.65" port: 36681 } } peers { permanent_uuid: "216b994b9409419c95de9aeb86b251d0" member_type: VOTER last_known_addr { host: "127.22.233.66" port: 45849 } } peers { permanent_uuid: "d731ceb148b54852b5a99562ad92f1e7" member_type: VOTER last_known_addr { host: "127.22.233.67" port: 40755 } }
I20260710 11:11:22.582039 24313 consensus_queue.cc:1048] T 5c9664349a1d420dbbe21e330f533855 P 438836379d7541bea3bb3a70024fbe14 [LEADER]: Connected to new peer: Peer: permanent_uuid: "d731ceb148b54852b5a99562ad92f1e7" member_type: VOTER last_known_addr { host: "127.22.233.67" port: 40755 }, Status: LMP_MISMATCH, Last received: 0.0, Next index: 1, Last known committed idx: 0, Time since last communication: 0.000s
I20260710 11:11:22.588932 23987 catalog_manager.cc:5697] T cb767d4755ce4738a35296a664596df7 P d731ceb148b54852b5a99562ad92f1e7 reported cstate change: term changed from 0 to 1, leader changed from <none> to d731ceb148b54852b5a99562ad92f1e7 (127.22.233.67). New cstate: current_term: 1 leader_uuid: "d731ceb148b54852b5a99562ad92f1e7" committed_config { opid_index: -1 OBSOLETE_local: false peers { permanent_uuid: "438836379d7541bea3bb3a70024fbe14" member_type: VOTER last_known_addr { host: "127.22.233.65" port: 36681 } health_report { overall_health: UNKNOWN } } peers { permanent_uuid: "216b994b9409419c95de9aeb86b251d0" member_type: VOTER last_known_addr { host: "127.22.233.66" port: 45849 } health_report { overall_health: UNKNOWN } } peers { permanent_uuid: "d731ceb148b54852b5a99562ad92f1e7" member_type: VOTER last_known_addr { host: "127.22.233.67" port: 40755 } health_report { overall_health: HEALTHY } } }
I20260710 11:11:22.630903 24316 consensus_queue.cc:1048] T d478bca131824f8c8883a5f392f5a742 P d731ceb148b54852b5a99562ad92f1e7 [LEADER]: Connected to new peer: Peer: permanent_uuid: "438836379d7541bea3bb3a70024fbe14" member_type: VOTER last_known_addr { host: "127.22.233.65" port: 36681 }, Status: LMP_MISMATCH, Last received: 0.0, Next index: 1, Last known committed idx: 0, Time since last communication: 0.000s
I20260710 11:11:22.641234 24315 consensus_queue.cc:1048] T d478bca131824f8c8883a5f392f5a742 P d731ceb148b54852b5a99562ad92f1e7 [LEADER]: Connected to new peer: Peer: permanent_uuid: "216b994b9409419c95de9aeb86b251d0" member_type: VOTER last_known_addr { host: "127.22.233.66" port: 45849 }, Status: LMP_MISMATCH, Last received: 0.0, Next index: 1, Last known committed idx: 0, Time since last communication: 0.000s
I20260710 11:11:22.644901 24312 consensus_queue.cc:1048] T 9f5301e66e674498a92693eecb4d6e2e P 216b994b9409419c95de9aeb86b251d0 [LEADER]: Connected to new peer: Peer: permanent_uuid: "d731ceb148b54852b5a99562ad92f1e7" member_type: VOTER last_known_addr { host: "127.22.233.67" port: 40755 }, Status: LMP_MISMATCH, Last received: 0.0, Next index: 1, Last known committed idx: 0, Time since last communication: 0.000s
I20260710 11:11:22.656739 24350 consensus_queue.cc:1048] T 9f5301e66e674498a92693eecb4d6e2e P 216b994b9409419c95de9aeb86b251d0 [LEADER]: Connected to new peer: Peer: permanent_uuid: "438836379d7541bea3bb3a70024fbe14" member_type: VOTER last_known_addr { host: "127.22.233.65" port: 36681 }, Status: LMP_MISMATCH, Last received: 0.0, Next index: 1, Last known committed idx: 0, Time since last communication: 0.000s
I20260710 11:11:22.661295 24285 consensus_queue.cc:1048] T 55c9a8f2e10241ec841ba4e19a8d8ba3 P d731ceb148b54852b5a99562ad92f1e7 [LEADER]: Connected to new peer: Peer: permanent_uuid: "216b994b9409419c95de9aeb86b251d0" member_type: VOTER last_known_addr { host: "127.22.233.66" port: 45849 }, Status: LMP_MISMATCH, Last received: 0.0, Next index: 1, Last known committed idx: 0, Time since last communication: 0.000s
I20260710 11:11:22.674257 24316 consensus_queue.cc:1048] T 55c9a8f2e10241ec841ba4e19a8d8ba3 P d731ceb148b54852b5a99562ad92f1e7 [LEADER]: Connected to new peer: Peer: permanent_uuid: "438836379d7541bea3bb3a70024fbe14" member_type: VOTER last_known_addr { host: "127.22.233.65" port: 36681 }, Status: LMP_MISMATCH, Last received: 0.0, Next index: 1, Last known committed idx: 0, Time since last communication: 0.000s
I20260710 11:11:22.787708 24317 consensus_queue.cc:1048] T 3118547feba94e258945045be1f77f6a P d731ceb148b54852b5a99562ad92f1e7 [LEADER]: Connected to new peer: Peer: permanent_uuid: "438836379d7541bea3bb3a70024fbe14" member_type: VOTER last_known_addr { host: "127.22.233.65" port: 36681 }, Status: LMP_MISMATCH, Last received: 0.0, Next index: 1, Last known committed idx: 0, Time since last communication: 0.000s
I20260710 11:11:22.797115 24315 consensus_queue.cc:1048] T 3118547feba94e258945045be1f77f6a P d731ceb148b54852b5a99562ad92f1e7 [LEADER]: Connected to new peer: Peer: permanent_uuid: "216b994b9409419c95de9aeb86b251d0" member_type: VOTER last_known_addr { host: "127.22.233.66" port: 45849 }, Status: LMP_MISMATCH, Last received: 0.0, Next index: 1, Last known committed idx: 0, Time since last communication: 0.000s
I20260710 11:11:22.843015 24315 consensus_queue.cc:1048] T 908ffdfe89694934babb59614f02c43c P d731ceb148b54852b5a99562ad92f1e7 [LEADER]: Connected to new peer: Peer: permanent_uuid: "216b994b9409419c95de9aeb86b251d0" member_type: VOTER last_known_addr { host: "127.22.233.66" port: 45849 }, Status: LMP_MISMATCH, Last received: 0.0, Next index: 1, Last known committed idx: 0, Time since last communication: 0.000s
I20260710 11:11:22.853291 24316 consensus_queue.cc:1048] T 908ffdfe89694934babb59614f02c43c P d731ceb148b54852b5a99562ad92f1e7 [LEADER]: Connected to new peer: Peer: permanent_uuid: "438836379d7541bea3bb3a70024fbe14" member_type: VOTER last_known_addr { host: "127.22.233.65" port: 36681 }, Status: LMP_MISMATCH, Last received: 0.0, Next index: 1, Last known committed idx: 0, Time since last communication: 0.000s
I20260710 11:11:22.868338 24313 consensus_queue.cc:1048] T 5aa5b9338e66421c9b452fcde893b9f5 P 438836379d7541bea3bb3a70024fbe14 [LEADER]: Connected to new peer: Peer: permanent_uuid: "d731ceb148b54852b5a99562ad92f1e7" member_type: VOTER last_known_addr { host: "127.22.233.67" port: 40755 }, Status: LMP_MISMATCH, Last received: 0.0, Next index: 1, Last known committed idx: 0, Time since last communication: 0.000s
I20260710 11:11:22.878031 24314 consensus_queue.cc:1048] T 5aa5b9338e66421c9b452fcde893b9f5 P 438836379d7541bea3bb3a70024fbe14 [LEADER]: Connected to new peer: Peer: permanent_uuid: "216b994b9409419c95de9aeb86b251d0" member_type: VOTER last_known_addr { host: "127.22.233.66" port: 45849 }, Status: LMP_MISMATCH, Last received: 0.0, Next index: 1, Last known committed idx: 0, Time since last communication: 0.000s
I20260710 11:11:22.993757 24316 consensus_queue.cc:1048] T cb767d4755ce4738a35296a664596df7 P d731ceb148b54852b5a99562ad92f1e7 [LEADER]: Connected to new peer: Peer: permanent_uuid: "438836379d7541bea3bb3a70024fbe14" member_type: VOTER last_known_addr { host: "127.22.233.65" port: 36681 }, Status: LMP_MISMATCH, Last received: 0.0, Next index: 1, Last known committed idx: 0, Time since last communication: 0.000s
I20260710 11:11:23.003763 24315 consensus_queue.cc:1048] T cb767d4755ce4738a35296a664596df7 P d731ceb148b54852b5a99562ad92f1e7 [LEADER]: Connected to new peer: Peer: permanent_uuid: "216b994b9409419c95de9aeb86b251d0" member_type: VOTER last_known_addr { host: "127.22.233.66" port: 45849 }, Status: LMP_MISMATCH, Last received: 0.0, Next index: 1, Last known committed idx: 0, Time since last communication: 0.000s
W20260710 11:11:23.131611 24036 auto_rebalancer.cc:288] Could not retrieve cluster info: Service unavailable: Tablet not running
W20260710 11:11:24.133548 24036 auto_rebalancer.cc:288] Could not retrieve cluster info: Service unavailable: Tablet not running
I20260710 11:11:24.142674 24315 raft_consensus.cc:493] T 9ed5dec07af84c7a957d493a438007f2 P d731ceb148b54852b5a99562ad92f1e7 [term 1 FOLLOWER]: Starting pre-election (no leader contacted us within the election timeout)
I20260710 11:11:24.143085 24315 raft_consensus.cc:515] T 9ed5dec07af84c7a957d493a438007f2 P d731ceb148b54852b5a99562ad92f1e7 [term 1 FOLLOWER]: Starting pre-election with config: opid_index: -1 OBSOLETE_local: false peers { permanent_uuid: "438836379d7541bea3bb3a70024fbe14" member_type: VOTER last_known_addr { host: "127.22.233.65" port: 36681 } } peers { permanent_uuid: "216b994b9409419c95de9aeb86b251d0" member_type: VOTER last_known_addr { host: "127.22.233.66" port: 45849 } } peers { permanent_uuid: "d731ceb148b54852b5a99562ad92f1e7" member_type: VOTER last_known_addr { host: "127.22.233.67" port: 40755 } }
I20260710 11:11:24.144699 24315 leader_election.cc:290] T 9ed5dec07af84c7a957d493a438007f2 P d731ceb148b54852b5a99562ad92f1e7 [CANDIDATE]: Term 2 pre-election: Requested pre-vote from peers 438836379d7541bea3bb3a70024fbe14 (127.22.233.65:36681), 216b994b9409419c95de9aeb86b251d0 (127.22.233.66:45849)
I20260710 11:11:24.145381 24090 tablet_service.cc:1917] Received RequestConsensusVote() RPC: tablet_id: "9ed5dec07af84c7a957d493a438007f2" candidate_uuid: "d731ceb148b54852b5a99562ad92f1e7" candidate_term: 2 candidate_status { last_received { term: 0 index: 0 } } ignore_live_leader: false dest_uuid: "438836379d7541bea3bb3a70024fbe14" is_pre_election: true
I20260710 11:11:24.145598 24163 tablet_service.cc:1917] Received RequestConsensusVote() RPC: tablet_id: "9ed5dec07af84c7a957d493a438007f2" candidate_uuid: "d731ceb148b54852b5a99562ad92f1e7" candidate_term: 2 candidate_status { last_received { term: 0 index: 0 } } ignore_live_leader: false dest_uuid: "216b994b9409419c95de9aeb86b251d0" is_pre_election: true
I20260710 11:11:24.145980 24090 raft_consensus.cc:2468] T 9ed5dec07af84c7a957d493a438007f2 P 438836379d7541bea3bb3a70024fbe14 [term 1 FOLLOWER]: Leader pre-election vote request: Granting yes vote for candidate d731ceb148b54852b5a99562ad92f1e7 in term 1.
I20260710 11:11:24.146140 24163 raft_consensus.cc:2468] T 9ed5dec07af84c7a957d493a438007f2 P 216b994b9409419c95de9aeb86b251d0 [term 1 FOLLOWER]: Leader pre-election vote request: Granting yes vote for candidate d731ceb148b54852b5a99562ad92f1e7 in term 1.
I20260710 11:11:24.147069 24202 leader_election.cc:304] T 9ed5dec07af84c7a957d493a438007f2 P d731ceb148b54852b5a99562ad92f1e7 [CANDIDATE]: Term 2 pre-election: Election decided. Result: candidate won. Election summary: received 2 responses out of 3 voters: 2 yes votes; 0 no votes. yes voters: 438836379d7541bea3bb3a70024fbe14, d731ceb148b54852b5a99562ad92f1e7; no voters: 
I20260710 11:11:24.147629 24315 raft_consensus.cc:2804] T 9ed5dec07af84c7a957d493a438007f2 P d731ceb148b54852b5a99562ad92f1e7 [term 1 FOLLOWER]: Leader pre-election won for term 2
I20260710 11:11:24.147908 24315 raft_consensus.cc:493] T 9ed5dec07af84c7a957d493a438007f2 P d731ceb148b54852b5a99562ad92f1e7 [term 1 FOLLOWER]: Starting leader election (no leader contacted us within the election timeout)
I20260710 11:11:24.148168 24315 raft_consensus.cc:3060] T 9ed5dec07af84c7a957d493a438007f2 P d731ceb148b54852b5a99562ad92f1e7 [term 1 FOLLOWER]: Advancing to term 2
I20260710 11:11:24.152315 24315 raft_consensus.cc:515] T 9ed5dec07af84c7a957d493a438007f2 P d731ceb148b54852b5a99562ad92f1e7 [term 2 FOLLOWER]: Starting leader election with config: opid_index: -1 OBSOLETE_local: false peers { permanent_uuid: "438836379d7541bea3bb3a70024fbe14" member_type: VOTER last_known_addr { host: "127.22.233.65" port: 36681 } } peers { permanent_uuid: "216b994b9409419c95de9aeb86b251d0" member_type: VOTER last_known_addr { host: "127.22.233.66" port: 45849 } } peers { permanent_uuid: "d731ceb148b54852b5a99562ad92f1e7" member_type: VOTER last_known_addr { host: "127.22.233.67" port: 40755 } }
I20260710 11:11:24.153784 24315 leader_election.cc:290] T 9ed5dec07af84c7a957d493a438007f2 P d731ceb148b54852b5a99562ad92f1e7 [CANDIDATE]: Term 2 election: Requested vote from peers 438836379d7541bea3bb3a70024fbe14 (127.22.233.65:36681), 216b994b9409419c95de9aeb86b251d0 (127.22.233.66:45849)
I20260710 11:11:24.154435 24090 tablet_service.cc:1917] Received RequestConsensusVote() RPC: tablet_id: "9ed5dec07af84c7a957d493a438007f2" candidate_uuid: "d731ceb148b54852b5a99562ad92f1e7" candidate_term: 2 candidate_status { last_received { term: 0 index: 0 } } ignore_live_leader: false dest_uuid: "438836379d7541bea3bb3a70024fbe14"
I20260710 11:11:24.154572 24163 tablet_service.cc:1917] Received RequestConsensusVote() RPC: tablet_id: "9ed5dec07af84c7a957d493a438007f2" candidate_uuid: "d731ceb148b54852b5a99562ad92f1e7" candidate_term: 2 candidate_status { last_received { term: 0 index: 0 } } ignore_live_leader: false dest_uuid: "216b994b9409419c95de9aeb86b251d0"
I20260710 11:11:24.154847 24090 raft_consensus.cc:3060] T 9ed5dec07af84c7a957d493a438007f2 P 438836379d7541bea3bb3a70024fbe14 [term 1 FOLLOWER]: Advancing to term 2
I20260710 11:11:24.155014 24163 raft_consensus.cc:3060] T 9ed5dec07af84c7a957d493a438007f2 P 216b994b9409419c95de9aeb86b251d0 [term 1 FOLLOWER]: Advancing to term 2
I20260710 11:11:24.159011 24090 raft_consensus.cc:2468] T 9ed5dec07af84c7a957d493a438007f2 P 438836379d7541bea3bb3a70024fbe14 [term 2 FOLLOWER]: Leader election vote request: Granting yes vote for candidate d731ceb148b54852b5a99562ad92f1e7 in term 2.
I20260710 11:11:24.159197 24163 raft_consensus.cc:2468] T 9ed5dec07af84c7a957d493a438007f2 P 216b994b9409419c95de9aeb86b251d0 [term 2 FOLLOWER]: Leader election vote request: Granting yes vote for candidate d731ceb148b54852b5a99562ad92f1e7 in term 2.
I20260710 11:11:24.159956 24202 leader_election.cc:304] T 9ed5dec07af84c7a957d493a438007f2 P d731ceb148b54852b5a99562ad92f1e7 [CANDIDATE]: Term 2 election: Election decided. Result: candidate won. Election summary: received 2 responses out of 3 voters: 2 yes votes; 0 no votes. yes voters: 438836379d7541bea3bb3a70024fbe14, d731ceb148b54852b5a99562ad92f1e7; no voters: 
I20260710 11:11:24.160519 24315 raft_consensus.cc:2804] T 9ed5dec07af84c7a957d493a438007f2 P d731ceb148b54852b5a99562ad92f1e7 [term 2 FOLLOWER]: Leader election won for term 2
I20260710 11:11:24.160878 24315 raft_consensus.cc:697] T 9ed5dec07af84c7a957d493a438007f2 P d731ceb148b54852b5a99562ad92f1e7 [term 2 LEADER]: Becoming Leader. State: Replica: d731ceb148b54852b5a99562ad92f1e7, State: Running, Role: LEADER
I20260710 11:11:24.161535 24315 consensus_queue.cc:237] T 9ed5dec07af84c7a957d493a438007f2 P d731ceb148b54852b5a99562ad92f1e7 [LEADER]: Queue going to LEADER mode. State: All replicated index: 0, Majority replicated index: 0, Committed index: 0, Last appended: 0.0, Last appended by leader: 0, Current term: 2, Majority size: 2, State: 0, Mode: LEADER, active raft config: opid_index: -1 OBSOLETE_local: false peers { permanent_uuid: "438836379d7541bea3bb3a70024fbe14" member_type: VOTER last_known_addr { host: "127.22.233.65" port: 36681 } } peers { permanent_uuid: "216b994b9409419c95de9aeb86b251d0" member_type: VOTER last_known_addr { host: "127.22.233.66" port: 45849 } } peers { permanent_uuid: "d731ceb148b54852b5a99562ad92f1e7" member_type: VOTER last_known_addr { host: "127.22.233.67" port: 40755 } }
I20260710 11:11:24.167981 23987 catalog_manager.cc:5697] T 9ed5dec07af84c7a957d493a438007f2 P d731ceb148b54852b5a99562ad92f1e7 reported cstate change: term changed from 0 to 2, leader changed from <none> to d731ceb148b54852b5a99562ad92f1e7 (127.22.233.67). New cstate: current_term: 2 leader_uuid: "d731ceb148b54852b5a99562ad92f1e7" committed_config { opid_index: -1 OBSOLETE_local: false peers { permanent_uuid: "438836379d7541bea3bb3a70024fbe14" member_type: VOTER last_known_addr { host: "127.22.233.65" port: 36681 } health_report { overall_health: UNKNOWN } } peers { permanent_uuid: "216b994b9409419c95de9aeb86b251d0" member_type: VOTER last_known_addr { host: "127.22.233.66" port: 45849 } health_report { overall_health: UNKNOWN } } peers { permanent_uuid: "d731ceb148b54852b5a99562ad92f1e7" member_type: VOTER last_known_addr { host: "127.22.233.67" port: 40755 } health_report { overall_health: HEALTHY } } }
I20260710 11:11:24.242842 24239 tablet_service.cc:2072] Received LeaderStepDown RPC: tablet_id: "55c9a8f2e10241ec841ba4e19a8d8ba3"
dest_uuid: "d731ceb148b54852b5a99562ad92f1e7"
mode: GRACEFUL
new_leader_uuid: "438836379d7541bea3bb3a70024fbe14"
 from {username='slave'} at 127.0.0.1:55316
I20260710 11:11:24.243310 24239 raft_consensus.cc:606] T 55c9a8f2e10241ec841ba4e19a8d8ba3 P d731ceb148b54852b5a99562ad92f1e7 [term 1 LEADER]: Received request to transfer leadership to TS 438836379d7541bea3bb3a70024fbe14
I20260710 11:11:24.247406 24239 tablet_service.cc:2072] Received LeaderStepDown RPC: tablet_id: "9ed5dec07af84c7a957d493a438007f2"
dest_uuid: "d731ceb148b54852b5a99562ad92f1e7"
mode: GRACEFUL
new_leader_uuid: "438836379d7541bea3bb3a70024fbe14"
 from {username='slave'} at 127.0.0.1:55316
I20260710 11:11:24.247819 24239 raft_consensus.cc:606] T 9ed5dec07af84c7a957d493a438007f2 P d731ceb148b54852b5a99562ad92f1e7 [term 2 LEADER]: Received request to transfer leadership to TS 438836379d7541bea3bb3a70024fbe14
I20260710 11:11:24.253866 24239 tablet_service.cc:2072] Received LeaderStepDown RPC: tablet_id: "d478bca131824f8c8883a5f392f5a742"
dest_uuid: "d731ceb148b54852b5a99562ad92f1e7"
mode: GRACEFUL
new_leader_uuid: "438836379d7541bea3bb3a70024fbe14"
 from {username='slave'} at 127.0.0.1:55316
I20260710 11:11:24.254276 24239 raft_consensus.cc:606] T d478bca131824f8c8883a5f392f5a742 P d731ceb148b54852b5a99562ad92f1e7 [term 1 LEADER]: Received request to transfer leadership to TS 438836379d7541bea3bb3a70024fbe14
I20260710 11:11:24.265079 24239 tablet_service.cc:2072] Received LeaderStepDown RPC: tablet_id: "cb767d4755ce4738a35296a664596df7"
dest_uuid: "d731ceb148b54852b5a99562ad92f1e7"
mode: GRACEFUL
new_leader_uuid: "216b994b9409419c95de9aeb86b251d0"
 from {username='slave'} at 127.0.0.1:55316
I20260710 11:11:24.265641 24239 raft_consensus.cc:606] T cb767d4755ce4738a35296a664596df7 P d731ceb148b54852b5a99562ad92f1e7 [term 1 LEADER]: Received request to transfer leadership to TS 216b994b9409419c95de9aeb86b251d0
I20260710 11:11:24.270571 24239 tablet_service.cc:2072] Received LeaderStepDown RPC: tablet_id: "908ffdfe89694934babb59614f02c43c"
dest_uuid: "d731ceb148b54852b5a99562ad92f1e7"
mode: GRACEFUL
new_leader_uuid: "216b994b9409419c95de9aeb86b251d0"
 from {username='slave'} at 127.0.0.1:55316
I20260710 11:11:24.271102 24239 raft_consensus.cc:606] T 908ffdfe89694934babb59614f02c43c P d731ceb148b54852b5a99562ad92f1e7 [term 1 LEADER]: Received request to transfer leadership to TS 216b994b9409419c95de9aeb86b251d0
I20260710 11:11:24.326695 24285 raft_consensus.cc:993] T 908ffdfe89694934babb59614f02c43c P d731ceb148b54852b5a99562ad92f1e7: : Instructing follower 216b994b9409419c95de9aeb86b251d0 to start an election
I20260710 11:11:24.327090 24315 raft_consensus.cc:1081] T 908ffdfe89694934babb59614f02c43c P d731ceb148b54852b5a99562ad92f1e7 [term 1 LEADER]: Signalling peer 216b994b9409419c95de9aeb86b251d0 to start an election
I20260710 11:11:24.328362 24163 tablet_service.cc:2044] Received Run Leader Election RPC: tablet_id: "908ffdfe89694934babb59614f02c43c"
dest_uuid: "216b994b9409419c95de9aeb86b251d0"
 from {username='slave'} at 127.0.0.1:41162
I20260710 11:11:24.328809 24163 raft_consensus.cc:493] T 908ffdfe89694934babb59614f02c43c P 216b994b9409419c95de9aeb86b251d0 [term 1 FOLLOWER]: Starting forced leader election (received explicit request)
I20260710 11:11:24.329068 24163 raft_consensus.cc:3060] T 908ffdfe89694934babb59614f02c43c P 216b994b9409419c95de9aeb86b251d0 [term 1 FOLLOWER]: Advancing to term 2
I20260710 11:11:24.333361 24163 raft_consensus.cc:515] T 908ffdfe89694934babb59614f02c43c P 216b994b9409419c95de9aeb86b251d0 [term 2 FOLLOWER]: Starting forced leader election with config: opid_index: -1 OBSOLETE_local: false peers { permanent_uuid: "438836379d7541bea3bb3a70024fbe14" member_type: VOTER last_known_addr { host: "127.22.233.65" port: 36681 } } peers { permanent_uuid: "216b994b9409419c95de9aeb86b251d0" member_type: VOTER last_known_addr { host: "127.22.233.66" port: 45849 } } peers { permanent_uuid: "d731ceb148b54852b5a99562ad92f1e7" member_type: VOTER last_known_addr { host: "127.22.233.67" port: 40755 } }
I20260710 11:11:24.334800 24163 leader_election.cc:290] T 908ffdfe89694934babb59614f02c43c P 216b994b9409419c95de9aeb86b251d0 [CANDIDATE]: Term 2 election: Requested vote from peers 438836379d7541bea3bb3a70024fbe14 (127.22.233.65:36681), d731ceb148b54852b5a99562ad92f1e7 (127.22.233.67:40755)
I20260710 11:11:24.335562 24090 tablet_service.cc:1917] Received RequestConsensusVote() RPC: tablet_id: "908ffdfe89694934babb59614f02c43c" candidate_uuid: "216b994b9409419c95de9aeb86b251d0" candidate_term: 2 candidate_status { last_received { term: 1 index: 1 } } ignore_live_leader: true dest_uuid: "438836379d7541bea3bb3a70024fbe14"
I20260710 11:11:24.335754 24239 tablet_service.cc:1917] Received RequestConsensusVote() RPC: tablet_id: "908ffdfe89694934babb59614f02c43c" candidate_uuid: "216b994b9409419c95de9aeb86b251d0" candidate_term: 2 candidate_status { last_received { term: 1 index: 1 } } ignore_live_leader: true dest_uuid: "d731ceb148b54852b5a99562ad92f1e7"
I20260710 11:11:24.336119 24090 raft_consensus.cc:3060] T 908ffdfe89694934babb59614f02c43c P 438836379d7541bea3bb3a70024fbe14 [term 1 FOLLOWER]: Advancing to term 2
I20260710 11:11:24.336287 24239 raft_consensus.cc:3055] T 908ffdfe89694934babb59614f02c43c P d731ceb148b54852b5a99562ad92f1e7 [term 1 LEADER]: Stepping down as leader of term 1
I20260710 11:11:24.336583 24239 raft_consensus.cc:740] T 908ffdfe89694934babb59614f02c43c P d731ceb148b54852b5a99562ad92f1e7 [term 1 LEADER]: Becoming Follower/Learner. State: Replica: d731ceb148b54852b5a99562ad92f1e7, State: Running, Role: LEADER
I20260710 11:11:24.337231 24239 consensus_queue.cc:260] T 908ffdfe89694934babb59614f02c43c P d731ceb148b54852b5a99562ad92f1e7 [NON_LEADER]: Queue going to NON_LEADER mode. State: All replicated index: 0, Majority replicated index: 1, Committed index: 1, Last appended: 1.1, Last appended by leader: 1, Current term: 1, Majority size: -1, State: 0, Mode: NON_LEADER, active raft config: opid_index: -1 OBSOLETE_local: false peers { permanent_uuid: "438836379d7541bea3bb3a70024fbe14" member_type: VOTER last_known_addr { host: "127.22.233.65" port: 36681 } } peers { permanent_uuid: "216b994b9409419c95de9aeb86b251d0" member_type: VOTER last_known_addr { host: "127.22.233.66" port: 45849 } } peers { permanent_uuid: "d731ceb148b54852b5a99562ad92f1e7" member_type: VOTER last_known_addr { host: "127.22.233.67" port: 40755 } }
I20260710 11:11:24.338078 24239 raft_consensus.cc:3060] T 908ffdfe89694934babb59614f02c43c P d731ceb148b54852b5a99562ad92f1e7 [term 1 FOLLOWER]: Advancing to term 2
I20260710 11:11:24.340626 24090 raft_consensus.cc:2468] T 908ffdfe89694934babb59614f02c43c P 438836379d7541bea3bb3a70024fbe14 [term 2 FOLLOWER]: Leader election vote request: Granting yes vote for candidate 216b994b9409419c95de9aeb86b251d0 in term 2.
I20260710 11:11:24.341729 24128 leader_election.cc:304] T 908ffdfe89694934babb59614f02c43c P 216b994b9409419c95de9aeb86b251d0 [CANDIDATE]: Term 2 election: Election decided. Result: candidate won. Election summary: received 2 responses out of 3 voters: 2 yes votes; 0 no votes. yes voters: 216b994b9409419c95de9aeb86b251d0, 438836379d7541bea3bb3a70024fbe14; no voters: 
I20260710 11:11:24.342391 24350 raft_consensus.cc:2804] T 908ffdfe89694934babb59614f02c43c P 216b994b9409419c95de9aeb86b251d0 [term 2 FOLLOWER]: Leader election won for term 2
I20260710 11:11:24.342826 24239 raft_consensus.cc:2468] T 908ffdfe89694934babb59614f02c43c P d731ceb148b54852b5a99562ad92f1e7 [term 2 FOLLOWER]: Leader election vote request: Granting yes vote for candidate 216b994b9409419c95de9aeb86b251d0 in term 2.
I20260710 11:11:24.343605 24350 raft_consensus.cc:697] T 908ffdfe89694934babb59614f02c43c P 216b994b9409419c95de9aeb86b251d0 [term 2 LEADER]: Becoming Leader. State: Replica: 216b994b9409419c95de9aeb86b251d0, State: Running, Role: LEADER
I20260710 11:11:24.344507 24350 consensus_queue.cc:237] T 908ffdfe89694934babb59614f02c43c P 216b994b9409419c95de9aeb86b251d0 [LEADER]: Queue going to LEADER mode. State: All replicated index: 0, Majority replicated index: 1, Committed index: 1, Last appended: 1.1, Last appended by leader: 1, Current term: 2, Majority size: 2, State: 0, Mode: LEADER, active raft config: opid_index: -1 OBSOLETE_local: false peers { permanent_uuid: "438836379d7541bea3bb3a70024fbe14" member_type: VOTER last_known_addr { host: "127.22.233.65" port: 36681 } } peers { permanent_uuid: "216b994b9409419c95de9aeb86b251d0" member_type: VOTER last_known_addr { host: "127.22.233.66" port: 45849 } } peers { permanent_uuid: "d731ceb148b54852b5a99562ad92f1e7" member_type: VOTER last_known_addr { host: "127.22.233.67" port: 40755 } }
I20260710 11:11:24.351243 23988 catalog_manager.cc:5697] T 908ffdfe89694934babb59614f02c43c P 216b994b9409419c95de9aeb86b251d0 reported cstate change: term changed from 1 to 2, leader changed from d731ceb148b54852b5a99562ad92f1e7 (127.22.233.67) to 216b994b9409419c95de9aeb86b251d0 (127.22.233.66). New cstate: current_term: 2 leader_uuid: "216b994b9409419c95de9aeb86b251d0" committed_config { opid_index: -1 OBSOLETE_local: false peers { permanent_uuid: "438836379d7541bea3bb3a70024fbe14" member_type: VOTER last_known_addr { host: "127.22.233.65" port: 36681 } health_report { overall_health: UNKNOWN } } peers { permanent_uuid: "216b994b9409419c95de9aeb86b251d0" member_type: VOTER last_known_addr { host: "127.22.233.66" port: 45849 } health_report { overall_health: HEALTHY } } peers { permanent_uuid: "d731ceb148b54852b5a99562ad92f1e7" member_type: VOTER last_known_addr { host: "127.22.233.67" port: 40755 } health_report { overall_health: UNKNOWN } } }
I20260710 11:11:24.602280 24163 raft_consensus.cc:1275] T 9ed5dec07af84c7a957d493a438007f2 P 216b994b9409419c95de9aeb86b251d0 [term 2 FOLLOWER]: Refusing update from remote peer d731ceb148b54852b5a99562ad92f1e7: Log matching property violated. Preceding OpId in replica: term: 0 index: 0. Preceding OpId from leader: term: 2 index: 1. (index mismatch)
I20260710 11:11:24.603464 24285 consensus_queue.cc:1048] T 9ed5dec07af84c7a957d493a438007f2 P d731ceb148b54852b5a99562ad92f1e7 [LEADER]: Connected to new peer: Peer: permanent_uuid: "216b994b9409419c95de9aeb86b251d0" member_type: VOTER last_known_addr { host: "127.22.233.66" port: 45849 }, Status: LMP_MISMATCH, Last received: 0.0, Next index: 1, Last known committed idx: 0, Time since last communication: 0.000s
I20260710 11:11:24.612872 24090 raft_consensus.cc:1275] T 9ed5dec07af84c7a957d493a438007f2 P 438836379d7541bea3bb3a70024fbe14 [term 2 FOLLOWER]: Refusing update from remote peer d731ceb148b54852b5a99562ad92f1e7: Log matching property violated. Preceding OpId in replica: term: 0 index: 0. Preceding OpId from leader: term: 2 index: 1. (index mismatch)
I20260710 11:11:24.614378 24285 consensus_queue.cc:1048] T 9ed5dec07af84c7a957d493a438007f2 P d731ceb148b54852b5a99562ad92f1e7 [LEADER]: Connected to new peer: Peer: permanent_uuid: "438836379d7541bea3bb3a70024fbe14" member_type: VOTER last_known_addr { host: "127.22.233.65" port: 36681 }, Status: LMP_MISMATCH, Last received: 0.0, Next index: 1, Last known committed idx: 0, Time since last communication: 0.000s
I20260710 11:11:24.618695 24285 raft_consensus.cc:993] T cb767d4755ce4738a35296a664596df7 P d731ceb148b54852b5a99562ad92f1e7: : Instructing follower 216b994b9409419c95de9aeb86b251d0 to start an election
I20260710 11:11:24.619067 24285 raft_consensus.cc:1081] T cb767d4755ce4738a35296a664596df7 P d731ceb148b54852b5a99562ad92f1e7 [term 1 LEADER]: Signalling peer 216b994b9409419c95de9aeb86b251d0 to start an election
I20260710 11:11:24.620761 24163 tablet_service.cc:2044] Received Run Leader Election RPC: tablet_id: "cb767d4755ce4738a35296a664596df7"
dest_uuid: "216b994b9409419c95de9aeb86b251d0"
 from {username='slave'} at 127.0.0.1:41162
I20260710 11:11:24.621315 24163 raft_consensus.cc:493] T cb767d4755ce4738a35296a664596df7 P 216b994b9409419c95de9aeb86b251d0 [term 1 FOLLOWER]: Starting forced leader election (received explicit request)
I20260710 11:11:24.621708 24163 raft_consensus.cc:3060] T cb767d4755ce4738a35296a664596df7 P 216b994b9409419c95de9aeb86b251d0 [term 1 FOLLOWER]: Advancing to term 2
I20260710 11:11:24.623592 24374 raft_consensus.cc:993] T 9ed5dec07af84c7a957d493a438007f2 P d731ceb148b54852b5a99562ad92f1e7: : Instructing follower 438836379d7541bea3bb3a70024fbe14 to start an election
I20260710 11:11:24.624039 24374 raft_consensus.cc:1081] T 9ed5dec07af84c7a957d493a438007f2 P d731ceb148b54852b5a99562ad92f1e7 [term 2 LEADER]: Signalling peer 438836379d7541bea3bb3a70024fbe14 to start an election
I20260710 11:11:24.625758 24090 tablet_service.cc:2044] Received Run Leader Election RPC: tablet_id: "9ed5dec07af84c7a957d493a438007f2"
dest_uuid: "438836379d7541bea3bb3a70024fbe14"
 from {username='slave'} at 127.0.0.1:40988
I20260710 11:11:24.626158 24090 raft_consensus.cc:493] T 9ed5dec07af84c7a957d493a438007f2 P 438836379d7541bea3bb3a70024fbe14 [term 2 FOLLOWER]: Starting forced leader election (received explicit request)
I20260710 11:11:24.626458 24090 raft_consensus.cc:3060] T 9ed5dec07af84c7a957d493a438007f2 P 438836379d7541bea3bb3a70024fbe14 [term 2 FOLLOWER]: Advancing to term 3
I20260710 11:11:24.630187 24163 raft_consensus.cc:515] T cb767d4755ce4738a35296a664596df7 P 216b994b9409419c95de9aeb86b251d0 [term 2 FOLLOWER]: Starting forced leader election with config: opid_index: -1 OBSOLETE_local: false peers { permanent_uuid: "438836379d7541bea3bb3a70024fbe14" member_type: VOTER last_known_addr { host: "127.22.233.65" port: 36681 } } peers { permanent_uuid: "216b994b9409419c95de9aeb86b251d0" member_type: VOTER last_known_addr { host: "127.22.233.66" port: 45849 } } peers { permanent_uuid: "d731ceb148b54852b5a99562ad92f1e7" member_type: VOTER last_known_addr { host: "127.22.233.67" port: 40755 } }
I20260710 11:11:24.631098 24090 raft_consensus.cc:515] T 9ed5dec07af84c7a957d493a438007f2 P 438836379d7541bea3bb3a70024fbe14 [term 3 FOLLOWER]: Starting forced leader election with config: opid_index: -1 OBSOLETE_local: false peers { permanent_uuid: "438836379d7541bea3bb3a70024fbe14" member_type: VOTER last_known_addr { host: "127.22.233.65" port: 36681 } } peers { permanent_uuid: "216b994b9409419c95de9aeb86b251d0" member_type: VOTER last_known_addr { host: "127.22.233.66" port: 45849 } } peers { permanent_uuid: "d731ceb148b54852b5a99562ad92f1e7" member_type: VOTER last_known_addr { host: "127.22.233.67" port: 40755 } }
I20260710 11:11:24.631726 24163 leader_election.cc:290] T cb767d4755ce4738a35296a664596df7 P 216b994b9409419c95de9aeb86b251d0 [CANDIDATE]: Term 2 election: Requested vote from peers 438836379d7541bea3bb3a70024fbe14 (127.22.233.65:36681), d731ceb148b54852b5a99562ad92f1e7 (127.22.233.67:40755)
I20260710 11:11:24.632704 24089 tablet_service.cc:1917] Received RequestConsensusVote() RPC: tablet_id: "cb767d4755ce4738a35296a664596df7" candidate_uuid: "216b994b9409419c95de9aeb86b251d0" candidate_term: 2 candidate_status { last_received { term: 1 index: 1 } } ignore_live_leader: true dest_uuid: "438836379d7541bea3bb3a70024fbe14"
I20260710 11:11:24.632898 24090 leader_election.cc:290] T 9ed5dec07af84c7a957d493a438007f2 P 438836379d7541bea3bb3a70024fbe14 [CANDIDATE]: Term 3 election: Requested vote from peers 216b994b9409419c95de9aeb86b251d0 (127.22.233.66:45849), d731ceb148b54852b5a99562ad92f1e7 (127.22.233.67:40755)
I20260710 11:11:24.633733 24089 raft_consensus.cc:3060] T cb767d4755ce4738a35296a664596df7 P 438836379d7541bea3bb3a70024fbe14 [term 1 FOLLOWER]: Advancing to term 2
I20260710 11:11:24.634071 24163 tablet_service.cc:1917] Received RequestConsensusVote() RPC: tablet_id: "9ed5dec07af84c7a957d493a438007f2" candidate_uuid: "438836379d7541bea3bb3a70024fbe14" candidate_term: 3 candidate_status { last_received { term: 2 index: 1 } } ignore_live_leader: true dest_uuid: "216b994b9409419c95de9aeb86b251d0"
I20260710 11:11:24.634620 24163 raft_consensus.cc:3060] T 9ed5dec07af84c7a957d493a438007f2 P 216b994b9409419c95de9aeb86b251d0 [term 2 FOLLOWER]: Advancing to term 3
I20260710 11:11:24.635089 24239 tablet_service.cc:1917] Received RequestConsensusVote() RPC: tablet_id: "9ed5dec07af84c7a957d493a438007f2" candidate_uuid: "438836379d7541bea3bb3a70024fbe14" candidate_term: 3 candidate_status { last_received { term: 2 index: 1 } } ignore_live_leader: true dest_uuid: "d731ceb148b54852b5a99562ad92f1e7"
I20260710 11:11:24.635597 24239 raft_consensus.cc:3055] T 9ed5dec07af84c7a957d493a438007f2 P d731ceb148b54852b5a99562ad92f1e7 [term 2 LEADER]: Stepping down as leader of term 2
I20260710 11:11:24.635908 24239 raft_consensus.cc:740] T 9ed5dec07af84c7a957d493a438007f2 P d731ceb148b54852b5a99562ad92f1e7 [term 2 LEADER]: Becoming Follower/Learner. State: Replica: d731ceb148b54852b5a99562ad92f1e7, State: Running, Role: LEADER
I20260710 11:11:24.636686 24239 consensus_queue.cc:260] T 9ed5dec07af84c7a957d493a438007f2 P d731ceb148b54852b5a99562ad92f1e7 [NON_LEADER]: Queue going to NON_LEADER mode. State: All replicated index: 0, Majority replicated index: 1, Committed index: 1, Last appended: 2.1, Last appended by leader: 1, Current term: 2, Majority size: -1, State: 0, Mode: NON_LEADER, active raft config: opid_index: -1 OBSOLETE_local: false peers { permanent_uuid: "438836379d7541bea3bb3a70024fbe14" member_type: VOTER last_known_addr { host: "127.22.233.65" port: 36681 } } peers { permanent_uuid: "216b994b9409419c95de9aeb86b251d0" member_type: VOTER last_known_addr { host: "127.22.233.66" port: 45849 } } peers { permanent_uuid: "d731ceb148b54852b5a99562ad92f1e7" member_type: VOTER last_known_addr { host: "127.22.233.67" port: 40755 } }
I20260710 11:11:24.637806 24239 raft_consensus.cc:3060] T 9ed5dec07af84c7a957d493a438007f2 P d731ceb148b54852b5a99562ad92f1e7 [term 2 FOLLOWER]: Advancing to term 3
I20260710 11:11:24.635619 24237 tablet_service.cc:1917] Received RequestConsensusVote() RPC: tablet_id: "cb767d4755ce4738a35296a664596df7" candidate_uuid: "216b994b9409419c95de9aeb86b251d0" candidate_term: 2 candidate_status { last_received { term: 1 index: 1 } } ignore_live_leader: true dest_uuid: "d731ceb148b54852b5a99562ad92f1e7"
I20260710 11:11:24.638948 24237 raft_consensus.cc:3055] T cb767d4755ce4738a35296a664596df7 P d731ceb148b54852b5a99562ad92f1e7 [term 1 LEADER]: Stepping down as leader of term 1
I20260710 11:11:24.639231 24237 raft_consensus.cc:740] T cb767d4755ce4738a35296a664596df7 P d731ceb148b54852b5a99562ad92f1e7 [term 1 LEADER]: Becoming Follower/Learner. State: Replica: d731ceb148b54852b5a99562ad92f1e7, State: Running, Role: LEADER
I20260710 11:11:24.639585 24089 raft_consensus.cc:2468] T cb767d4755ce4738a35296a664596df7 P 438836379d7541bea3bb3a70024fbe14 [term 2 FOLLOWER]: Leader election vote request: Granting yes vote for candidate 216b994b9409419c95de9aeb86b251d0 in term 2.
I20260710 11:11:24.639952 24237 consensus_queue.cc:260] T cb767d4755ce4738a35296a664596df7 P d731ceb148b54852b5a99562ad92f1e7 [NON_LEADER]: Queue going to NON_LEADER mode. State: All replicated index: 0, Majority replicated index: 1, Committed index: 1, Last appended: 1.1, Last appended by leader: 1, Current term: 1, Majority size: -1, State: 0, Mode: NON_LEADER, active raft config: opid_index: -1 OBSOLETE_local: false peers { permanent_uuid: "438836379d7541bea3bb3a70024fbe14" member_type: VOTER last_known_addr { host: "127.22.233.65" port: 36681 } } peers { permanent_uuid: "216b994b9409419c95de9aeb86b251d0" member_type: VOTER last_known_addr { host: "127.22.233.66" port: 45849 } } peers { permanent_uuid: "d731ceb148b54852b5a99562ad92f1e7" member_type: VOTER last_known_addr { host: "127.22.233.67" port: 40755 } }
I20260710 11:11:24.640545 24163 raft_consensus.cc:2468] T 9ed5dec07af84c7a957d493a438007f2 P 216b994b9409419c95de9aeb86b251d0 [term 3 FOLLOWER]: Leader election vote request: Granting yes vote for candidate 438836379d7541bea3bb3a70024fbe14 in term 3.
I20260710 11:11:24.641270 24237 raft_consensus.cc:3060] T cb767d4755ce4738a35296a664596df7 P d731ceb148b54852b5a99562ad92f1e7 [term 1 FOLLOWER]: Advancing to term 2
I20260710 11:11:24.641664 24053 leader_election.cc:304] T 9ed5dec07af84c7a957d493a438007f2 P 438836379d7541bea3bb3a70024fbe14 [CANDIDATE]: Term 3 election: Election decided. Result: candidate won. Election summary: received 2 responses out of 3 voters: 2 yes votes; 0 no votes. yes voters: 216b994b9409419c95de9aeb86b251d0, 438836379d7541bea3bb3a70024fbe14; no voters: 
I20260710 11:11:24.642418 24314 raft_consensus.cc:2804] T 9ed5dec07af84c7a957d493a438007f2 P 438836379d7541bea3bb3a70024fbe14 [term 3 FOLLOWER]: Leader election won for term 3
I20260710 11:11:24.642854 24314 raft_consensus.cc:697] T 9ed5dec07af84c7a957d493a438007f2 P 438836379d7541bea3bb3a70024fbe14 [term 3 LEADER]: Becoming Leader. State: Replica: 438836379d7541bea3bb3a70024fbe14, State: Running, Role: LEADER
I20260710 11:11:24.643571 24314 consensus_queue.cc:237] T 9ed5dec07af84c7a957d493a438007f2 P 438836379d7541bea3bb3a70024fbe14 [LEADER]: Queue going to LEADER mode. State: All replicated index: 0, Majority replicated index: 1, Committed index: 1, Last appended: 2.1, Last appended by leader: 1, Current term: 3, Majority size: 2, State: 0, Mode: LEADER, active raft config: opid_index: -1 OBSOLETE_local: false peers { permanent_uuid: "438836379d7541bea3bb3a70024fbe14" member_type: VOTER last_known_addr { host: "127.22.233.65" port: 36681 } } peers { permanent_uuid: "216b994b9409419c95de9aeb86b251d0" member_type: VOTER last_known_addr { host: "127.22.233.66" port: 45849 } } peers { permanent_uuid: "d731ceb148b54852b5a99562ad92f1e7" member_type: VOTER last_known_addr { host: "127.22.233.67" port: 40755 } }
I20260710 11:11:24.644704 24239 raft_consensus.cc:2468] T 9ed5dec07af84c7a957d493a438007f2 P d731ceb148b54852b5a99562ad92f1e7 [term 3 FOLLOWER]: Leader election vote request: Granting yes vote for candidate 438836379d7541bea3bb3a70024fbe14 in term 3.
I20260710 11:11:24.645764 24128 leader_election.cc:304] T cb767d4755ce4738a35296a664596df7 P 216b994b9409419c95de9aeb86b251d0 [CANDIDATE]: Term 2 election: Election decided. Result: candidate won. Election summary: received 2 responses out of 3 voters: 2 yes votes; 0 no votes. yes voters: 216b994b9409419c95de9aeb86b251d0, 438836379d7541bea3bb3a70024fbe14; no voters: 
I20260710 11:11:24.646099 24237 raft_consensus.cc:2468] T cb767d4755ce4738a35296a664596df7 P d731ceb148b54852b5a99562ad92f1e7 [term 2 FOLLOWER]: Leader election vote request: Granting yes vote for candidate 216b994b9409419c95de9aeb86b251d0 in term 2.
