I20260710 11:11:52.182137 19888 consensus_queue.cc:260] T a2531e38131a424992fa1d322f880ce4 P 88bf0c056e2f4948b3251fcf7a46972d [NON_LEADER]: Queue going to NON_LEADER mode. State: All replicated index: 0, Majority replicated index: 1, Committed index: 1, Last appended: 1.1, Last appended by leader: 1, Current term: 1, Majority size: -1, State: 0, Mode: NON_LEADER, active raft config: opid_index: -1 OBSOLETE_local: false peers { permanent_uuid: "c1f691fcd4ab4bd487055ed18f1ab6b8" member_type: VOTER last_known_addr { host: "127.18.51.1" port: 39121 } } peers { permanent_uuid: "4f81e95e722d4835997aef0e7ba67714" member_type: VOTER last_known_addr { host: "127.18.51.2" port: 35421 } } peers { permanent_uuid: "88bf0c056e2f4948b3251fcf7a46972d" member_type: VOTER last_known_addr { host: "127.18.51.3" port: 42597 } }
I20260710 11:11:52.183001 19888 raft_consensus.cc:3060] T a2531e38131a424992fa1d322f880ce4 P 88bf0c056e2f4948b3251fcf7a46972d [term 1 FOLLOWER]: Advancing to term 2
I20260710 11:11:52.186153 19739 raft_consensus.cc:2468] T a2531e38131a424992fa1d322f880ce4 P c1f691fcd4ab4bd487055ed18f1ab6b8 [term 2 FOLLOWER]: Leader election vote request: Granting yes vote for candidate 4f81e95e722d4835997aef0e7ba67714 in term 2.
I20260710 11:11:52.187252 19778 leader_election.cc:304] T a2531e38131a424992fa1d322f880ce4 P 4f81e95e722d4835997aef0e7ba67714 [CANDIDATE]: Term 2 election: Election decided. Result: candidate won. Election summary: received 2 responses out of 3 voters: 2 yes votes; 0 no votes. yes voters: 4f81e95e722d4835997aef0e7ba67714, c1f691fcd4ab4bd487055ed18f1ab6b8; no voters: 
I20260710 11:11:52.187973 20509 raft_consensus.cc:2804] T a2531e38131a424992fa1d322f880ce4 P 4f81e95e722d4835997aef0e7ba67714 [term 2 FOLLOWER]: Leader election won for term 2
I20260710 11:11:52.188340 20509 raft_consensus.cc:697] T a2531e38131a424992fa1d322f880ce4 P 4f81e95e722d4835997aef0e7ba67714 [term 2 LEADER]: Becoming Leader. State: Replica: 4f81e95e722d4835997aef0e7ba67714, State: Running, Role: LEADER
I20260710 11:11:52.188544 19888 raft_consensus.cc:2468] T a2531e38131a424992fa1d322f880ce4 P 88bf0c056e2f4948b3251fcf7a46972d [term 2 FOLLOWER]: Leader election vote request: Granting yes vote for candidate 4f81e95e722d4835997aef0e7ba67714 in term 2.
I20260710 11:11:52.189074 20509 consensus_queue.cc:237] T a2531e38131a424992fa1d322f880ce4 P 4f81e95e722d4835997aef0e7ba67714 [LEADER]: Queue going to LEADER mode. State: All replicated index: 0, Majority replicated index: 1, Committed index: 1, Last appended: 1.1, Last appended by leader: 1, Current term: 2, Majority size: 2, State: 0, Mode: LEADER, active raft config: opid_index: -1 OBSOLETE_local: false peers { permanent_uuid: "c1f691fcd4ab4bd487055ed18f1ab6b8" member_type: VOTER last_known_addr { host: "127.18.51.1" port: 39121 } } peers { permanent_uuid: "4f81e95e722d4835997aef0e7ba67714" member_type: VOTER last_known_addr { host: "127.18.51.2" port: 35421 } } peers { permanent_uuid: "88bf0c056e2f4948b3251fcf7a46972d" member_type: VOTER last_known_addr { host: "127.18.51.3" port: 42597 } }
I20260710 11:11:52.196080 19637 catalog_manager.cc:5697] T a2531e38131a424992fa1d322f880ce4 P 4f81e95e722d4835997aef0e7ba67714 reported cstate change: term changed from 1 to 2, leader changed from 88bf0c056e2f4948b3251fcf7a46972d (127.18.51.3) to 4f81e95e722d4835997aef0e7ba67714 (127.18.51.2). New cstate: current_term: 2 leader_uuid: "4f81e95e722d4835997aef0e7ba67714" committed_config { opid_index: -1 OBSOLETE_local: false peers { permanent_uuid: "c1f691fcd4ab4bd487055ed18f1ab6b8" member_type: VOTER last_known_addr { host: "127.18.51.1" port: 39121 } health_report { overall_health: UNKNOWN } } peers { permanent_uuid: "4f81e95e722d4835997aef0e7ba67714" member_type: VOTER last_known_addr { host: "127.18.51.2" port: 35421 } health_report { overall_health: HEALTHY } } peers { permanent_uuid: "88bf0c056e2f4948b3251fcf7a46972d" member_type: VOTER last_known_addr { host: "127.18.51.3" port: 42597 } health_report { overall_health: UNKNOWN } } }
I20260710 11:11:52.294224 20519 raft_consensus.cc:993] T 73d16323304e42f1bc843a7d62a55ddf P 4f81e95e722d4835997aef0e7ba67714: : Instructing follower 88bf0c056e2f4948b3251fcf7a46972d to start an election
I20260710 11:11:52.294637 20509 raft_consensus.cc:1081] T 73d16323304e42f1bc843a7d62a55ddf P 4f81e95e722d4835997aef0e7ba67714 [term 1 LEADER]: Signalling peer 88bf0c056e2f4948b3251fcf7a46972d to start an election
I20260710 11:11:52.295820 19888 tablet_service.cc:2044] Received Run Leader Election RPC: tablet_id: "73d16323304e42f1bc843a7d62a55ddf"
dest_uuid: "88bf0c056e2f4948b3251fcf7a46972d"
 from {username='slave'} at 127.0.0.1:52802
I20260710 11:11:52.296200 19888 raft_consensus.cc:493] T 73d16323304e42f1bc843a7d62a55ddf P 88bf0c056e2f4948b3251fcf7a46972d [term 1 FOLLOWER]: Starting forced leader election (received explicit request)
I20260710 11:11:52.296439 19888 raft_consensus.cc:3060] T 73d16323304e42f1bc843a7d62a55ddf P 88bf0c056e2f4948b3251fcf7a46972d [term 1 FOLLOWER]: Advancing to term 2
I20260710 11:11:52.300414 19888 raft_consensus.cc:515] T 73d16323304e42f1bc843a7d62a55ddf P 88bf0c056e2f4948b3251fcf7a46972d [term 2 FOLLOWER]: Starting forced leader election with config: opid_index: -1 OBSOLETE_local: false peers { permanent_uuid: "c1f691fcd4ab4bd487055ed18f1ab6b8" member_type: VOTER last_known_addr { host: "127.18.51.1" port: 39121 } } peers { permanent_uuid: "4f81e95e722d4835997aef0e7ba67714" member_type: VOTER last_known_addr { host: "127.18.51.2" port: 35421 } } peers { permanent_uuid: "88bf0c056e2f4948b3251fcf7a46972d" member_type: VOTER last_known_addr { host: "127.18.51.3" port: 42597 } }
I20260710 11:11:52.301688 19888 leader_election.cc:290] T 73d16323304e42f1bc843a7d62a55ddf P 88bf0c056e2f4948b3251fcf7a46972d [CANDIDATE]: Term 2 election: Requested vote from peers c1f691fcd4ab4bd487055ed18f1ab6b8 (127.18.51.1:39121), 4f81e95e722d4835997aef0e7ba67714 (127.18.51.2:35421)
I20260710 11:11:52.302281 19739 tablet_service.cc:1917] Received RequestConsensusVote() RPC: tablet_id: "73d16323304e42f1bc843a7d62a55ddf" candidate_uuid: "88bf0c056e2f4948b3251fcf7a46972d" candidate_term: 2 candidate_status { last_received { term: 1 index: 1 } } ignore_live_leader: true dest_uuid: "c1f691fcd4ab4bd487055ed18f1ab6b8"
I20260710 11:11:52.302559 19814 tablet_service.cc:1917] Received RequestConsensusVote() RPC: tablet_id: "73d16323304e42f1bc843a7d62a55ddf" candidate_uuid: "88bf0c056e2f4948b3251fcf7a46972d" candidate_term: 2 candidate_status { last_received { term: 1 index: 1 } } ignore_live_leader: true dest_uuid: "4f81e95e722d4835997aef0e7ba67714"
I20260710 11:11:52.302788 19739 raft_consensus.cc:3060] T 73d16323304e42f1bc843a7d62a55ddf P c1f691fcd4ab4bd487055ed18f1ab6b8 [term 1 FOLLOWER]: Advancing to term 2
I20260710 11:11:52.303013 19814 raft_consensus.cc:3055] T 73d16323304e42f1bc843a7d62a55ddf P 4f81e95e722d4835997aef0e7ba67714 [term 1 LEADER]: Stepping down as leader of term 1
I20260710 11:11:52.303244 19814 raft_consensus.cc:740] T 73d16323304e42f1bc843a7d62a55ddf P 4f81e95e722d4835997aef0e7ba67714 [term 1 LEADER]: Becoming Follower/Learner. State: Replica: 4f81e95e722d4835997aef0e7ba67714, State: Running, Role: LEADER
I20260710 11:11:52.303836 19814 consensus_queue.cc:260] T 73d16323304e42f1bc843a7d62a55ddf P 4f81e95e722d4835997aef0e7ba67714 [NON_LEADER]: Queue going to NON_LEADER mode. State: All replicated index: 0, Majority replicated index: 1, Committed index: 1, Last appended: 1.1, Last appended by leader: 1, Current term: 1, Majority size: -1, State: 0, Mode: NON_LEADER, active raft config: opid_index: -1 OBSOLETE_local: false peers { permanent_uuid: "c1f691fcd4ab4bd487055ed18f1ab6b8" member_type: VOTER last_known_addr { host: "127.18.51.1" port: 39121 } } peers { permanent_uuid: "4f81e95e722d4835997aef0e7ba67714" member_type: VOTER last_known_addr { host: "127.18.51.2" port: 35421 } } peers { permanent_uuid: "88bf0c056e2f4948b3251fcf7a46972d" member_type: VOTER last_known_addr { host: "127.18.51.3" port: 42597 } }
I20260710 11:11:52.304643 19814 raft_consensus.cc:3060] T 73d16323304e42f1bc843a7d62a55ddf P 4f81e95e722d4835997aef0e7ba67714 [term 1 FOLLOWER]: Advancing to term 2
I20260710 11:11:52.307367 19739 raft_consensus.cc:2468] T 73d16323304e42f1bc843a7d62a55ddf P c1f691fcd4ab4bd487055ed18f1ab6b8 [term 2 FOLLOWER]: Leader election vote request: Granting yes vote for candidate 88bf0c056e2f4948b3251fcf7a46972d in term 2.
I20260710 11:11:52.308485 19852 leader_election.cc:304] T 73d16323304e42f1bc843a7d62a55ddf P 88bf0c056e2f4948b3251fcf7a46972d [CANDIDATE]: Term 2 election: Election decided. Result: candidate won. Election summary: received 2 responses out of 3 voters: 2 yes votes; 0 no votes. yes voters: 88bf0c056e2f4948b3251fcf7a46972d, c1f691fcd4ab4bd487055ed18f1ab6b8; no voters: 
I20260710 11:11:52.309188 20530 raft_consensus.cc:2804] T 73d16323304e42f1bc843a7d62a55ddf P 88bf0c056e2f4948b3251fcf7a46972d [term 2 FOLLOWER]: Leader election won for term 2
I20260710 11:11:52.309396 19814 raft_consensus.cc:2468] T 73d16323304e42f1bc843a7d62a55ddf P 4f81e95e722d4835997aef0e7ba67714 [term 2 FOLLOWER]: Leader election vote request: Granting yes vote for candidate 88bf0c056e2f4948b3251fcf7a46972d in term 2.
I20260710 11:11:52.309546 20530 raft_consensus.cc:697] T 73d16323304e42f1bc843a7d62a55ddf P 88bf0c056e2f4948b3251fcf7a46972d [term 2 LEADER]: Becoming Leader. State: Replica: 88bf0c056e2f4948b3251fcf7a46972d, State: Running, Role: LEADER
I20260710 11:11:52.310448 20530 consensus_queue.cc:237] T 73d16323304e42f1bc843a7d62a55ddf P 88bf0c056e2f4948b3251fcf7a46972d [LEADER]: Queue going to LEADER mode. State: All replicated index: 0, Majority replicated index: 1, Committed index: 1, Last appended: 1.1, Last appended by leader: 1, Current term: 2, Majority size: 2, State: 0, Mode: LEADER, active raft config: opid_index: -1 OBSOLETE_local: false peers { permanent_uuid: "c1f691fcd4ab4bd487055ed18f1ab6b8" member_type: VOTER last_known_addr { host: "127.18.51.1" port: 39121 } } peers { permanent_uuid: "4f81e95e722d4835997aef0e7ba67714" member_type: VOTER last_known_addr { host: "127.18.51.2" port: 35421 } } peers { permanent_uuid: "88bf0c056e2f4948b3251fcf7a46972d" member_type: VOTER last_known_addr { host: "127.18.51.3" port: 42597 } }
I20260710 11:11:52.317178 19637 catalog_manager.cc:5697] T 73d16323304e42f1bc843a7d62a55ddf P 88bf0c056e2f4948b3251fcf7a46972d reported cstate change: term changed from 1 to 2, leader changed from 4f81e95e722d4835997aef0e7ba67714 (127.18.51.2) to 88bf0c056e2f4948b3251fcf7a46972d (127.18.51.3). New cstate: current_term: 2 leader_uuid: "88bf0c056e2f4948b3251fcf7a46972d" committed_config { opid_index: -1 OBSOLETE_local: false peers { permanent_uuid: "c1f691fcd4ab4bd487055ed18f1ab6b8" member_type: VOTER last_known_addr { host: "127.18.51.1" port: 39121 } health_report { overall_health: UNKNOWN } } peers { permanent_uuid: "4f81e95e722d4835997aef0e7ba67714" member_type: VOTER last_known_addr { host: "127.18.51.2" port: 35421 } health_report { overall_health: UNKNOWN } } peers { permanent_uuid: "88bf0c056e2f4948b3251fcf7a46972d" member_type: VOTER last_known_addr { host: "127.18.51.3" port: 42597 } health_report { overall_health: HEALTHY } } }
I20260710 11:11:52.366114 20519 raft_consensus.cc:993] T c248c24e58e9487ebc90ad43a5cebfa6 P 4f81e95e722d4835997aef0e7ba67714: : Instructing follower e230e52ea77147c5b411f2b9fb77bbbe to start an election
I20260710 11:11:52.366614 20509 raft_consensus.cc:1081] T c248c24e58e9487ebc90ad43a5cebfa6 P 4f81e95e722d4835997aef0e7ba67714 [term 1 LEADER]: Signalling peer e230e52ea77147c5b411f2b9fb77bbbe to start an election
I20260710 11:11:52.367923 20158 tablet_service.cc:2044] Received Run Leader Election RPC: tablet_id: "c248c24e58e9487ebc90ad43a5cebfa6"
dest_uuid: "e230e52ea77147c5b411f2b9fb77bbbe"
 from {username='slave'} at 127.0.0.1:52856
I20260710 11:11:52.368391 20158 raft_consensus.cc:493] T c248c24e58e9487ebc90ad43a5cebfa6 P e230e52ea77147c5b411f2b9fb77bbbe [term 1 FOLLOWER]: Starting forced leader election (received explicit request)
I20260710 11:11:52.368763 20158 raft_consensus.cc:3060] T c248c24e58e9487ebc90ad43a5cebfa6 P e230e52ea77147c5b411f2b9fb77bbbe [term 1 FOLLOWER]: Advancing to term 2
I20260710 11:11:52.372865 20158 raft_consensus.cc:515] T c248c24e58e9487ebc90ad43a5cebfa6 P e230e52ea77147c5b411f2b9fb77bbbe [term 2 FOLLOWER]: Starting forced leader election with config: opid_index: 4 OBSOLETE_local: false peers { permanent_uuid: "4f81e95e722d4835997aef0e7ba67714" member_type: VOTER last_known_addr { host: "127.18.51.2" port: 35421 } } peers { permanent_uuid: "88bf0c056e2f4948b3251fcf7a46972d" member_type: VOTER last_known_addr { host: "127.18.51.3" port: 42597 } } peers { permanent_uuid: "e230e52ea77147c5b411f2b9fb77bbbe" member_type: VOTER last_known_addr { host: "127.18.51.4" port: 36419 } attrs { promote: false } }
I20260710 11:11:52.374127 20158 leader_election.cc:290] T c248c24e58e9487ebc90ad43a5cebfa6 P e230e52ea77147c5b411f2b9fb77bbbe [CANDIDATE]: Term 2 election: Requested vote from peers 4f81e95e722d4835997aef0e7ba67714 (127.18.51.2:35421), 88bf0c056e2f4948b3251fcf7a46972d (127.18.51.3:42597)
I20260710 11:11:52.374805 19814 tablet_service.cc:1917] Received RequestConsensusVote() RPC: tablet_id: "c248c24e58e9487ebc90ad43a5cebfa6" candidate_uuid: "e230e52ea77147c5b411f2b9fb77bbbe" candidate_term: 2 candidate_status { last_received { term: 1 index: 4 } } ignore_live_leader: true dest_uuid: "4f81e95e722d4835997aef0e7ba67714"
I20260710 11:11:52.375072 19888 tablet_service.cc:1917] Received RequestConsensusVote() RPC: tablet_id: "c248c24e58e9487ebc90ad43a5cebfa6" candidate_uuid: "e230e52ea77147c5b411f2b9fb77bbbe" candidate_term: 2 candidate_status { last_received { term: 1 index: 4 } } ignore_live_leader: true dest_uuid: "88bf0c056e2f4948b3251fcf7a46972d"
I20260710 11:11:52.375319 19814 raft_consensus.cc:3055] T c248c24e58e9487ebc90ad43a5cebfa6 P 4f81e95e722d4835997aef0e7ba67714 [term 1 LEADER]: Stepping down as leader of term 1
I20260710 11:11:52.375523 19888 raft_consensus.cc:3060] T c248c24e58e9487ebc90ad43a5cebfa6 P 88bf0c056e2f4948b3251fcf7a46972d [term 1 FOLLOWER]: Advancing to term 2
I20260710 11:11:52.375617 19814 raft_consensus.cc:740] T c248c24e58e9487ebc90ad43a5cebfa6 P 4f81e95e722d4835997aef0e7ba67714 [term 1 LEADER]: Becoming Follower/Learner. State: Replica: 4f81e95e722d4835997aef0e7ba67714, State: Running, Role: LEADER
I20260710 11:11:52.376319 19814 consensus_queue.cc:260] T c248c24e58e9487ebc90ad43a5cebfa6 P 4f81e95e722d4835997aef0e7ba67714 [NON_LEADER]: Queue going to NON_LEADER mode. State: All replicated index: 0, Majority replicated index: 4, Committed index: 4, Last appended: 1.4, Last appended by leader: 4, Current term: 1, Majority size: -1, State: 0, Mode: NON_LEADER, active raft config: opid_index: 4 OBSOLETE_local: false peers { permanent_uuid: "4f81e95e722d4835997aef0e7ba67714" member_type: VOTER last_known_addr { host: "127.18.51.2" port: 35421 } } peers { permanent_uuid: "88bf0c056e2f4948b3251fcf7a46972d" member_type: VOTER last_known_addr { host: "127.18.51.3" port: 42597 } } peers { permanent_uuid: "e230e52ea77147c5b411f2b9fb77bbbe" member_type: VOTER last_known_addr { host: "127.18.51.4" port: 36419 } attrs { promote: false } }
I20260710 11:11:52.377113 19814 raft_consensus.cc:3060] T c248c24e58e9487ebc90ad43a5cebfa6 P 4f81e95e722d4835997aef0e7ba67714 [term 1 FOLLOWER]: Advancing to term 2
I20260710 11:11:52.379739 19888 raft_consensus.cc:2468] T c248c24e58e9487ebc90ad43a5cebfa6 P 88bf0c056e2f4948b3251fcf7a46972d [term 2 FOLLOWER]: Leader election vote request: Granting yes vote for candidate e230e52ea77147c5b411f2b9fb77bbbe in term 2.
I20260710 11:11:52.380692 20123 leader_election.cc:304] T c248c24e58e9487ebc90ad43a5cebfa6 P e230e52ea77147c5b411f2b9fb77bbbe [CANDIDATE]: Term 2 election: Election decided. Result: candidate won. Election summary: received 2 responses out of 3 voters: 2 yes votes; 0 no votes. yes voters: 88bf0c056e2f4948b3251fcf7a46972d, e230e52ea77147c5b411f2b9fb77bbbe; no voters: 
I20260710 11:11:52.381035 19814 raft_consensus.cc:2468] T c248c24e58e9487ebc90ad43a5cebfa6 P 4f81e95e722d4835997aef0e7ba67714 [term 2 FOLLOWER]: Leader election vote request: Granting yes vote for candidate e230e52ea77147c5b411f2b9fb77bbbe in term 2.
I20260710 11:11:52.381325 20522 raft_consensus.cc:2804] T c248c24e58e9487ebc90ad43a5cebfa6 P e230e52ea77147c5b411f2b9fb77bbbe [term 2 FOLLOWER]: Leader election won for term 2
I20260710 11:11:52.381779 20522 raft_consensus.cc:697] T c248c24e58e9487ebc90ad43a5cebfa6 P e230e52ea77147c5b411f2b9fb77bbbe [term 2 LEADER]: Becoming Leader. State: Replica: e230e52ea77147c5b411f2b9fb77bbbe, State: Running, Role: LEADER
I20260710 11:11:52.382501 20522 consensus_queue.cc:237] T c248c24e58e9487ebc90ad43a5cebfa6 P e230e52ea77147c5b411f2b9fb77bbbe [LEADER]: Queue going to LEADER mode. State: All replicated index: 0, Majority replicated index: 4, Committed index: 4, Last appended: 1.4, Last appended by leader: 4, Current term: 2, Majority size: 2, State: 0, Mode: LEADER, active raft config: opid_index: 4 OBSOLETE_local: false peers { permanent_uuid: "4f81e95e722d4835997aef0e7ba67714" member_type: VOTER last_known_addr { host: "127.18.51.2" port: 35421 } } peers { permanent_uuid: "88bf0c056e2f4948b3251fcf7a46972d" member_type: VOTER last_known_addr { host: "127.18.51.3" port: 42597 } } peers { permanent_uuid: "e230e52ea77147c5b411f2b9fb77bbbe" member_type: VOTER last_known_addr { host: "127.18.51.4" port: 36419 } attrs { promote: false } }
I20260710 11:11:52.389796 19637 catalog_manager.cc:5697] T c248c24e58e9487ebc90ad43a5cebfa6 P e230e52ea77147c5b411f2b9fb77bbbe reported cstate change: term changed from 1 to 2, leader changed from 4f81e95e722d4835997aef0e7ba67714 (127.18.51.2) to e230e52ea77147c5b411f2b9fb77bbbe (127.18.51.4). New cstate: current_term: 2 leader_uuid: "e230e52ea77147c5b411f2b9fb77bbbe" committed_config { opid_index: 4 OBSOLETE_local: false peers { permanent_uuid: "4f81e95e722d4835997aef0e7ba67714" member_type: VOTER last_known_addr { host: "127.18.51.2" port: 35421 } health_report { overall_health: UNKNOWN } } peers { permanent_uuid: "88bf0c056e2f4948b3251fcf7a46972d" member_type: VOTER last_known_addr { host: "127.18.51.3" port: 42597 } health_report { overall_health: UNKNOWN } } peers { permanent_uuid: "e230e52ea77147c5b411f2b9fb77bbbe" member_type: VOTER last_known_addr { host: "127.18.51.4" port: 36419 } attrs { promote: false } health_report { overall_health: HEALTHY } } }
I20260710 11:11:52.424013 19888 raft_consensus.cc:1275] T 1d031a721b114884b69a5a88cb7a384e P 88bf0c056e2f4948b3251fcf7a46972d [term 2 FOLLOWER]: Refusing update from remote peer e230e52ea77147c5b411f2b9fb77bbbe: Log matching property violated. Preceding OpId in replica: term: 1 index: 4. Preceding OpId from leader: term: 2 index: 5. (index mismatch)
I20260710 11:11:52.425002 20522 consensus_queue.cc:1048] T 1d031a721b114884b69a5a88cb7a384e P e230e52ea77147c5b411f2b9fb77bbbe [LEADER]: Connected to new peer: Peer: permanent_uuid: "88bf0c056e2f4948b3251fcf7a46972d" member_type: VOTER last_known_addr { host: "127.18.51.3" port: 42597 }, Status: LMP_MISMATCH, Last received: 0.0, Next index: 5, Last known committed idx: 4, Time since last communication: 0.000s
I20260710 11:11:52.433797 19814 raft_consensus.cc:1275] T 1d031a721b114884b69a5a88cb7a384e P 4f81e95e722d4835997aef0e7ba67714 [term 2 FOLLOWER]: Refusing update from remote peer e230e52ea77147c5b411f2b9fb77bbbe: Log matching property violated. Preceding OpId in replica: term: 1 index: 4. Preceding OpId from leader: term: 2 index: 5. (index mismatch)
I20260710 11:11:52.436210 20524 consensus_queue.cc:1048] T 1d031a721b114884b69a5a88cb7a384e P e230e52ea77147c5b411f2b9fb77bbbe [LEADER]: Connected to new peer: Peer: permanent_uuid: "4f81e95e722d4835997aef0e7ba67714" member_type: VOTER last_known_addr { host: "127.18.51.2" port: 35421 }, Status: LMP_MISMATCH, Last received: 0.0, Next index: 5, Last known committed idx: 4, Time since last communication: 0.000s
I20260710 11:11:52.452944 19888 raft_consensus.cc:1275] T 285b4f98c7f343288cd97ac65a02f903 P 88bf0c056e2f4948b3251fcf7a46972d [term 2 FOLLOWER]: Refusing update from remote peer c1f691fcd4ab4bd487055ed18f1ab6b8: Log matching property violated. Preceding OpId in replica: term: 1 index: 1. Preceding OpId from leader: term: 2 index: 2. (index mismatch)
I20260710 11:11:52.453830 20515 consensus_queue.cc:1048] T 285b4f98c7f343288cd97ac65a02f903 P c1f691fcd4ab4bd487055ed18f1ab6b8 [LEADER]: Connected to new peer: Peer: permanent_uuid: "88bf0c056e2f4948b3251fcf7a46972d" member_type: VOTER last_known_addr { host: "127.18.51.3" port: 42597 }, Status: LMP_MISMATCH, Last received: 0.0, Next index: 2, Last known committed idx: 1, Time since last communication: 0.000s
I20260710 11:11:52.462452 19814 raft_consensus.cc:1275] T 285b4f98c7f343288cd97ac65a02f903 P 4f81e95e722d4835997aef0e7ba67714 [term 2 FOLLOWER]: Refusing update from remote peer c1f691fcd4ab4bd487055ed18f1ab6b8: Log matching property violated. Preceding OpId in replica: term: 1 index: 1. Preceding OpId from leader: term: 2 index: 2. (index mismatch)
I20260710 11:11:52.463750 20515 consensus_queue.cc:1048] T 285b4f98c7f343288cd97ac65a02f903 P c1f691fcd4ab4bd487055ed18f1ab6b8 [LEADER]: Connected to new peer: Peer: permanent_uuid: "4f81e95e722d4835997aef0e7ba67714" member_type: VOTER last_known_addr { host: "127.18.51.2" port: 35421 }, Status: LMP_MISMATCH, Last received: 0.0, Next index: 2, Last known committed idx: 1, Time since last communication: 0.000s
I20260710 11:11:52.642709 19814 raft_consensus.cc:1275] T d6c47f5ea22c4caabe2dd05a91e3aefe P 4f81e95e722d4835997aef0e7ba67714 [term 2 FOLLOWER]: Refusing update from remote peer c1f691fcd4ab4bd487055ed18f1ab6b8: Log matching property violated. Preceding OpId in replica: term: 1 index: 1. Preceding OpId from leader: term: 2 index: 2. (index mismatch)
I20260710 11:11:52.643826 20515 consensus_queue.cc:1048] T d6c47f5ea22c4caabe2dd05a91e3aefe P c1f691fcd4ab4bd487055ed18f1ab6b8 [LEADER]: Connected to new peer: Peer: permanent_uuid: "4f81e95e722d4835997aef0e7ba67714" member_type: VOTER last_known_addr { host: "127.18.51.2" port: 35421 }, Status: LMP_MISMATCH, Last received: 0.0, Next index: 2, Last known committed idx: 1, Time since last communication: 0.000s
I20260710 11:11:52.652288 19888 raft_consensus.cc:1275] T d6c47f5ea22c4caabe2dd05a91e3aefe P 88bf0c056e2f4948b3251fcf7a46972d [term 2 FOLLOWER]: Refusing update from remote peer c1f691fcd4ab4bd487055ed18f1ab6b8: Log matching property violated. Preceding OpId in replica: term: 1 index: 1. Preceding OpId from leader: term: 2 index: 2. (index mismatch)
I20260710 11:11:52.654547 20542 consensus_queue.cc:1048] T d6c47f5ea22c4caabe2dd05a91e3aefe P c1f691fcd4ab4bd487055ed18f1ab6b8 [LEADER]: Connected to new peer: Peer: permanent_uuid: "88bf0c056e2f4948b3251fcf7a46972d" member_type: VOTER last_known_addr { host: "127.18.51.3" port: 42597 }, Status: LMP_MISMATCH, Last received: 0.0, Next index: 2, Last known committed idx: 1, Time since last communication: 0.000s
I20260710 11:11:52.712837 19888 raft_consensus.cc:1275] T a2531e38131a424992fa1d322f880ce4 P 88bf0c056e2f4948b3251fcf7a46972d [term 2 FOLLOWER]: Refusing update from remote peer 4f81e95e722d4835997aef0e7ba67714: Log matching property violated. Preceding OpId in replica: term: 1 index: 1. Preceding OpId from leader: term: 2 index: 2. (index mismatch)
I20260710 11:11:52.713738 20509 consensus_queue.cc:1048] T a2531e38131a424992fa1d322f880ce4 P 4f81e95e722d4835997aef0e7ba67714 [LEADER]: Connected to new peer: Peer: permanent_uuid: "88bf0c056e2f4948b3251fcf7a46972d" member_type: VOTER last_known_addr { host: "127.18.51.3" port: 42597 }, Status: LMP_MISMATCH, Last received: 0.0, Next index: 2, Last known committed idx: 1, Time since last communication: 0.000s
I20260710 11:11:52.718041 19739 raft_consensus.cc:1275] T a2531e38131a424992fa1d322f880ce4 P c1f691fcd4ab4bd487055ed18f1ab6b8 [term 2 FOLLOWER]: Refusing update from remote peer 4f81e95e722d4835997aef0e7ba67714: Log matching property violated. Preceding OpId in replica: term: 1 index: 1. Preceding OpId from leader: term: 2 index: 2. (index mismatch)
I20260710 11:11:52.719604 20519 consensus_queue.cc:1048] T a2531e38131a424992fa1d322f880ce4 P 4f81e95e722d4835997aef0e7ba67714 [LEADER]: Connected to new peer: Peer: permanent_uuid: "c1f691fcd4ab4bd487055ed18f1ab6b8" member_type: VOTER last_known_addr { host: "127.18.51.1" port: 39121 }, Status: LMP_MISMATCH, Last received: 0.0, Next index: 2, Last known committed idx: 1, Time since last communication: 0.000s
I20260710 11:11:52.827090 19739 raft_consensus.cc:1275] T 73d16323304e42f1bc843a7d62a55ddf P c1f691fcd4ab4bd487055ed18f1ab6b8 [term 2 FOLLOWER]: Refusing update from remote peer 88bf0c056e2f4948b3251fcf7a46972d: Log matching property violated. Preceding OpId in replica: term: 1 index: 1. Preceding OpId from leader: term: 2 index: 2. (index mismatch)
I20260710 11:11:52.828136 20513 consensus_queue.cc:1048] T 73d16323304e42f1bc843a7d62a55ddf P 88bf0c056e2f4948b3251fcf7a46972d [LEADER]: Connected to new peer: Peer: permanent_uuid: "c1f691fcd4ab4bd487055ed18f1ab6b8" member_type: VOTER last_known_addr { host: "127.18.51.1" port: 39121 }, Status: LMP_MISMATCH, Last received: 0.0, Next index: 2, Last known committed idx: 1, Time since last communication: 0.000s
I20260710 11:11:52.835825 19814 raft_consensus.cc:1275] T 73d16323304e42f1bc843a7d62a55ddf P 4f81e95e722d4835997aef0e7ba67714 [term 2 FOLLOWER]: Refusing update from remote peer 88bf0c056e2f4948b3251fcf7a46972d: Log matching property violated. Preceding OpId in replica: term: 1 index: 1. Preceding OpId from leader: term: 2 index: 2. (index mismatch)
I20260710 11:11:52.837178 20530 consensus_queue.cc:1048] T 73d16323304e42f1bc843a7d62a55ddf P 88bf0c056e2f4948b3251fcf7a46972d [LEADER]: Connected to new peer: Peer: permanent_uuid: "4f81e95e722d4835997aef0e7ba67714" member_type: VOTER last_known_addr { host: "127.18.51.2" port: 35421 }, Status: LMP_MISMATCH, Last received: 0.0, Next index: 2, Last known committed idx: 1, Time since last communication: 0.000s
I20260710 11:11:52.920184 18636 auto_leader_rebalancer.cc:141] leader rebalance for table test-workload
I20260710 11:11:52.927359 19814 raft_consensus.cc:1275] T c248c24e58e9487ebc90ad43a5cebfa6 P 4f81e95e722d4835997aef0e7ba67714 [term 2 FOLLOWER]: Refusing update from remote peer e230e52ea77147c5b411f2b9fb77bbbe: Log matching property violated. Preceding OpId in replica: term: 1 index: 4. Preceding OpId from leader: term: 2 index: 5. (index mismatch)
I20260710 11:11:52.928572 19888 raft_consensus.cc:1275] T c248c24e58e9487ebc90ad43a5cebfa6 P 88bf0c056e2f4948b3251fcf7a46972d [term 2 FOLLOWER]: Refusing update from remote peer e230e52ea77147c5b411f2b9fb77bbbe: Log matching property violated. Preceding OpId in replica: term: 1 index: 4. Preceding OpId from leader: term: 2 index: 5. (index mismatch)
I20260710 11:11:52.928776 20524 consensus_queue.cc:1048] T c248c24e58e9487ebc90ad43a5cebfa6 P e230e52ea77147c5b411f2b9fb77bbbe [LEADER]: Connected to new peer: Peer: permanent_uuid: "4f81e95e722d4835997aef0e7ba67714" member_type: VOTER last_known_addr { host: "127.18.51.2" port: 35421 }, Status: LMP_MISMATCH, Last received: 0.0, Next index: 5, Last known committed idx: 4, Time since last communication: 0.000s
I20260710 11:11:52.929776 20522 consensus_queue.cc:1048] T c248c24e58e9487ebc90ad43a5cebfa6 P e230e52ea77147c5b411f2b9fb77bbbe [LEADER]: Connected to new peer: Peer: permanent_uuid: "88bf0c056e2f4948b3251fcf7a46972d" member_type: VOTER last_known_addr { host: "127.18.51.3" port: 42597 }, Status: LMP_MISMATCH, Last received: 0.0, Next index: 5, Last known committed idx: 4, Time since last communication: 0.000s
I20260710 11:11:52.948917 18636 auto_leader_rebalancer.cc:141] leader rebalance for table test-workload
I20260710 11:11:52.975708 19739 tablet_service.cc:2072] Received LeaderStepDown RPC: tablet_id: "7b121665058940a486a0da43b1d3340c"
dest_uuid: "c1f691fcd4ab4bd487055ed18f1ab6b8"
mode: GRACEFUL
new_leader_uuid: "e230e52ea77147c5b411f2b9fb77bbbe"
 from {username='slave'} at 127.0.0.1:37738
I20260710 11:11:52.976174 19739 raft_consensus.cc:606] T 7b121665058940a486a0da43b1d3340c P c1f691fcd4ab4bd487055ed18f1ab6b8 [term 1 LEADER]: Received request to transfer leadership to TS e230e52ea77147c5b411f2b9fb77bbbe
I20260710 11:11:52.979645 19888 tablet_service.cc:2072] Received LeaderStepDown RPC: tablet_id: "b2d7c4c9c2f14c3cb414fdf61840b342"
dest_uuid: "88bf0c056e2f4948b3251fcf7a46972d"
mode: GRACEFUL
new_leader_uuid: "e230e52ea77147c5b411f2b9fb77bbbe"
 from {username='slave'} at 127.0.0.1:60702
I20260710 11:11:52.980188 19888 raft_consensus.cc:606] T b2d7c4c9c2f14c3cb414fdf61840b342 P 88bf0c056e2f4948b3251fcf7a46972d [term 1 LEADER]: Received request to transfer leadership to TS e230e52ea77147c5b411f2b9fb77bbbe
I20260710 11:11:52.982167 19739 tablet_service.cc:2072] Received LeaderStepDown RPC: tablet_id: "d6c47f5ea22c4caabe2dd05a91e3aefe"
dest_uuid: "c1f691fcd4ab4bd487055ed18f1ab6b8"
mode: GRACEFUL
new_leader_uuid: "4f81e95e722d4835997aef0e7ba67714"
 from {username='slave'} at 127.0.0.1:37738
I20260710 11:11:52.982570 19739 raft_consensus.cc:606] T d6c47f5ea22c4caabe2dd05a91e3aefe P c1f691fcd4ab4bd487055ed18f1ab6b8 [term 2 LEADER]: Received request to transfer leadership to TS 4f81e95e722d4835997aef0e7ba67714
I20260710 11:11:52.984473 19814 tablet_service.cc:2072] Received LeaderStepDown RPC: tablet_id: "f71356e329f146ec9d9ed0620dba4eb6"
dest_uuid: "4f81e95e722d4835997aef0e7ba67714"
mode: GRACEFUL
new_leader_uuid: "88bf0c056e2f4948b3251fcf7a46972d"
 from {username='slave'} at 127.0.0.1:41522
I20260710 11:11:52.984853 19814 raft_consensus.cc:606] T f71356e329f146ec9d9ed0620dba4eb6 P 4f81e95e722d4835997aef0e7ba67714 [term 1 LEADER]: Received request to transfer leadership to TS 88bf0c056e2f4948b3251fcf7a46972d
I20260710 11:11:52.985922 18636 auto_leader_rebalancer.cc:452] table: test-workload, leader rebalance finish, leader transfer count: 4
I20260710 11:11:52.986800 18636 auto_leader_rebalancer.cc:527] All tables' leader rebalancing finished this round
I20260710 11:11:53.037544 20530 raft_consensus.cc:993] T b2d7c4c9c2f14c3cb414fdf61840b342 P 88bf0c056e2f4948b3251fcf7a46972d: : Instructing follower e230e52ea77147c5b411f2b9fb77bbbe to start an election
I20260710 11:11:53.037985 20513 raft_consensus.cc:1081] T b2d7c4c9c2f14c3cb414fdf61840b342 P 88bf0c056e2f4948b3251fcf7a46972d [term 1 LEADER]: Signalling peer e230e52ea77147c5b411f2b9fb77bbbe to start an election
I20260710 11:11:53.039214 20158 tablet_service.cc:2044] Received Run Leader Election RPC: tablet_id: "b2d7c4c9c2f14c3cb414fdf61840b342"
dest_uuid: "e230e52ea77147c5b411f2b9fb77bbbe"
 from {username='slave'} at 127.0.0.1:52850
I20260710 11:11:53.039636 20158 raft_consensus.cc:493] T b2d7c4c9c2f14c3cb414fdf61840b342 P e230e52ea77147c5b411f2b9fb77bbbe [term 1 FOLLOWER]: Starting forced leader election (received explicit request)
I20260710 11:11:53.039903 20158 raft_consensus.cc:3060] T b2d7c4c9c2f14c3cb414fdf61840b342 P e230e52ea77147c5b411f2b9fb77bbbe [term 1 FOLLOWER]: Advancing to term 2
I20260710 11:11:53.046264 20158 raft_consensus.cc:515] T b2d7c4c9c2f14c3cb414fdf61840b342 P e230e52ea77147c5b411f2b9fb77bbbe [term 2 FOLLOWER]: Starting forced leader election with config: opid_index: 4 OBSOLETE_local: false peers { permanent_uuid: "c1f691fcd4ab4bd487055ed18f1ab6b8" member_type: VOTER last_known_addr { host: "127.18.51.1" port: 39121 } } peers { permanent_uuid: "88bf0c056e2f4948b3251fcf7a46972d" member_type: VOTER last_known_addr { host: "127.18.51.3" port: 42597 } } peers { permanent_uuid: "e230e52ea77147c5b411f2b9fb77bbbe" member_type: VOTER last_known_addr { host: "127.18.51.4" port: 36419 } attrs { promote: false } }
I20260710 11:11:53.049050 19739 tablet_service.cc:1917] Received RequestConsensusVote() RPC: tablet_id: "b2d7c4c9c2f14c3cb414fdf61840b342" candidate_uuid: "e230e52ea77147c5b411f2b9fb77bbbe" candidate_term: 2 candidate_status { last_received { term: 1 index: 4 } } ignore_live_leader: true dest_uuid: "c1f691fcd4ab4bd487055ed18f1ab6b8"
I20260710 11:11:53.049590 19739 raft_consensus.cc:3060] T b2d7c4c9c2f14c3cb414fdf61840b342 P c1f691fcd4ab4bd487055ed18f1ab6b8 [term 1 FOLLOWER]: Advancing to term 2
I20260710 11:11:53.050194 20158 leader_election.cc:290] T b2d7c4c9c2f14c3cb414fdf61840b342 P e230e52ea77147c5b411f2b9fb77bbbe [CANDIDATE]: Term 2 election: Requested vote from peers c1f691fcd4ab4bd487055ed18f1ab6b8 (127.18.51.1:39121), 88bf0c056e2f4948b3251fcf7a46972d (127.18.51.3:42597)
I20260710 11:11:53.051357 20520 raft_consensus.cc:993] T d6c47f5ea22c4caabe2dd05a91e3aefe P c1f691fcd4ab4bd487055ed18f1ab6b8: : Instructing follower 4f81e95e722d4835997aef0e7ba67714 to start an election
I20260710 11:11:53.052044 20515 raft_consensus.cc:1081] T d6c47f5ea22c4caabe2dd05a91e3aefe P c1f691fcd4ab4bd487055ed18f1ab6b8 [term 2 LEADER]: Signalling peer 4f81e95e722d4835997aef0e7ba67714 to start an election
I20260710 11:11:53.052305 19888 tablet_service.cc:1917] Received RequestConsensusVote() RPC: tablet_id: "b2d7c4c9c2f14c3cb414fdf61840b342" candidate_uuid: "e230e52ea77147c5b411f2b9fb77bbbe" candidate_term: 2 candidate_status { last_received { term: 1 index: 4 } } ignore_live_leader: true dest_uuid: "88bf0c056e2f4948b3251fcf7a46972d"
I20260710 11:11:53.052801 19888 raft_consensus.cc:3055] T b2d7c4c9c2f14c3cb414fdf61840b342 P 88bf0c056e2f4948b3251fcf7a46972d [term 1 LEADER]: Stepping down as leader of term 1
I20260710 11:11:53.053081 19888 raft_consensus.cc:740] T b2d7c4c9c2f14c3cb414fdf61840b342 P 88bf0c056e2f4948b3251fcf7a46972d [term 1 LEADER]: Becoming Follower/Learner. State: Replica: 88bf0c056e2f4948b3251fcf7a46972d, State: Running, Role: LEADER
I20260710 11:11:53.053545 19814 tablet_service.cc:2044] Received Run Leader Election RPC: tablet_id: "d6c47f5ea22c4caabe2dd05a91e3aefe"
dest_uuid: "4f81e95e722d4835997aef0e7ba67714"
 from {username='slave'} at 127.0.0.1:35742
I20260710 11:11:53.054016 19814 raft_consensus.cc:493] T d6c47f5ea22c4caabe2dd05a91e3aefe P 4f81e95e722d4835997aef0e7ba67714 [term 2 FOLLOWER]: Starting forced leader election (received explicit request)
I20260710 11:11:53.053723 19888 consensus_queue.cc:260] T b2d7c4c9c2f14c3cb414fdf61840b342 P 88bf0c056e2f4948b3251fcf7a46972d [NON_LEADER]: Queue going to NON_LEADER mode. State: All replicated index: 0, Majority replicated index: 4, Committed index: 4, Last appended: 1.4, Last appended by leader: 4, Current term: 1, Majority size: -1, State: 0, Mode: NON_LEADER, active raft config: opid_index: 4 OBSOLETE_local: false peers { permanent_uuid: "c1f691fcd4ab4bd487055ed18f1ab6b8" member_type: VOTER last_known_addr { host: "127.18.51.1" port: 39121 } } peers { permanent_uuid: "88bf0c056e2f4948b3251fcf7a46972d" member_type: VOTER last_known_addr { host: "127.18.51.3" port: 42597 } } peers { permanent_uuid: "e230e52ea77147c5b411f2b9fb77bbbe" member_type: VOTER last_known_addr { host: "127.18.51.4" port: 36419 } attrs { promote: false } }
I20260710 11:11:53.054350 19814 raft_consensus.cc:3060] T d6c47f5ea22c4caabe2dd05a91e3aefe P 4f81e95e722d4835997aef0e7ba67714 [term 2 FOLLOWER]: Advancing to term 3
I20260710 11:11:53.055579 19739 raft_consensus.cc:2468] T b2d7c4c9c2f14c3cb414fdf61840b342 P c1f691fcd4ab4bd487055ed18f1ab6b8 [term 2 FOLLOWER]: Leader election vote request: Granting yes vote for candidate e230e52ea77147c5b411f2b9fb77bbbe in term 2.
I20260710 11:11:53.056841 20120 leader_election.cc:304] T b2d7c4c9c2f14c3cb414fdf61840b342 P e230e52ea77147c5b411f2b9fb77bbbe [CANDIDATE]: Term 2 election: Election decided. Result: candidate won. Election summary: received 2 responses out of 3 voters: 2 yes votes; 0 no votes. yes voters: c1f691fcd4ab4bd487055ed18f1ab6b8, e230e52ea77147c5b411f2b9fb77bbbe; no voters: 
I20260710 11:11:53.057580 20524 raft_consensus.cc:2804] T b2d7c4c9c2f14c3cb414fdf61840b342 P e230e52ea77147c5b411f2b9fb77bbbe [term 2 FOLLOWER]: Leader election won for term 2
I20260710 11:11:53.058032 20524 raft_consensus.cc:697] T b2d7c4c9c2f14c3cb414fdf61840b342 P e230e52ea77147c5b411f2b9fb77bbbe [term 2 LEADER]: Becoming Leader. State: Replica: e230e52ea77147c5b411f2b9fb77bbbe, State: Running, Role: LEADER
I20260710 11:11:53.054935 19888 raft_consensus.cc:3060] T b2d7c4c9c2f14c3cb414fdf61840b342 P 88bf0c056e2f4948b3251fcf7a46972d [term 1 FOLLOWER]: Advancing to term 2
I20260710 11:11:53.058815 20524 consensus_queue.cc:237] T b2d7c4c9c2f14c3cb414fdf61840b342 P e230e52ea77147c5b411f2b9fb77bbbe [LEADER]: Queue going to LEADER mode. State: All replicated index: 0, Majority replicated index: 4, Committed index: 4, Last appended: 1.4, Last appended by leader: 4, Current term: 2, Majority size: 2, State: 0, Mode: LEADER, active raft config: opid_index: 4 OBSOLETE_local: false peers { permanent_uuid: "c1f691fcd4ab4bd487055ed18f1ab6b8" member_type: VOTER last_known_addr { host: "127.18.51.1" port: 39121 } } peers { permanent_uuid: "88bf0c056e2f4948b3251fcf7a46972d" member_type: VOTER last_known_addr { host: "127.18.51.3" port: 42597 } } peers { permanent_uuid: "e230e52ea77147c5b411f2b9fb77bbbe" member_type: VOTER last_known_addr { host: "127.18.51.4" port: 36419 } attrs { promote: false } }
I20260710 11:11:53.059978 19814 raft_consensus.cc:515] T d6c47f5ea22c4caabe2dd05a91e3aefe P 4f81e95e722d4835997aef0e7ba67714 [term 3 FOLLOWER]: Starting forced leader election with config: opid_index: -1 OBSOLETE_local: false peers { permanent_uuid: "c1f691fcd4ab4bd487055ed18f1ab6b8" member_type: VOTER last_known_addr { host: "127.18.51.1" port: 39121 } } peers { permanent_uuid: "4f81e95e722d4835997aef0e7ba67714" member_type: VOTER last_known_addr { host: "127.18.51.2" port: 35421 } } peers { permanent_uuid: "88bf0c056e2f4948b3251fcf7a46972d" member_type: VOTER last_known_addr { host: "127.18.51.3" port: 42597 } }
I20260710 11:11:53.062019 19814 leader_election.cc:290] T d6c47f5ea22c4caabe2dd05a91e3aefe P 4f81e95e722d4835997aef0e7ba67714 [CANDIDATE]: Term 3 election: Requested vote from peers c1f691fcd4ab4bd487055ed18f1ab6b8 (127.18.51.1:39121), 88bf0c056e2f4948b3251fcf7a46972d (127.18.51.3:42597)
I20260710 11:11:53.062620 19739 tablet_service.cc:1917] Received RequestConsensusVote() RPC: tablet_id: "d6c47f5ea22c4caabe2dd05a91e3aefe" candidate_uuid: "4f81e95e722d4835997aef0e7ba67714" candidate_term: 3 candidate_status { last_received { term: 2 index: 2 } } ignore_live_leader: true dest_uuid: "c1f691fcd4ab4bd487055ed18f1ab6b8"
I20260710 11:11:53.063141 19739 raft_consensus.cc:3055] T d6c47f5ea22c4caabe2dd05a91e3aefe P c1f691fcd4ab4bd487055ed18f1ab6b8 [term 2 LEADER]: Stepping down as leader of term 2
I20260710 11:11:53.063143 19887 tablet_service.cc:1917] Received RequestConsensusVote() RPC: tablet_id: "d6c47f5ea22c4caabe2dd05a91e3aefe" candidate_uuid: "4f81e95e722d4835997aef0e7ba67714" candidate_term: 3 candidate_status { last_received { term: 2 index: 2 } } ignore_live_leader: true dest_uuid: "88bf0c056e2f4948b3251fcf7a46972d"
I20260710 11:11:53.063608 19739 raft_consensus.cc:740] T d6c47f5ea22c4caabe2dd05a91e3aefe P c1f691fcd4ab4bd487055ed18f1ab6b8 [term 2 LEADER]: Becoming Follower/Learner. State: Replica: c1f691fcd4ab4bd487055ed18f1ab6b8, State: Running, Role: LEADER
I20260710 11:11:53.063906 19887 raft_consensus.cc:3060] T d6c47f5ea22c4caabe2dd05a91e3aefe P 88bf0c056e2f4948b3251fcf7a46972d [term 2 FOLLOWER]: Advancing to term 3
I20260710 11:11:53.064395 19739 consensus_queue.cc:260] T d6c47f5ea22c4caabe2dd05a91e3aefe P c1f691fcd4ab4bd487055ed18f1ab6b8 [NON_LEADER]: Queue going to NON_LEADER mode. State: All replicated index: 0, Majority replicated index: 2, Committed index: 2, Last appended: 2.2, Last appended by leader: 2, Current term: 2, Majority size: -1, State: 0, Mode: NON_LEADER, active raft config: opid_index: -1 OBSOLETE_local: false peers { permanent_uuid: "c1f691fcd4ab4bd487055ed18f1ab6b8" member_type: VOTER last_known_addr { host: "127.18.51.1" port: 39121 } } peers { permanent_uuid: "4f81e95e722d4835997aef0e7ba67714" member_type: VOTER last_known_addr { host: "127.18.51.2" port: 35421 } } peers { permanent_uuid: "88bf0c056e2f4948b3251fcf7a46972d" member_type: VOTER last_known_addr { host: "127.18.51.3" port: 42597 } }
I20260710 11:11:53.065506 19739 raft_consensus.cc:3060] T d6c47f5ea22c4caabe2dd05a91e3aefe P c1f691fcd4ab4bd487055ed18f1ab6b8 [term 2 FOLLOWER]: Advancing to term 3
I20260710 11:11:53.070400 19887 raft_consensus.cc:2468] T d6c47f5ea22c4caabe2dd05a91e3aefe P 88bf0c056e2f4948b3251fcf7a46972d [term 3 FOLLOWER]: Leader election vote request: Granting yes vote for candidate 4f81e95e722d4835997aef0e7ba67714 in term 3.
I20260710 11:11:53.071286 19739 raft_consensus.cc:2468] T d6c47f5ea22c4caabe2dd05a91e3aefe P c1f691fcd4ab4bd487055ed18f1ab6b8 [term 3 FOLLOWER]: Leader election vote request: Granting yes vote for candidate 4f81e95e722d4835997aef0e7ba67714 in term 3.
I20260710 11:11:53.071643 19781 leader_election.cc:304] T d6c47f5ea22c4caabe2dd05a91e3aefe P 4f81e95e722d4835997aef0e7ba67714 [CANDIDATE]: Term 3 election: Election decided. Result: candidate won. Election summary: received 2 responses out of 3 voters: 2 yes votes; 0 no votes. yes voters: 4f81e95e722d4835997aef0e7ba67714, 88bf0c056e2f4948b3251fcf7a46972d; no voters: 
I20260710 11:11:53.072479 20519 raft_consensus.cc:2804] T d6c47f5ea22c4caabe2dd05a91e3aefe P 4f81e95e722d4835997aef0e7ba67714 [term 3 FOLLOWER]: Leader election won for term 3
I20260710 11:11:53.072968 20519 raft_consensus.cc:697] T d6c47f5ea22c4caabe2dd05a91e3aefe P 4f81e95e722d4835997aef0e7ba67714 [term 3 LEADER]: Becoming Leader. State: Replica: 4f81e95e722d4835997aef0e7ba67714, State: Running, Role: LEADER
I20260710 11:11:53.072638 19888 raft_consensus.cc:2468] T b2d7c4c9c2f14c3cb414fdf61840b342 P 88bf0c056e2f4948b3251fcf7a46972d [term 2 FOLLOWER]: Leader election vote request: Granting yes vote for candidate e230e52ea77147c5b411f2b9fb77bbbe in term 2.
I20260710 11:11:53.073734 20519 consensus_queue.cc:237] T d6c47f5ea22c4caabe2dd05a91e3aefe P 4f81e95e722d4835997aef0e7ba67714 [LEADER]: Queue going to LEADER mode. State: All replicated index: 0, Majority replicated index: 2, Committed index: 2, Last appended: 2.2, Last appended by leader: 2, Current term: 3, Majority size: 2, State: 0, Mode: LEADER, active raft config: opid_index: -1 OBSOLETE_local: false peers { permanent_uuid: "c1f691fcd4ab4bd487055ed18f1ab6b8" member_type: VOTER last_known_addr { host: "127.18.51.1" port: 39121 } } peers { permanent_uuid: "4f81e95e722d4835997aef0e7ba67714" member_type: VOTER last_known_addr { host: "127.18.51.2" port: 35421 } } peers { permanent_uuid: "88bf0c056e2f4948b3251fcf7a46972d" member_type: VOTER last_known_addr { host: "127.18.51.3" port: 42597 } }
I20260710 11:11:53.080706 19638 catalog_manager.cc:5697] T b2d7c4c9c2f14c3cb414fdf61840b342 P e230e52ea77147c5b411f2b9fb77bbbe reported cstate change: term changed from 1 to 2, leader changed from 88bf0c056e2f4948b3251fcf7a46972d (127.18.51.3) to e230e52ea77147c5b411f2b9fb77bbbe (127.18.51.4). New cstate: current_term: 2 leader_uuid: "e230e52ea77147c5b411f2b9fb77bbbe" committed_config { opid_index: 4 OBSOLETE_local: false peers { permanent_uuid: "c1f691fcd4ab4bd487055ed18f1ab6b8" member_type: VOTER last_known_addr { host: "127.18.51.1" port: 39121 } health_report { overall_health: UNKNOWN } } peers { permanent_uuid: "88bf0c056e2f4948b3251fcf7a46972d" member_type: VOTER last_known_addr { host: "127.18.51.3" port: 42597 } health_report { overall_health: UNKNOWN } } peers { permanent_uuid: "e230e52ea77147c5b411f2b9fb77bbbe" member_type: VOTER last_known_addr { host: "127.18.51.4" port: 36419 } attrs { promote: false } health_report { overall_health: HEALTHY } } }
I20260710 11:11:53.084717 19637 catalog_manager.cc:5697] T d6c47f5ea22c4caabe2dd05a91e3aefe P 4f81e95e722d4835997aef0e7ba67714 reported cstate change: term changed from 2 to 3, leader changed from c1f691fcd4ab4bd487055ed18f1ab6b8 (127.18.51.1) to 4f81e95e722d4835997aef0e7ba67714 (127.18.51.2). New cstate: current_term: 3 leader_uuid: "4f81e95e722d4835997aef0e7ba67714" committed_config { opid_index: -1 OBSOLETE_local: false peers { permanent_uuid: "c1f691fcd4ab4bd487055ed18f1ab6b8" member_type: VOTER last_known_addr { host: "127.18.51.1" port: 39121 } health_report { overall_health: UNKNOWN } } peers { permanent_uuid: "4f81e95e722d4835997aef0e7ba67714" member_type: VOTER last_known_addr { host: "127.18.51.2" port: 35421 } health_report { overall_health: HEALTHY } } peers { permanent_uuid: "88bf0c056e2f4948b3251fcf7a46972d" member_type: VOTER last_known_addr { host: "127.18.51.3" port: 42597 } health_report { overall_health: UNKNOWN } } }
I20260710 11:11:53.094905 20547 raft_consensus.cc:993] T f71356e329f146ec9d9ed0620dba4eb6 P 4f81e95e722d4835997aef0e7ba67714: : Instructing follower 88bf0c056e2f4948b3251fcf7a46972d to start an election
I20260710 11:11:53.095266 20519 raft_consensus.cc:1081] T f71356e329f146ec9d9ed0620dba4eb6 P 4f81e95e722d4835997aef0e7ba67714 [term 1 LEADER]: Signalling peer 88bf0c056e2f4948b3251fcf7a46972d to start an election
I20260710 11:11:53.096407 19888 tablet_service.cc:2044] Received Run Leader Election RPC: tablet_id: "f71356e329f146ec9d9ed0620dba4eb6"
dest_uuid: "88bf0c056e2f4948b3251fcf7a46972d"
 from {username='slave'} at 127.0.0.1:52802
I20260710 11:11:53.096761 19888 raft_consensus.cc:493] T f71356e329f146ec9d9ed0620dba4eb6 P 88bf0c056e2f4948b3251fcf7a46972d [term 1 FOLLOWER]: Starting forced leader election (received explicit request)
I20260710 11:11:53.096972 19888 raft_consensus.cc:3060] T f71356e329f146ec9d9ed0620dba4eb6 P 88bf0c056e2f4948b3251fcf7a46972d [term 1 FOLLOWER]: Advancing to term 2
I20260710 11:11:53.100840 19888 raft_consensus.cc:515] T f71356e329f146ec9d9ed0620dba4eb6 P 88bf0c056e2f4948b3251fcf7a46972d [term 2 FOLLOWER]: Starting forced leader election with config: opid_index: -1 OBSOLETE_local: false peers { permanent_uuid: "c1f691fcd4ab4bd487055ed18f1ab6b8" member_type: VOTER last_known_addr { host: "127.18.51.1" port: 39121 } } peers { permanent_uuid: "4f81e95e722d4835997aef0e7ba67714" member_type: VOTER last_known_addr { host: "127.18.51.2" port: 35421 } } peers { permanent_uuid: "88bf0c056e2f4948b3251fcf7a46972d" member_type: VOTER last_known_addr { host: "127.18.51.3" port: 42597 } }
I20260710 11:11:53.102066 19888 leader_election.cc:290] T f71356e329f146ec9d9ed0620dba4eb6 P 88bf0c056e2f4948b3251fcf7a46972d [CANDIDATE]: Term 2 election: Requested vote from peers c1f691fcd4ab4bd487055ed18f1ab6b8 (127.18.51.1:39121), 4f81e95e722d4835997aef0e7ba67714 (127.18.51.2:35421)
I20260710 11:11:53.102720 19739 tablet_service.cc:1917] Received RequestConsensusVote() RPC: tablet_id: "f71356e329f146ec9d9ed0620dba4eb6" candidate_uuid: "88bf0c056e2f4948b3251fcf7a46972d" candidate_term: 2 candidate_status { last_received { term: 1 index: 1 } } ignore_live_leader: true dest_uuid: "c1f691fcd4ab4bd487055ed18f1ab6b8"
I20260710 11:11:53.103042 19814 tablet_service.cc:1917] Received RequestConsensusVote() RPC: tablet_id: "f71356e329f146ec9d9ed0620dba4eb6" candidate_uuid: "88bf0c056e2f4948b3251fcf7a46972d" candidate_term: 2 candidate_status { last_received { term: 1 index: 1 } } ignore_live_leader: true dest_uuid: "4f81e95e722d4835997aef0e7ba67714"
I20260710 11:11:53.103147 19739 raft_consensus.cc:3060] T f71356e329f146ec9d9ed0620dba4eb6 P c1f691fcd4ab4bd487055ed18f1ab6b8 [term 1 FOLLOWER]: Advancing to term 2
I20260710 11:11:53.103494 19814 raft_consensus.cc:3055] T f71356e329f146ec9d9ed0620dba4eb6 P 4f81e95e722d4835997aef0e7ba67714 [term 1 LEADER]: Stepping down as leader of term 1
I20260710 11:11:53.103731 19814 raft_consensus.cc:740] T f71356e329f146ec9d9ed0620dba4eb6 P 4f81e95e722d4835997aef0e7ba67714 [term 1 LEADER]: Becoming Follower/Learner. State: Replica: 4f81e95e722d4835997aef0e7ba67714, State: Running, Role: LEADER
I20260710 11:11:53.104329 19814 consensus_queue.cc:260] T f71356e329f146ec9d9ed0620dba4eb6 P 4f81e95e722d4835997aef0e7ba67714 [NON_LEADER]: Queue going to NON_LEADER mode. State: All replicated index: 0, Majority replicated index: 1, Committed index: 1, Last appended: 1.1, Last appended by leader: 1, Current term: 1, Majority size: -1, State: 0, Mode: NON_LEADER, active raft config: opid_index: -1 OBSOLETE_local: false peers { permanent_uuid: "c1f691fcd4ab4bd487055ed18f1ab6b8" member_type: VOTER last_known_addr { host: "127.18.51.1" port: 39121 } } peers { permanent_uuid: "4f81e95e722d4835997aef0e7ba67714" member_type: VOTER last_known_addr { host: "127.18.51.2" port: 35421 } } peers { permanent_uuid: "88bf0c056e2f4948b3251fcf7a46972d" member_type: VOTER last_known_addr { host: "127.18.51.3" port: 42597 } }
I20260710 11:11:53.105122 19814 raft_consensus.cc:3060] T f71356e329f146ec9d9ed0620dba4eb6 P 4f81e95e722d4835997aef0e7ba67714 [term 1 FOLLOWER]: Advancing to term 2
I20260710 11:11:53.107398 19739 raft_consensus.cc:2468] T f71356e329f146ec9d9ed0620dba4eb6 P c1f691fcd4ab4bd487055ed18f1ab6b8 [term 2 FOLLOWER]: Leader election vote request: Granting yes vote for candidate 88bf0c056e2f4948b3251fcf7a46972d in term 2.
I20260710 11:11:53.108228 19852 leader_election.cc:304] T f71356e329f146ec9d9ed0620dba4eb6 P 88bf0c056e2f4948b3251fcf7a46972d [CANDIDATE]: Term 2 election: Election decided. Result: candidate won. Election summary: received 2 responses out of 3 voters: 2 yes votes; 0 no votes. yes voters: 88bf0c056e2f4948b3251fcf7a46972d, c1f691fcd4ab4bd487055ed18f1ab6b8; no voters: 
I20260710 11:11:53.108945 20513 raft_consensus.cc:2804] T f71356e329f146ec9d9ed0620dba4eb6 P 88bf0c056e2f4948b3251fcf7a46972d [term 2 FOLLOWER]: Leader election won for term 2
I20260710 11:11:53.109217 19814 raft_consensus.cc:2468] T f71356e329f146ec9d9ed0620dba4eb6 P 4f81e95e722d4835997aef0e7ba67714 [term 2 FOLLOWER]: Leader election vote request: Granting yes vote for candidate 88bf0c056e2f4948b3251fcf7a46972d in term 2.
