I20260710 11:11:17.763442  6530 tablet_bootstrap.cc:492] T b377dd18424a43a1a50bbe9dc1951fd3 P 0e052e4477f34745ad9b86b6c17a725c: No bootstrap required, opened a new log
I20260710 11:11:17.763716  6529 ts_tablet_manager.cc:1403] T 75635ca800f9487fa9fdbf783c37ec7c P 40a8bdde80ff46d3aa850e7980c268fc: Time spent bootstrapping tablet: real 0.020s	user 0.009s	sys 0.002s
I20260710 11:11:17.763882  6530 ts_tablet_manager.cc:1403] T b377dd18424a43a1a50bbe9dc1951fd3 P 0e052e4477f34745ad9b86b6c17a725c: Time spent bootstrapping tablet: real 0.015s	user 0.003s	sys 0.006s
I20260710 11:11:17.765491  6533 raft_consensus.cc:359] T 52b68c1b94ee43b497353694198caa5b P c48ba20d79b040a09d34054032847273 [term 0 FOLLOWER]: Replica starting. Triggering 0 pending ops. Active config: opid_index: -1 OBSOLETE_local: false peers { permanent_uuid: "c48ba20d79b040a09d34054032847273" member_type: VOTER last_known_addr { host: "127.5.145.130" port: 46273 } } peers { permanent_uuid: "0e052e4477f34745ad9b86b6c17a725c" member_type: VOTER last_known_addr { host: "127.5.145.131" port: 45003 } } peers { permanent_uuid: "40a8bdde80ff46d3aa850e7980c268fc" member_type: VOTER last_known_addr { host: "127.5.145.129" port: 35487 } }
I20260710 11:11:17.766201  6533 raft_consensus.cc:385] T 52b68c1b94ee43b497353694198caa5b P c48ba20d79b040a09d34054032847273 [term 0 FOLLOWER]: Consensus starting up: Expiring failure detector timer to make a prompt election more likely
I20260710 11:11:17.766041  6530 raft_consensus.cc:359] T b377dd18424a43a1a50bbe9dc1951fd3 P 0e052e4477f34745ad9b86b6c17a725c [term 0 FOLLOWER]: Replica starting. Triggering 0 pending ops. Active config: opid_index: -1 OBSOLETE_local: false peers { permanent_uuid: "40a8bdde80ff46d3aa850e7980c268fc" member_type: VOTER last_known_addr { host: "127.5.145.129" port: 35487 } } peers { permanent_uuid: "c48ba20d79b040a09d34054032847273" member_type: VOTER last_known_addr { host: "127.5.145.130" port: 46273 } } peers { permanent_uuid: "0e052e4477f34745ad9b86b6c17a725c" member_type: VOTER last_known_addr { host: "127.5.145.131" port: 45003 } }
I20260710 11:11:17.766649  6530 raft_consensus.cc:385] T b377dd18424a43a1a50bbe9dc1951fd3 P 0e052e4477f34745ad9b86b6c17a725c [term 0 FOLLOWER]: Consensus starting up: Expiring failure detector timer to make a prompt election more likely
I20260710 11:11:17.766528  6533 raft_consensus.cc:740] T 52b68c1b94ee43b497353694198caa5b P c48ba20d79b040a09d34054032847273 [term 0 FOLLOWER]: Becoming Follower/Learner. State: Replica: c48ba20d79b040a09d34054032847273, State: Initialized, Role: FOLLOWER
I20260710 11:11:17.766489  6529 raft_consensus.cc:359] T 75635ca800f9487fa9fdbf783c37ec7c P 40a8bdde80ff46d3aa850e7980c268fc [term 0 FOLLOWER]: Replica starting. Triggering 0 pending ops. Active config: opid_index: -1 OBSOLETE_local: false peers { permanent_uuid: "40a8bdde80ff46d3aa850e7980c268fc" member_type: VOTER last_known_addr { host: "127.5.145.129" port: 35487 } } peers { permanent_uuid: "c48ba20d79b040a09d34054032847273" member_type: VOTER last_known_addr { host: "127.5.145.130" port: 46273 } } peers { permanent_uuid: "0e052e4477f34745ad9b86b6c17a725c" member_type: VOTER last_known_addr { host: "127.5.145.131" port: 45003 } }
I20260710 11:11:17.767004  6530 raft_consensus.cc:740] T b377dd18424a43a1a50bbe9dc1951fd3 P 0e052e4477f34745ad9b86b6c17a725c [term 0 FOLLOWER]: Becoming Follower/Learner. State: Replica: 0e052e4477f34745ad9b86b6c17a725c, State: Initialized, Role: FOLLOWER
I20260710 11:11:17.767270  6529 raft_consensus.cc:385] T 75635ca800f9487fa9fdbf783c37ec7c P 40a8bdde80ff46d3aa850e7980c268fc [term 0 FOLLOWER]: Consensus starting up: Expiring failure detector timer to make a prompt election more likely
I20260710 11:11:17.767575  6529 raft_consensus.cc:740] T 75635ca800f9487fa9fdbf783c37ec7c P 40a8bdde80ff46d3aa850e7980c268fc [term 0 FOLLOWER]: Becoming Follower/Learner. State: Replica: 40a8bdde80ff46d3aa850e7980c268fc, State: Initialized, Role: FOLLOWER
I20260710 11:11:17.767688  6530 consensus_queue.cc:260] T b377dd18424a43a1a50bbe9dc1951fd3 P 0e052e4477f34745ad9b86b6c17a725c [NON_LEADER]: Queue going to NON_LEADER mode. State: All replicated index: 0, Majority replicated index: 0, Committed index: 0, Last appended: 0.0, Last appended by leader: 0, Current term: 0, Majority size: -1, State: 0, Mode: NON_LEADER, active raft config: opid_index: -1 OBSOLETE_local: false peers { permanent_uuid: "40a8bdde80ff46d3aa850e7980c268fc" member_type: VOTER last_known_addr { host: "127.5.145.129" port: 35487 } } peers { permanent_uuid: "c48ba20d79b040a09d34054032847273" member_type: VOTER last_known_addr { host: "127.5.145.130" port: 46273 } } peers { permanent_uuid: "0e052e4477f34745ad9b86b6c17a725c" member_type: VOTER last_known_addr { host: "127.5.145.131" port: 45003 } }
I20260710 11:11:17.767573  6533 consensus_queue.cc:260] T 52b68c1b94ee43b497353694198caa5b P c48ba20d79b040a09d34054032847273 [NON_LEADER]: Queue going to NON_LEADER mode. State: All replicated index: 0, Majority replicated index: 0, Committed index: 0, Last appended: 0.0, Last appended by leader: 0, Current term: 0, Majority size: -1, State: 0, Mode: NON_LEADER, active raft config: opid_index: -1 OBSOLETE_local: false peers { permanent_uuid: "c48ba20d79b040a09d34054032847273" member_type: VOTER last_known_addr { host: "127.5.145.130" port: 46273 } } peers { permanent_uuid: "0e052e4477f34745ad9b86b6c17a725c" member_type: VOTER last_known_addr { host: "127.5.145.131" port: 45003 } } peers { permanent_uuid: "40a8bdde80ff46d3aa850e7980c268fc" member_type: VOTER last_known_addr { host: "127.5.145.129" port: 35487 } }
I20260710 11:11:17.768514  6529 consensus_queue.cc:260] T 75635ca800f9487fa9fdbf783c37ec7c P 40a8bdde80ff46d3aa850e7980c268fc [NON_LEADER]: Queue going to NON_LEADER mode. State: All replicated index: 0, Majority replicated index: 0, Committed index: 0, Last appended: 0.0, Last appended by leader: 0, Current term: 0, Majority size: -1, State: 0, Mode: NON_LEADER, active raft config: opid_index: -1 OBSOLETE_local: false peers { permanent_uuid: "40a8bdde80ff46d3aa850e7980c268fc" member_type: VOTER last_known_addr { host: "127.5.145.129" port: 35487 } } peers { permanent_uuid: "c48ba20d79b040a09d34054032847273" member_type: VOTER last_known_addr { host: "127.5.145.130" port: 46273 } } peers { permanent_uuid: "0e052e4477f34745ad9b86b6c17a725c" member_type: VOTER last_known_addr { host: "127.5.145.131" port: 45003 } }
I20260710 11:11:17.769865  6530 ts_tablet_manager.cc:1434] T b377dd18424a43a1a50bbe9dc1951fd3 P 0e052e4477f34745ad9b86b6c17a725c: Time spent starting tablet: real 0.006s	user 0.007s	sys 0.001s
I20260710 11:11:17.770773  6530 tablet_bootstrap.cc:492] T 7ea4aa1959d04af598dfc9abf373f12f P 0e052e4477f34745ad9b86b6c17a725c: Bootstrap starting.
I20260710 11:11:17.774619  6529 ts_tablet_manager.cc:1434] T 75635ca800f9487fa9fdbf783c37ec7c P 40a8bdde80ff46d3aa850e7980c268fc: Time spent starting tablet: real 0.011s	user 0.005s	sys 0.000s
I20260710 11:11:17.774896  6533 ts_tablet_manager.cc:1434] T 52b68c1b94ee43b497353694198caa5b P c48ba20d79b040a09d34054032847273: Time spent starting tablet: real 0.013s	user 0.006s	sys 0.000s
I20260710 11:11:17.775568  6529 tablet_bootstrap.cc:492] T 7ea4aa1959d04af598dfc9abf373f12f P 40a8bdde80ff46d3aa850e7980c268fc: Bootstrap starting.
I20260710 11:11:17.775666  6533 tablet_bootstrap.cc:492] T b377dd18424a43a1a50bbe9dc1951fd3 P c48ba20d79b040a09d34054032847273: Bootstrap starting.
I20260710 11:11:17.776738  6530 tablet_bootstrap.cc:654] T 7ea4aa1959d04af598dfc9abf373f12f P 0e052e4477f34745ad9b86b6c17a725c: Neither blocks nor log segments found. Creating new log.
I20260710 11:11:17.779281  6532 raft_consensus.cc:493] T 151dbe103c7f4cee8ec1098bc0161a9d P 0e052e4477f34745ad9b86b6c17a725c [term 0 FOLLOWER]: Starting pre-election (no leader contacted us within the election timeout)
I20260710 11:11:17.779707  6532 raft_consensus.cc:515] T 151dbe103c7f4cee8ec1098bc0161a9d P 0e052e4477f34745ad9b86b6c17a725c [term 0 FOLLOWER]: Starting pre-election with config: opid_index: -1 OBSOLETE_local: false peers { permanent_uuid: "40a8bdde80ff46d3aa850e7980c268fc" member_type: VOTER last_known_addr { host: "127.5.145.129" port: 35487 } } peers { permanent_uuid: "c48ba20d79b040a09d34054032847273" member_type: VOTER last_known_addr { host: "127.5.145.130" port: 46273 } } peers { permanent_uuid: "0e052e4477f34745ad9b86b6c17a725c" member_type: VOTER last_known_addr { host: "127.5.145.131" port: 45003 } }
I20260710 11:11:17.788950  6529 tablet_bootstrap.cc:654] T 7ea4aa1959d04af598dfc9abf373f12f P 40a8bdde80ff46d3aa850e7980c268fc: Neither blocks nor log segments found. Creating new log.
I20260710 11:11:17.797533  6532 leader_election.cc:290] T 151dbe103c7f4cee8ec1098bc0161a9d P 0e052e4477f34745ad9b86b6c17a725c [CANDIDATE]: Term 1 pre-election: Requested pre-vote from peers 40a8bdde80ff46d3aa850e7980c268fc (127.5.145.129:35487), c48ba20d79b040a09d34054032847273 (127.5.145.130:46273)
I20260710 11:11:17.797900  6415 tablet_service.cc:1917] Received RequestConsensusVote() RPC: tablet_id: "151dbe103c7f4cee8ec1098bc0161a9d" candidate_uuid: "0e052e4477f34745ad9b86b6c17a725c" candidate_term: 1 candidate_status { last_received { term: 0 index: 0 } } ignore_live_leader: false dest_uuid: "c48ba20d79b040a09d34054032847273" is_pre_election: true
W20260710 11:11:17.799849  6453 leader_election.cc:343] T 151dbe103c7f4cee8ec1098bc0161a9d P 0e052e4477f34745ad9b86b6c17a725c [CANDIDATE]: Term 1 pre-election: Tablet error from VoteRequest() call to peer c48ba20d79b040a09d34054032847273 (127.5.145.130:46273): Illegal state: must be running to vote when last-logged opid is not known
I20260710 11:11:17.800566  6532 raft_consensus.cc:493] T b377dd18424a43a1a50bbe9dc1951fd3 P 0e052e4477f34745ad9b86b6c17a725c [term 0 FOLLOWER]: Starting pre-election (no leader contacted us within the election timeout)
I20260710 11:11:17.801105  6532 raft_consensus.cc:515] T b377dd18424a43a1a50bbe9dc1951fd3 P 0e052e4477f34745ad9b86b6c17a725c [term 0 FOLLOWER]: Starting pre-election with config: opid_index: -1 OBSOLETE_local: false peers { permanent_uuid: "40a8bdde80ff46d3aa850e7980c268fc" member_type: VOTER last_known_addr { host: "127.5.145.129" port: 35487 } } peers { permanent_uuid: "c48ba20d79b040a09d34054032847273" member_type: VOTER last_known_addr { host: "127.5.145.130" port: 46273 } } peers { permanent_uuid: "0e052e4477f34745ad9b86b6c17a725c" member_type: VOTER last_known_addr { host: "127.5.145.131" port: 45003 } }
I20260710 11:11:17.804378  6415 tablet_service.cc:1917] Received RequestConsensusVote() RPC: tablet_id: "b377dd18424a43a1a50bbe9dc1951fd3" candidate_uuid: "0e052e4477f34745ad9b86b6c17a725c" candidate_term: 1 candidate_status { last_received { term: 0 index: 0 } } ignore_live_leader: false dest_uuid: "c48ba20d79b040a09d34054032847273" is_pre_election: true
W20260710 11:11:17.805830  6453 leader_election.cc:343] T b377dd18424a43a1a50bbe9dc1951fd3 P 0e052e4477f34745ad9b86b6c17a725c [CANDIDATE]: Term 1 pre-election: Tablet error from VoteRequest() call to peer c48ba20d79b040a09d34054032847273 (127.5.145.130:46273): Illegal state: must be running to vote when last-logged opid is not known
I20260710 11:11:17.806560  6532 leader_election.cc:290] T b377dd18424a43a1a50bbe9dc1951fd3 P 0e052e4477f34745ad9b86b6c17a725c [CANDIDATE]: Term 1 pre-election: Requested pre-vote from peers 40a8bdde80ff46d3aa850e7980c268fc (127.5.145.129:35487), c48ba20d79b040a09d34054032847273 (127.5.145.130:46273)
I20260710 11:11:17.812542  6533 tablet_bootstrap.cc:654] T b377dd18424a43a1a50bbe9dc1951fd3 P c48ba20d79b040a09d34054032847273: Neither blocks nor log segments found. Creating new log.
I20260710 11:11:17.816195  6340 tablet_service.cc:1917] Received RequestConsensusVote() RPC: tablet_id: "151dbe103c7f4cee8ec1098bc0161a9d" candidate_uuid: "0e052e4477f34745ad9b86b6c17a725c" candidate_term: 1 candidate_status { last_received { term: 0 index: 0 } } ignore_live_leader: false dest_uuid: "40a8bdde80ff46d3aa850e7980c268fc" is_pre_election: true
I20260710 11:11:17.816920  6340 raft_consensus.cc:2468] T 151dbe103c7f4cee8ec1098bc0161a9d P 40a8bdde80ff46d3aa850e7980c268fc [term 0 FOLLOWER]: Leader pre-election vote request: Granting yes vote for candidate 0e052e4477f34745ad9b86b6c17a725c in term 0.
I20260710 11:11:17.818199  6339 tablet_service.cc:1917] Received RequestConsensusVote() RPC: tablet_id: "b377dd18424a43a1a50bbe9dc1951fd3" candidate_uuid: "0e052e4477f34745ad9b86b6c17a725c" candidate_term: 1 candidate_status { last_received { term: 0 index: 0 } } ignore_live_leader: false dest_uuid: "40a8bdde80ff46d3aa850e7980c268fc" is_pre_election: true
I20260710 11:11:17.819905  6454 leader_election.cc:304] T 151dbe103c7f4cee8ec1098bc0161a9d P 0e052e4477f34745ad9b86b6c17a725c [CANDIDATE]: Term 1 pre-election: Election decided. Result: candidate won. Election summary: received 3 responses out of 3 voters: 2 yes votes; 1 no votes. yes voters: 0e052e4477f34745ad9b86b6c17a725c, 40a8bdde80ff46d3aa850e7980c268fc; no voters: c48ba20d79b040a09d34054032847273
W20260710 11:11:17.821146  6454 leader_election.cc:343] T b377dd18424a43a1a50bbe9dc1951fd3 P 0e052e4477f34745ad9b86b6c17a725c [CANDIDATE]: Term 1 pre-election: Tablet error from VoteRequest() call to peer 40a8bdde80ff46d3aa850e7980c268fc (127.5.145.129:35487): Illegal state: must be running to vote when last-logged opid is not known
I20260710 11:11:17.821589  6454 leader_election.cc:304] T b377dd18424a43a1a50bbe9dc1951fd3 P 0e052e4477f34745ad9b86b6c17a725c [CANDIDATE]: Term 1 pre-election: Election decided. Result: candidate lost. Election summary: received 3 responses out of 3 voters: 1 yes votes; 2 no votes. yes voters: 0e052e4477f34745ad9b86b6c17a725c; no voters: 40a8bdde80ff46d3aa850e7980c268fc, c48ba20d79b040a09d34054032847273
I20260710 11:11:17.822629  6532 raft_consensus.cc:2804] T 151dbe103c7f4cee8ec1098bc0161a9d P 0e052e4477f34745ad9b86b6c17a725c [term 0 FOLLOWER]: Leader pre-election won for term 1
I20260710 11:11:17.822938  6532 raft_consensus.cc:493] T 151dbe103c7f4cee8ec1098bc0161a9d P 0e052e4477f34745ad9b86b6c17a725c [term 0 FOLLOWER]: Starting leader election (no leader contacted us within the election timeout)
I20260710 11:11:17.823418  6532 raft_consensus.cc:3060] T 151dbe103c7f4cee8ec1098bc0161a9d P 0e052e4477f34745ad9b86b6c17a725c [term 0 FOLLOWER]: Advancing to term 1
I20260710 11:11:17.823505  6529 tablet_bootstrap.cc:492] T 7ea4aa1959d04af598dfc9abf373f12f P 40a8bdde80ff46d3aa850e7980c268fc: No bootstrap required, opened a new log
I20260710 11:11:17.823894  6530 tablet_bootstrap.cc:492] T 7ea4aa1959d04af598dfc9abf373f12f P 0e052e4477f34745ad9b86b6c17a725c: No bootstrap required, opened a new log
I20260710 11:11:17.823949  6529 ts_tablet_manager.cc:1403] T 7ea4aa1959d04af598dfc9abf373f12f P 40a8bdde80ff46d3aa850e7980c268fc: Time spent bootstrapping tablet: real 0.049s	user 0.022s	sys 0.017s
I20260710 11:11:17.824509  6530 ts_tablet_manager.cc:1403] T 7ea4aa1959d04af598dfc9abf373f12f P 0e052e4477f34745ad9b86b6c17a725c: Time spent bootstrapping tablet: real 0.054s	user 0.025s	sys 0.024s
I20260710 11:11:17.826933  6529 raft_consensus.cc:359] T 7ea4aa1959d04af598dfc9abf373f12f P 40a8bdde80ff46d3aa850e7980c268fc [term 0 FOLLOWER]: Replica starting. Triggering 0 pending ops. Active config: opid_index: -1 OBSOLETE_local: false peers { permanent_uuid: "40a8bdde80ff46d3aa850e7980c268fc" member_type: VOTER last_known_addr { host: "127.5.145.129" port: 35487 } } peers { permanent_uuid: "c48ba20d79b040a09d34054032847273" member_type: VOTER last_known_addr { host: "127.5.145.130" port: 46273 } } peers { permanent_uuid: "0e052e4477f34745ad9b86b6c17a725c" member_type: VOTER last_known_addr { host: "127.5.145.131" port: 45003 } }
I20260710 11:11:17.827608  6529 raft_consensus.cc:385] T 7ea4aa1959d04af598dfc9abf373f12f P 40a8bdde80ff46d3aa850e7980c268fc [term 0 FOLLOWER]: Consensus starting up: Expiring failure detector timer to make a prompt election more likely
I20260710 11:11:17.827527  6530 raft_consensus.cc:359] T 7ea4aa1959d04af598dfc9abf373f12f P 0e052e4477f34745ad9b86b6c17a725c [term 0 FOLLOWER]: Replica starting. Triggering 0 pending ops. Active config: opid_index: -1 OBSOLETE_local: false peers { permanent_uuid: "40a8bdde80ff46d3aa850e7980c268fc" member_type: VOTER last_known_addr { host: "127.5.145.129" port: 35487 } } peers { permanent_uuid: "c48ba20d79b040a09d34054032847273" member_type: VOTER last_known_addr { host: "127.5.145.130" port: 46273 } } peers { permanent_uuid: "0e052e4477f34745ad9b86b6c17a725c" member_type: VOTER last_known_addr { host: "127.5.145.131" port: 45003 } }
I20260710 11:11:17.828007  6529 raft_consensus.cc:740] T 7ea4aa1959d04af598dfc9abf373f12f P 40a8bdde80ff46d3aa850e7980c268fc [term 0 FOLLOWER]: Becoming Follower/Learner. State: Replica: 40a8bdde80ff46d3aa850e7980c268fc, State: Initialized, Role: FOLLOWER
I20260710 11:11:17.828375  6530 raft_consensus.cc:385] T 7ea4aa1959d04af598dfc9abf373f12f P 0e052e4477f34745ad9b86b6c17a725c [term 0 FOLLOWER]: Consensus starting up: Expiring failure detector timer to make a prompt election more likely
I20260710 11:11:17.828699  6530 raft_consensus.cc:740] T 7ea4aa1959d04af598dfc9abf373f12f P 0e052e4477f34745ad9b86b6c17a725c [term 0 FOLLOWER]: Becoming Follower/Learner. State: Replica: 0e052e4477f34745ad9b86b6c17a725c, State: Initialized, Role: FOLLOWER
I20260710 11:11:17.828872  6529 consensus_queue.cc:260] T 7ea4aa1959d04af598dfc9abf373f12f P 40a8bdde80ff46d3aa850e7980c268fc [NON_LEADER]: Queue going to NON_LEADER mode. State: All replicated index: 0, Majority replicated index: 0, Committed index: 0, Last appended: 0.0, Last appended by leader: 0, Current term: 0, Majority size: -1, State: 0, Mode: NON_LEADER, active raft config: opid_index: -1 OBSOLETE_local: false peers { permanent_uuid: "40a8bdde80ff46d3aa850e7980c268fc" member_type: VOTER last_known_addr { host: "127.5.145.129" port: 35487 } } peers { permanent_uuid: "c48ba20d79b040a09d34054032847273" member_type: VOTER last_known_addr { host: "127.5.145.130" port: 46273 } } peers { permanent_uuid: "0e052e4477f34745ad9b86b6c17a725c" member_type: VOTER last_known_addr { host: "127.5.145.131" port: 45003 } }
I20260710 11:11:17.829674  6530 consensus_queue.cc:260] T 7ea4aa1959d04af598dfc9abf373f12f P 0e052e4477f34745ad9b86b6c17a725c [NON_LEADER]: Queue going to NON_LEADER mode. State: All replicated index: 0, Majority replicated index: 0, Committed index: 0, Last appended: 0.0, Last appended by leader: 0, Current term: 0, Majority size: -1, State: 0, Mode: NON_LEADER, active raft config: opid_index: -1 OBSOLETE_local: false peers { permanent_uuid: "40a8bdde80ff46d3aa850e7980c268fc" member_type: VOTER last_known_addr { host: "127.5.145.129" port: 35487 } } peers { permanent_uuid: "c48ba20d79b040a09d34054032847273" member_type: VOTER last_known_addr { host: "127.5.145.130" port: 46273 } } peers { permanent_uuid: "0e052e4477f34745ad9b86b6c17a725c" member_type: VOTER last_known_addr { host: "127.5.145.131" port: 45003 } }
I20260710 11:11:17.830930  6532 raft_consensus.cc:515] T 151dbe103c7f4cee8ec1098bc0161a9d P 0e052e4477f34745ad9b86b6c17a725c [term 1 FOLLOWER]: Starting leader election with config: opid_index: -1 OBSOLETE_local: false peers { permanent_uuid: "40a8bdde80ff46d3aa850e7980c268fc" member_type: VOTER last_known_addr { host: "127.5.145.129" port: 35487 } } peers { permanent_uuid: "c48ba20d79b040a09d34054032847273" member_type: VOTER last_known_addr { host: "127.5.145.130" port: 46273 } } peers { permanent_uuid: "0e052e4477f34745ad9b86b6c17a725c" member_type: VOTER last_known_addr { host: "127.5.145.131" port: 45003 } }
I20260710 11:11:17.836107  6532 leader_election.cc:290] T 151dbe103c7f4cee8ec1098bc0161a9d P 0e052e4477f34745ad9b86b6c17a725c [CANDIDATE]: Term 1 election: Requested vote from peers 40a8bdde80ff46d3aa850e7980c268fc (127.5.145.129:35487), c48ba20d79b040a09d34054032847273 (127.5.145.130:46273)
I20260710 11:11:17.836473  6415 tablet_service.cc:1917] Received RequestConsensusVote() RPC: tablet_id: "151dbe103c7f4cee8ec1098bc0161a9d" candidate_uuid: "0e052e4477f34745ad9b86b6c17a725c" candidate_term: 1 candidate_status { last_received { term: 0 index: 0 } } ignore_live_leader: false dest_uuid: "c48ba20d79b040a09d34054032847273"
I20260710 11:11:17.837150  6532 raft_consensus.cc:2749] T b377dd18424a43a1a50bbe9dc1951fd3 P 0e052e4477f34745ad9b86b6c17a725c [term 0 FOLLOWER]: Leader pre-election lost for term 1. Reason: could not achieve majority
I20260710 11:11:17.838083  6529 ts_tablet_manager.cc:1434] T 7ea4aa1959d04af598dfc9abf373f12f P 40a8bdde80ff46d3aa850e7980c268fc: Time spent starting tablet: real 0.014s	user 0.006s	sys 0.000s
W20260710 11:11:17.837932  6453 leader_election.cc:343] T 151dbe103c7f4cee8ec1098bc0161a9d P 0e052e4477f34745ad9b86b6c17a725c [CANDIDATE]: Term 1 election: Tablet error from VoteRequest() call to peer c48ba20d79b040a09d34054032847273 (127.5.145.130:46273): Illegal state: must be running to vote when last-logged opid is not known
I20260710 11:11:17.843940  6529 tablet_bootstrap.cc:492] T b377dd18424a43a1a50bbe9dc1951fd3 P 40a8bdde80ff46d3aa850e7980c268fc: Bootstrap starting.
I20260710 11:11:17.844671  6339 tablet_service.cc:1917] Received RequestConsensusVote() RPC: tablet_id: "151dbe103c7f4cee8ec1098bc0161a9d" candidate_uuid: "0e052e4477f34745ad9b86b6c17a725c" candidate_term: 1 candidate_status { last_received { term: 0 index: 0 } } ignore_live_leader: false dest_uuid: "40a8bdde80ff46d3aa850e7980c268fc"
I20260710 11:11:17.845197  6339 raft_consensus.cc:3060] T 151dbe103c7f4cee8ec1098bc0161a9d P 40a8bdde80ff46d3aa850e7980c268fc [term 0 FOLLOWER]: Advancing to term 1
I20260710 11:11:17.850580  6529 tablet_bootstrap.cc:654] T b377dd18424a43a1a50bbe9dc1951fd3 P 40a8bdde80ff46d3aa850e7980c268fc: Neither blocks nor log segments found. Creating new log.
I20260710 11:11:17.852864  6339 raft_consensus.cc:2468] T 151dbe103c7f4cee8ec1098bc0161a9d P 40a8bdde80ff46d3aa850e7980c268fc [term 1 FOLLOWER]: Leader election vote request: Granting yes vote for candidate 0e052e4477f34745ad9b86b6c17a725c in term 1.
I20260710 11:11:17.854355  6454 leader_election.cc:304] T 151dbe103c7f4cee8ec1098bc0161a9d P 0e052e4477f34745ad9b86b6c17a725c [CANDIDATE]: Term 1 election: Election decided. Result: candidate won. Election summary: received 3 responses out of 3 voters: 2 yes votes; 1 no votes. yes voters: 0e052e4477f34745ad9b86b6c17a725c, 40a8bdde80ff46d3aa850e7980c268fc; no voters: c48ba20d79b040a09d34054032847273
I20260710 11:11:17.855648  6552 raft_consensus.cc:2804] T 151dbe103c7f4cee8ec1098bc0161a9d P 0e052e4477f34745ad9b86b6c17a725c [term 1 FOLLOWER]: Leader election won for term 1
I20260710 11:11:17.856208  6552 raft_consensus.cc:697] T 151dbe103c7f4cee8ec1098bc0161a9d P 0e052e4477f34745ad9b86b6c17a725c [term 1 LEADER]: Becoming Leader. State: Replica: 0e052e4477f34745ad9b86b6c17a725c, State: Running, Role: LEADER
I20260710 11:11:17.857846  6552 consensus_queue.cc:237] T 151dbe103c7f4cee8ec1098bc0161a9d P 0e052e4477f34745ad9b86b6c17a725c [LEADER]: Queue going to LEADER mode. State: All replicated index: 0, Majority replicated index: 0, Committed index: 0, Last appended: 0.0, Last appended by leader: 0, Current term: 1, Majority size: 2, State: 0, Mode: LEADER, active raft config: opid_index: -1 OBSOLETE_local: false peers { permanent_uuid: "40a8bdde80ff46d3aa850e7980c268fc" member_type: VOTER last_known_addr { host: "127.5.145.129" port: 35487 } } peers { permanent_uuid: "c48ba20d79b040a09d34054032847273" member_type: VOTER last_known_addr { host: "127.5.145.130" port: 46273 } } peers { permanent_uuid: "0e052e4477f34745ad9b86b6c17a725c" member_type: VOTER last_known_addr { host: "127.5.145.131" port: 45003 } }
I20260710 11:11:17.862011  6529 tablet_bootstrap.cc:492] T b377dd18424a43a1a50bbe9dc1951fd3 P 40a8bdde80ff46d3aa850e7980c268fc: No bootstrap required, opened a new log
I20260710 11:11:17.862517  6529 ts_tablet_manager.cc:1403] T b377dd18424a43a1a50bbe9dc1951fd3 P 40a8bdde80ff46d3aa850e7980c268fc: Time spent bootstrapping tablet: real 0.019s	user 0.011s	sys 0.006s
I20260710 11:11:17.863770  6530 ts_tablet_manager.cc:1434] T 7ea4aa1959d04af598dfc9abf373f12f P 0e052e4477f34745ad9b86b6c17a725c: Time spent starting tablet: real 0.039s	user 0.023s	sys 0.018s
I20260710 11:11:17.864904  6530 tablet_bootstrap.cc:492] T 5109f733d3104187a0ca1dd2c6878c14 P 0e052e4477f34745ad9b86b6c17a725c: Bootstrap starting.
I20260710 11:11:17.866242  6529 raft_consensus.cc:359] T b377dd18424a43a1a50bbe9dc1951fd3 P 40a8bdde80ff46d3aa850e7980c268fc [term 0 FOLLOWER]: Replica starting. Triggering 0 pending ops. Active config: opid_index: -1 OBSOLETE_local: false peers { permanent_uuid: "40a8bdde80ff46d3aa850e7980c268fc" member_type: VOTER last_known_addr { host: "127.5.145.129" port: 35487 } } peers { permanent_uuid: "c48ba20d79b040a09d34054032847273" member_type: VOTER last_known_addr { host: "127.5.145.130" port: 46273 } } peers { permanent_uuid: "0e052e4477f34745ad9b86b6c17a725c" member_type: VOTER last_known_addr { host: "127.5.145.131" port: 45003 } }
I20260710 11:11:17.866952  6529 raft_consensus.cc:385] T b377dd18424a43a1a50bbe9dc1951fd3 P 40a8bdde80ff46d3aa850e7980c268fc [term 0 FOLLOWER]: Consensus starting up: Expiring failure detector timer to make a prompt election more likely
I20260710 11:11:17.867213  6529 raft_consensus.cc:740] T b377dd18424a43a1a50bbe9dc1951fd3 P 40a8bdde80ff46d3aa850e7980c268fc [term 0 FOLLOWER]: Becoming Follower/Learner. State: Replica: 40a8bdde80ff46d3aa850e7980c268fc, State: Initialized, Role: FOLLOWER
I20260710 11:11:17.867996  6529 consensus_queue.cc:260] T b377dd18424a43a1a50bbe9dc1951fd3 P 40a8bdde80ff46d3aa850e7980c268fc [NON_LEADER]: Queue going to NON_LEADER mode. State: All replicated index: 0, Majority replicated index: 0, Committed index: 0, Last appended: 0.0, Last appended by leader: 0, Current term: 0, Majority size: -1, State: 0, Mode: NON_LEADER, active raft config: opid_index: -1 OBSOLETE_local: false peers { permanent_uuid: "40a8bdde80ff46d3aa850e7980c268fc" member_type: VOTER last_known_addr { host: "127.5.145.129" port: 35487 } } peers { permanent_uuid: "c48ba20d79b040a09d34054032847273" member_type: VOTER last_known_addr { host: "127.5.145.130" port: 46273 } } peers { permanent_uuid: "0e052e4477f34745ad9b86b6c17a725c" member_type: VOTER last_known_addr { host: "127.5.145.131" port: 45003 } }
I20260710 11:11:17.871222  6530 tablet_bootstrap.cc:654] T 5109f733d3104187a0ca1dd2c6878c14 P 0e052e4477f34745ad9b86b6c17a725c: Neither blocks nor log segments found. Creating new log.
I20260710 11:11:17.871604  6533 tablet_bootstrap.cc:492] T b377dd18424a43a1a50bbe9dc1951fd3 P c48ba20d79b040a09d34054032847273: No bootstrap required, opened a new log
I20260710 11:11:17.872031  6533 ts_tablet_manager.cc:1403] T b377dd18424a43a1a50bbe9dc1951fd3 P c48ba20d79b040a09d34054032847273: Time spent bootstrapping tablet: real 0.097s	user 0.023s	sys 0.023s
I20260710 11:11:17.871183  6237 catalog_manager.cc:5697] T 151dbe103c7f4cee8ec1098bc0161a9d P 0e052e4477f34745ad9b86b6c17a725c reported cstate change: term changed from 0 to 1, leader changed from <none> to 0e052e4477f34745ad9b86b6c17a725c (127.5.145.131). New cstate: current_term: 1 leader_uuid: "0e052e4477f34745ad9b86b6c17a725c" committed_config { opid_index: -1 OBSOLETE_local: false peers { permanent_uuid: "40a8bdde80ff46d3aa850e7980c268fc" member_type: VOTER last_known_addr { host: "127.5.145.129" port: 35487 } health_report { overall_health: UNKNOWN } } peers { permanent_uuid: "c48ba20d79b040a09d34054032847273" member_type: VOTER last_known_addr { host: "127.5.145.130" port: 46273 } health_report { overall_health: UNKNOWN } } peers { permanent_uuid: "0e052e4477f34745ad9b86b6c17a725c" member_type: VOTER last_known_addr { host: "127.5.145.131" port: 45003 } health_report { overall_health: HEALTHY } } }
I20260710 11:11:17.874979  6533 raft_consensus.cc:359] T b377dd18424a43a1a50bbe9dc1951fd3 P c48ba20d79b040a09d34054032847273 [term 0 FOLLOWER]: Replica starting. Triggering 0 pending ops. Active config: opid_index: -1 OBSOLETE_local: false peers { permanent_uuid: "40a8bdde80ff46d3aa850e7980c268fc" member_type: VOTER last_known_addr { host: "127.5.145.129" port: 35487 } } peers { permanent_uuid: "c48ba20d79b040a09d34054032847273" member_type: VOTER last_known_addr { host: "127.5.145.130" port: 46273 } } peers { permanent_uuid: "0e052e4477f34745ad9b86b6c17a725c" member_type: VOTER last_known_addr { host: "127.5.145.131" port: 45003 } }
I20260710 11:11:17.875794  6533 raft_consensus.cc:385] T b377dd18424a43a1a50bbe9dc1951fd3 P c48ba20d79b040a09d34054032847273 [term 0 FOLLOWER]: Consensus starting up: Expiring failure detector timer to make a prompt election more likely
I20260710 11:11:17.876092  6533 raft_consensus.cc:740] T b377dd18424a43a1a50bbe9dc1951fd3 P c48ba20d79b040a09d34054032847273 [term 0 FOLLOWER]: Becoming Follower/Learner. State: Replica: c48ba20d79b040a09d34054032847273, State: Initialized, Role: FOLLOWER
I20260710 11:11:17.876531  6529 ts_tablet_manager.cc:1434] T b377dd18424a43a1a50bbe9dc1951fd3 P 40a8bdde80ff46d3aa850e7980c268fc: Time spent starting tablet: real 0.014s	user 0.006s	sys 0.000s
I20260710 11:11:17.876789  6533 consensus_queue.cc:260] T b377dd18424a43a1a50bbe9dc1951fd3 P c48ba20d79b040a09d34054032847273 [NON_LEADER]: Queue going to NON_LEADER mode. State: All replicated index: 0, Majority replicated index: 0, Committed index: 0, Last appended: 0.0, Last appended by leader: 0, Current term: 0, Majority size: -1, State: 0, Mode: NON_LEADER, active raft config: opid_index: -1 OBSOLETE_local: false peers { permanent_uuid: "40a8bdde80ff46d3aa850e7980c268fc" member_type: VOTER last_known_addr { host: "127.5.145.129" port: 35487 } } peers { permanent_uuid: "c48ba20d79b040a09d34054032847273" member_type: VOTER last_known_addr { host: "127.5.145.130" port: 46273 } } peers { permanent_uuid: "0e052e4477f34745ad9b86b6c17a725c" member_type: VOTER last_known_addr { host: "127.5.145.131" port: 45003 } }
I20260710 11:11:17.879006  6533 ts_tablet_manager.cc:1434] T b377dd18424a43a1a50bbe9dc1951fd3 P c48ba20d79b040a09d34054032847273: Time spent starting tablet: real 0.007s	user 0.003s	sys 0.004s
I20260710 11:11:17.880057  6533 tablet_bootstrap.cc:492] T edb11582bcbd49ccbce71f481aec4052 P c48ba20d79b040a09d34054032847273: Bootstrap starting.
I20260710 11:11:17.882634  6530 tablet_bootstrap.cc:492] T 5109f733d3104187a0ca1dd2c6878c14 P 0e052e4477f34745ad9b86b6c17a725c: No bootstrap required, opened a new log
I20260710 11:11:17.883086  6530 ts_tablet_manager.cc:1403] T 5109f733d3104187a0ca1dd2c6878c14 P 0e052e4477f34745ad9b86b6c17a725c: Time spent bootstrapping tablet: real 0.018s	user 0.008s	sys 0.008s
I20260710 11:11:17.885522  6529 tablet_bootstrap.cc:492] T 5109f733d3104187a0ca1dd2c6878c14 P 40a8bdde80ff46d3aa850e7980c268fc: Bootstrap starting.
I20260710 11:11:17.885962  6533 tablet_bootstrap.cc:654] T edb11582bcbd49ccbce71f481aec4052 P c48ba20d79b040a09d34054032847273: Neither blocks nor log segments found. Creating new log.
I20260710 11:11:17.885879  6530 raft_consensus.cc:359] T 5109f733d3104187a0ca1dd2c6878c14 P 0e052e4477f34745ad9b86b6c17a725c [term 0 FOLLOWER]: Replica starting. Triggering 0 pending ops. Active config: opid_index: -1 OBSOLETE_local: false peers { permanent_uuid: "40a8bdde80ff46d3aa850e7980c268fc" member_type: VOTER last_known_addr { host: "127.5.145.129" port: 35487 } } peers { permanent_uuid: "c48ba20d79b040a09d34054032847273" member_type: VOTER last_known_addr { host: "127.5.145.130" port: 46273 } } peers { permanent_uuid: "0e052e4477f34745ad9b86b6c17a725c" member_type: VOTER last_known_addr { host: "127.5.145.131" port: 45003 } }
I20260710 11:11:17.886600  6530 raft_consensus.cc:385] T 5109f733d3104187a0ca1dd2c6878c14 P 0e052e4477f34745ad9b86b6c17a725c [term 0 FOLLOWER]: Consensus starting up: Expiring failure detector timer to make a prompt election more likely
I20260710 11:11:17.886895  6530 raft_consensus.cc:740] T 5109f733d3104187a0ca1dd2c6878c14 P 0e052e4477f34745ad9b86b6c17a725c [term 0 FOLLOWER]: Becoming Follower/Learner. State: Replica: 0e052e4477f34745ad9b86b6c17a725c, State: Initialized, Role: FOLLOWER
I20260710 11:11:17.887795  6530 consensus_queue.cc:260] T 5109f733d3104187a0ca1dd2c6878c14 P 0e052e4477f34745ad9b86b6c17a725c [NON_LEADER]: Queue going to NON_LEADER mode. State: All replicated index: 0, Majority replicated index: 0, Committed index: 0, Last appended: 0.0, Last appended by leader: 0, Current term: 0, Majority size: -1, State: 0, Mode: NON_LEADER, active raft config: opid_index: -1 OBSOLETE_local: false peers { permanent_uuid: "40a8bdde80ff46d3aa850e7980c268fc" member_type: VOTER last_known_addr { host: "127.5.145.129" port: 35487 } } peers { permanent_uuid: "c48ba20d79b040a09d34054032847273" member_type: VOTER last_known_addr { host: "127.5.145.130" port: 46273 } } peers { permanent_uuid: "0e052e4477f34745ad9b86b6c17a725c" member_type: VOTER last_known_addr { host: "127.5.145.131" port: 45003 } }
I20260710 11:11:17.889367  6539 raft_consensus.cc:493] T 37296633c85f46a790380c8dbe6e87f1 P c48ba20d79b040a09d34054032847273 [term 0 FOLLOWER]: Starting pre-election (no leader contacted us within the election timeout)
I20260710 11:11:17.889854  6539 raft_consensus.cc:515] T 37296633c85f46a790380c8dbe6e87f1 P c48ba20d79b040a09d34054032847273 [term 0 FOLLOWER]: Starting pre-election with config: opid_index: -1 OBSOLETE_local: false peers { permanent_uuid: "40a8bdde80ff46d3aa850e7980c268fc" member_type: VOTER last_known_addr { host: "127.5.145.129" port: 35487 } } peers { permanent_uuid: "c48ba20d79b040a09d34054032847273" member_type: VOTER last_known_addr { host: "127.5.145.130" port: 46273 } } peers { permanent_uuid: "0e052e4477f34745ad9b86b6c17a725c" member_type: VOTER last_known_addr { host: "127.5.145.131" port: 45003 } }
I20260710 11:11:17.890394  6530 ts_tablet_manager.cc:1434] T 5109f733d3104187a0ca1dd2c6878c14 P 0e052e4477f34745ad9b86b6c17a725c: Time spent starting tablet: real 0.007s	user 0.008s	sys 0.000s
I20260710 11:11:17.892004  6529 tablet_bootstrap.cc:654] T 5109f733d3104187a0ca1dd2c6878c14 P 40a8bdde80ff46d3aa850e7980c268fc: Neither blocks nor log segments found. Creating new log.
I20260710 11:11:17.896358  6530 tablet_bootstrap.cc:492] T edb11582bcbd49ccbce71f481aec4052 P 0e052e4477f34745ad9b86b6c17a725c: Bootstrap starting.
I20260710 11:11:17.901213  6553 raft_consensus.cc:493] T 37296633c85f46a790380c8dbe6e87f1 P 0e052e4477f34745ad9b86b6c17a725c [term 0 FOLLOWER]: Starting pre-election (no leader contacted us within the election timeout)
I20260710 11:11:17.901726  6553 raft_consensus.cc:515] T 37296633c85f46a790380c8dbe6e87f1 P 0e052e4477f34745ad9b86b6c17a725c [term 0 FOLLOWER]: Starting pre-election with config: opid_index: -1 OBSOLETE_local: false peers { permanent_uuid: "40a8bdde80ff46d3aa850e7980c268fc" member_type: VOTER last_known_addr { host: "127.5.145.129" port: 35487 } } peers { permanent_uuid: "c48ba20d79b040a09d34054032847273" member_type: VOTER last_known_addr { host: "127.5.145.130" port: 46273 } } peers { permanent_uuid: "0e052e4477f34745ad9b86b6c17a725c" member_type: VOTER last_known_addr { host: "127.5.145.131" port: 45003 } }
I20260710 11:11:17.902103  6539 leader_election.cc:290] T 37296633c85f46a790380c8dbe6e87f1 P c48ba20d79b040a09d34054032847273 [CANDIDATE]: Term 1 pre-election: Requested pre-vote from peers 40a8bdde80ff46d3aa850e7980c268fc (127.5.145.129:35487), 0e052e4477f34745ad9b86b6c17a725c (127.5.145.131:45003)
I20260710 11:11:17.902612  6529 tablet_bootstrap.cc:492] T 5109f733d3104187a0ca1dd2c6878c14 P 40a8bdde80ff46d3aa850e7980c268fc: No bootstrap required, opened a new log
I20260710 11:11:17.903031  6529 ts_tablet_manager.cc:1403] T 5109f733d3104187a0ca1dd2c6878c14 P 40a8bdde80ff46d3aa850e7980c268fc: Time spent bootstrapping tablet: real 0.018s	user 0.015s	sys 0.000s
I20260710 11:11:17.903923  6553 leader_election.cc:290] T 37296633c85f46a790380c8dbe6e87f1 P 0e052e4477f34745ad9b86b6c17a725c [CANDIDATE]: Term 1 pre-election: Requested pre-vote from peers 40a8bdde80ff46d3aa850e7980c268fc (127.5.145.129:35487), c48ba20d79b040a09d34054032847273 (127.5.145.130:46273)
I20260710 11:11:17.904577  6339 tablet_service.cc:1917] Received RequestConsensusVote() RPC: tablet_id: "37296633c85f46a790380c8dbe6e87f1" candidate_uuid: "0e052e4477f34745ad9b86b6c17a725c" candidate_term: 1 candidate_status { last_received { term: 0 index: 0 } } ignore_live_leader: false dest_uuid: "40a8bdde80ff46d3aa850e7980c268fc" is_pre_election: true
I20260710 11:11:17.905154  6339 raft_consensus.cc:2468] T 37296633c85f46a790380c8dbe6e87f1 P 40a8bdde80ff46d3aa850e7980c268fc [term 0 FOLLOWER]: Leader pre-election vote request: Granting yes vote for candidate 0e052e4477f34745ad9b86b6c17a725c in term 0.
I20260710 11:11:17.905442  6529 raft_consensus.cc:359] T 5109f733d3104187a0ca1dd2c6878c14 P 40a8bdde80ff46d3aa850e7980c268fc [term 0 FOLLOWER]: Replica starting. Triggering 0 pending ops. Active config: opid_index: -1 OBSOLETE_local: false peers { permanent_uuid: "40a8bdde80ff46d3aa850e7980c268fc" member_type: VOTER last_known_addr { host: "127.5.145.129" port: 35487 } } peers { permanent_uuid: "c48ba20d79b040a09d34054032847273" member_type: VOTER last_known_addr { host: "127.5.145.130" port: 46273 } } peers { permanent_uuid: "0e052e4477f34745ad9b86b6c17a725c" member_type: VOTER last_known_addr { host: "127.5.145.131" port: 45003 } }
I20260710 11:11:17.905576  6415 tablet_service.cc:1917] Received RequestConsensusVote() RPC: tablet_id: "37296633c85f46a790380c8dbe6e87f1" candidate_uuid: "0e052e4477f34745ad9b86b6c17a725c" candidate_term: 1 candidate_status { last_received { term: 0 index: 0 } } ignore_live_leader: false dest_uuid: "c48ba20d79b040a09d34054032847273" is_pre_election: true
I20260710 11:11:17.906071  6529 raft_consensus.cc:385] T 5109f733d3104187a0ca1dd2c6878c14 P 40a8bdde80ff46d3aa850e7980c268fc [term 0 FOLLOWER]: Consensus starting up: Expiring failure detector timer to make a prompt election more likely
I20260710 11:11:17.906292  6415 raft_consensus.cc:2468] T 37296633c85f46a790380c8dbe6e87f1 P c48ba20d79b040a09d34054032847273 [term 0 FOLLOWER]: Leader pre-election vote request: Granting yes vote for candidate 0e052e4477f34745ad9b86b6c17a725c in term 0.
I20260710 11:11:17.906358  6454 leader_election.cc:304] T 37296633c85f46a790380c8dbe6e87f1 P 0e052e4477f34745ad9b86b6c17a725c [CANDIDATE]: Term 1 pre-election: Election decided. Result: candidate won. Election summary: received 2 responses out of 3 voters: 2 yes votes; 0 no votes. yes voters: 0e052e4477f34745ad9b86b6c17a725c, 40a8bdde80ff46d3aa850e7980c268fc; no voters: 
I20260710 11:11:17.907264  6553 raft_consensus.cc:2804] T 37296633c85f46a790380c8dbe6e87f1 P 0e052e4477f34745ad9b86b6c17a725c [term 0 FOLLOWER]: Leader pre-election won for term 1
I20260710 11:11:17.907610  6553 raft_consensus.cc:493] T 37296633c85f46a790380c8dbe6e87f1 P 0e052e4477f34745ad9b86b6c17a725c [term 0 FOLLOWER]: Starting leader election (no leader contacted us within the election timeout)
I20260710 11:11:17.907945  6553 raft_consensus.cc:3060] T 37296633c85f46a790380c8dbe6e87f1 P 0e052e4477f34745ad9b86b6c17a725c [term 0 FOLLOWER]: Advancing to term 1
I20260710 11:11:17.910290  6530 tablet_bootstrap.cc:654] T edb11582bcbd49ccbce71f481aec4052 P 0e052e4477f34745ad9b86b6c17a725c: Neither blocks nor log segments found. Creating new log.
I20260710 11:11:17.914520  6553 raft_consensus.cc:515] T 37296633c85f46a790380c8dbe6e87f1 P 0e052e4477f34745ad9b86b6c17a725c [term 1 FOLLOWER]: Starting leader election with config: opid_index: -1 OBSOLETE_local: false peers { permanent_uuid: "40a8bdde80ff46d3aa850e7980c268fc" member_type: VOTER last_known_addr { host: "127.5.145.129" port: 35487 } } peers { permanent_uuid: "c48ba20d79b040a09d34054032847273" member_type: VOTER last_known_addr { host: "127.5.145.130" port: 46273 } } peers { permanent_uuid: "0e052e4477f34745ad9b86b6c17a725c" member_type: VOTER last_known_addr { host: "127.5.145.131" port: 45003 } }
I20260710 11:11:17.915426  6533 tablet_bootstrap.cc:492] T edb11582bcbd49ccbce71f481aec4052 P c48ba20d79b040a09d34054032847273: No bootstrap required, opened a new log
I20260710 11:11:17.915853  6533 ts_tablet_manager.cc:1403] T edb11582bcbd49ccbce71f481aec4052 P c48ba20d79b040a09d34054032847273: Time spent bootstrapping tablet: real 0.036s	user 0.011s	sys 0.023s
I20260710 11:11:17.916167  6530 tablet_bootstrap.cc:492] T edb11582bcbd49ccbce71f481aec4052 P 0e052e4477f34745ad9b86b6c17a725c: No bootstrap required, opened a new log
I20260710 11:11:17.916574  6530 ts_tablet_manager.cc:1403] T edb11582bcbd49ccbce71f481aec4052 P 0e052e4477f34745ad9b86b6c17a725c: Time spent bootstrapping tablet: real 0.020s	user 0.010s	sys 0.000s
I20260710 11:11:17.906349  6529 raft_consensus.cc:740] T 5109f733d3104187a0ca1dd2c6878c14 P 40a8bdde80ff46d3aa850e7980c268fc [term 0 FOLLOWER]: Becoming Follower/Learner. State: Replica: 40a8bdde80ff46d3aa850e7980c268fc, State: Initialized, Role: FOLLOWER
I20260710 11:11:17.917088  6339 tablet_service.cc:1917] Received RequestConsensusVote() RPC: tablet_id: "37296633c85f46a790380c8dbe6e87f1" candidate_uuid: "0e052e4477f34745ad9b86b6c17a725c" candidate_term: 1 candidate_status { last_received { term: 0 index: 0 } } ignore_live_leader: false dest_uuid: "40a8bdde80ff46d3aa850e7980c268fc"
I20260710 11:11:17.917582  6339 raft_consensus.cc:3060] T 37296633c85f46a790380c8dbe6e87f1 P 40a8bdde80ff46d3aa850e7980c268fc [term 0 FOLLOWER]: Advancing to term 1
I20260710 11:11:17.917613  6529 consensus_queue.cc:260] T 5109f733d3104187a0ca1dd2c6878c14 P 40a8bdde80ff46d3aa850e7980c268fc [NON_LEADER]: Queue going to NON_LEADER mode. State: All replicated index: 0, Majority replicated index: 0, Committed index: 0, Last appended: 0.0, Last appended by leader: 0, Current term: 0, Majority size: -1, State: 0, Mode: NON_LEADER, active raft config: opid_index: -1 OBSOLETE_local: false peers { permanent_uuid: "40a8bdde80ff46d3aa850e7980c268fc" member_type: VOTER last_known_addr { host: "127.5.145.129" port: 35487 } } peers { permanent_uuid: "c48ba20d79b040a09d34054032847273" member_type: VOTER last_known_addr { host: "127.5.145.130" port: 46273 } } peers { permanent_uuid: "0e052e4477f34745ad9b86b6c17a725c" member_type: VOTER last_known_addr { host: "127.5.145.131" port: 45003 } }
I20260710 11:11:17.918658  6533 raft_consensus.cc:359] T edb11582bcbd49ccbce71f481aec4052 P c48ba20d79b040a09d34054032847273 [term 0 FOLLOWER]: Replica starting. Triggering 0 pending ops. Active config: opid_index: -1 OBSOLETE_local: false peers { permanent_uuid: "40a8bdde80ff46d3aa850e7980c268fc" member_type: VOTER last_known_addr { host: "127.5.145.129" port: 35487 } } peers { permanent_uuid: "c48ba20d79b040a09d34054032847273" member_type: VOTER last_known_addr { host: "127.5.145.130" port: 46273 } } peers { permanent_uuid: "0e052e4477f34745ad9b86b6c17a725c" member_type: VOTER last_known_addr { host: "127.5.145.131" port: 45003 } }
I20260710 11:11:17.918802  6530 raft_consensus.cc:359] T edb11582bcbd49ccbce71f481aec4052 P 0e052e4477f34745ad9b86b6c17a725c [term 0 FOLLOWER]: Replica starting. Triggering 0 pending ops. Active config: opid_index: -1 OBSOLETE_local: false peers { permanent_uuid: "40a8bdde80ff46d3aa850e7980c268fc" member_type: VOTER last_known_addr { host: "127.5.145.129" port: 35487 } } peers { permanent_uuid: "c48ba20d79b040a09d34054032847273" member_type: VOTER last_known_addr { host: "127.5.145.130" port: 46273 } } peers { permanent_uuid: "0e052e4477f34745ad9b86b6c17a725c" member_type: VOTER last_known_addr { host: "127.5.145.131" port: 45003 } }
I20260710 11:11:17.919364  6533 raft_consensus.cc:385] T edb11582bcbd49ccbce71f481aec4052 P c48ba20d79b040a09d34054032847273 [term 0 FOLLOWER]: Consensus starting up: Expiring failure detector timer to make a prompt election more likely
I20260710 11:11:17.919430  6530 raft_consensus.cc:385] T edb11582bcbd49ccbce71f481aec4052 P 0e052e4477f34745ad9b86b6c17a725c [term 0 FOLLOWER]: Consensus starting up: Expiring failure detector timer to make a prompt election more likely
I20260710 11:11:17.919711  6533 raft_consensus.cc:740] T edb11582bcbd49ccbce71f481aec4052 P c48ba20d79b040a09d34054032847273 [term 0 FOLLOWER]: Becoming Follower/Learner. State: Replica: c48ba20d79b040a09d34054032847273, State: Initialized, Role: FOLLOWER
I20260710 11:11:17.919742  6530 raft_consensus.cc:740] T edb11582bcbd49ccbce71f481aec4052 P 0e052e4477f34745ad9b86b6c17a725c [term 0 FOLLOWER]: Becoming Follower/Learner. State: Replica: 0e052e4477f34745ad9b86b6c17a725c, State: Initialized, Role: FOLLOWER
I20260710 11:11:17.920460  6533 consensus_queue.cc:260] T edb11582bcbd49ccbce71f481aec4052 P c48ba20d79b040a09d34054032847273 [NON_LEADER]: Queue going to NON_LEADER mode. State: All replicated index: 0, Majority replicated index: 0, Committed index: 0, Last appended: 0.0, Last appended by leader: 0, Current term: 0, Majority size: -1, State: 0, Mode: NON_LEADER, active raft config: opid_index: -1 OBSOLETE_local: false peers { permanent_uuid: "40a8bdde80ff46d3aa850e7980c268fc" member_type: VOTER last_known_addr { host: "127.5.145.129" port: 35487 } } peers { permanent_uuid: "c48ba20d79b040a09d34054032847273" member_type: VOTER last_known_addr { host: "127.5.145.130" port: 46273 } } peers { permanent_uuid: "0e052e4477f34745ad9b86b6c17a725c" member_type: VOTER last_known_addr { host: "127.5.145.131" port: 45003 } }
I20260710 11:11:17.920683  6530 consensus_queue.cc:260] T edb11582bcbd49ccbce71f481aec4052 P 0e052e4477f34745ad9b86b6c17a725c [NON_LEADER]: Queue going to NON_LEADER mode. State: All replicated index: 0, Majority replicated index: 0, Committed index: 0, Last appended: 0.0, Last appended by leader: 0, Current term: 0, Majority size: -1, State: 0, Mode: NON_LEADER, active raft config: opid_index: -1 OBSOLETE_local: false peers { permanent_uuid: "40a8bdde80ff46d3aa850e7980c268fc" member_type: VOTER last_known_addr { host: "127.5.145.129" port: 35487 } } peers { permanent_uuid: "c48ba20d79b040a09d34054032847273" member_type: VOTER last_known_addr { host: "127.5.145.130" port: 46273 } } peers { permanent_uuid: "0e052e4477f34745ad9b86b6c17a725c" member_type: VOTER last_known_addr { host: "127.5.145.131" port: 45003 } }
I20260710 11:11:17.922461  6553 leader_election.cc:290] T 37296633c85f46a790380c8dbe6e87f1 P 0e052e4477f34745ad9b86b6c17a725c [CANDIDATE]: Term 1 election: Requested vote from peers 40a8bdde80ff46d3aa850e7980c268fc (127.5.145.129:35487), c48ba20d79b040a09d34054032847273 (127.5.145.130:46273)
I20260710 11:11:17.922941  6529 ts_tablet_manager.cc:1434] T 5109f733d3104187a0ca1dd2c6878c14 P 40a8bdde80ff46d3aa850e7980c268fc: Time spent starting tablet: real 0.020s	user 0.008s	sys 0.000s
I20260710 11:11:17.922984  6415 tablet_service.cc:1917] Received RequestConsensusVote() RPC: tablet_id: "37296633c85f46a790380c8dbe6e87f1" candidate_uuid: "0e052e4477f34745ad9b86b6c17a725c" candidate_term: 1 candidate_status { last_received { term: 0 index: 0 } } ignore_live_leader: false dest_uuid: "c48ba20d79b040a09d34054032847273"
I20260710 11:11:17.923604  6415 raft_consensus.cc:3060] T 37296633c85f46a790380c8dbe6e87f1 P c48ba20d79b040a09d34054032847273 [term 0 FOLLOWER]: Advancing to term 1
I20260710 11:11:17.923827  6529 tablet_bootstrap.cc:492] T edb11582bcbd49ccbce71f481aec4052 P 40a8bdde80ff46d3aa850e7980c268fc: Bootstrap starting.
I20260710 11:11:17.924598  6533 ts_tablet_manager.cc:1434] T edb11582bcbd49ccbce71f481aec4052 P c48ba20d79b040a09d34054032847273: Time spent starting tablet: real 0.008s	user 0.006s	sys 0.001s
I20260710 11:11:17.925527  6533 tablet_bootstrap.cc:492] T 5109f733d3104187a0ca1dd2c6878c14 P c48ba20d79b040a09d34054032847273: Bootstrap starting.
I20260710 11:11:17.929425  6529 tablet_bootstrap.cc:654] T edb11582bcbd49ccbce71f481aec4052 P 40a8bdde80ff46d3aa850e7980c268fc: Neither blocks nor log segments found. Creating new log.
I20260710 11:11:17.930016  6415 raft_consensus.cc:2468] T 37296633c85f46a790380c8dbe6e87f1 P c48ba20d79b040a09d34054032847273 [term 1 FOLLOWER]: Leader election vote request: Granting yes vote for candidate 0e052e4477f34745ad9b86b6c17a725c in term 1.
I20260710 11:11:17.932186  6533 tablet_bootstrap.cc:654] T 5109f733d3104187a0ca1dd2c6878c14 P c48ba20d79b040a09d34054032847273: Neither blocks nor log segments found. Creating new log.
I20260710 11:11:17.933708  6453 leader_election.cc:304] T 37296633c85f46a790380c8dbe6e87f1 P 0e052e4477f34745ad9b86b6c17a725c [CANDIDATE]: Term 1 election: Election decided. Result: candidate won. Election summary: received 2 responses out of 3 voters: 2 yes votes; 0 no votes. yes voters: 0e052e4477f34745ad9b86b6c17a725c, c48ba20d79b040a09d34054032847273; no voters: 
I20260710 11:11:17.935032  6553 raft_consensus.cc:2804] T 37296633c85f46a790380c8dbe6e87f1 P 0e052e4477f34745ad9b86b6c17a725c [term 1 FOLLOWER]: Leader election won for term 1
I20260710 11:11:17.935468  6553 raft_consensus.cc:697] T 37296633c85f46a790380c8dbe6e87f1 P 0e052e4477f34745ad9b86b6c17a725c [term 1 LEADER]: Becoming Leader. State: Replica: 0e052e4477f34745ad9b86b6c17a725c, State: Running, Role: LEADER
I20260710 11:11:17.935981  6530 ts_tablet_manager.cc:1434] T edb11582bcbd49ccbce71f481aec4052 P 0e052e4477f34745ad9b86b6c17a725c: Time spent starting tablet: real 0.019s	user 0.006s	sys 0.001s
