I20260710 11:11:11.535059 18198 consensus_queue.cc:260] T 3b077848ba6743358b20bab7c4c82236 P 08a57bb5044642669ec8d88395fdaca6 [NON_LEADER]: Queue going to NON_LEADER mode. State: All replicated index: 0, Majority replicated index: 2, Committed index: 2, Last appended: 2.2, Last appended by leader: 2, Current term: 2, Majority size: -1, State: 0, Mode: NON_LEADER, active raft config: opid_index: -1 OBSOLETE_local: false peers { permanent_uuid: "12fa3df387784f19a6e2be3a44cb1dcf" member_type: VOTER last_known_addr { host: "127.17.126.193" port: 41475 } } peers { permanent_uuid: "6f3fdbdf6b03486288a967d1c998da88" member_type: VOTER last_known_addr { host: "127.17.126.194" port: 39923 } } peers { permanent_uuid: "08a57bb5044642669ec8d88395fdaca6" member_type: VOTER last_known_addr { host: "127.17.126.195" port: 45713 } }
I20260710 11:11:11.535919 18198 raft_consensus.cc:3060] T 3b077848ba6743358b20bab7c4c82236 P 08a57bb5044642669ec8d88395fdaca6 [term 2 FOLLOWER]: Advancing to term 3
I20260710 11:11:11.538348 18050 raft_consensus.cc:2468] T 3b077848ba6743358b20bab7c4c82236 P 12fa3df387784f19a6e2be3a44cb1dcf [term 3 FOLLOWER]: Leader election vote request: Granting yes vote for candidate 6f3fdbdf6b03486288a967d1c998da88 in term 3.
I20260710 11:11:11.539163 18089 leader_election.cc:304] T 3b077848ba6743358b20bab7c4c82236 P 6f3fdbdf6b03486288a967d1c998da88 [CANDIDATE]: Term 3 election: Election decided. Result: candidate won. Election summary: received 2 responses out of 3 voters: 2 yes votes; 0 no votes. yes voters: 12fa3df387784f19a6e2be3a44cb1dcf, 6f3fdbdf6b03486288a967d1c998da88; no voters: 
I20260710 11:11:11.539780 18349 raft_consensus.cc:2804] T 3b077848ba6743358b20bab7c4c82236 P 6f3fdbdf6b03486288a967d1c998da88 [term 3 FOLLOWER]: Leader election won for term 3
I20260710 11:11:11.540127 18349 raft_consensus.cc:697] T 3b077848ba6743358b20bab7c4c82236 P 6f3fdbdf6b03486288a967d1c998da88 [term 3 LEADER]: Becoming Leader. State: Replica: 6f3fdbdf6b03486288a967d1c998da88, State: Running, Role: LEADER
I20260710 11:11:11.540259 18198 raft_consensus.cc:2468] T 3b077848ba6743358b20bab7c4c82236 P 08a57bb5044642669ec8d88395fdaca6 [term 3 FOLLOWER]: Leader election vote request: Granting yes vote for candidate 6f3fdbdf6b03486288a967d1c998da88 in term 3.
I20260710 11:11:11.540796 18349 consensus_queue.cc:237] T 3b077848ba6743358b20bab7c4c82236 P 6f3fdbdf6b03486288a967d1c998da88 [LEADER]: Queue going to LEADER mode. State: All replicated index: 0, Majority replicated index: 2, Committed index: 2, Last appended: 2.2, Last appended by leader: 2, Current term: 3, Majority size: 2, State: 0, Mode: LEADER, active raft config: opid_index: -1 OBSOLETE_local: false peers { permanent_uuid: "12fa3df387784f19a6e2be3a44cb1dcf" member_type: VOTER last_known_addr { host: "127.17.126.193" port: 41475 } } peers { permanent_uuid: "6f3fdbdf6b03486288a967d1c998da88" member_type: VOTER last_known_addr { host: "127.17.126.194" port: 39923 } } peers { permanent_uuid: "08a57bb5044642669ec8d88395fdaca6" member_type: VOTER last_known_addr { host: "127.17.126.195" port: 45713 } }
I20260710 11:11:11.545765 17945 catalog_manager.cc:5697] T 3b077848ba6743358b20bab7c4c82236 P 6f3fdbdf6b03486288a967d1c998da88 reported cstate change: term changed from 2 to 3, leader changed from 08a57bb5044642669ec8d88395fdaca6 (127.17.126.195) to 6f3fdbdf6b03486288a967d1c998da88 (127.17.126.194). New cstate: current_term: 3 leader_uuid: "6f3fdbdf6b03486288a967d1c998da88" committed_config { opid_index: -1 OBSOLETE_local: false peers { permanent_uuid: "12fa3df387784f19a6e2be3a44cb1dcf" member_type: VOTER last_known_addr { host: "127.17.126.193" port: 41475 } health_report { overall_health: UNKNOWN } } peers { permanent_uuid: "6f3fdbdf6b03486288a967d1c998da88" member_type: VOTER last_known_addr { host: "127.17.126.194" port: 39923 } health_report { overall_health: HEALTHY } } peers { permanent_uuid: "08a57bb5044642669ec8d88395fdaca6" member_type: VOTER last_known_addr { host: "127.17.126.195" port: 45713 } health_report { overall_health: UNKNOWN } } }
I20260710 11:11:11.594544 18362 raft_consensus.cc:993] T 3ec45e276e8547b5805e7b36a091f76d P 12fa3df387784f19a6e2be3a44cb1dcf: : Instructing follower 6f3fdbdf6b03486288a967d1c998da88 to start an election
I20260710 11:11:11.594949 18362 raft_consensus.cc:1081] T 3ec45e276e8547b5805e7b36a091f76d P 12fa3df387784f19a6e2be3a44cb1dcf [term 2 LEADER]: Signalling peer 6f3fdbdf6b03486288a967d1c998da88 to start an election
I20260710 11:11:11.596276 18124 tablet_service.cc:2044] Received Run Leader Election RPC: tablet_id: "3ec45e276e8547b5805e7b36a091f76d"
dest_uuid: "6f3fdbdf6b03486288a967d1c998da88"
 from {username='slave'} at 127.0.0.1:35256
I20260710 11:11:11.596750 18124 raft_consensus.cc:493] T 3ec45e276e8547b5805e7b36a091f76d P 6f3fdbdf6b03486288a967d1c998da88 [term 2 FOLLOWER]: Starting forced leader election (received explicit request)
I20260710 11:11:11.597038 18124 raft_consensus.cc:3060] T 3ec45e276e8547b5805e7b36a091f76d P 6f3fdbdf6b03486288a967d1c998da88 [term 2 FOLLOWER]: Advancing to term 3
I20260710 11:11:11.601289 18124 raft_consensus.cc:515] T 3ec45e276e8547b5805e7b36a091f76d P 6f3fdbdf6b03486288a967d1c998da88 [term 3 FOLLOWER]: Starting forced leader election with config: opid_index: -1 OBSOLETE_local: false peers { permanent_uuid: "12fa3df387784f19a6e2be3a44cb1dcf" member_type: VOTER last_known_addr { host: "127.17.126.193" port: 41475 } } peers { permanent_uuid: "6f3fdbdf6b03486288a967d1c998da88" member_type: VOTER last_known_addr { host: "127.17.126.194" port: 39923 } } peers { permanent_uuid: "08a57bb5044642669ec8d88395fdaca6" member_type: VOTER last_known_addr { host: "127.17.126.195" port: 45713 } }
I20260710 11:11:11.602934 18124 leader_election.cc:290] T 3ec45e276e8547b5805e7b36a091f76d P 6f3fdbdf6b03486288a967d1c998da88 [CANDIDATE]: Term 3 election: Requested vote from peers 12fa3df387784f19a6e2be3a44cb1dcf (127.17.126.193:41475), 08a57bb5044642669ec8d88395fdaca6 (127.17.126.195:45713)
I20260710 11:11:11.603902 18050 tablet_service.cc:1917] Received RequestConsensusVote() RPC: tablet_id: "3ec45e276e8547b5805e7b36a091f76d" candidate_uuid: "6f3fdbdf6b03486288a967d1c998da88" candidate_term: 3 candidate_status { last_received { term: 2 index: 2 } } ignore_live_leader: true dest_uuid: "12fa3df387784f19a6e2be3a44cb1dcf"
I20260710 11:11:11.604426 18050 raft_consensus.cc:3055] T 3ec45e276e8547b5805e7b36a091f76d P 12fa3df387784f19a6e2be3a44cb1dcf [term 2 LEADER]: Stepping down as leader of term 2
I20260710 11:11:11.604323 18198 tablet_service.cc:1917] Received RequestConsensusVote() RPC: tablet_id: "3ec45e276e8547b5805e7b36a091f76d" candidate_uuid: "6f3fdbdf6b03486288a967d1c998da88" candidate_term: 3 candidate_status { last_received { term: 2 index: 2 } } ignore_live_leader: true dest_uuid: "08a57bb5044642669ec8d88395fdaca6"
I20260710 11:11:11.604943 18050 raft_consensus.cc:740] T 3ec45e276e8547b5805e7b36a091f76d P 12fa3df387784f19a6e2be3a44cb1dcf [term 2 LEADER]: Becoming Follower/Learner. State: Replica: 12fa3df387784f19a6e2be3a44cb1dcf, State: Running, Role: LEADER
I20260710 11:11:11.605122 18198 raft_consensus.cc:3060] T 3ec45e276e8547b5805e7b36a091f76d P 08a57bb5044642669ec8d88395fdaca6 [term 2 FOLLOWER]: Advancing to term 3
I20260710 11:11:11.605650 18050 consensus_queue.cc:260] T 3ec45e276e8547b5805e7b36a091f76d P 12fa3df387784f19a6e2be3a44cb1dcf [NON_LEADER]: Queue going to NON_LEADER mode. State: All replicated index: 0, Majority replicated index: 2, Committed index: 2, Last appended: 2.2, Last appended by leader: 2, Current term: 2, Majority size: -1, State: 0, Mode: NON_LEADER, active raft config: opid_index: -1 OBSOLETE_local: false peers { permanent_uuid: "12fa3df387784f19a6e2be3a44cb1dcf" member_type: VOTER last_known_addr { host: "127.17.126.193" port: 41475 } } peers { permanent_uuid: "6f3fdbdf6b03486288a967d1c998da88" member_type: VOTER last_known_addr { host: "127.17.126.194" port: 39923 } } peers { permanent_uuid: "08a57bb5044642669ec8d88395fdaca6" member_type: VOTER last_known_addr { host: "127.17.126.195" port: 45713 } }
I20260710 11:11:11.606516 18050 raft_consensus.cc:3060] T 3ec45e276e8547b5805e7b36a091f76d P 12fa3df387784f19a6e2be3a44cb1dcf [term 2 FOLLOWER]: Advancing to term 3
I20260710 11:11:11.609676 18198 raft_consensus.cc:2468] T 3ec45e276e8547b5805e7b36a091f76d P 08a57bb5044642669ec8d88395fdaca6 [term 3 FOLLOWER]: Leader election vote request: Granting yes vote for candidate 6f3fdbdf6b03486288a967d1c998da88 in term 3.
I20260710 11:11:11.610618 18092 leader_election.cc:304] T 3ec45e276e8547b5805e7b36a091f76d P 6f3fdbdf6b03486288a967d1c998da88 [CANDIDATE]: Term 3 election: Election decided. Result: candidate won. Election summary: received 2 responses out of 3 voters: 2 yes votes; 0 no votes. yes voters: 08a57bb5044642669ec8d88395fdaca6, 6f3fdbdf6b03486288a967d1c998da88; no voters: 
I20260710 11:11:11.610723 18050 raft_consensus.cc:2468] T 3ec45e276e8547b5805e7b36a091f76d P 12fa3df387784f19a6e2be3a44cb1dcf [term 3 FOLLOWER]: Leader election vote request: Granting yes vote for candidate 6f3fdbdf6b03486288a967d1c998da88 in term 3.
I20260710 11:11:11.611279 18349 raft_consensus.cc:2804] T 3ec45e276e8547b5805e7b36a091f76d P 6f3fdbdf6b03486288a967d1c998da88 [term 3 FOLLOWER]: Leader election won for term 3
I20260710 11:11:11.611660 18349 raft_consensus.cc:697] T 3ec45e276e8547b5805e7b36a091f76d P 6f3fdbdf6b03486288a967d1c998da88 [term 3 LEADER]: Becoming Leader. State: Replica: 6f3fdbdf6b03486288a967d1c998da88, State: Running, Role: LEADER
I20260710 11:11:11.612339 18349 consensus_queue.cc:237] T 3ec45e276e8547b5805e7b36a091f76d P 6f3fdbdf6b03486288a967d1c998da88 [LEADER]: Queue going to LEADER mode. State: All replicated index: 0, Majority replicated index: 2, Committed index: 2, Last appended: 2.2, Last appended by leader: 2, Current term: 3, Majority size: 2, State: 0, Mode: LEADER, active raft config: opid_index: -1 OBSOLETE_local: false peers { permanent_uuid: "12fa3df387784f19a6e2be3a44cb1dcf" member_type: VOTER last_known_addr { host: "127.17.126.193" port: 41475 } } peers { permanent_uuid: "6f3fdbdf6b03486288a967d1c998da88" member_type: VOTER last_known_addr { host: "127.17.126.194" port: 39923 } } peers { permanent_uuid: "08a57bb5044642669ec8d88395fdaca6" member_type: VOTER last_known_addr { host: "127.17.126.195" port: 45713 } }
I20260710 11:11:11.618167 17945 catalog_manager.cc:5697] T 3ec45e276e8547b5805e7b36a091f76d P 6f3fdbdf6b03486288a967d1c998da88 reported cstate change: term changed from 2 to 3, leader changed from 12fa3df387784f19a6e2be3a44cb1dcf (127.17.126.193) to 6f3fdbdf6b03486288a967d1c998da88 (127.17.126.194). New cstate: current_term: 3 leader_uuid: "6f3fdbdf6b03486288a967d1c998da88" committed_config { opid_index: -1 OBSOLETE_local: false peers { permanent_uuid: "12fa3df387784f19a6e2be3a44cb1dcf" member_type: VOTER last_known_addr { host: "127.17.126.193" port: 41475 } health_report { overall_health: UNKNOWN } } peers { permanent_uuid: "6f3fdbdf6b03486288a967d1c998da88" member_type: VOTER last_known_addr { host: "127.17.126.194" port: 39923 } health_report { overall_health: HEALTHY } } peers { permanent_uuid: "08a57bb5044642669ec8d88395fdaca6" member_type: VOTER last_known_addr { host: "127.17.126.195" port: 45713 } health_report { overall_health: UNKNOWN } } }
I20260710 11:11:11.833971 18339 raft_consensus.cc:993] T b84b775fcb084cce86c05c9f7789036a P 08a57bb5044642669ec8d88395fdaca6: : Instructing follower 6f3fdbdf6b03486288a967d1c998da88 to start an election
I20260710 11:11:11.834426 18357 raft_consensus.cc:1081] T b84b775fcb084cce86c05c9f7789036a P 08a57bb5044642669ec8d88395fdaca6 [term 2 LEADER]: Signalling peer 6f3fdbdf6b03486288a967d1c998da88 to start an election
I20260710 11:11:11.835768 18124 tablet_service.cc:2044] Received Run Leader Election RPC: tablet_id: "b84b775fcb084cce86c05c9f7789036a"
dest_uuid: "6f3fdbdf6b03486288a967d1c998da88"
 from {username='slave'} at 127.0.0.1:35264
I20260710 11:11:11.836223 18124 raft_consensus.cc:493] T b84b775fcb084cce86c05c9f7789036a P 6f3fdbdf6b03486288a967d1c998da88 [term 2 FOLLOWER]: Starting forced leader election (received explicit request)
I20260710 11:11:11.836603 18124 raft_consensus.cc:3060] T b84b775fcb084cce86c05c9f7789036a P 6f3fdbdf6b03486288a967d1c998da88 [term 2 FOLLOWER]: Advancing to term 3
I20260710 11:11:11.840798 18124 raft_consensus.cc:515] T b84b775fcb084cce86c05c9f7789036a P 6f3fdbdf6b03486288a967d1c998da88 [term 3 FOLLOWER]: Starting forced leader election with config: opid_index: -1 OBSOLETE_local: false peers { permanent_uuid: "12fa3df387784f19a6e2be3a44cb1dcf" member_type: VOTER last_known_addr { host: "127.17.126.193" port: 41475 } } peers { permanent_uuid: "6f3fdbdf6b03486288a967d1c998da88" member_type: VOTER last_known_addr { host: "127.17.126.194" port: 39923 } } peers { permanent_uuid: "08a57bb5044642669ec8d88395fdaca6" member_type: VOTER last_known_addr { host: "127.17.126.195" port: 45713 } }
I20260710 11:11:11.842211 18124 leader_election.cc:290] T b84b775fcb084cce86c05c9f7789036a P 6f3fdbdf6b03486288a967d1c998da88 [CANDIDATE]: Term 3 election: Requested vote from peers 12fa3df387784f19a6e2be3a44cb1dcf (127.17.126.193:41475), 08a57bb5044642669ec8d88395fdaca6 (127.17.126.195:45713)
I20260710 11:11:11.842913 18050 tablet_service.cc:1917] Received RequestConsensusVote() RPC: tablet_id: "b84b775fcb084cce86c05c9f7789036a" candidate_uuid: "6f3fdbdf6b03486288a967d1c998da88" candidate_term: 3 candidate_status { last_received { term: 2 index: 2 } } ignore_live_leader: true dest_uuid: "12fa3df387784f19a6e2be3a44cb1dcf"
I20260710 11:11:11.843143 18198 tablet_service.cc:1917] Received RequestConsensusVote() RPC: tablet_id: "b84b775fcb084cce86c05c9f7789036a" candidate_uuid: "6f3fdbdf6b03486288a967d1c998da88" candidate_term: 3 candidate_status { last_received { term: 2 index: 2 } } ignore_live_leader: true dest_uuid: "08a57bb5044642669ec8d88395fdaca6"
I20260710 11:11:11.843420 18050 raft_consensus.cc:3060] T b84b775fcb084cce86c05c9f7789036a P 12fa3df387784f19a6e2be3a44cb1dcf [term 2 FOLLOWER]: Advancing to term 3
I20260710 11:11:11.843623 18198 raft_consensus.cc:3055] T b84b775fcb084cce86c05c9f7789036a P 08a57bb5044642669ec8d88395fdaca6 [term 2 LEADER]: Stepping down as leader of term 2
I20260710 11:11:11.843909 18198 raft_consensus.cc:740] T b84b775fcb084cce86c05c9f7789036a P 08a57bb5044642669ec8d88395fdaca6 [term 2 LEADER]: Becoming Follower/Learner. State: Replica: 08a57bb5044642669ec8d88395fdaca6, State: Running, Role: LEADER
I20260710 11:11:11.844558 18198 consensus_queue.cc:260] T b84b775fcb084cce86c05c9f7789036a P 08a57bb5044642669ec8d88395fdaca6 [NON_LEADER]: Queue going to NON_LEADER mode. State: All replicated index: 0, Majority replicated index: 2, Committed index: 2, Last appended: 2.2, Last appended by leader: 2, Current term: 2, Majority size: -1, State: 0, Mode: NON_LEADER, active raft config: opid_index: -1 OBSOLETE_local: false peers { permanent_uuid: "12fa3df387784f19a6e2be3a44cb1dcf" member_type: VOTER last_known_addr { host: "127.17.126.193" port: 41475 } } peers { permanent_uuid: "6f3fdbdf6b03486288a967d1c998da88" member_type: VOTER last_known_addr { host: "127.17.126.194" port: 39923 } } peers { permanent_uuid: "08a57bb5044642669ec8d88395fdaca6" member_type: VOTER last_known_addr { host: "127.17.126.195" port: 45713 } }
I20260710 11:11:11.845400 18198 raft_consensus.cc:3060] T b84b775fcb084cce86c05c9f7789036a P 08a57bb5044642669ec8d88395fdaca6 [term 2 FOLLOWER]: Advancing to term 3
I20260710 11:11:11.848857 18050 raft_consensus.cc:2468] T b84b775fcb084cce86c05c9f7789036a P 12fa3df387784f19a6e2be3a44cb1dcf [term 3 FOLLOWER]: Leader election vote request: Granting yes vote for candidate 6f3fdbdf6b03486288a967d1c998da88 in term 3.
I20260710 11:11:11.849606 18198 raft_consensus.cc:2468] T b84b775fcb084cce86c05c9f7789036a P 08a57bb5044642669ec8d88395fdaca6 [term 3 FOLLOWER]: Leader election vote request: Granting yes vote for candidate 6f3fdbdf6b03486288a967d1c998da88 in term 3.
I20260710 11:11:11.849723 18089 leader_election.cc:304] T b84b775fcb084cce86c05c9f7789036a P 6f3fdbdf6b03486288a967d1c998da88 [CANDIDATE]: Term 3 election: Election decided. Result: candidate won. Election summary: received 2 responses out of 3 voters: 2 yes votes; 0 no votes. yes voters: 12fa3df387784f19a6e2be3a44cb1dcf, 6f3fdbdf6b03486288a967d1c998da88; no voters: 
I20260710 11:11:11.850361 18349 raft_consensus.cc:2804] T b84b775fcb084cce86c05c9f7789036a P 6f3fdbdf6b03486288a967d1c998da88 [term 3 FOLLOWER]: Leader election won for term 3
I20260710 11:11:11.850714 18349 raft_consensus.cc:697] T b84b775fcb084cce86c05c9f7789036a P 6f3fdbdf6b03486288a967d1c998da88 [term 3 LEADER]: Becoming Leader. State: Replica: 6f3fdbdf6b03486288a967d1c998da88, State: Running, Role: LEADER
I20260710 11:11:11.851384 18349 consensus_queue.cc:237] T b84b775fcb084cce86c05c9f7789036a P 6f3fdbdf6b03486288a967d1c998da88 [LEADER]: Queue going to LEADER mode. State: All replicated index: 0, Majority replicated index: 2, Committed index: 2, Last appended: 2.2, Last appended by leader: 2, Current term: 3, Majority size: 2, State: 0, Mode: LEADER, active raft config: opid_index: -1 OBSOLETE_local: false peers { permanent_uuid: "12fa3df387784f19a6e2be3a44cb1dcf" member_type: VOTER last_known_addr { host: "127.17.126.193" port: 41475 } } peers { permanent_uuid: "6f3fdbdf6b03486288a967d1c998da88" member_type: VOTER last_known_addr { host: "127.17.126.194" port: 39923 } } peers { permanent_uuid: "08a57bb5044642669ec8d88395fdaca6" member_type: VOTER last_known_addr { host: "127.17.126.195" port: 45713 } }
I20260710 11:11:11.856354 17945 catalog_manager.cc:5697] T b84b775fcb084cce86c05c9f7789036a P 6f3fdbdf6b03486288a967d1c998da88 reported cstate change: term changed from 2 to 3, leader changed from 08a57bb5044642669ec8d88395fdaca6 (127.17.126.195) to 6f3fdbdf6b03486288a967d1c998da88 (127.17.126.194). New cstate: current_term: 3 leader_uuid: "6f3fdbdf6b03486288a967d1c998da88" committed_config { opid_index: -1 OBSOLETE_local: false peers { permanent_uuid: "12fa3df387784f19a6e2be3a44cb1dcf" member_type: VOTER last_known_addr { host: "127.17.126.193" port: 41475 } health_report { overall_health: UNKNOWN } } peers { permanent_uuid: "6f3fdbdf6b03486288a967d1c998da88" member_type: VOTER last_known_addr { host: "127.17.126.194" port: 39923 } health_report { overall_health: HEALTHY } } peers { permanent_uuid: "08a57bb5044642669ec8d88395fdaca6" member_type: VOTER last_known_addr { host: "127.17.126.195" port: 45713 } health_report { overall_health: UNKNOWN } } }
I20260710 11:11:11.932624 18336 raft_consensus.cc:993] T 4f6138c5e28c474cb7f226e1cac10942 P 12fa3df387784f19a6e2be3a44cb1dcf: : Instructing follower 6f3fdbdf6b03486288a967d1c998da88 to start an election
I20260710 11:11:11.932974 18362 raft_consensus.cc:1081] T 4f6138c5e28c474cb7f226e1cac10942 P 12fa3df387784f19a6e2be3a44cb1dcf [term 2 LEADER]: Signalling peer 6f3fdbdf6b03486288a967d1c998da88 to start an election
I20260710 11:11:11.934096 18124 tablet_service.cc:2044] Received Run Leader Election RPC: tablet_id: "4f6138c5e28c474cb7f226e1cac10942"
dest_uuid: "6f3fdbdf6b03486288a967d1c998da88"
 from {username='slave'} at 127.0.0.1:35256
I20260710 11:11:11.934479 18124 raft_consensus.cc:493] T 4f6138c5e28c474cb7f226e1cac10942 P 6f3fdbdf6b03486288a967d1c998da88 [term 2 FOLLOWER]: Starting forced leader election (received explicit request)
I20260710 11:11:11.934723 18124 raft_consensus.cc:3060] T 4f6138c5e28c474cb7f226e1cac10942 P 6f3fdbdf6b03486288a967d1c998da88 [term 2 FOLLOWER]: Advancing to term 3
I20260710 11:11:11.938434 18124 raft_consensus.cc:515] T 4f6138c5e28c474cb7f226e1cac10942 P 6f3fdbdf6b03486288a967d1c998da88 [term 3 FOLLOWER]: Starting forced leader election with config: opid_index: -1 OBSOLETE_local: false peers { permanent_uuid: "12fa3df387784f19a6e2be3a44cb1dcf" member_type: VOTER last_known_addr { host: "127.17.126.193" port: 41475 } } peers { permanent_uuid: "08a57bb5044642669ec8d88395fdaca6" member_type: VOTER last_known_addr { host: "127.17.126.195" port: 45713 } } peers { permanent_uuid: "6f3fdbdf6b03486288a967d1c998da88" member_type: VOTER last_known_addr { host: "127.17.126.194" port: 39923 } }
I20260710 11:11:11.939847 18124 leader_election.cc:290] T 4f6138c5e28c474cb7f226e1cac10942 P 6f3fdbdf6b03486288a967d1c998da88 [CANDIDATE]: Term 3 election: Requested vote from peers 12fa3df387784f19a6e2be3a44cb1dcf (127.17.126.193:41475), 08a57bb5044642669ec8d88395fdaca6 (127.17.126.195:45713)
I20260710 11:11:11.940708 18198 tablet_service.cc:1917] Received RequestConsensusVote() RPC: tablet_id: "4f6138c5e28c474cb7f226e1cac10942" candidate_uuid: "6f3fdbdf6b03486288a967d1c998da88" candidate_term: 3 candidate_status { last_received { term: 2 index: 2 } } ignore_live_leader: true dest_uuid: "08a57bb5044642669ec8d88395fdaca6"
I20260710 11:11:11.940774 18050 tablet_service.cc:1917] Received RequestConsensusVote() RPC: tablet_id: "4f6138c5e28c474cb7f226e1cac10942" candidate_uuid: "6f3fdbdf6b03486288a967d1c998da88" candidate_term: 3 candidate_status { last_received { term: 2 index: 2 } } ignore_live_leader: true dest_uuid: "12fa3df387784f19a6e2be3a44cb1dcf"
I20260710 11:11:11.941162 18198 raft_consensus.cc:3060] T 4f6138c5e28c474cb7f226e1cac10942 P 08a57bb5044642669ec8d88395fdaca6 [term 2 FOLLOWER]: Advancing to term 3
I20260710 11:11:11.941242 18050 raft_consensus.cc:3055] T 4f6138c5e28c474cb7f226e1cac10942 P 12fa3df387784f19a6e2be3a44cb1dcf [term 2 LEADER]: Stepping down as leader of term 2
I20260710 11:11:11.941538 18050 raft_consensus.cc:740] T 4f6138c5e28c474cb7f226e1cac10942 P 12fa3df387784f19a6e2be3a44cb1dcf [term 2 LEADER]: Becoming Follower/Learner. State: Replica: 12fa3df387784f19a6e2be3a44cb1dcf, State: Running, Role: LEADER
I20260710 11:11:11.942085 18050 consensus_queue.cc:260] T 4f6138c5e28c474cb7f226e1cac10942 P 12fa3df387784f19a6e2be3a44cb1dcf [NON_LEADER]: Queue going to NON_LEADER mode. State: All replicated index: 0, Majority replicated index: 2, Committed index: 2, Last appended: 2.2, Last appended by leader: 2, Current term: 2, Majority size: -1, State: 0, Mode: NON_LEADER, active raft config: opid_index: -1 OBSOLETE_local: false peers { permanent_uuid: "12fa3df387784f19a6e2be3a44cb1dcf" member_type: VOTER last_known_addr { host: "127.17.126.193" port: 41475 } } peers { permanent_uuid: "08a57bb5044642669ec8d88395fdaca6" member_type: VOTER last_known_addr { host: "127.17.126.195" port: 45713 } } peers { permanent_uuid: "6f3fdbdf6b03486288a967d1c998da88" member_type: VOTER last_known_addr { host: "127.17.126.194" port: 39923 } }
I20260710 11:11:11.942910 18050 raft_consensus.cc:3060] T 4f6138c5e28c474cb7f226e1cac10942 P 12fa3df387784f19a6e2be3a44cb1dcf [term 2 FOLLOWER]: Advancing to term 3
I20260710 11:11:11.945478 18198 raft_consensus.cc:2468] T 4f6138c5e28c474cb7f226e1cac10942 P 08a57bb5044642669ec8d88395fdaca6 [term 3 FOLLOWER]: Leader election vote request: Granting yes vote for candidate 6f3fdbdf6b03486288a967d1c998da88 in term 3.
I20260710 11:11:11.946381 18092 leader_election.cc:304] T 4f6138c5e28c474cb7f226e1cac10942 P 6f3fdbdf6b03486288a967d1c998da88 [CANDIDATE]: Term 3 election: Election decided. Result: candidate won. Election summary: received 2 responses out of 3 voters: 2 yes votes; 0 no votes. yes voters: 08a57bb5044642669ec8d88395fdaca6, 6f3fdbdf6b03486288a967d1c998da88; no voters: 
I20260710 11:11:11.946991 18349 raft_consensus.cc:2804] T 4f6138c5e28c474cb7f226e1cac10942 P 6f3fdbdf6b03486288a967d1c998da88 [term 3 FOLLOWER]: Leader election won for term 3
I20260710 11:11:11.947286 18050 raft_consensus.cc:2468] T 4f6138c5e28c474cb7f226e1cac10942 P 12fa3df387784f19a6e2be3a44cb1dcf [term 3 FOLLOWER]: Leader election vote request: Granting yes vote for candidate 6f3fdbdf6b03486288a967d1c998da88 in term 3.
I20260710 11:11:11.947470 18349 raft_consensus.cc:697] T 4f6138c5e28c474cb7f226e1cac10942 P 6f3fdbdf6b03486288a967d1c998da88 [term 3 LEADER]: Becoming Leader. State: Replica: 6f3fdbdf6b03486288a967d1c998da88, State: Running, Role: LEADER
I20260710 11:11:11.948295 18349 consensus_queue.cc:237] T 4f6138c5e28c474cb7f226e1cac10942 P 6f3fdbdf6b03486288a967d1c998da88 [LEADER]: Queue going to LEADER mode. State: All replicated index: 0, Majority replicated index: 2, Committed index: 2, Last appended: 2.2, Last appended by leader: 2, Current term: 3, Majority size: 2, State: 0, Mode: LEADER, active raft config: opid_index: -1 OBSOLETE_local: false peers { permanent_uuid: "12fa3df387784f19a6e2be3a44cb1dcf" member_type: VOTER last_known_addr { host: "127.17.126.193" port: 41475 } } peers { permanent_uuid: "08a57bb5044642669ec8d88395fdaca6" member_type: VOTER last_known_addr { host: "127.17.126.195" port: 45713 } } peers { permanent_uuid: "6f3fdbdf6b03486288a967d1c998da88" member_type: VOTER last_known_addr { host: "127.17.126.194" port: 39923 } }
I20260710 11:11:11.953953 17945 catalog_manager.cc:5697] T 4f6138c5e28c474cb7f226e1cac10942 P 6f3fdbdf6b03486288a967d1c998da88 reported cstate change: term changed from 2 to 3, leader changed from 12fa3df387784f19a6e2be3a44cb1dcf (127.17.126.193) to 6f3fdbdf6b03486288a967d1c998da88 (127.17.126.194). New cstate: current_term: 3 leader_uuid: "6f3fdbdf6b03486288a967d1c998da88" committed_config { opid_index: -1 OBSOLETE_local: false peers { permanent_uuid: "12fa3df387784f19a6e2be3a44cb1dcf" member_type: VOTER last_known_addr { host: "127.17.126.193" port: 41475 } health_report { overall_health: UNKNOWN } } peers { permanent_uuid: "08a57bb5044642669ec8d88395fdaca6" member_type: VOTER last_known_addr { host: "127.17.126.195" port: 45713 } health_report { overall_health: UNKNOWN } } peers { permanent_uuid: "6f3fdbdf6b03486288a967d1c998da88" member_type: VOTER last_known_addr { host: "127.17.126.194" port: 39923 } health_report { overall_health: HEALTHY } } }
I20260710 11:11:12.007792 18198 raft_consensus.cc:1275] T 3ec45e276e8547b5805e7b36a091f76d P 08a57bb5044642669ec8d88395fdaca6 [term 3 FOLLOWER]: Refusing update from remote peer 6f3fdbdf6b03486288a967d1c998da88: Log matching property violated. Preceding OpId in replica: term: 2 index: 2. Preceding OpId from leader: term: 3 index: 3. (index mismatch)
I20260710 11:11:12.008847 18349 consensus_queue.cc:1048] T 3ec45e276e8547b5805e7b36a091f76d P 6f3fdbdf6b03486288a967d1c998da88 [LEADER]: Connected to new peer: Peer: permanent_uuid: "08a57bb5044642669ec8d88395fdaca6" member_type: VOTER last_known_addr { host: "127.17.126.195" port: 45713 }, Status: LMP_MISMATCH, Last received: 0.0, Next index: 3, Last known committed idx: 2, Time since last communication: 0.000s
I20260710 11:11:12.016958 18050 raft_consensus.cc:1275] T 3ec45e276e8547b5805e7b36a091f76d P 12fa3df387784f19a6e2be3a44cb1dcf [term 3 FOLLOWER]: Refusing update from remote peer 6f3fdbdf6b03486288a967d1c998da88: Log matching property violated. Preceding OpId in replica: term: 2 index: 2. Preceding OpId from leader: term: 3 index: 3. (index mismatch)
I20260710 11:11:12.018980 18349 consensus_queue.cc:1048] T 3ec45e276e8547b5805e7b36a091f76d P 6f3fdbdf6b03486288a967d1c998da88 [LEADER]: Connected to new peer: Peer: permanent_uuid: "12fa3df387784f19a6e2be3a44cb1dcf" member_type: VOTER last_known_addr { host: "127.17.126.193" port: 41475 }, Status: LMP_MISMATCH, Last received: 0.0, Next index: 3, Last known committed idx: 2, Time since last communication: 0.000s
I20260710 11:11:12.031536 18336 raft_consensus.cc:993] T 5fef94a893f04736bc3fa555b2c571c7 P 12fa3df387784f19a6e2be3a44cb1dcf: : Instructing follower 6f3fdbdf6b03486288a967d1c998da88 to start an election
I20260710 11:11:12.031915 18362 raft_consensus.cc:1081] T 5fef94a893f04736bc3fa555b2c571c7 P 12fa3df387784f19a6e2be3a44cb1dcf [term 2 LEADER]: Signalling peer 6f3fdbdf6b03486288a967d1c998da88 to start an election
I20260710 11:11:12.033152 18124 tablet_service.cc:2044] Received Run Leader Election RPC: tablet_id: "5fef94a893f04736bc3fa555b2c571c7"
dest_uuid: "6f3fdbdf6b03486288a967d1c998da88"
 from {username='slave'} at 127.0.0.1:35256
I20260710 11:11:12.033532 18124 raft_consensus.cc:493] T 5fef94a893f04736bc3fa555b2c571c7 P 6f3fdbdf6b03486288a967d1c998da88 [term 2 FOLLOWER]: Starting forced leader election (received explicit request)
I20260710 11:11:12.033771 18124 raft_consensus.cc:3060] T 5fef94a893f04736bc3fa555b2c571c7 P 6f3fdbdf6b03486288a967d1c998da88 [term 2 FOLLOWER]: Advancing to term 3
I20260710 11:11:12.037770 18124 raft_consensus.cc:515] T 5fef94a893f04736bc3fa555b2c571c7 P 6f3fdbdf6b03486288a967d1c998da88 [term 3 FOLLOWER]: Starting forced leader election with config: opid_index: -1 OBSOLETE_local: false peers { permanent_uuid: "12fa3df387784f19a6e2be3a44cb1dcf" member_type: VOTER last_known_addr { host: "127.17.126.193" port: 41475 } } peers { permanent_uuid: "6f3fdbdf6b03486288a967d1c998da88" member_type: VOTER last_known_addr { host: "127.17.126.194" port: 39923 } } peers { permanent_uuid: "08a57bb5044642669ec8d88395fdaca6" member_type: VOTER last_known_addr { host: "127.17.126.195" port: 45713 } }
I20260710 11:11:12.039058 18124 leader_election.cc:290] T 5fef94a893f04736bc3fa555b2c571c7 P 6f3fdbdf6b03486288a967d1c998da88 [CANDIDATE]: Term 3 election: Requested vote from peers 12fa3df387784f19a6e2be3a44cb1dcf (127.17.126.193:41475), 08a57bb5044642669ec8d88395fdaca6 (127.17.126.195:45713)
I20260710 11:11:12.039731 18050 tablet_service.cc:1917] Received RequestConsensusVote() RPC: tablet_id: "5fef94a893f04736bc3fa555b2c571c7" candidate_uuid: "6f3fdbdf6b03486288a967d1c998da88" candidate_term: 3 candidate_status { last_received { term: 2 index: 2 } } ignore_live_leader: true dest_uuid: "12fa3df387784f19a6e2be3a44cb1dcf"
I20260710 11:11:12.040033 18198 tablet_service.cc:1917] Received RequestConsensusVote() RPC: tablet_id: "5fef94a893f04736bc3fa555b2c571c7" candidate_uuid: "6f3fdbdf6b03486288a967d1c998da88" candidate_term: 3 candidate_status { last_received { term: 2 index: 2 } } ignore_live_leader: true dest_uuid: "08a57bb5044642669ec8d88395fdaca6"
I20260710 11:11:12.040241 18050 raft_consensus.cc:3055] T 5fef94a893f04736bc3fa555b2c571c7 P 12fa3df387784f19a6e2be3a44cb1dcf [term 2 LEADER]: Stepping down as leader of term 2
I20260710 11:11:12.040494 18198 raft_consensus.cc:3060] T 5fef94a893f04736bc3fa555b2c571c7 P 08a57bb5044642669ec8d88395fdaca6 [term 2 FOLLOWER]: Advancing to term 3
I20260710 11:11:12.040521 18050 raft_consensus.cc:740] T 5fef94a893f04736bc3fa555b2c571c7 P 12fa3df387784f19a6e2be3a44cb1dcf [term 2 LEADER]: Becoming Follower/Learner. State: Replica: 12fa3df387784f19a6e2be3a44cb1dcf, State: Running, Role: LEADER
I20260710 11:11:12.041280 18050 consensus_queue.cc:260] T 5fef94a893f04736bc3fa555b2c571c7 P 12fa3df387784f19a6e2be3a44cb1dcf [NON_LEADER]: Queue going to NON_LEADER mode. State: All replicated index: 0, Majority replicated index: 2, Committed index: 2, Last appended: 2.2, Last appended by leader: 2, Current term: 2, Majority size: -1, State: 0, Mode: NON_LEADER, active raft config: opid_index: -1 OBSOLETE_local: false peers { permanent_uuid: "12fa3df387784f19a6e2be3a44cb1dcf" member_type: VOTER last_known_addr { host: "127.17.126.193" port: 41475 } } peers { permanent_uuid: "6f3fdbdf6b03486288a967d1c998da88" member_type: VOTER last_known_addr { host: "127.17.126.194" port: 39923 } } peers { permanent_uuid: "08a57bb5044642669ec8d88395fdaca6" member_type: VOTER last_known_addr { host: "127.17.126.195" port: 45713 } }
I20260710 11:11:12.042102 18050 raft_consensus.cc:3060] T 5fef94a893f04736bc3fa555b2c571c7 P 12fa3df387784f19a6e2be3a44cb1dcf [term 2 FOLLOWER]: Advancing to term 3
I20260710 11:11:12.044878 18198 raft_consensus.cc:2468] T 5fef94a893f04736bc3fa555b2c571c7 P 08a57bb5044642669ec8d88395fdaca6 [term 3 FOLLOWER]: Leader election vote request: Granting yes vote for candidate 6f3fdbdf6b03486288a967d1c998da88 in term 3.
I20260710 11:11:12.045704 18092 leader_election.cc:304] T 5fef94a893f04736bc3fa555b2c571c7 P 6f3fdbdf6b03486288a967d1c998da88 [CANDIDATE]: Term 3 election: Election decided. Result: candidate won. Election summary: received 2 responses out of 3 voters: 2 yes votes; 0 no votes. yes voters: 08a57bb5044642669ec8d88395fdaca6, 6f3fdbdf6b03486288a967d1c998da88; no voters: 
I20260710 11:11:12.046324 18367 raft_consensus.cc:2804] T 5fef94a893f04736bc3fa555b2c571c7 P 6f3fdbdf6b03486288a967d1c998da88 [term 3 FOLLOWER]: Leader election won for term 3
I20260710 11:11:12.046496 18050 raft_consensus.cc:2468] T 5fef94a893f04736bc3fa555b2c571c7 P 12fa3df387784f19a6e2be3a44cb1dcf [term 3 FOLLOWER]: Leader election vote request: Granting yes vote for candidate 6f3fdbdf6b03486288a967d1c998da88 in term 3.
I20260710 11:11:12.046804 18367 raft_consensus.cc:697] T 5fef94a893f04736bc3fa555b2c571c7 P 6f3fdbdf6b03486288a967d1c998da88 [term 3 LEADER]: Becoming Leader. State: Replica: 6f3fdbdf6b03486288a967d1c998da88, State: Running, Role: LEADER
I20260710 11:11:12.047610 18367 consensus_queue.cc:237] T 5fef94a893f04736bc3fa555b2c571c7 P 6f3fdbdf6b03486288a967d1c998da88 [LEADER]: Queue going to LEADER mode. State: All replicated index: 0, Majority replicated index: 2, Committed index: 2, Last appended: 2.2, Last appended by leader: 2, Current term: 3, Majority size: 2, State: 0, Mode: LEADER, active raft config: opid_index: -1 OBSOLETE_local: false peers { permanent_uuid: "12fa3df387784f19a6e2be3a44cb1dcf" member_type: VOTER last_known_addr { host: "127.17.126.193" port: 41475 } } peers { permanent_uuid: "6f3fdbdf6b03486288a967d1c998da88" member_type: VOTER last_known_addr { host: "127.17.126.194" port: 39923 } } peers { permanent_uuid: "08a57bb5044642669ec8d88395fdaca6" member_type: VOTER last_known_addr { host: "127.17.126.195" port: 45713 } }
I20260710 11:11:12.053884 17947 catalog_manager.cc:5697] T 5fef94a893f04736bc3fa555b2c571c7 P 6f3fdbdf6b03486288a967d1c998da88 reported cstate change: term changed from 2 to 3, leader changed from 12fa3df387784f19a6e2be3a44cb1dcf (127.17.126.193) to 6f3fdbdf6b03486288a967d1c998da88 (127.17.126.194). New cstate: current_term: 3 leader_uuid: "6f3fdbdf6b03486288a967d1c998da88" committed_config { opid_index: -1 OBSOLETE_local: false peers { permanent_uuid: "12fa3df387784f19a6e2be3a44cb1dcf" member_type: VOTER last_known_addr { host: "127.17.126.193" port: 41475 } health_report { overall_health: UNKNOWN } } peers { permanent_uuid: "6f3fdbdf6b03486288a967d1c998da88" member_type: VOTER last_known_addr { host: "127.17.126.194" port: 39923 } health_report { overall_health: HEALTHY } } peers { permanent_uuid: "08a57bb5044642669ec8d88395fdaca6" member_type: VOTER last_known_addr { host: "127.17.126.195" port: 45713 } health_report { overall_health: UNKNOWN } } }
I20260710 11:11:12.090133 18050 raft_consensus.cc:1275] T 3b077848ba6743358b20bab7c4c82236 P 12fa3df387784f19a6e2be3a44cb1dcf [term 3 FOLLOWER]: Refusing update from remote peer 6f3fdbdf6b03486288a967d1c998da88: Log matching property violated. Preceding OpId in replica: term: 2 index: 2. Preceding OpId from leader: term: 3 index: 3. (index mismatch)
I20260710 11:11:12.091199 18367 consensus_queue.cc:1048] T 3b077848ba6743358b20bab7c4c82236 P 6f3fdbdf6b03486288a967d1c998da88 [LEADER]: Connected to new peer: Peer: permanent_uuid: "12fa3df387784f19a6e2be3a44cb1dcf" member_type: VOTER last_known_addr { host: "127.17.126.193" port: 41475 }, Status: LMP_MISMATCH, Last received: 0.0, Next index: 3, Last known committed idx: 2, Time since last communication: 0.000s
I20260710 11:11:12.097677 18198 raft_consensus.cc:1275] T 3b077848ba6743358b20bab7c4c82236 P 08a57bb5044642669ec8d88395fdaca6 [term 3 FOLLOWER]: Refusing update from remote peer 6f3fdbdf6b03486288a967d1c998da88: Log matching property violated. Preceding OpId in replica: term: 2 index: 2. Preceding OpId from leader: term: 3 index: 3. (index mismatch)
I20260710 11:11:12.099140 18367 consensus_queue.cc:1048] T 3b077848ba6743358b20bab7c4c82236 P 6f3fdbdf6b03486288a967d1c998da88 [LEADER]: Connected to new peer: Peer: permanent_uuid: "08a57bb5044642669ec8d88395fdaca6" member_type: VOTER last_known_addr { host: "127.17.126.195" port: 45713 }, Status: LMP_MISMATCH, Last received: 0.0, Next index: 3, Last known committed idx: 2, Time since last communication: 0.000s
I20260710 11:11:12.251602 18050 raft_consensus.cc:1275] T b84b775fcb084cce86c05c9f7789036a P 12fa3df387784f19a6e2be3a44cb1dcf [term 3 FOLLOWER]: Refusing update from remote peer 6f3fdbdf6b03486288a967d1c998da88: Log matching property violated. Preceding OpId in replica: term: 2 index: 2. Preceding OpId from leader: term: 3 index: 3. (index mismatch)
I20260710 11:11:12.252573 18367 consensus_queue.cc:1048] T b84b775fcb084cce86c05c9f7789036a P 6f3fdbdf6b03486288a967d1c998da88 [LEADER]: Connected to new peer: Peer: permanent_uuid: "12fa3df387784f19a6e2be3a44cb1dcf" member_type: VOTER last_known_addr { host: "127.17.126.193" port: 41475 }, Status: LMP_MISMATCH, Last received: 0.0, Next index: 3, Last known committed idx: 2, Time since last communication: 0.000s
I20260710 11:11:12.259678 18198 raft_consensus.cc:1275] T b84b775fcb084cce86c05c9f7789036a P 08a57bb5044642669ec8d88395fdaca6 [term 3 FOLLOWER]: Refusing update from remote peer 6f3fdbdf6b03486288a967d1c998da88: Log matching property violated. Preceding OpId in replica: term: 2 index: 2. Preceding OpId from leader: term: 3 index: 3. (index mismatch)
I20260710 11:11:12.261305 18367 consensus_queue.cc:1048] T b84b775fcb084cce86c05c9f7789036a P 6f3fdbdf6b03486288a967d1c998da88 [LEADER]: Connected to new peer: Peer: permanent_uuid: "08a57bb5044642669ec8d88395fdaca6" member_type: VOTER last_known_addr { host: "127.17.126.195" port: 45713 }, Status: LMP_MISMATCH, Last received: 0.0, Next index: 3, Last known committed idx: 2, Time since last communication: 0.000s
I20260710 11:11:12.389590 18198 raft_consensus.cc:1275] T 4f6138c5e28c474cb7f226e1cac10942 P 08a57bb5044642669ec8d88395fdaca6 [term 3 FOLLOWER]: Refusing update from remote peer 6f3fdbdf6b03486288a967d1c998da88: Log matching property violated. Preceding OpId in replica: term: 2 index: 2. Preceding OpId from leader: term: 3 index: 3. (index mismatch)
I20260710 11:11:12.390710 18367 consensus_queue.cc:1048] T 4f6138c5e28c474cb7f226e1cac10942 P 6f3fdbdf6b03486288a967d1c998da88 [LEADER]: Connected to new peer: Peer: permanent_uuid: "08a57bb5044642669ec8d88395fdaca6" member_type: VOTER last_known_addr { host: "127.17.126.195" port: 45713 }, Status: LMP_MISMATCH, Last received: 0.0, Next index: 3, Last known committed idx: 2, Time since last communication: 0.000s
I20260710 11:11:12.398142 18050 raft_consensus.cc:1275] T 4f6138c5e28c474cb7f226e1cac10942 P 12fa3df387784f19a6e2be3a44cb1dcf [term 3 FOLLOWER]: Refusing update from remote peer 6f3fdbdf6b03486288a967d1c998da88: Log matching property violated. Preceding OpId in replica: term: 2 index: 2. Preceding OpId from leader: term: 3 index: 3. (index mismatch)
I20260710 11:11:12.399645 18335 consensus_queue.cc:1048] T 4f6138c5e28c474cb7f226e1cac10942 P 6f3fdbdf6b03486288a967d1c998da88 [LEADER]: Connected to new peer: Peer: permanent_uuid: "12fa3df387784f19a6e2be3a44cb1dcf" member_type: VOTER last_known_addr { host: "127.17.126.193" port: 41475 }, Status: LMP_MISMATCH, Last received: 0.0, Next index: 3, Last known committed idx: 2, Time since last communication: 0.000s
I20260710 11:11:12.471973 18050 raft_consensus.cc:1275] T 5fef94a893f04736bc3fa555b2c571c7 P 12fa3df387784f19a6e2be3a44cb1dcf [term 3 FOLLOWER]: Refusing update from remote peer 6f3fdbdf6b03486288a967d1c998da88: Log matching property violated. Preceding OpId in replica: term: 2 index: 2. Preceding OpId from leader: term: 3 index: 3. (index mismatch)
I20260710 11:11:12.472934 18335 consensus_queue.cc:1048] T 5fef94a893f04736bc3fa555b2c571c7 P 6f3fdbdf6b03486288a967d1c998da88 [LEADER]: Connected to new peer: Peer: permanent_uuid: "12fa3df387784f19a6e2be3a44cb1dcf" member_type: VOTER last_known_addr { host: "127.17.126.193" port: 41475 }, Status: LMP_MISMATCH, Last received: 0.0, Next index: 3, Last known committed idx: 2, Time since last communication: 0.000s
I20260710 11:11:12.480119 18198 raft_consensus.cc:1275] T 5fef94a893f04736bc3fa555b2c571c7 P 08a57bb5044642669ec8d88395fdaca6 [term 3 FOLLOWER]: Refusing update from remote peer 6f3fdbdf6b03486288a967d1c998da88: Log matching property violated. Preceding OpId in replica: term: 2 index: 2. Preceding OpId from leader: term: 3 index: 3. (index mismatch)
I20260710 11:11:12.481519 18373 consensus_queue.cc:1048] T 5fef94a893f04736bc3fa555b2c571c7 P 6f3fdbdf6b03486288a967d1c998da88 [LEADER]: Connected to new peer: Peer: permanent_uuid: "08a57bb5044642669ec8d88395fdaca6" member_type: VOTER last_known_addr { host: "127.17.126.195" port: 45713 }, Status: LMP_MISMATCH, Last received: 0.0, Next index: 3, Last known committed idx: 2, Time since last communication: 0.000s
I20260710 11:11:14.517776 17915 auto_leader_rebalancer.cc:141] leader rebalance for table test-workload
I20260710 11:11:14.525182 18124 tablet_service.cc:2072] Received LeaderStepDown RPC: tablet_id: "049c658bdd3b4434a158198b0167c91d"
dest_uuid: "6f3fdbdf6b03486288a967d1c998da88"
mode: GRACEFUL
new_leader_uuid: "08a57bb5044642669ec8d88395fdaca6"
 from {username='slave'} at 127.0.0.1:35274
I20260710 11:11:14.525748 18124 raft_consensus.cc:606] T 049c658bdd3b4434a158198b0167c91d P 6f3fdbdf6b03486288a967d1c998da88 [term 2 LEADER]: Received request to transfer leadership to TS 08a57bb5044642669ec8d88395fdaca6
I20260710 11:11:14.528306 18124 tablet_service.cc:2072] Received LeaderStepDown RPC: tablet_id: "3ebaf451fe0c43eea7d9f832e4b92eaa"
dest_uuid: "6f3fdbdf6b03486288a967d1c998da88"
mode: GRACEFUL
new_leader_uuid: "08a57bb5044642669ec8d88395fdaca6"
 from {username='slave'} at 127.0.0.1:35274
I20260710 11:11:14.528901 18124 raft_consensus.cc:606] T 3ebaf451fe0c43eea7d9f832e4b92eaa P 6f3fdbdf6b03486288a967d1c998da88 [term 2 LEADER]: Received request to transfer leadership to TS 08a57bb5044642669ec8d88395fdaca6
I20260710 11:11:14.530990 18124 tablet_service.cc:2072] Received LeaderStepDown RPC: tablet_id: "3ec45e276e8547b5805e7b36a091f76d"
dest_uuid: "6f3fdbdf6b03486288a967d1c998da88"
mode: GRACEFUL
new_leader_uuid: "12fa3df387784f19a6e2be3a44cb1dcf"
 from {username='slave'} at 127.0.0.1:35274
I20260710 11:11:14.531399 18124 raft_consensus.cc:606] T 3ec45e276e8547b5805e7b36a091f76d P 6f3fdbdf6b03486288a967d1c998da88 [term 3 LEADER]: Received request to transfer leadership to TS 12fa3df387784f19a6e2be3a44cb1dcf
I20260710 11:11:14.533380 18124 tablet_service.cc:2072] Received LeaderStepDown RPC: tablet_id: "4f6138c5e28c474cb7f226e1cac10942"
dest_uuid: "6f3fdbdf6b03486288a967d1c998da88"
mode: GRACEFUL
new_leader_uuid: "12fa3df387784f19a6e2be3a44cb1dcf"
 from {username='slave'} at 127.0.0.1:35274
I20260710 11:11:14.533742 18124 raft_consensus.cc:606] T 4f6138c5e28c474cb7f226e1cac10942 P 6f3fdbdf6b03486288a967d1c998da88 [term 3 LEADER]: Received request to transfer leadership to TS 12fa3df387784f19a6e2be3a44cb1dcf
I20260710 11:11:14.535625 18124 tablet_service.cc:2072] Received LeaderStepDown RPC: tablet_id: "b84b775fcb084cce86c05c9f7789036a"
dest_uuid: "6f3fdbdf6b03486288a967d1c998da88"
mode: GRACEFUL
new_leader_uuid: "12fa3df387784f19a6e2be3a44cb1dcf"
 from {username='slave'} at 127.0.0.1:35274
I20260710 11:11:14.535971 18124 raft_consensus.cc:606] T b84b775fcb084cce86c05c9f7789036a P 6f3fdbdf6b03486288a967d1c998da88 [term 3 LEADER]: Received request to transfer leadership to TS 12fa3df387784f19a6e2be3a44cb1dcf
I20260710 11:11:14.536882 17915 auto_leader_rebalancer.cc:452] table: test-workload, leader rebalance finish, leader transfer count: 5
I20260710 11:11:14.537249 17915 auto_leader_rebalancer.cc:527] All tables' leader rebalancing finished this round
I20260710 11:11:14.594265 18378 raft_consensus.cc:993] T 049c658bdd3b4434a158198b0167c91d P 6f3fdbdf6b03486288a967d1c998da88: : Instructing follower 08a57bb5044642669ec8d88395fdaca6 to start an election
I20260710 11:11:14.594705 18373 raft_consensus.cc:1081] T 049c658bdd3b4434a158198b0167c91d P 6f3fdbdf6b03486288a967d1c998da88 [term 2 LEADER]: Signalling peer 08a57bb5044642669ec8d88395fdaca6 to start an election
I20260710 11:11:14.596032 18198 tablet_service.cc:2044] Received Run Leader Election RPC: tablet_id: "049c658bdd3b4434a158198b0167c91d"
dest_uuid: "08a57bb5044642669ec8d88395fdaca6"
 from {username='slave'} at 127.0.0.1:33316
I20260710 11:11:14.596434 18198 raft_consensus.cc:493] T 049c658bdd3b4434a158198b0167c91d P 08a57bb5044642669ec8d88395fdaca6 [term 2 FOLLOWER]: Starting forced leader election (received explicit request)
I20260710 11:11:14.596719 18198 raft_consensus.cc:3060] T 049c658bdd3b4434a158198b0167c91d P 08a57bb5044642669ec8d88395fdaca6 [term 2 FOLLOWER]: Advancing to term 3
I20260710 11:11:14.601895 18198 raft_consensus.cc:515] T 049c658bdd3b4434a158198b0167c91d P 08a57bb5044642669ec8d88395fdaca6 [term 3 FOLLOWER]: Starting forced leader election with config: opid_index: -1 OBSOLETE_local: false peers { permanent_uuid: "12fa3df387784f19a6e2be3a44cb1dcf" member_type: VOTER last_known_addr { host: "127.17.126.193" port: 41475 } } peers { permanent_uuid: "6f3fdbdf6b03486288a967d1c998da88" member_type: VOTER last_known_addr { host: "127.17.126.194" port: 39923 } } peers { permanent_uuid: "08a57bb5044642669ec8d88395fdaca6" member_type: VOTER last_known_addr { host: "127.17.126.195" port: 45713 } }
I20260710 11:11:14.603636 18198 leader_election.cc:290] T 049c658bdd3b4434a158198b0167c91d P 08a57bb5044642669ec8d88395fdaca6 [CANDIDATE]: Term 3 election: Requested vote from peers 12fa3df387784f19a6e2be3a44cb1dcf (127.17.126.193:41475), 6f3fdbdf6b03486288a967d1c998da88 (127.17.126.194:39923)
I20260710 11:11:14.604596 18124 tablet_service.cc:1917] Received RequestConsensusVote() RPC: tablet_id: "049c658bdd3b4434a158198b0167c91d" candidate_uuid: "08a57bb5044642669ec8d88395fdaca6" candidate_term: 3 candidate_status { last_received { term: 2 index: 2 } } ignore_live_leader: true dest_uuid: "6f3fdbdf6b03486288a967d1c998da88"
I20260710 11:11:14.604601 18049 tablet_service.cc:1917] Received RequestConsensusVote() RPC: tablet_id: "049c658bdd3b4434a158198b0167c91d" candidate_uuid: "08a57bb5044642669ec8d88395fdaca6" candidate_term: 3 candidate_status { last_received { term: 2 index: 2 } } ignore_live_leader: true dest_uuid: "12fa3df387784f19a6e2be3a44cb1dcf"
I20260710 11:11:14.605263 18124 raft_consensus.cc:3055] T 049c658bdd3b4434a158198b0167c91d P 6f3fdbdf6b03486288a967d1c998da88 [term 2 LEADER]: Stepping down as leader of term 2
I20260710 11:11:14.605316 18049 raft_consensus.cc:3060] T 049c658bdd3b4434a158198b0167c91d P 12fa3df387784f19a6e2be3a44cb1dcf [term 2 FOLLOWER]: Advancing to term 3
I20260710 11:11:14.605495 18124 raft_consensus.cc:740] T 049c658bdd3b4434a158198b0167c91d P 6f3fdbdf6b03486288a967d1c998da88 [term 2 LEADER]: Becoming Follower/Learner. State: Replica: 6f3fdbdf6b03486288a967d1c998da88, State: Running, Role: LEADER
I20260710 11:11:14.606166 18124 consensus_queue.cc:260] T 049c658bdd3b4434a158198b0167c91d P 6f3fdbdf6b03486288a967d1c998da88 [NON_LEADER]: Queue going to NON_LEADER mode. State: All replicated index: 0, Majority replicated index: 2, Committed index: 2, Last appended: 2.2, Last appended by leader: 2, Current term: 2, Majority size: -1, State: 0, Mode: NON_LEADER, active raft config: opid_index: -1 OBSOLETE_local: false peers { permanent_uuid: "12fa3df387784f19a6e2be3a44cb1dcf" member_type: VOTER last_known_addr { host: "127.17.126.193" port: 41475 } } peers { permanent_uuid: "6f3fdbdf6b03486288a967d1c998da88" member_type: VOTER last_known_addr { host: "127.17.126.194" port: 39923 } } peers { permanent_uuid: "08a57bb5044642669ec8d88395fdaca6" member_type: VOTER last_known_addr { host: "127.17.126.195" port: 45713 } }
I20260710 11:11:14.607010 18124 raft_consensus.cc:3060] T 049c658bdd3b4434a158198b0167c91d P 6f3fdbdf6b03486288a967d1c998da88 [term 2 FOLLOWER]: Advancing to term 3
I20260710 11:11:14.609900 18049 raft_consensus.cc:2468] T 049c658bdd3b4434a158198b0167c91d P 12fa3df387784f19a6e2be3a44cb1dcf [term 3 FOLLOWER]: Leader election vote request: Granting yes vote for candidate 08a57bb5044642669ec8d88395fdaca6 in term 3.
I20260710 11:11:14.610899 18163 leader_election.cc:304] T 049c658bdd3b4434a158198b0167c91d P 08a57bb5044642669ec8d88395fdaca6 [CANDIDATE]: Term 3 election: Election decided. Result: candidate won. Election summary: received 2 responses out of 3 voters: 2 yes votes; 0 no votes. yes voters: 08a57bb5044642669ec8d88395fdaca6, 12fa3df387784f19a6e2be3a44cb1dcf; no voters: 
I20260710 11:11:14.611099 18124 raft_consensus.cc:2468] T 049c658bdd3b4434a158198b0167c91d P 6f3fdbdf6b03486288a967d1c998da88 [term 3 FOLLOWER]: Leader election vote request: Granting yes vote for candidate 08a57bb5044642669ec8d88395fdaca6 in term 3.
I20260710 11:11:14.611634 18357 raft_consensus.cc:2804] T 049c658bdd3b4434a158198b0167c91d P 08a57bb5044642669ec8d88395fdaca6 [term 3 FOLLOWER]: Leader election won for term 3
I20260710 11:11:14.612594 18357 raft_consensus.cc:697] T 049c658bdd3b4434a158198b0167c91d P 08a57bb5044642669ec8d88395fdaca6 [term 3 LEADER]: Becoming Leader. State: Replica: 08a57bb5044642669ec8d88395fdaca6, State: Running, Role: LEADER
I20260710 11:11:14.613401 18357 consensus_queue.cc:237] T 049c658bdd3b4434a158198b0167c91d P 08a57bb5044642669ec8d88395fdaca6 [LEADER]: Queue going to LEADER mode. State: All replicated index: 0, Majority replicated index: 2, Committed index: 2, Last appended: 2.2, Last appended by leader: 2, Current term: 3, Majority size: 2, State: 0, Mode: LEADER, active raft config: opid_index: -1 OBSOLETE_local: false peers { permanent_uuid: "12fa3df387784f19a6e2be3a44cb1dcf" member_type: VOTER last_known_addr { host: "127.17.126.193" port: 41475 } } peers { permanent_uuid: "6f3fdbdf6b03486288a967d1c998da88" member_type: VOTER last_known_addr { host: "127.17.126.194" port: 39923 } } peers { permanent_uuid: "08a57bb5044642669ec8d88395fdaca6" member_type: VOTER last_known_addr { host: "127.17.126.195" port: 45713 } }
