I20260710 11:11:35.053223 19003 tablet_service.cc:1558] Processing DeleteTablet for tablet ed60714fcdab49b9949f014152d20517 with delete_type TABLET_DATA_TOMBSTONED (TS f60a4255483642359e569cbab2896053 not found in new config with opid_index 4) from {username='slave'} at 127.0.0.1:49582
I20260710 11:11:35.054132 19535 tablet_replica.cc:333] T ed60714fcdab49b9949f014152d20517 P f60a4255483642359e569cbab2896053: stopping tablet replica
I20260710 11:11:35.055020 19535 raft_consensus.cc:2243] T ed60714fcdab49b9949f014152d20517 P f60a4255483642359e569cbab2896053 [term 1 FOLLOWER]: Raft consensus shutting down.
I20260710 11:11:35.055730 19535 raft_consensus.cc:2272] T ed60714fcdab49b9949f014152d20517 P f60a4255483642359e569cbab2896053 [term 1 FOLLOWER]: Raft consensus is shut down!
I20260710 11:11:35.058259 19535 ts_tablet_manager.cc:1916] T ed60714fcdab49b9949f014152d20517 P f60a4255483642359e569cbab2896053: Deleting tablet data with delete state TABLET_DATA_TOMBSTONED
I20260710 11:11:35.068156 19535 ts_tablet_manager.cc:1929] T ed60714fcdab49b9949f014152d20517 P f60a4255483642359e569cbab2896053: tablet deleted with delete type TABLET_DATA_TOMBSTONED: last-logged OpId 1.3
I20260710 11:11:35.068413 19535 log.cc:1199] T ed60714fcdab49b9949f014152d20517 P f60a4255483642359e569cbab2896053: Deleting WAL directory at /tmp/dist-test-taskCNqU9E/test-tmp/auto_leader_rebalancer-test.0.LeaderRebalancerTest.AddTserver.1783681863907451-17915-0/minicluster-data/ts-0-root/wals/ed60714fcdab49b9949f014152d20517
I20260710 11:11:35.069432 18906 catalog_manager.cc:5028] TS f60a4255483642359e569cbab2896053 (127.17.126.193:37729): tablet ed60714fcdab49b9949f014152d20517 (table test-workload [id=8fc280e557a44b2d884c863968f755c3]) successfully deleted
I20260710 11:11:36.080384 19169 consensus_queue.cc:237] T 5c29bdd031fb4edc808177bbe59ac411 P 85db647665a1498286a1fbb6aaee2f88 [LEADER]: Queue going to LEADER mode. State: All replicated index: 0, Majority replicated index: 1, Committed index: 1, Last appended: 1.1, Last appended by leader: 0, Current term: 1, Majority size: 2, State: 0, Mode: LEADER, active raft config: opid_index: 2 OBSOLETE_local: false peers { permanent_uuid: "f60a4255483642359e569cbab2896053" member_type: VOTER last_known_addr { host: "127.17.126.193" port: 37729 } } peers { permanent_uuid: "efcc43f7ea184474949dae107d94f90f" member_type: VOTER last_known_addr { host: "127.17.126.194" port: 34305 } attrs { replace: true } } peers { permanent_uuid: "85db647665a1498286a1fbb6aaee2f88" member_type: VOTER last_known_addr { host: "127.17.126.195" port: 37743 } } peers { permanent_uuid: "caea41522b7d499a8335a6bca665556b" member_type: NON_VOTER last_known_addr { host: "127.17.126.196" port: 41277 } attrs { promote: true } }
I20260710 11:11:36.085687 19092 raft_consensus.cc:1275] T 5c29bdd031fb4edc808177bbe59ac411 P efcc43f7ea184474949dae107d94f90f [term 1 FOLLOWER]: Refusing update from remote peer 85db647665a1498286a1fbb6aaee2f88: Log matching property violated. Preceding OpId in replica: term: 1 index: 1. Preceding OpId from leader: term: 1 index: 2. (index mismatch)
I20260710 11:11:36.086081 19021 raft_consensus.cc:1275] T 5c29bdd031fb4edc808177bbe59ac411 P f60a4255483642359e569cbab2896053 [term 1 FOLLOWER]: Refusing update from remote peer 85db647665a1498286a1fbb6aaee2f88: Log matching property violated. Preceding OpId in replica: term: 1 index: 1. Preceding OpId from leader: term: 1 index: 2. (index mismatch)
W20260710 11:11:36.086643 19133 consensus_peers.cc:597] T 5c29bdd031fb4edc808177bbe59ac411 P 85db647665a1498286a1fbb6aaee2f88 -> Peer caea41522b7d499a8335a6bca665556b (127.17.126.196:41277): Couldn't send request to peer caea41522b7d499a8335a6bca665556b. Error code: TABLET_NOT_FOUND (6). Status: Not found: Tablet not found: 5c29bdd031fb4edc808177bbe59ac411. This is attempt 1: this message will repeat every 5th retry.
I20260710 11:11:36.087019 19541 consensus_queue.cc:1048] T 5c29bdd031fb4edc808177bbe59ac411 P 85db647665a1498286a1fbb6aaee2f88 [LEADER]: Connected to new peer: Peer: permanent_uuid: "efcc43f7ea184474949dae107d94f90f" member_type: VOTER last_known_addr { host: "127.17.126.194" port: 34305 } attrs { replace: true }, Status: LMP_MISMATCH, Last received: 0.0, Next index: 2, Last known committed idx: 1, Time since last communication: 0.000s
I20260710 11:11:36.087797 19506 consensus_queue.cc:1048] T 5c29bdd031fb4edc808177bbe59ac411 P 85db647665a1498286a1fbb6aaee2f88 [LEADER]: Connected to new peer: Peer: permanent_uuid: "f60a4255483642359e569cbab2896053" member_type: VOTER last_known_addr { host: "127.17.126.193" port: 37729 }, Status: LMP_MISMATCH, Last received: 0.0, Next index: 2, Last known committed idx: 1, Time since last communication: 0.000s
I20260710 11:11:36.094264 19530 raft_consensus.cc:2955] T 5c29bdd031fb4edc808177bbe59ac411 P 85db647665a1498286a1fbb6aaee2f88 [term 1 LEADER]: Committing config change with OpId 1.2: config changed from index -1 to 2, NON_VOTER caea41522b7d499a8335a6bca665556b (127.17.126.196) added. New config: { opid_index: 2 OBSOLETE_local: false peers { permanent_uuid: "f60a4255483642359e569cbab2896053" member_type: VOTER last_known_addr { host: "127.17.126.193" port: 37729 } } peers { permanent_uuid: "efcc43f7ea184474949dae107d94f90f" member_type: VOTER last_known_addr { host: "127.17.126.194" port: 34305 } attrs { replace: true } } peers { permanent_uuid: "85db647665a1498286a1fbb6aaee2f88" member_type: VOTER last_known_addr { host: "127.17.126.195" port: 37743 } } peers { permanent_uuid: "caea41522b7d499a8335a6bca665556b" member_type: NON_VOTER last_known_addr { host: "127.17.126.196" port: 41277 } attrs { promote: true } } }
I20260710 11:11:36.095871 19021 raft_consensus.cc:2955] T 5c29bdd031fb4edc808177bbe59ac411 P f60a4255483642359e569cbab2896053 [term 1 FOLLOWER]: Committing config change with OpId 1.2: config changed from index -1 to 2, NON_VOTER caea41522b7d499a8335a6bca665556b (127.17.126.196) added. New config: { opid_index: 2 OBSOLETE_local: false peers { permanent_uuid: "f60a4255483642359e569cbab2896053" member_type: VOTER last_known_addr { host: "127.17.126.193" port: 37729 } } peers { permanent_uuid: "efcc43f7ea184474949dae107d94f90f" member_type: VOTER last_known_addr { host: "127.17.126.194" port: 34305 } attrs { replace: true } } peers { permanent_uuid: "85db647665a1498286a1fbb6aaee2f88" member_type: VOTER last_known_addr { host: "127.17.126.195" port: 37743 } } peers { permanent_uuid: "caea41522b7d499a8335a6bca665556b" member_type: NON_VOTER last_known_addr { host: "127.17.126.196" port: 41277 } attrs { promote: true } } }
I20260710 11:11:36.095870 19092 raft_consensus.cc:2955] T 5c29bdd031fb4edc808177bbe59ac411 P efcc43f7ea184474949dae107d94f90f [term 1 FOLLOWER]: Committing config change with OpId 1.2: config changed from index -1 to 2, NON_VOTER caea41522b7d499a8335a6bca665556b (127.17.126.196) added. New config: { opid_index: 2 OBSOLETE_local: false peers { permanent_uuid: "f60a4255483642359e569cbab2896053" member_type: VOTER last_known_addr { host: "127.17.126.193" port: 37729 } } peers { permanent_uuid: "efcc43f7ea184474949dae107d94f90f" member_type: VOTER last_known_addr { host: "127.17.126.194" port: 34305 } attrs { replace: true } } peers { permanent_uuid: "85db647665a1498286a1fbb6aaee2f88" member_type: VOTER last_known_addr { host: "127.17.126.195" port: 37743 } } peers { permanent_uuid: "caea41522b7d499a8335a6bca665556b" member_type: NON_VOTER last_known_addr { host: "127.17.126.196" port: 41277 } attrs { promote: true } } }
I20260710 11:11:36.108872 18918 catalog_manager.cc:5697] T 5c29bdd031fb4edc808177bbe59ac411 P 85db647665a1498286a1fbb6aaee2f88 reported cstate change: config changed from index -1 to 2, NON_VOTER caea41522b7d499a8335a6bca665556b (127.17.126.196) added. New cstate: current_term: 1 leader_uuid: "85db647665a1498286a1fbb6aaee2f88" committed_config { opid_index: 2 OBSOLETE_local: false peers { permanent_uuid: "f60a4255483642359e569cbab2896053" member_type: VOTER last_known_addr { host: "127.17.126.193" port: 37729 } health_report { overall_health: HEALTHY } } peers { permanent_uuid: "efcc43f7ea184474949dae107d94f90f" member_type: VOTER last_known_addr { host: "127.17.126.194" port: 34305 } attrs { replace: true } health_report { overall_health: HEALTHY } } peers { permanent_uuid: "85db647665a1498286a1fbb6aaee2f88" member_type: VOTER last_known_addr { host: "127.17.126.195" port: 37743 } health_report { overall_health: HEALTHY } } peers { permanent_uuid: "caea41522b7d499a8335a6bca665556b" member_type: NON_VOTER last_known_addr { host: "127.17.126.196" port: 41277 } attrs { promote: true } health_report { overall_health: UNKNOWN } } }
I20260710 11:11:36.110872 19021 consensus_queue.cc:237] T d75abc273a734872a3ab14bc907f9563 P f60a4255483642359e569cbab2896053 [LEADER]: Queue going to LEADER mode. State: All replicated index: 0, Majority replicated index: 1, Committed index: 1, Last appended: 1.1, Last appended by leader: 0, Current term: 1, Majority size: 2, State: 0, Mode: LEADER, active raft config: opid_index: 2 OBSOLETE_local: false peers { permanent_uuid: "f60a4255483642359e569cbab2896053" member_type: VOTER last_known_addr { host: "127.17.126.193" port: 37729 } } peers { permanent_uuid: "efcc43f7ea184474949dae107d94f90f" member_type: VOTER last_known_addr { host: "127.17.126.194" port: 34305 } } peers { permanent_uuid: "85db647665a1498286a1fbb6aaee2f88" member_type: VOTER last_known_addr { host: "127.17.126.195" port: 37743 } attrs { replace: true } } peers { permanent_uuid: "caea41522b7d499a8335a6bca665556b" member_type: NON_VOTER last_known_addr { host: "127.17.126.196" port: 41277 } attrs { promote: true } }
W20260710 11:11:36.120325 18984 consensus_peers.cc:597] T d75abc273a734872a3ab14bc907f9563 P f60a4255483642359e569cbab2896053 -> Peer caea41522b7d499a8335a6bca665556b (127.17.126.196:41277): Couldn't send request to peer caea41522b7d499a8335a6bca665556b. Error code: TABLET_NOT_FOUND (6). Status: Not found: Tablet not found: d75abc273a734872a3ab14bc907f9563. This is attempt 1: this message will repeat every 5th retry.
I20260710 11:11:36.123277 19092 raft_consensus.cc:1275] T d75abc273a734872a3ab14bc907f9563 P efcc43f7ea184474949dae107d94f90f [term 1 FOLLOWER]: Refusing update from remote peer f60a4255483642359e569cbab2896053: Log matching property violated. Preceding OpId in replica: term: 1 index: 1. Preceding OpId from leader: term: 1 index: 2. (index mismatch)
I20260710 11:11:36.123719 19169 raft_consensus.cc:1275] T d75abc273a734872a3ab14bc907f9563 P 85db647665a1498286a1fbb6aaee2f88 [term 1 FOLLOWER]: Refusing update from remote peer f60a4255483642359e569cbab2896053: Log matching property violated. Preceding OpId in replica: term: 1 index: 1. Preceding OpId from leader: term: 1 index: 2. (index mismatch)
I20260710 11:11:36.124642 19546 consensus_queue.cc:1048] T d75abc273a734872a3ab14bc907f9563 P f60a4255483642359e569cbab2896053 [LEADER]: Connected to new peer: Peer: permanent_uuid: "efcc43f7ea184474949dae107d94f90f" member_type: VOTER last_known_addr { host: "127.17.126.194" port: 34305 }, Status: LMP_MISMATCH, Last received: 0.0, Next index: 2, Last known committed idx: 1, Time since last communication: 0.000s
I20260710 11:11:36.125470 19512 consensus_queue.cc:1048] T d75abc273a734872a3ab14bc907f9563 P f60a4255483642359e569cbab2896053 [LEADER]: Connected to new peer: Peer: permanent_uuid: "85db647665a1498286a1fbb6aaee2f88" member_type: VOTER last_known_addr { host: "127.17.126.195" port: 37743 } attrs { replace: true }, Status: LMP_MISMATCH, Last received: 0.0, Next index: 2, Last known committed idx: 1, Time since last communication: 0.000s
I20260710 11:11:36.139680 19546 raft_consensus.cc:2955] T d75abc273a734872a3ab14bc907f9563 P f60a4255483642359e569cbab2896053 [term 1 LEADER]: Committing config change with OpId 1.2: config changed from index -1 to 2, NON_VOTER caea41522b7d499a8335a6bca665556b (127.17.126.196) added. New config: { opid_index: 2 OBSOLETE_local: false peers { permanent_uuid: "f60a4255483642359e569cbab2896053" member_type: VOTER last_known_addr { host: "127.17.126.193" port: 37729 } } peers { permanent_uuid: "efcc43f7ea184474949dae107d94f90f" member_type: VOTER last_known_addr { host: "127.17.126.194" port: 34305 } } peers { permanent_uuid: "85db647665a1498286a1fbb6aaee2f88" member_type: VOTER last_known_addr { host: "127.17.126.195" port: 37743 } attrs { replace: true } } peers { permanent_uuid: "caea41522b7d499a8335a6bca665556b" member_type: NON_VOTER last_known_addr { host: "127.17.126.196" port: 41277 } attrs { promote: true } } }
I20260710 11:11:36.142033 19092 raft_consensus.cc:2955] T d75abc273a734872a3ab14bc907f9563 P efcc43f7ea184474949dae107d94f90f [term 1 FOLLOWER]: Committing config change with OpId 1.2: config changed from index -1 to 2, NON_VOTER caea41522b7d499a8335a6bca665556b (127.17.126.196) added. New config: { opid_index: 2 OBSOLETE_local: false peers { permanent_uuid: "f60a4255483642359e569cbab2896053" member_type: VOTER last_known_addr { host: "127.17.126.193" port: 37729 } } peers { permanent_uuid: "efcc43f7ea184474949dae107d94f90f" member_type: VOTER last_known_addr { host: "127.17.126.194" port: 34305 } } peers { permanent_uuid: "85db647665a1498286a1fbb6aaee2f88" member_type: VOTER last_known_addr { host: "127.17.126.195" port: 37743 } attrs { replace: true } } peers { permanent_uuid: "caea41522b7d499a8335a6bca665556b" member_type: NON_VOTER last_known_addr { host: "127.17.126.196" port: 41277 } attrs { promote: true } } }
I20260710 11:11:36.143914 19170 raft_consensus.cc:2955] T d75abc273a734872a3ab14bc907f9563 P 85db647665a1498286a1fbb6aaee2f88 [term 1 FOLLOWER]: Committing config change with OpId 1.2: config changed from index -1 to 2, NON_VOTER caea41522b7d499a8335a6bca665556b (127.17.126.196) added. New config: { opid_index: 2 OBSOLETE_local: false peers { permanent_uuid: "f60a4255483642359e569cbab2896053" member_type: VOTER last_known_addr { host: "127.17.126.193" port: 37729 } } peers { permanent_uuid: "efcc43f7ea184474949dae107d94f90f" member_type: VOTER last_known_addr { host: "127.17.126.194" port: 34305 } } peers { permanent_uuid: "85db647665a1498286a1fbb6aaee2f88" member_type: VOTER last_known_addr { host: "127.17.126.195" port: 37743 } attrs { replace: true } } peers { permanent_uuid: "caea41522b7d499a8335a6bca665556b" member_type: NON_VOTER last_known_addr { host: "127.17.126.196" port: 41277 } attrs { promote: true } } }
I20260710 11:11:36.154129 18915 catalog_manager.cc:5697] T d75abc273a734872a3ab14bc907f9563 P efcc43f7ea184474949dae107d94f90f reported cstate change: config changed from index -1 to 2, NON_VOTER caea41522b7d499a8335a6bca665556b (127.17.126.196) added. New cstate: current_term: 1 leader_uuid: "f60a4255483642359e569cbab2896053" committed_config { opid_index: 2 OBSOLETE_local: false peers { permanent_uuid: "f60a4255483642359e569cbab2896053" member_type: VOTER last_known_addr { host: "127.17.126.193" port: 37729 } } peers { permanent_uuid: "efcc43f7ea184474949dae107d94f90f" member_type: VOTER last_known_addr { host: "127.17.126.194" port: 34305 } } peers { permanent_uuid: "85db647665a1498286a1fbb6aaee2f88" member_type: VOTER last_known_addr { host: "127.17.126.195" port: 37743 } attrs { replace: true } } peers { permanent_uuid: "caea41522b7d499a8335a6bca665556b" member_type: NON_VOTER last_known_addr { host: "127.17.126.196" port: 41277 } attrs { promote: true } } }
I20260710 11:11:36.176347 19092 consensus_queue.cc:237] T 54cd3a3c2a424a0ba5e5d61353261a45 P efcc43f7ea184474949dae107d94f90f [LEADER]: Queue going to LEADER mode. State: All replicated index: 0, Majority replicated index: 1, Committed index: 1, Last appended: 1.1, Last appended by leader: 0, Current term: 1, Majority size: 2, State: 0, Mode: LEADER, active raft config: opid_index: 2 OBSOLETE_local: false peers { permanent_uuid: "f60a4255483642359e569cbab2896053" member_type: VOTER last_known_addr { host: "127.17.126.193" port: 37729 } attrs { replace: true } } peers { permanent_uuid: "efcc43f7ea184474949dae107d94f90f" member_type: VOTER last_known_addr { host: "127.17.126.194" port: 34305 } } peers { permanent_uuid: "85db647665a1498286a1fbb6aaee2f88" member_type: VOTER last_known_addr { host: "127.17.126.195" port: 37743 } } peers { permanent_uuid: "caea41522b7d499a8335a6bca665556b" member_type: NON_VOTER last_known_addr { host: "127.17.126.196" port: 41277 } attrs { promote: true } }
I20260710 11:11:36.183089 19021 raft_consensus.cc:1275] T 54cd3a3c2a424a0ba5e5d61353261a45 P f60a4255483642359e569cbab2896053 [term 1 FOLLOWER]: Refusing update from remote peer efcc43f7ea184474949dae107d94f90f: Log matching property violated. Preceding OpId in replica: term: 1 index: 1. Preceding OpId from leader: term: 1 index: 2. (index mismatch)
I20260710 11:11:36.184389 19170 raft_consensus.cc:1275] T 54cd3a3c2a424a0ba5e5d61353261a45 P 85db647665a1498286a1fbb6aaee2f88 [term 1 FOLLOWER]: Refusing update from remote peer efcc43f7ea184474949dae107d94f90f: Log matching property violated. Preceding OpId in replica: term: 1 index: 1. Preceding OpId from leader: term: 1 index: 2. (index mismatch)
I20260710 11:11:36.186326 19557 consensus_queue.cc:1048] T 54cd3a3c2a424a0ba5e5d61353261a45 P efcc43f7ea184474949dae107d94f90f [LEADER]: Connected to new peer: Peer: permanent_uuid: "85db647665a1498286a1fbb6aaee2f88" member_type: VOTER last_known_addr { host: "127.17.126.195" port: 37743 }, Status: LMP_MISMATCH, Last received: 0.0, Next index: 2, Last known committed idx: 1, Time since last communication: 0.000s
I20260710 11:11:36.188560 19557 consensus_queue.cc:1048] T 54cd3a3c2a424a0ba5e5d61353261a45 P efcc43f7ea184474949dae107d94f90f [LEADER]: Connected to new peer: Peer: permanent_uuid: "f60a4255483642359e569cbab2896053" member_type: VOTER last_known_addr { host: "127.17.126.193" port: 37729 } attrs { replace: true }, Status: LMP_MISMATCH, Last received: 0.0, Next index: 2, Last known committed idx: 1, Time since last communication: 0.000s
I20260710 11:11:36.193806 19539 raft_consensus.cc:2955] T 54cd3a3c2a424a0ba5e5d61353261a45 P efcc43f7ea184474949dae107d94f90f [term 1 LEADER]: Committing config change with OpId 1.2: config changed from index -1 to 2, NON_VOTER caea41522b7d499a8335a6bca665556b (127.17.126.196) added. New config: { opid_index: 2 OBSOLETE_local: false peers { permanent_uuid: "f60a4255483642359e569cbab2896053" member_type: VOTER last_known_addr { host: "127.17.126.193" port: 37729 } attrs { replace: true } } peers { permanent_uuid: "efcc43f7ea184474949dae107d94f90f" member_type: VOTER last_known_addr { host: "127.17.126.194" port: 34305 } } peers { permanent_uuid: "85db647665a1498286a1fbb6aaee2f88" member_type: VOTER last_known_addr { host: "127.17.126.195" port: 37743 } } peers { permanent_uuid: "caea41522b7d499a8335a6bca665556b" member_type: NON_VOTER last_known_addr { host: "127.17.126.196" port: 41277 } attrs { promote: true } } }
W20260710 11:11:36.195972 19059 consensus_peers.cc:597] T 54cd3a3c2a424a0ba5e5d61353261a45 P efcc43f7ea184474949dae107d94f90f -> Peer caea41522b7d499a8335a6bca665556b (127.17.126.196:41277): Couldn't send request to peer caea41522b7d499a8335a6bca665556b. Error code: TABLET_NOT_FOUND (6). Status: Not found: Tablet not found: 54cd3a3c2a424a0ba5e5d61353261a45. This is attempt 1: this message will repeat every 5th retry.
I20260710 11:11:36.197371 19170 raft_consensus.cc:2955] T 54cd3a3c2a424a0ba5e5d61353261a45 P 85db647665a1498286a1fbb6aaee2f88 [term 1 FOLLOWER]: Committing config change with OpId 1.2: config changed from index -1 to 2, NON_VOTER caea41522b7d499a8335a6bca665556b (127.17.126.196) added. New config: { opid_index: 2 OBSOLETE_local: false peers { permanent_uuid: "f60a4255483642359e569cbab2896053" member_type: VOTER last_known_addr { host: "127.17.126.193" port: 37729 } attrs { replace: true } } peers { permanent_uuid: "efcc43f7ea184474949dae107d94f90f" member_type: VOTER last_known_addr { host: "127.17.126.194" port: 34305 } } peers { permanent_uuid: "85db647665a1498286a1fbb6aaee2f88" member_type: VOTER last_known_addr { host: "127.17.126.195" port: 37743 } } peers { permanent_uuid: "caea41522b7d499a8335a6bca665556b" member_type: NON_VOTER last_known_addr { host: "127.17.126.196" port: 41277 } attrs { promote: true } } }
I20260710 11:11:36.202219 19021 raft_consensus.cc:2955] T 54cd3a3c2a424a0ba5e5d61353261a45 P f60a4255483642359e569cbab2896053 [term 1 FOLLOWER]: Committing config change with OpId 1.2: config changed from index -1 to 2, NON_VOTER caea41522b7d499a8335a6bca665556b (127.17.126.196) added. New config: { opid_index: 2 OBSOLETE_local: false peers { permanent_uuid: "f60a4255483642359e569cbab2896053" member_type: VOTER last_known_addr { host: "127.17.126.193" port: 37729 } attrs { replace: true } } peers { permanent_uuid: "efcc43f7ea184474949dae107d94f90f" member_type: VOTER last_known_addr { host: "127.17.126.194" port: 34305 } } peers { permanent_uuid: "85db647665a1498286a1fbb6aaee2f88" member_type: VOTER last_known_addr { host: "127.17.126.195" port: 37743 } } peers { permanent_uuid: "caea41522b7d499a8335a6bca665556b" member_type: NON_VOTER last_known_addr { host: "127.17.126.196" port: 41277 } attrs { promote: true } } }
I20260710 11:11:36.207674 18918 catalog_manager.cc:5697] T 54cd3a3c2a424a0ba5e5d61353261a45 P efcc43f7ea184474949dae107d94f90f reported cstate change: config changed from index -1 to 2, NON_VOTER caea41522b7d499a8335a6bca665556b (127.17.126.196) added. New cstate: current_term: 1 leader_uuid: "efcc43f7ea184474949dae107d94f90f" committed_config { opid_index: 2 OBSOLETE_local: false peers { permanent_uuid: "f60a4255483642359e569cbab2896053" member_type: VOTER last_known_addr { host: "127.17.126.193" port: 37729 } attrs { replace: true } health_report { overall_health: HEALTHY } } peers { permanent_uuid: "efcc43f7ea184474949dae107d94f90f" member_type: VOTER last_known_addr { host: "127.17.126.194" port: 34305 } health_report { overall_health: HEALTHY } } peers { permanent_uuid: "85db647665a1498286a1fbb6aaee2f88" member_type: VOTER last_known_addr { host: "127.17.126.195" port: 37743 } health_report { overall_health: HEALTHY } } peers { permanent_uuid: "caea41522b7d499a8335a6bca665556b" member_type: NON_VOTER last_known_addr { host: "127.17.126.196" port: 41277 } attrs { promote: true } health_report { overall_health: UNKNOWN } } }
I20260710 11:11:36.208079 19019 consensus_queue.cc:237] T 13b013befe324d069c4e8d155f81c7ca P f60a4255483642359e569cbab2896053 [LEADER]: Queue going to LEADER mode. State: All replicated index: 0, Majority replicated index: 1, Committed index: 1, Last appended: 1.1, Last appended by leader: 0, Current term: 1, Majority size: 2, State: 0, Mode: LEADER, active raft config: opid_index: 2 OBSOLETE_local: false peers { permanent_uuid: "85db647665a1498286a1fbb6aaee2f88" member_type: VOTER last_known_addr { host: "127.17.126.195" port: 37743 } attrs { replace: true } } peers { permanent_uuid: "f60a4255483642359e569cbab2896053" member_type: VOTER last_known_addr { host: "127.17.126.193" port: 37729 } } peers { permanent_uuid: "efcc43f7ea184474949dae107d94f90f" member_type: VOTER last_known_addr { host: "127.17.126.194" port: 34305 } } peers { permanent_uuid: "caea41522b7d499a8335a6bca665556b" member_type: NON_VOTER last_known_addr { host: "127.17.126.196" port: 41277 } attrs { promote: true } }
W20260710 11:11:36.216322 18984 consensus_peers.cc:597] T 13b013befe324d069c4e8d155f81c7ca P f60a4255483642359e569cbab2896053 -> Peer caea41522b7d499a8335a6bca665556b (127.17.126.196:41277): Couldn't send request to peer caea41522b7d499a8335a6bca665556b. Error code: TABLET_NOT_FOUND (6). Status: Not found: Tablet not found: 13b013befe324d069c4e8d155f81c7ca. This is attempt 1: this message will repeat every 5th retry.
I20260710 11:11:36.218080 19170 raft_consensus.cc:1275] T 13b013befe324d069c4e8d155f81c7ca P 85db647665a1498286a1fbb6aaee2f88 [term 1 FOLLOWER]: Refusing update from remote peer f60a4255483642359e569cbab2896053: Log matching property violated. Preceding OpId in replica: term: 1 index: 1. Preceding OpId from leader: term: 1 index: 2. (index mismatch)
I20260710 11:11:36.219177 19553 consensus_queue.cc:1048] T 13b013befe324d069c4e8d155f81c7ca P f60a4255483642359e569cbab2896053 [LEADER]: Connected to new peer: Peer: permanent_uuid: "85db647665a1498286a1fbb6aaee2f88" member_type: VOTER last_known_addr { host: "127.17.126.195" port: 37743 } attrs { replace: true }, Status: LMP_MISMATCH, Last received: 0.0, Next index: 2, Last known committed idx: 1, Time since last communication: 0.000s
I20260710 11:11:36.221042 19092 raft_consensus.cc:1275] T 13b013befe324d069c4e8d155f81c7ca P efcc43f7ea184474949dae107d94f90f [term 1 FOLLOWER]: Refusing update from remote peer f60a4255483642359e569cbab2896053: Log matching property violated. Preceding OpId in replica: term: 1 index: 1. Preceding OpId from leader: term: 1 index: 2. (index mismatch)
I20260710 11:11:36.222466 19553 consensus_queue.cc:1048] T 13b013befe324d069c4e8d155f81c7ca P f60a4255483642359e569cbab2896053 [LEADER]: Connected to new peer: Peer: permanent_uuid: "efcc43f7ea184474949dae107d94f90f" member_type: VOTER last_known_addr { host: "127.17.126.194" port: 34305 }, Status: LMP_MISMATCH, Last received: 0.0, Next index: 2, Last known committed idx: 1, Time since last communication: 0.000s
I20260710 11:11:36.227643 19546 raft_consensus.cc:2955] T 13b013befe324d069c4e8d155f81c7ca P f60a4255483642359e569cbab2896053 [term 1 LEADER]: Committing config change with OpId 1.2: config changed from index -1 to 2, NON_VOTER caea41522b7d499a8335a6bca665556b (127.17.126.196) added. New config: { opid_index: 2 OBSOLETE_local: false peers { permanent_uuid: "85db647665a1498286a1fbb6aaee2f88" member_type: VOTER last_known_addr { host: "127.17.126.195" port: 37743 } attrs { replace: true } } peers { permanent_uuid: "f60a4255483642359e569cbab2896053" member_type: VOTER last_known_addr { host: "127.17.126.193" port: 37729 } } peers { permanent_uuid: "efcc43f7ea184474949dae107d94f90f" member_type: VOTER last_known_addr { host: "127.17.126.194" port: 34305 } } peers { permanent_uuid: "caea41522b7d499a8335a6bca665556b" member_type: NON_VOTER last_known_addr { host: "127.17.126.196" port: 41277 } attrs { promote: true } } }
I20260710 11:11:36.229183 19170 raft_consensus.cc:2955] T 13b013befe324d069c4e8d155f81c7ca P 85db647665a1498286a1fbb6aaee2f88 [term 1 FOLLOWER]: Committing config change with OpId 1.2: config changed from index -1 to 2, NON_VOTER caea41522b7d499a8335a6bca665556b (127.17.126.196) added. New config: { opid_index: 2 OBSOLETE_local: false peers { permanent_uuid: "85db647665a1498286a1fbb6aaee2f88" member_type: VOTER last_known_addr { host: "127.17.126.195" port: 37743 } attrs { replace: true } } peers { permanent_uuid: "f60a4255483642359e569cbab2896053" member_type: VOTER last_known_addr { host: "127.17.126.193" port: 37729 } } peers { permanent_uuid: "efcc43f7ea184474949dae107d94f90f" member_type: VOTER last_known_addr { host: "127.17.126.194" port: 34305 } } peers { permanent_uuid: "caea41522b7d499a8335a6bca665556b" member_type: NON_VOTER last_known_addr { host: "127.17.126.196" port: 41277 } attrs { promote: true } } }
I20260710 11:11:36.242219 19092 raft_consensus.cc:2955] T 13b013befe324d069c4e8d155f81c7ca P efcc43f7ea184474949dae107d94f90f [term 1 FOLLOWER]: Committing config change with OpId 1.2: config changed from index -1 to 2, NON_VOTER caea41522b7d499a8335a6bca665556b (127.17.126.196) added. New config: { opid_index: 2 OBSOLETE_local: false peers { permanent_uuid: "85db647665a1498286a1fbb6aaee2f88" member_type: VOTER last_known_addr { host: "127.17.126.195" port: 37743 } attrs { replace: true } } peers { permanent_uuid: "f60a4255483642359e569cbab2896053" member_type: VOTER last_known_addr { host: "127.17.126.193" port: 37729 } } peers { permanent_uuid: "efcc43f7ea184474949dae107d94f90f" member_type: VOTER last_known_addr { host: "127.17.126.194" port: 34305 } } peers { permanent_uuid: "caea41522b7d499a8335a6bca665556b" member_type: NON_VOTER last_known_addr { host: "127.17.126.196" port: 41277 } attrs { promote: true } } }
I20260710 11:11:36.241488 18916 catalog_manager.cc:5697] T 13b013befe324d069c4e8d155f81c7ca P 85db647665a1498286a1fbb6aaee2f88 reported cstate change: config changed from index -1 to 2, NON_VOTER caea41522b7d499a8335a6bca665556b (127.17.126.196) added. New cstate: current_term: 1 leader_uuid: "f60a4255483642359e569cbab2896053" committed_config { opid_index: 2 OBSOLETE_local: false peers { permanent_uuid: "85db647665a1498286a1fbb6aaee2f88" member_type: VOTER last_known_addr { host: "127.17.126.195" port: 37743 } attrs { replace: true } } peers { permanent_uuid: "f60a4255483642359e569cbab2896053" member_type: VOTER last_known_addr { host: "127.17.126.193" port: 37729 } } peers { permanent_uuid: "efcc43f7ea184474949dae107d94f90f" member_type: VOTER last_known_addr { host: "127.17.126.194" port: 34305 } } peers { permanent_uuid: "caea41522b7d499a8335a6bca665556b" member_type: NON_VOTER last_known_addr { host: "127.17.126.196" port: 41277 } attrs { promote: true } } }
I20260710 11:11:36.555197 19565 ts_tablet_manager.cc:933] T 5c29bdd031fb4edc808177bbe59ac411 P caea41522b7d499a8335a6bca665556b: Initiating tablet copy from peer 85db647665a1498286a1fbb6aaee2f88 (127.17.126.195:37743)
I20260710 11:11:36.556957 19565 tablet_copy_client.cc:323] T 5c29bdd031fb4edc808177bbe59ac411 P caea41522b7d499a8335a6bca665556b: tablet copy: Beginning tablet copy session from remote peer at address 127.17.126.195:37743
I20260710 11:11:36.558545 19180 tablet_copy_service.cc:140] P 85db647665a1498286a1fbb6aaee2f88: Received BeginTabletCopySession request for tablet 5c29bdd031fb4edc808177bbe59ac411 from peer caea41522b7d499a8335a6bca665556b ({username='slave'} at 127.0.0.1:38592)
I20260710 11:11:36.558928 19180 tablet_copy_service.cc:161] P 85db647665a1498286a1fbb6aaee2f88: Beginning new tablet copy session on tablet 5c29bdd031fb4edc808177bbe59ac411 from peer caea41522b7d499a8335a6bca665556b at {username='slave'} at 127.0.0.1:38592: session id = caea41522b7d499a8335a6bca665556b-5c29bdd031fb4edc808177bbe59ac411
I20260710 11:11:36.563787 19180 tablet_copy_source_session.cc:215] T 5c29bdd031fb4edc808177bbe59ac411 P 85db647665a1498286a1fbb6aaee2f88: Tablet Copy: opened 0 blocks and 1 log segments
I20260710 11:11:36.566323 19565 data_dirs.cc:400] Could only allocate 1 dirs of requested 3 for tablet 5c29bdd031fb4edc808177bbe59ac411. 1 dirs total, 0 dirs full, 0 dirs failed
I20260710 11:11:36.576530 19565 tablet_copy_client.cc:806] T 5c29bdd031fb4edc808177bbe59ac411 P caea41522b7d499a8335a6bca665556b: tablet copy: Starting download of 0 data blocks...
I20260710 11:11:36.576984 19565 tablet_copy_client.cc:670] T 5c29bdd031fb4edc808177bbe59ac411 P caea41522b7d499a8335a6bca665556b: tablet copy: Starting download of 1 WAL segments...
I20260710 11:11:36.580469 19565 tablet_copy_client.cc:538] T 5c29bdd031fb4edc808177bbe59ac411 P caea41522b7d499a8335a6bca665556b: tablet copy: Tablet Copy complete. Replacing tablet superblock.
I20260710 11:11:36.585809 19565 tablet_bootstrap.cc:492] T 5c29bdd031fb4edc808177bbe59ac411 P caea41522b7d499a8335a6bca665556b: Bootstrap starting.
I20260710 11:11:36.600107 19565 tablet_bootstrap.cc:492] T 5c29bdd031fb4edc808177bbe59ac411 P caea41522b7d499a8335a6bca665556b: Bootstrap replayed 1/1 log segments. Stats: ops{read=2 overwritten=0 applied=2 ignored=0} inserts{seen=0 ignored=0} mutations{seen=0 ignored=0} orphaned_commits=0. Pending: 0 replicates
I20260710 11:11:36.600732 19565 tablet_bootstrap.cc:492] T 5c29bdd031fb4edc808177bbe59ac411 P caea41522b7d499a8335a6bca665556b: Bootstrap complete.
I20260710 11:11:36.601295 19565 ts_tablet_manager.cc:1403] T 5c29bdd031fb4edc808177bbe59ac411 P caea41522b7d499a8335a6bca665556b: Time spent bootstrapping tablet: real 0.016s	user 0.012s	sys 0.003s
I20260710 11:11:36.603834 19565 raft_consensus.cc:359] T 5c29bdd031fb4edc808177bbe59ac411 P caea41522b7d499a8335a6bca665556b [term 1 LEARNER]: Replica starting. Triggering 0 pending ops. Active config: opid_index: 2 OBSOLETE_local: false peers { permanent_uuid: "f60a4255483642359e569cbab2896053" member_type: VOTER last_known_addr { host: "127.17.126.193" port: 37729 } } peers { permanent_uuid: "efcc43f7ea184474949dae107d94f90f" member_type: VOTER last_known_addr { host: "127.17.126.194" port: 34305 } attrs { replace: true } } peers { permanent_uuid: "85db647665a1498286a1fbb6aaee2f88" member_type: VOTER last_known_addr { host: "127.17.126.195" port: 37743 } } peers { permanent_uuid: "caea41522b7d499a8335a6bca665556b" member_type: NON_VOTER last_known_addr { host: "127.17.126.196" port: 41277 } attrs { promote: true } }
I20260710 11:11:36.604429 19565 raft_consensus.cc:740] T 5c29bdd031fb4edc808177bbe59ac411 P caea41522b7d499a8335a6bca665556b [term 1 LEARNER]: Becoming Follower/Learner. State: Replica: caea41522b7d499a8335a6bca665556b, State: Initialized, Role: LEARNER
I20260710 11:11:36.604899 19565 consensus_queue.cc:260] T 5c29bdd031fb4edc808177bbe59ac411 P caea41522b7d499a8335a6bca665556b [NON_LEADER]: Queue going to NON_LEADER mode. State: All replicated index: 0, Majority replicated index: 0, Committed index: 2, Last appended: 1.2, Last appended by leader: 2, Current term: 0, Majority size: -1, State: 0, Mode: NON_LEADER, active raft config: opid_index: 2 OBSOLETE_local: false peers { permanent_uuid: "f60a4255483642359e569cbab2896053" member_type: VOTER last_known_addr { host: "127.17.126.193" port: 37729 } } peers { permanent_uuid: "efcc43f7ea184474949dae107d94f90f" member_type: VOTER last_known_addr { host: "127.17.126.194" port: 34305 } attrs { replace: true } } peers { permanent_uuid: "85db647665a1498286a1fbb6aaee2f88" member_type: VOTER last_known_addr { host: "127.17.126.195" port: 37743 } } peers { permanent_uuid: "caea41522b7d499a8335a6bca665556b" member_type: NON_VOTER last_known_addr { host: "127.17.126.196" port: 41277 } attrs { promote: true } }
I20260710 11:11:36.607430 19565 ts_tablet_manager.cc:1434] T 5c29bdd031fb4edc808177bbe59ac411 P caea41522b7d499a8335a6bca665556b: Time spent starting tablet: real 0.006s	user 0.006s	sys 0.002s
I20260710 11:11:36.608776 19180 tablet_copy_service.cc:342] P 85db647665a1498286a1fbb6aaee2f88: Request end of tablet copy session caea41522b7d499a8335a6bca665556b-5c29bdd031fb4edc808177bbe59ac411 received from {username='slave'} at 127.0.0.1:38592
I20260710 11:11:36.609225 19180 tablet_copy_service.cc:434] P 85db647665a1498286a1fbb6aaee2f88: ending tablet copy session caea41522b7d499a8335a6bca665556b-5c29bdd031fb4edc808177bbe59ac411 on tablet 5c29bdd031fb4edc808177bbe59ac411 with peer caea41522b7d499a8335a6bca665556b
I20260710 11:11:36.657500 19565 ts_tablet_manager.cc:933] T 13b013befe324d069c4e8d155f81c7ca P caea41522b7d499a8335a6bca665556b: Initiating tablet copy from peer f60a4255483642359e569cbab2896053 (127.17.126.193:37729)
I20260710 11:11:36.659054 19565 tablet_copy_client.cc:323] T 13b013befe324d069c4e8d155f81c7ca P caea41522b7d499a8335a6bca665556b: tablet copy: Beginning tablet copy session from remote peer at address 127.17.126.193:37729
I20260710 11:11:36.660789 19031 tablet_copy_service.cc:140] P f60a4255483642359e569cbab2896053: Received BeginTabletCopySession request for tablet 13b013befe324d069c4e8d155f81c7ca from peer caea41522b7d499a8335a6bca665556b ({username='slave'} at 127.0.0.1:41542)
I20260710 11:11:36.661293 19031 tablet_copy_service.cc:161] P f60a4255483642359e569cbab2896053: Beginning new tablet copy session on tablet 13b013befe324d069c4e8d155f81c7ca from peer caea41522b7d499a8335a6bca665556b at {username='slave'} at 127.0.0.1:41542: session id = caea41522b7d499a8335a6bca665556b-13b013befe324d069c4e8d155f81c7ca
I20260710 11:11:36.668771 19031 tablet_copy_source_session.cc:215] T 13b013befe324d069c4e8d155f81c7ca P f60a4255483642359e569cbab2896053: Tablet Copy: opened 0 blocks and 1 log segments
I20260710 11:11:36.671444 19565 data_dirs.cc:400] Could only allocate 1 dirs of requested 3 for tablet 13b013befe324d069c4e8d155f81c7ca. 1 dirs total, 0 dirs full, 0 dirs failed
I20260710 11:11:36.683220 19565 tablet_copy_client.cc:806] T 13b013befe324d069c4e8d155f81c7ca P caea41522b7d499a8335a6bca665556b: tablet copy: Starting download of 0 data blocks...
I20260710 11:11:36.683727 19565 tablet_copy_client.cc:670] T 13b013befe324d069c4e8d155f81c7ca P caea41522b7d499a8335a6bca665556b: tablet copy: Starting download of 1 WAL segments...
I20260710 11:11:36.687037 19565 tablet_copy_client.cc:538] T 13b013befe324d069c4e8d155f81c7ca P caea41522b7d499a8335a6bca665556b: tablet copy: Tablet Copy complete. Replacing tablet superblock.
I20260710 11:11:36.693663 19565 tablet_bootstrap.cc:492] T 13b013befe324d069c4e8d155f81c7ca P caea41522b7d499a8335a6bca665556b: Bootstrap starting.
I20260710 11:11:36.709995 19565 tablet_bootstrap.cc:492] T 13b013befe324d069c4e8d155f81c7ca P caea41522b7d499a8335a6bca665556b: Bootstrap replayed 1/1 log segments. Stats: ops{read=2 overwritten=0 applied=2 ignored=0} inserts{seen=0 ignored=0} mutations{seen=0 ignored=0} orphaned_commits=0. Pending: 0 replicates
I20260710 11:11:36.710608 19565 tablet_bootstrap.cc:492] T 13b013befe324d069c4e8d155f81c7ca P caea41522b7d499a8335a6bca665556b: Bootstrap complete.
I20260710 11:11:36.711050 19565 ts_tablet_manager.cc:1403] T 13b013befe324d069c4e8d155f81c7ca P caea41522b7d499a8335a6bca665556b: Time spent bootstrapping tablet: real 0.018s	user 0.014s	sys 0.001s
I20260710 11:11:36.713389 19565 raft_consensus.cc:359] T 13b013befe324d069c4e8d155f81c7ca P caea41522b7d499a8335a6bca665556b [term 1 LEARNER]: Replica starting. Triggering 0 pending ops. Active config: opid_index: 2 OBSOLETE_local: false peers { permanent_uuid: "85db647665a1498286a1fbb6aaee2f88" member_type: VOTER last_known_addr { host: "127.17.126.195" port: 37743 } attrs { replace: true } } peers { permanent_uuid: "f60a4255483642359e569cbab2896053" member_type: VOTER last_known_addr { host: "127.17.126.193" port: 37729 } } peers { permanent_uuid: "efcc43f7ea184474949dae107d94f90f" member_type: VOTER last_known_addr { host: "127.17.126.194" port: 34305 } } peers { permanent_uuid: "caea41522b7d499a8335a6bca665556b" member_type: NON_VOTER last_known_addr { host: "127.17.126.196" port: 41277 } attrs { promote: true } }
I20260710 11:11:36.713938 19565 raft_consensus.cc:740] T 13b013befe324d069c4e8d155f81c7ca P caea41522b7d499a8335a6bca665556b [term 1 LEARNER]: Becoming Follower/Learner. State: Replica: caea41522b7d499a8335a6bca665556b, State: Initialized, Role: LEARNER
I20260710 11:11:36.714520 19565 consensus_queue.cc:260] T 13b013befe324d069c4e8d155f81c7ca P caea41522b7d499a8335a6bca665556b [NON_LEADER]: Queue going to NON_LEADER mode. State: All replicated index: 0, Majority replicated index: 0, Committed index: 2, Last appended: 1.2, Last appended by leader: 2, Current term: 0, Majority size: -1, State: 0, Mode: NON_LEADER, active raft config: opid_index: 2 OBSOLETE_local: false peers { permanent_uuid: "85db647665a1498286a1fbb6aaee2f88" member_type: VOTER last_known_addr { host: "127.17.126.195" port: 37743 } attrs { replace: true } } peers { permanent_uuid: "f60a4255483642359e569cbab2896053" member_type: VOTER last_known_addr { host: "127.17.126.193" port: 37729 } } peers { permanent_uuid: "efcc43f7ea184474949dae107d94f90f" member_type: VOTER last_known_addr { host: "127.17.126.194" port: 34305 } } peers { permanent_uuid: "caea41522b7d499a8335a6bca665556b" member_type: NON_VOTER last_known_addr { host: "127.17.126.196" port: 41277 } attrs { promote: true } }
I20260710 11:11:36.716455 19565 ts_tablet_manager.cc:1434] T 13b013befe324d069c4e8d155f81c7ca P caea41522b7d499a8335a6bca665556b: Time spent starting tablet: real 0.005s	user 0.004s	sys 0.000s
I20260710 11:11:36.717795 19031 tablet_copy_service.cc:342] P f60a4255483642359e569cbab2896053: Request end of tablet copy session caea41522b7d499a8335a6bca665556b-13b013befe324d069c4e8d155f81c7ca received from {username='slave'} at 127.0.0.1:41542
I20260710 11:11:36.718129 19031 tablet_copy_service.cc:434] P f60a4255483642359e569cbab2896053: ending tablet copy session caea41522b7d499a8335a6bca665556b-13b013befe324d069c4e8d155f81c7ca on tablet 13b013befe324d069c4e8d155f81c7ca with peer caea41522b7d499a8335a6bca665556b
I20260710 11:11:36.727118 19565 ts_tablet_manager.cc:933] T 54cd3a3c2a424a0ba5e5d61353261a45 P caea41522b7d499a8335a6bca665556b: Initiating tablet copy from peer efcc43f7ea184474949dae107d94f90f (127.17.126.194:34305)
I20260710 11:11:36.728545 19565 tablet_copy_client.cc:323] T 54cd3a3c2a424a0ba5e5d61353261a45 P caea41522b7d499a8335a6bca665556b: tablet copy: Beginning tablet copy session from remote peer at address 127.17.126.194:34305
I20260710 11:11:36.737313 19575 ts_tablet_manager.cc:933] T d75abc273a734872a3ab14bc907f9563 P caea41522b7d499a8335a6bca665556b: Initiating tablet copy from peer f60a4255483642359e569cbab2896053 (127.17.126.193:37729)
I20260710 11:11:36.738835 19575 tablet_copy_client.cc:323] T d75abc273a734872a3ab14bc907f9563 P caea41522b7d499a8335a6bca665556b: tablet copy: Beginning tablet copy session from remote peer at address 127.17.126.193:37729
I20260710 11:11:36.740231 19031 tablet_copy_service.cc:140] P f60a4255483642359e569cbab2896053: Received BeginTabletCopySession request for tablet d75abc273a734872a3ab14bc907f9563 from peer caea41522b7d499a8335a6bca665556b ({username='slave'} at 127.0.0.1:41542)
I20260710 11:11:36.740738 19031 tablet_copy_service.cc:161] P f60a4255483642359e569cbab2896053: Beginning new tablet copy session on tablet d75abc273a734872a3ab14bc907f9563 from peer caea41522b7d499a8335a6bca665556b at {username='slave'} at 127.0.0.1:41542: session id = caea41522b7d499a8335a6bca665556b-d75abc273a734872a3ab14bc907f9563
I20260710 11:11:36.741889 19106 tablet_copy_service.cc:140] P efcc43f7ea184474949dae107d94f90f: Received BeginTabletCopySession request for tablet 54cd3a3c2a424a0ba5e5d61353261a45 from peer caea41522b7d499a8335a6bca665556b ({username='slave'} at 127.0.0.1:36058)
I20260710 11:11:36.742422 19106 tablet_copy_service.cc:161] P efcc43f7ea184474949dae107d94f90f: Beginning new tablet copy session on tablet 54cd3a3c2a424a0ba5e5d61353261a45 from peer caea41522b7d499a8335a6bca665556b at {username='slave'} at 127.0.0.1:36058: session id = caea41522b7d499a8335a6bca665556b-54cd3a3c2a424a0ba5e5d61353261a45
I20260710 11:11:36.747686 19031 tablet_copy_source_session.cc:215] T d75abc273a734872a3ab14bc907f9563 P f60a4255483642359e569cbab2896053: Tablet Copy: opened 0 blocks and 1 log segments
I20260710 11:11:36.750193 19106 tablet_copy_source_session.cc:215] T 54cd3a3c2a424a0ba5e5d61353261a45 P efcc43f7ea184474949dae107d94f90f: Tablet Copy: opened 0 blocks and 1 log segments
I20260710 11:11:36.750579 19575 data_dirs.cc:400] Could only allocate 1 dirs of requested 3 for tablet d75abc273a734872a3ab14bc907f9563. 1 dirs total, 0 dirs full, 0 dirs failed
I20260710 11:11:36.753537 19565 data_dirs.cc:400] Could only allocate 1 dirs of requested 3 for tablet 54cd3a3c2a424a0ba5e5d61353261a45. 1 dirs total, 0 dirs full, 0 dirs failed
I20260710 11:11:36.765311 19575 tablet_copy_client.cc:806] T d75abc273a734872a3ab14bc907f9563 P caea41522b7d499a8335a6bca665556b: tablet copy: Starting download of 0 data blocks...
I20260710 11:11:36.765820 19575 tablet_copy_client.cc:670] T d75abc273a734872a3ab14bc907f9563 P caea41522b7d499a8335a6bca665556b: tablet copy: Starting download of 1 WAL segments...
I20260710 11:11:36.767545 19565 tablet_copy_client.cc:806] T 54cd3a3c2a424a0ba5e5d61353261a45 P caea41522b7d499a8335a6bca665556b: tablet copy: Starting download of 0 data blocks...
I20260710 11:11:36.768016 19565 tablet_copy_client.cc:670] T 54cd3a3c2a424a0ba5e5d61353261a45 P caea41522b7d499a8335a6bca665556b: tablet copy: Starting download of 1 WAL segments...
I20260710 11:11:36.769356 19575 tablet_copy_client.cc:538] T d75abc273a734872a3ab14bc907f9563 P caea41522b7d499a8335a6bca665556b: tablet copy: Tablet Copy complete. Replacing tablet superblock.
I20260710 11:11:36.771068 19565 tablet_copy_client.cc:538] T 54cd3a3c2a424a0ba5e5d61353261a45 P caea41522b7d499a8335a6bca665556b: tablet copy: Tablet Copy complete. Replacing tablet superblock.
I20260710 11:11:36.776808 19565 tablet_bootstrap.cc:492] T 54cd3a3c2a424a0ba5e5d61353261a45 P caea41522b7d499a8335a6bca665556b: Bootstrap starting.
I20260710 11:11:36.777110 19575 tablet_bootstrap.cc:492] T d75abc273a734872a3ab14bc907f9563 P caea41522b7d499a8335a6bca665556b: Bootstrap starting.
I20260710 11:11:36.789793 19565 tablet_bootstrap.cc:492] T 54cd3a3c2a424a0ba5e5d61353261a45 P caea41522b7d499a8335a6bca665556b: Bootstrap replayed 1/1 log segments. Stats: ops{read=2 overwritten=0 applied=2 ignored=0} inserts{seen=0 ignored=0} mutations{seen=0 ignored=0} orphaned_commits=0. Pending: 0 replicates
I20260710 11:11:36.790563 19565 tablet_bootstrap.cc:492] T 54cd3a3c2a424a0ba5e5d61353261a45 P caea41522b7d499a8335a6bca665556b: Bootstrap complete.
I20260710 11:11:36.791127 19565 ts_tablet_manager.cc:1403] T 54cd3a3c2a424a0ba5e5d61353261a45 P caea41522b7d499a8335a6bca665556b: Time spent bootstrapping tablet: real 0.014s	user 0.008s	sys 0.004s
I20260710 11:11:36.793586 19565 raft_consensus.cc:359] T 54cd3a3c2a424a0ba5e5d61353261a45 P caea41522b7d499a8335a6bca665556b [term 1 LEARNER]: Replica starting. Triggering 0 pending ops. Active config: opid_index: 2 OBSOLETE_local: false peers { permanent_uuid: "f60a4255483642359e569cbab2896053" member_type: VOTER last_known_addr { host: "127.17.126.193" port: 37729 } attrs { replace: true } } peers { permanent_uuid: "efcc43f7ea184474949dae107d94f90f" member_type: VOTER last_known_addr { host: "127.17.126.194" port: 34305 } } peers { permanent_uuid: "85db647665a1498286a1fbb6aaee2f88" member_type: VOTER last_known_addr { host: "127.17.126.195" port: 37743 } } peers { permanent_uuid: "caea41522b7d499a8335a6bca665556b" member_type: NON_VOTER last_known_addr { host: "127.17.126.196" port: 41277 } attrs { promote: true } }
I20260710 11:11:36.794312 19565 raft_consensus.cc:740] T 54cd3a3c2a424a0ba5e5d61353261a45 P caea41522b7d499a8335a6bca665556b [term 1 LEARNER]: Becoming Follower/Learner. State: Replica: caea41522b7d499a8335a6bca665556b, State: Initialized, Role: LEARNER
I20260710 11:11:36.794854 19565 consensus_queue.cc:260] T 54cd3a3c2a424a0ba5e5d61353261a45 P caea41522b7d499a8335a6bca665556b [NON_LEADER]: Queue going to NON_LEADER mode. State: All replicated index: 0, Majority replicated index: 0, Committed index: 2, Last appended: 1.2, Last appended by leader: 2, Current term: 0, Majority size: -1, State: 0, Mode: NON_LEADER, active raft config: opid_index: 2 OBSOLETE_local: false peers { permanent_uuid: "f60a4255483642359e569cbab2896053" member_type: VOTER last_known_addr { host: "127.17.126.193" port: 37729 } attrs { replace: true } } peers { permanent_uuid: "efcc43f7ea184474949dae107d94f90f" member_type: VOTER last_known_addr { host: "127.17.126.194" port: 34305 } } peers { permanent_uuid: "85db647665a1498286a1fbb6aaee2f88" member_type: VOTER last_known_addr { host: "127.17.126.195" port: 37743 } } peers { permanent_uuid: "caea41522b7d499a8335a6bca665556b" member_type: NON_VOTER last_known_addr { host: "127.17.126.196" port: 41277 } attrs { promote: true } }
I20260710 11:11:36.796766 19565 ts_tablet_manager.cc:1434] T 54cd3a3c2a424a0ba5e5d61353261a45 P caea41522b7d499a8335a6bca665556b: Time spent starting tablet: real 0.005s	user 0.004s	sys 0.000s
I20260710 11:11:36.798481 19106 tablet_copy_service.cc:342] P efcc43f7ea184474949dae107d94f90f: Request end of tablet copy session caea41522b7d499a8335a6bca665556b-54cd3a3c2a424a0ba5e5d61353261a45 received from {username='slave'} at 127.0.0.1:36058
I20260710 11:11:36.798914 19106 tablet_copy_service.cc:434] P efcc43f7ea184474949dae107d94f90f: ending tablet copy session caea41522b7d499a8335a6bca665556b-54cd3a3c2a424a0ba5e5d61353261a45 on tablet 54cd3a3c2a424a0ba5e5d61353261a45 with peer caea41522b7d499a8335a6bca665556b
I20260710 11:11:36.810042 19575 tablet_bootstrap.cc:492] T d75abc273a734872a3ab14bc907f9563 P caea41522b7d499a8335a6bca665556b: Bootstrap replayed 1/1 log segments. Stats: ops{read=2 overwritten=0 applied=2 ignored=0} inserts{seen=0 ignored=0} mutations{seen=0 ignored=0} orphaned_commits=0. Pending: 0 replicates
I20260710 11:11:36.810838 19575 tablet_bootstrap.cc:492] T d75abc273a734872a3ab14bc907f9563 P caea41522b7d499a8335a6bca665556b: Bootstrap complete.
I20260710 11:11:36.811398 19575 ts_tablet_manager.cc:1403] T d75abc273a734872a3ab14bc907f9563 P caea41522b7d499a8335a6bca665556b: Time spent bootstrapping tablet: real 0.034s	user 0.020s	sys 0.005s
I20260710 11:11:36.813905 19575 raft_consensus.cc:359] T d75abc273a734872a3ab14bc907f9563 P caea41522b7d499a8335a6bca665556b [term 1 LEARNER]: Replica starting. Triggering 0 pending ops. Active config: opid_index: 2 OBSOLETE_local: false peers { permanent_uuid: "f60a4255483642359e569cbab2896053" member_type: VOTER last_known_addr { host: "127.17.126.193" port: 37729 } } peers { permanent_uuid: "efcc43f7ea184474949dae107d94f90f" member_type: VOTER last_known_addr { host: "127.17.126.194" port: 34305 } } peers { permanent_uuid: "85db647665a1498286a1fbb6aaee2f88" member_type: VOTER last_known_addr { host: "127.17.126.195" port: 37743 } attrs { replace: true } } peers { permanent_uuid: "caea41522b7d499a8335a6bca665556b" member_type: NON_VOTER last_known_addr { host: "127.17.126.196" port: 41277 } attrs { promote: true } }
I20260710 11:11:36.814436 19575 raft_consensus.cc:740] T d75abc273a734872a3ab14bc907f9563 P caea41522b7d499a8335a6bca665556b [term 1 LEARNER]: Becoming Follower/Learner. State: Replica: caea41522b7d499a8335a6bca665556b, State: Initialized, Role: LEARNER
