I20260710 11:11:33.771863  7611 consensus_queue.cc:1048] T 3c3010e6744840dca0e6298b49b20843 P ce6d2db3fc6f4dfd9085aa5faadc6ca6 [LEADER]: Connected to new peer: Peer: permanent_uuid: "54361ac8c0a74f84bb8f9b25d614eead" member_type: VOTER last_known_addr { host: "127.5.236.68" port: 45385 } attrs { promote: false }, Status: LMP_MISMATCH, Last received: 0.0, Next index: 3, Last known committed idx: 2, Time since last communication: 0.000s
I20260710 11:11:33.774958  7166 raft_consensus.cc:1275] T 3c3010e6744840dca0e6298b49b20843 P 4760dc06566d43189f0f4c3a93435c4b [term 1 FOLLOWER]: Refusing update from remote peer ce6d2db3fc6f4dfd9085aa5faadc6ca6: Log matching property violated. Preceding OpId in replica: term: 1 index: 2. Preceding OpId from leader: term: 1 index: 3. (index mismatch)
I20260710 11:11:33.782442  7312 raft_consensus.cc:1275] T 3c3010e6744840dca0e6298b49b20843 P aa199a1ec717460dbce848259e7283e7 [term 1 FOLLOWER]: Refusing update from remote peer ce6d2db3fc6f4dfd9085aa5faadc6ca6: Log matching property violated. Preceding OpId in replica: term: 1 index: 2. Preceding OpId from leader: term: 1 index: 3. (index mismatch)
I20260710 11:11:33.786919  7659 consensus_queue.cc:1048] T 3c3010e6744840dca0e6298b49b20843 P ce6d2db3fc6f4dfd9085aa5faadc6ca6 [LEADER]: Connected to new peer: Peer: permanent_uuid: "4760dc06566d43189f0f4c3a93435c4b" member_type: VOTER last_known_addr { host: "127.5.236.65" port: 32869 } attrs { replace: true }, Status: LMP_MISMATCH, Last received: 0.0, Next index: 3, Last known committed idx: 2, Time since last communication: 0.001s
I20260710 11:11:33.790774  7166 raft_consensus.cc:2955] T 4dcf89efd1b9480b9d615cb62e573612 P 4760dc06566d43189f0f4c3a93435c4b [term 1 FOLLOWER]: Committing config change with OpId 1.3: config changed from index 2 to 3, 54361ac8c0a74f84bb8f9b25d614eead (127.5.236.68) changed from NON_VOTER to VOTER. New config: { opid_index: 3 OBSOLETE_local: false peers { permanent_uuid: "4760dc06566d43189f0f4c3a93435c4b" member_type: VOTER last_known_addr { host: "127.5.236.65" port: 32869 } } peers { permanent_uuid: "ce6d2db3fc6f4dfd9085aa5faadc6ca6" member_type: VOTER last_known_addr { host: "127.5.236.66" port: 44259 } } peers { permanent_uuid: "aa199a1ec717460dbce848259e7283e7" member_type: VOTER last_known_addr { host: "127.5.236.67" port: 38977 } attrs { replace: true } } peers { permanent_uuid: "54361ac8c0a74f84bb8f9b25d614eead" member_type: VOTER last_known_addr { host: "127.5.236.68" port: 45385 } attrs { promote: false } } }
I20260710 11:11:33.792714  7312 raft_consensus.cc:2955] T 4dcf89efd1b9480b9d615cb62e573612 P aa199a1ec717460dbce848259e7283e7 [term 1 FOLLOWER]: Committing config change with OpId 1.3: config changed from index 2 to 3, 54361ac8c0a74f84bb8f9b25d614eead (127.5.236.68) changed from NON_VOTER to VOTER. New config: { opid_index: 3 OBSOLETE_local: false peers { permanent_uuid: "4760dc06566d43189f0f4c3a93435c4b" member_type: VOTER last_known_addr { host: "127.5.236.65" port: 32869 } } peers { permanent_uuid: "ce6d2db3fc6f4dfd9085aa5faadc6ca6" member_type: VOTER last_known_addr { host: "127.5.236.66" port: 44259 } } peers { permanent_uuid: "aa199a1ec717460dbce848259e7283e7" member_type: VOTER last_known_addr { host: "127.5.236.67" port: 38977 } attrs { replace: true } } peers { permanent_uuid: "54361ac8c0a74f84bb8f9b25d614eead" member_type: VOTER last_known_addr { host: "127.5.236.68" port: 45385 } attrs { promote: false } } }
I20260710 11:11:33.794024  7576 raft_consensus.cc:2955] T 4dcf89efd1b9480b9d615cb62e573612 P 54361ac8c0a74f84bb8f9b25d614eead [term 1 FOLLOWER]: Committing config change with OpId 1.3: config changed from index 2 to 3, 54361ac8c0a74f84bb8f9b25d614eead (127.5.236.68) changed from NON_VOTER to VOTER. New config: { opid_index: 3 OBSOLETE_local: false peers { permanent_uuid: "4760dc06566d43189f0f4c3a93435c4b" member_type: VOTER last_known_addr { host: "127.5.236.65" port: 32869 } } peers { permanent_uuid: "ce6d2db3fc6f4dfd9085aa5faadc6ca6" member_type: VOTER last_known_addr { host: "127.5.236.66" port: 44259 } } peers { permanent_uuid: "aa199a1ec717460dbce848259e7283e7" member_type: VOTER last_known_addr { host: "127.5.236.67" port: 38977 } attrs { replace: true } } peers { permanent_uuid: "54361ac8c0a74f84bb8f9b25d614eead" member_type: VOTER last_known_addr { host: "127.5.236.68" port: 45385 } attrs { promote: false } } }
I20260710 11:11:33.798079  7661 consensus_queue.cc:1048] T 3c3010e6744840dca0e6298b49b20843 P ce6d2db3fc6f4dfd9085aa5faadc6ca6 [LEADER]: Connected to new peer: Peer: permanent_uuid: "aa199a1ec717460dbce848259e7283e7" member_type: VOTER last_known_addr { host: "127.5.236.67" port: 38977 }, Status: LMP_MISMATCH, Last received: 0.0, Next index: 3, Last known committed idx: 2, Time since last communication: 0.001s
I20260710 11:11:33.806046  7064 catalog_manager.cc:5697] T 4dcf89efd1b9480b9d615cb62e573612 P ce6d2db3fc6f4dfd9085aa5faadc6ca6 reported cstate change: config changed from index 2 to 3, 54361ac8c0a74f84bb8f9b25d614eead (127.5.236.68) changed from NON_VOTER to VOTER. New cstate: current_term: 1 leader_uuid: "ce6d2db3fc6f4dfd9085aa5faadc6ca6" committed_config { opid_index: 3 OBSOLETE_local: false peers { permanent_uuid: "4760dc06566d43189f0f4c3a93435c4b" member_type: VOTER last_known_addr { host: "127.5.236.65" port: 32869 } health_report { overall_health: HEALTHY } } peers { permanent_uuid: "ce6d2db3fc6f4dfd9085aa5faadc6ca6" member_type: VOTER last_known_addr { host: "127.5.236.66" port: 44259 } health_report { overall_health: HEALTHY } } peers { permanent_uuid: "aa199a1ec717460dbce848259e7283e7" member_type: VOTER last_known_addr { host: "127.5.236.67" port: 38977 } attrs { replace: true } health_report { overall_health: HEALTHY } } peers { permanent_uuid: "54361ac8c0a74f84bb8f9b25d614eead" member_type: VOTER last_known_addr { host: "127.5.236.68" port: 45385 } attrs { promote: false } health_report { overall_health: HEALTHY } } }
I20260710 11:11:33.822523  7661 raft_consensus.cc:2955] T 3c3010e6744840dca0e6298b49b20843 P ce6d2db3fc6f4dfd9085aa5faadc6ca6 [term 1 LEADER]: Committing config change with OpId 1.3: config changed from index 2 to 3, 54361ac8c0a74f84bb8f9b25d614eead (127.5.236.68) changed from NON_VOTER to VOTER. New config: { opid_index: 3 OBSOLETE_local: false peers { permanent_uuid: "4760dc06566d43189f0f4c3a93435c4b" member_type: VOTER last_known_addr { host: "127.5.236.65" port: 32869 } attrs { replace: true } } peers { permanent_uuid: "ce6d2db3fc6f4dfd9085aa5faadc6ca6" member_type: VOTER last_known_addr { host: "127.5.236.66" port: 44259 } } peers { permanent_uuid: "aa199a1ec717460dbce848259e7283e7" member_type: VOTER last_known_addr { host: "127.5.236.67" port: 38977 } } peers { permanent_uuid: "54361ac8c0a74f84bb8f9b25d614eead" member_type: VOTER last_known_addr { host: "127.5.236.68" port: 45385 } attrs { promote: false } } }
I20260710 11:11:33.824008  7311 raft_consensus.cc:2955] T 3c3010e6744840dca0e6298b49b20843 P aa199a1ec717460dbce848259e7283e7 [term 1 FOLLOWER]: Committing config change with OpId 1.3: config changed from index 2 to 3, 54361ac8c0a74f84bb8f9b25d614eead (127.5.236.68) changed from NON_VOTER to VOTER. New config: { opid_index: 3 OBSOLETE_local: false peers { permanent_uuid: "4760dc06566d43189f0f4c3a93435c4b" member_type: VOTER last_known_addr { host: "127.5.236.65" port: 32869 } attrs { replace: true } } peers { permanent_uuid: "ce6d2db3fc6f4dfd9085aa5faadc6ca6" member_type: VOTER last_known_addr { host: "127.5.236.66" port: 44259 } } peers { permanent_uuid: "aa199a1ec717460dbce848259e7283e7" member_type: VOTER last_known_addr { host: "127.5.236.67" port: 38977 } } peers { permanent_uuid: "54361ac8c0a74f84bb8f9b25d614eead" member_type: VOTER last_known_addr { host: "127.5.236.68" port: 45385 } attrs { promote: false } } }
I20260710 11:11:33.828038  7240 consensus_queue.cc:237] T 4dcf89efd1b9480b9d615cb62e573612 P ce6d2db3fc6f4dfd9085aa5faadc6ca6 [LEADER]: Queue going to LEADER mode. State: All replicated index: 0, Majority replicated index: 3, Committed index: 3, Last appended: 1.3, Last appended by leader: 0, Current term: 1, Majority size: 2, State: 0, Mode: LEADER, active raft config: opid_index: 4 OBSOLETE_local: false peers { permanent_uuid: "4760dc06566d43189f0f4c3a93435c4b" member_type: VOTER last_known_addr { host: "127.5.236.65" port: 32869 } } peers { permanent_uuid: "ce6d2db3fc6f4dfd9085aa5faadc6ca6" member_type: VOTER last_known_addr { host: "127.5.236.66" port: 44259 } } peers { permanent_uuid: "54361ac8c0a74f84bb8f9b25d614eead" member_type: VOTER last_known_addr { host: "127.5.236.68" port: 45385 } attrs { promote: false } }
I20260710 11:11:33.836530  7577 raft_consensus.cc:2955] T 3c3010e6744840dca0e6298b49b20843 P 54361ac8c0a74f84bb8f9b25d614eead [term 1 FOLLOWER]: Committing config change with OpId 1.3: config changed from index 2 to 3, 54361ac8c0a74f84bb8f9b25d614eead (127.5.236.68) changed from NON_VOTER to VOTER. New config: { opid_index: 3 OBSOLETE_local: false peers { permanent_uuid: "4760dc06566d43189f0f4c3a93435c4b" member_type: VOTER last_known_addr { host: "127.5.236.65" port: 32869 } attrs { replace: true } } peers { permanent_uuid: "ce6d2db3fc6f4dfd9085aa5faadc6ca6" member_type: VOTER last_known_addr { host: "127.5.236.66" port: 44259 } } peers { permanent_uuid: "aa199a1ec717460dbce848259e7283e7" member_type: VOTER last_known_addr { host: "127.5.236.67" port: 38977 } } peers { permanent_uuid: "54361ac8c0a74f84bb8f9b25d614eead" member_type: VOTER last_known_addr { host: "127.5.236.68" port: 45385 } attrs { promote: false } } }
I20260710 11:11:33.839532  7576 raft_consensus.cc:1275] T 4dcf89efd1b9480b9d615cb62e573612 P 54361ac8c0a74f84bb8f9b25d614eead [term 1 FOLLOWER]: Refusing update from remote peer ce6d2db3fc6f4dfd9085aa5faadc6ca6: Log matching property violated. Preceding OpId in replica: term: 1 index: 3. Preceding OpId from leader: term: 1 index: 4. (index mismatch)
I20260710 11:11:33.841478  7659 consensus_queue.cc:1048] T 4dcf89efd1b9480b9d615cb62e573612 P ce6d2db3fc6f4dfd9085aa5faadc6ca6 [LEADER]: Connected to new peer: Peer: permanent_uuid: "54361ac8c0a74f84bb8f9b25d614eead" member_type: VOTER last_known_addr { host: "127.5.236.68" port: 45385 } attrs { promote: false }, Status: LMP_MISMATCH, Last received: 0.0, Next index: 4, Last known committed idx: 3, Time since last communication: 0.000s
I20260710 11:11:33.847735  7166 raft_consensus.cc:1275] T 4dcf89efd1b9480b9d615cb62e573612 P 4760dc06566d43189f0f4c3a93435c4b [term 1 FOLLOWER]: Refusing update from remote peer ce6d2db3fc6f4dfd9085aa5faadc6ca6: Log matching property violated. Preceding OpId in replica: term: 1 index: 3. Preceding OpId from leader: term: 1 index: 4. (index mismatch)
I20260710 11:11:33.852283  7063 catalog_manager.cc:5697] T 3c3010e6744840dca0e6298b49b20843 P aa199a1ec717460dbce848259e7283e7 reported cstate change: config changed from index 2 to 3, 54361ac8c0a74f84bb8f9b25d614eead (127.5.236.68) changed from NON_VOTER to VOTER. New cstate: current_term: 1 leader_uuid: "ce6d2db3fc6f4dfd9085aa5faadc6ca6" committed_config { opid_index: 3 OBSOLETE_local: false peers { permanent_uuid: "4760dc06566d43189f0f4c3a93435c4b" member_type: VOTER last_known_addr { host: "127.5.236.65" port: 32869 } attrs { replace: true } } peers { permanent_uuid: "ce6d2db3fc6f4dfd9085aa5faadc6ca6" member_type: VOTER last_known_addr { host: "127.5.236.66" port: 44259 } } peers { permanent_uuid: "aa199a1ec717460dbce848259e7283e7" member_type: VOTER last_known_addr { host: "127.5.236.67" port: 38977 } } peers { permanent_uuid: "54361ac8c0a74f84bb8f9b25d614eead" member_type: VOTER last_known_addr { host: "127.5.236.68" port: 45385 } attrs { promote: false } } }
I20260710 11:11:33.856379  7388 raft_consensus.cc:2955] T 4dcf89efd1b9480b9d615cb62e573612 P ce6d2db3fc6f4dfd9085aa5faadc6ca6 [term 1 LEADER]: Committing config change with OpId 1.4: config changed from index 3 to 4, VOTER aa199a1ec717460dbce848259e7283e7 (127.5.236.67) evicted. New config: { opid_index: 4 OBSOLETE_local: false peers { permanent_uuid: "4760dc06566d43189f0f4c3a93435c4b" member_type: VOTER last_known_addr { host: "127.5.236.65" port: 32869 } } peers { permanent_uuid: "ce6d2db3fc6f4dfd9085aa5faadc6ca6" member_type: VOTER last_known_addr { host: "127.5.236.66" port: 44259 } } peers { permanent_uuid: "54361ac8c0a74f84bb8f9b25d614eead" member_type: VOTER last_known_addr { host: "127.5.236.68" port: 45385 } attrs { promote: false } } }
I20260710 11:11:33.857466  7416 consensus_queue.cc:1048] T 4dcf89efd1b9480b9d615cb62e573612 P ce6d2db3fc6f4dfd9085aa5faadc6ca6 [LEADER]: Connected to new peer: Peer: permanent_uuid: "4760dc06566d43189f0f4c3a93435c4b" member_type: VOTER last_known_addr { host: "127.5.236.65" port: 32869 }, Status: LMP_MISMATCH, Last received: 0.0, Next index: 4, Last known committed idx: 3, Time since last communication: 0.000s
I20260710 11:11:33.853045  7312 consensus_queue.cc:237] T f4b2e46e0d6b41e09212af2d1166038f P aa199a1ec717460dbce848259e7283e7 [LEADER]: Queue going to LEADER mode. State: All replicated index: 0, Majority replicated index: 3, Committed index: 3, Last appended: 1.3, Last appended by leader: 0, Current term: 1, Majority size: 2, State: 0, Mode: LEADER, active raft config: opid_index: 4 OBSOLETE_local: false peers { permanent_uuid: "4760dc06566d43189f0f4c3a93435c4b" member_type: VOTER last_known_addr { host: "127.5.236.65" port: 32869 } } peers { permanent_uuid: "aa199a1ec717460dbce848259e7283e7" member_type: VOTER last_known_addr { host: "127.5.236.67" port: 38977 } } peers { permanent_uuid: "54361ac8c0a74f84bb8f9b25d614eead" member_type: VOTER last_known_addr { host: "127.5.236.68" port: 45385 } attrs { promote: false } }
I20260710 11:11:33.863322  7166 raft_consensus.cc:2955] T 4dcf89efd1b9480b9d615cb62e573612 P 4760dc06566d43189f0f4c3a93435c4b [term 1 FOLLOWER]: Committing config change with OpId 1.4: config changed from index 3 to 4, VOTER aa199a1ec717460dbce848259e7283e7 (127.5.236.67) evicted. New config: { opid_index: 4 OBSOLETE_local: false peers { permanent_uuid: "4760dc06566d43189f0f4c3a93435c4b" member_type: VOTER last_known_addr { host: "127.5.236.65" port: 32869 } } peers { permanent_uuid: "ce6d2db3fc6f4dfd9085aa5faadc6ca6" member_type: VOTER last_known_addr { host: "127.5.236.66" port: 44259 } } peers { permanent_uuid: "54361ac8c0a74f84bb8f9b25d614eead" member_type: VOTER last_known_addr { host: "127.5.236.68" port: 45385 } attrs { promote: false } } }
I20260710 11:11:33.865474  7576 raft_consensus.cc:1275] T f4b2e46e0d6b41e09212af2d1166038f P 54361ac8c0a74f84bb8f9b25d614eead [term 1 FOLLOWER]: Refusing update from remote peer aa199a1ec717460dbce848259e7283e7: Log matching property violated. Preceding OpId in replica: term: 1 index: 3. Preceding OpId from leader: term: 1 index: 4. (index mismatch)
I20260710 11:11:33.866590  7165 raft_consensus.cc:1275] T f4b2e46e0d6b41e09212af2d1166038f P 4760dc06566d43189f0f4c3a93435c4b [term 1 FOLLOWER]: Refusing update from remote peer aa199a1ec717460dbce848259e7283e7: Log matching property violated. Preceding OpId in replica: term: 1 index: 3. Preceding OpId from leader: term: 1 index: 4. (index mismatch)
I20260710 11:11:33.868243  7447 consensus_queue.cc:1048] T f4b2e46e0d6b41e09212af2d1166038f P aa199a1ec717460dbce848259e7283e7 [LEADER]: Connected to new peer: Peer: permanent_uuid: "54361ac8c0a74f84bb8f9b25d614eead" member_type: VOTER last_known_addr { host: "127.5.236.68" port: 45385 } attrs { promote: false }, Status: LMP_MISMATCH, Last received: 0.0, Next index: 4, Last known committed idx: 3, Time since last communication: 0.000s
I20260710 11:11:33.869927  7447 consensus_queue.cc:1048] T f4b2e46e0d6b41e09212af2d1166038f P aa199a1ec717460dbce848259e7283e7 [LEADER]: Connected to new peer: Peer: permanent_uuid: "4760dc06566d43189f0f4c3a93435c4b" member_type: VOTER last_known_addr { host: "127.5.236.65" port: 32869 }, Status: LMP_MISMATCH, Last received: 0.0, Next index: 4, Last known committed idx: 3, Time since last communication: 0.000s
I20260710 11:11:33.875242  7164 raft_consensus.cc:2955] T 3c3010e6744840dca0e6298b49b20843 P 4760dc06566d43189f0f4c3a93435c4b [term 1 FOLLOWER]: Committing config change with OpId 1.3: config changed from index 2 to 3, 54361ac8c0a74f84bb8f9b25d614eead (127.5.236.68) changed from NON_VOTER to VOTER. New config: { opid_index: 3 OBSOLETE_local: false peers { permanent_uuid: "4760dc06566d43189f0f4c3a93435c4b" member_type: VOTER last_known_addr { host: "127.5.236.65" port: 32869 } attrs { replace: true } } peers { permanent_uuid: "ce6d2db3fc6f4dfd9085aa5faadc6ca6" member_type: VOTER last_known_addr { host: "127.5.236.66" port: 44259 } } peers { permanent_uuid: "aa199a1ec717460dbce848259e7283e7" member_type: VOTER last_known_addr { host: "127.5.236.67" port: 38977 } } peers { permanent_uuid: "54361ac8c0a74f84bb8f9b25d614eead" member_type: VOTER last_known_addr { host: "127.5.236.68" port: 45385 } attrs { promote: false } } }
I20260710 11:11:33.877063  7577 raft_consensus.cc:2955] T 4dcf89efd1b9480b9d615cb62e573612 P 54361ac8c0a74f84bb8f9b25d614eead [term 1 FOLLOWER]: Committing config change with OpId 1.4: config changed from index 3 to 4, VOTER aa199a1ec717460dbce848259e7283e7 (127.5.236.67) evicted. New config: { opid_index: 4 OBSOLETE_local: false peers { permanent_uuid: "4760dc06566d43189f0f4c3a93435c4b" member_type: VOTER last_known_addr { host: "127.5.236.65" port: 32869 } } peers { permanent_uuid: "ce6d2db3fc6f4dfd9085aa5faadc6ca6" member_type: VOTER last_known_addr { host: "127.5.236.66" port: 44259 } } peers { permanent_uuid: "54361ac8c0a74f84bb8f9b25d614eead" member_type: VOTER last_known_addr { host: "127.5.236.68" port: 45385 } attrs { promote: false } } }
I20260710 11:11:33.879333  7050 catalog_manager.cc:5210] ChangeConfig:REMOVE_PEER RPC for tablet 4dcf89efd1b9480b9d615cb62e573612 with cas_config_opid_index 3: ChangeConfig:REMOVE_PEER succeeded (attempt 1)
I20260710 11:11:33.878931  7646 raft_consensus.cc:2955] T f4b2e46e0d6b41e09212af2d1166038f P aa199a1ec717460dbce848259e7283e7 [term 1 LEADER]: Committing config change with OpId 1.4: config changed from index 3 to 4, VOTER ce6d2db3fc6f4dfd9085aa5faadc6ca6 (127.5.236.66) evicted. New config: { opid_index: 4 OBSOLETE_local: false peers { permanent_uuid: "4760dc06566d43189f0f4c3a93435c4b" member_type: VOTER last_known_addr { host: "127.5.236.65" port: 32869 } } peers { permanent_uuid: "aa199a1ec717460dbce848259e7283e7" member_type: VOTER last_known_addr { host: "127.5.236.67" port: 38977 } } peers { permanent_uuid: "54361ac8c0a74f84bb8f9b25d614eead" member_type: VOTER last_known_addr { host: "127.5.236.68" port: 45385 } attrs { promote: false } } }
I20260710 11:11:33.890909  7165 raft_consensus.cc:2955] T f4b2e46e0d6b41e09212af2d1166038f P 4760dc06566d43189f0f4c3a93435c4b [term 1 FOLLOWER]: Committing config change with OpId 1.4: config changed from index 3 to 4, VOTER ce6d2db3fc6f4dfd9085aa5faadc6ca6 (127.5.236.66) evicted. New config: { opid_index: 4 OBSOLETE_local: false peers { permanent_uuid: "4760dc06566d43189f0f4c3a93435c4b" member_type: VOTER last_known_addr { host: "127.5.236.65" port: 32869 } } peers { permanent_uuid: "aa199a1ec717460dbce848259e7283e7" member_type: VOTER last_known_addr { host: "127.5.236.67" port: 38977 } } peers { permanent_uuid: "54361ac8c0a74f84bb8f9b25d614eead" member_type: VOTER last_known_addr { host: "127.5.236.68" port: 45385 } attrs { promote: false } } }
I20260710 11:11:33.896883  7063 catalog_manager.cc:5697] T 4dcf89efd1b9480b9d615cb62e573612 P 54361ac8c0a74f84bb8f9b25d614eead reported cstate change: config changed from index 3 to 4, VOTER aa199a1ec717460dbce848259e7283e7 (127.5.236.67) evicted. New cstate: current_term: 1 leader_uuid: "ce6d2db3fc6f4dfd9085aa5faadc6ca6" committed_config { opid_index: 4 OBSOLETE_local: false peers { permanent_uuid: "4760dc06566d43189f0f4c3a93435c4b" member_type: VOTER last_known_addr { host: "127.5.236.65" port: 32869 } } peers { permanent_uuid: "ce6d2db3fc6f4dfd9085aa5faadc6ca6" member_type: VOTER last_known_addr { host: "127.5.236.66" port: 44259 } } peers { permanent_uuid: "54361ac8c0a74f84bb8f9b25d614eead" member_type: VOTER last_known_addr { host: "127.5.236.68" port: 45385 } attrs { promote: false } } }
I20260710 11:11:33.898715  7576 raft_consensus.cc:2955] T f4b2e46e0d6b41e09212af2d1166038f P 54361ac8c0a74f84bb8f9b25d614eead [term 1 FOLLOWER]: Committing config change with OpId 1.4: config changed from index 3 to 4, VOTER ce6d2db3fc6f4dfd9085aa5faadc6ca6 (127.5.236.66) evicted. New config: { opid_index: 4 OBSOLETE_local: false peers { permanent_uuid: "4760dc06566d43189f0f4c3a93435c4b" member_type: VOTER last_known_addr { host: "127.5.236.65" port: 32869 } } peers { permanent_uuid: "aa199a1ec717460dbce848259e7283e7" member_type: VOTER last_known_addr { host: "127.5.236.67" port: 38977 } } peers { permanent_uuid: "54361ac8c0a74f84bb8f9b25d614eead" member_type: VOTER last_known_addr { host: "127.5.236.68" port: 45385 } attrs { promote: false } } }
I20260710 11:11:33.903053  7240 consensus_queue.cc:237] T 3c3010e6744840dca0e6298b49b20843 P ce6d2db3fc6f4dfd9085aa5faadc6ca6 [LEADER]: Queue going to LEADER mode. State: All replicated index: 0, Majority replicated index: 3, Committed index: 3, Last appended: 1.3, Last appended by leader: 0, Current term: 1, Majority size: 2, State: 0, Mode: LEADER, active raft config: opid_index: 4 OBSOLETE_local: false peers { permanent_uuid: "ce6d2db3fc6f4dfd9085aa5faadc6ca6" member_type: VOTER last_known_addr { host: "127.5.236.66" port: 44259 } } peers { permanent_uuid: "aa199a1ec717460dbce848259e7283e7" member_type: VOTER last_known_addr { host: "127.5.236.67" port: 38977 } } peers { permanent_uuid: "54361ac8c0a74f84bb8f9b25d614eead" member_type: VOTER last_known_addr { host: "127.5.236.68" port: 45385 } attrs { promote: false } }
I20260710 11:11:33.908051  7305 tablet_service.cc:1558] Processing DeleteTablet for tablet 4dcf89efd1b9480b9d615cb62e573612 with delete_type TABLET_DATA_TOMBSTONED (TS aa199a1ec717460dbce848259e7283e7 not found in new config with opid_index 4) from {username='slave'} at 127.0.0.1:55018
I20260710 11:11:33.908908  7051 catalog_manager.cc:5210] ChangeConfig:REMOVE_PEER RPC for tablet f4b2e46e0d6b41e09212af2d1166038f with cas_config_opid_index 3: ChangeConfig:REMOVE_PEER succeeded (attempt 1)
I20260710 11:11:33.912865  7577 raft_consensus.cc:1275] T 3c3010e6744840dca0e6298b49b20843 P 54361ac8c0a74f84bb8f9b25d614eead [term 1 FOLLOWER]: Refusing update from remote peer ce6d2db3fc6f4dfd9085aa5faadc6ca6: Log matching property violated. Preceding OpId in replica: term: 1 index: 3. Preceding OpId from leader: term: 1 index: 4. (index mismatch)
I20260710 11:11:33.912501  7061 catalog_manager.cc:5697] T f4b2e46e0d6b41e09212af2d1166038f P aa199a1ec717460dbce848259e7283e7 reported cstate change: config changed from index 3 to 4, VOTER ce6d2db3fc6f4dfd9085aa5faadc6ca6 (127.5.236.66) evicted. New cstate: current_term: 1 leader_uuid: "aa199a1ec717460dbce848259e7283e7" committed_config { opid_index: 4 OBSOLETE_local: false peers { permanent_uuid: "4760dc06566d43189f0f4c3a93435c4b" member_type: VOTER last_known_addr { host: "127.5.236.65" port: 32869 } health_report { overall_health: HEALTHY } } peers { permanent_uuid: "aa199a1ec717460dbce848259e7283e7" member_type: VOTER last_known_addr { host: "127.5.236.67" port: 38977 } health_report { overall_health: HEALTHY } } peers { permanent_uuid: "54361ac8c0a74f84bb8f9b25d614eead" member_type: VOTER last_known_addr { host: "127.5.236.68" port: 45385 } attrs { promote: false } health_report { overall_health: HEALTHY } } }
I20260710 11:11:33.920063  7667 tablet_replica.cc:333] T 4dcf89efd1b9480b9d615cb62e573612 P aa199a1ec717460dbce848259e7283e7: stopping tablet replica
I20260710 11:11:33.920991  7667 raft_consensus.cc:2243] T 4dcf89efd1b9480b9d615cb62e573612 P aa199a1ec717460dbce848259e7283e7 [term 1 FOLLOWER]: Raft consensus shutting down.
I20260710 11:11:33.921631  7667 raft_consensus.cc:2272] T 4dcf89efd1b9480b9d615cb62e573612 P aa199a1ec717460dbce848259e7283e7 [term 1 FOLLOWER]: Raft consensus is shut down!
I20260710 11:11:33.922782  7416 consensus_queue.cc:1048] T 3c3010e6744840dca0e6298b49b20843 P ce6d2db3fc6f4dfd9085aa5faadc6ca6 [LEADER]: Connected to new peer: Peer: permanent_uuid: "54361ac8c0a74f84bb8f9b25d614eead" member_type: VOTER last_known_addr { host: "127.5.236.68" port: 45385 } attrs { promote: false }, Status: LMP_MISMATCH, Last received: 0.0, Next index: 4, Last known committed idx: 3, Time since last communication: 0.000s
I20260710 11:11:33.924713  7667 ts_tablet_manager.cc:1916] T 4dcf89efd1b9480b9d615cb62e573612 P aa199a1ec717460dbce848259e7283e7: Deleting tablet data with delete state TABLET_DATA_TOMBSTONED
I20260710 11:11:33.925647  7312 raft_consensus.cc:1275] T 3c3010e6744840dca0e6298b49b20843 P aa199a1ec717460dbce848259e7283e7 [term 1 FOLLOWER]: Refusing update from remote peer ce6d2db3fc6f4dfd9085aa5faadc6ca6: Log matching property violated. Preceding OpId in replica: term: 1 index: 3. Preceding OpId from leader: term: 1 index: 4. (index mismatch)
I20260710 11:11:33.930079  7520 raft_consensus.cc:1064] T 0d12bc0aa47d475f85146e6c0e4d192a P 4760dc06566d43189f0f4c3a93435c4b: attempting to promote NON_VOTER 54361ac8c0a74f84bb8f9b25d614eead to VOTER
I20260710 11:11:33.931522  7416 consensus_queue.cc:1048] T 3c3010e6744840dca0e6298b49b20843 P ce6d2db3fc6f4dfd9085aa5faadc6ca6 [LEADER]: Connected to new peer: Peer: permanent_uuid: "aa199a1ec717460dbce848259e7283e7" member_type: VOTER last_known_addr { host: "127.5.236.67" port: 38977 }, Status: LMP_MISMATCH, Last received: 0.0, Next index: 4, Last known committed idx: 3, Time since last communication: 0.000s
I20260710 11:11:33.932489  7520 consensus_queue.cc:237] T 0d12bc0aa47d475f85146e6c0e4d192a P 4760dc06566d43189f0f4c3a93435c4b [LEADER]: Queue going to LEADER mode. State: All replicated index: 0, Majority replicated index: 2, Committed index: 2, Last appended: 2.2, Last appended by leader: 0, Current term: 2, Majority size: 3, State: 0, Mode: LEADER, active raft config: opid_index: 3 OBSOLETE_local: false peers { permanent_uuid: "4760dc06566d43189f0f4c3a93435c4b" member_type: VOTER last_known_addr { host: "127.5.236.65" port: 32869 } } peers { permanent_uuid: "ce6d2db3fc6f4dfd9085aa5faadc6ca6" member_type: VOTER last_known_addr { host: "127.5.236.66" port: 44259 } attrs { replace: true } } peers { permanent_uuid: "aa199a1ec717460dbce848259e7283e7" member_type: VOTER last_known_addr { host: "127.5.236.67" port: 38977 } } peers { permanent_uuid: "54361ac8c0a74f84bb8f9b25d614eead" member_type: VOTER last_known_addr { host: "127.5.236.68" port: 45385 } attrs { promote: false } }
I20260710 11:11:33.935144  7388 raft_consensus.cc:2955] T 3c3010e6744840dca0e6298b49b20843 P ce6d2db3fc6f4dfd9085aa5faadc6ca6 [term 1 LEADER]: Committing config change with OpId 1.4: config changed from index 3 to 4, VOTER 4760dc06566d43189f0f4c3a93435c4b (127.5.236.65) evicted. New config: { opid_index: 4 OBSOLETE_local: false peers { permanent_uuid: "ce6d2db3fc6f4dfd9085aa5faadc6ca6" member_type: VOTER last_known_addr { host: "127.5.236.66" port: 44259 } } peers { permanent_uuid: "aa199a1ec717460dbce848259e7283e7" member_type: VOTER last_known_addr { host: "127.5.236.67" port: 38977 } } peers { permanent_uuid: "54361ac8c0a74f84bb8f9b25d614eead" member_type: VOTER last_known_addr { host: "127.5.236.68" port: 45385 } attrs { promote: false } } }
I20260710 11:11:33.937079  7667 ts_tablet_manager.cc:1929] T 4dcf89efd1b9480b9d615cb62e573612 P aa199a1ec717460dbce848259e7283e7: tablet deleted with delete type TABLET_DATA_TOMBSTONED: last-logged OpId 1.3
I20260710 11:11:33.937465  7667 log.cc:1199] T 4dcf89efd1b9480b9d615cb62e573612 P aa199a1ec717460dbce848259e7283e7: Deleting WAL directory at /tmp/dist-test-taskUXVw_H/test-tmp/auto_leader_rebalancer-test.0.LeaderRebalancerTest.AddTserver.1783681863809472-6065-0/minicluster-data/ts-2-root/wals/4dcf89efd1b9480b9d615cb62e573612
I20260710 11:11:33.938949  7230 tablet_service.cc:1558] Processing DeleteTablet for tablet f4b2e46e0d6b41e09212af2d1166038f with delete_type TABLET_DATA_TOMBSTONED (TS ce6d2db3fc6f4dfd9085aa5faadc6ca6 not found in new config with opid_index 4) from {username='slave'} at 127.0.0.1:50948
I20260710 11:11:33.940081  7051 catalog_manager.cc:5028] TS aa199a1ec717460dbce848259e7283e7 (127.5.236.67:38977): tablet 4dcf89efd1b9480b9d615cb62e573612 (table test-workload [id=3707f73a0ff8453ea03b57f68b2ddb43]) successfully deleted
I20260710 11:11:33.953230  7311 raft_consensus.cc:2955] T 3c3010e6744840dca0e6298b49b20843 P aa199a1ec717460dbce848259e7283e7 [term 1 FOLLOWER]: Committing config change with OpId 1.4: config changed from index 3 to 4, VOTER 4760dc06566d43189f0f4c3a93435c4b (127.5.236.65) evicted. New config: { opid_index: 4 OBSOLETE_local: false peers { permanent_uuid: "ce6d2db3fc6f4dfd9085aa5faadc6ca6" member_type: VOTER last_known_addr { host: "127.5.236.66" port: 44259 } } peers { permanent_uuid: "aa199a1ec717460dbce848259e7283e7" member_type: VOTER last_known_addr { host: "127.5.236.67" port: 38977 } } peers { permanent_uuid: "54361ac8c0a74f84bb8f9b25d614eead" member_type: VOTER last_known_addr { host: "127.5.236.68" port: 45385 } attrs { promote: false } } }
I20260710 11:11:33.956027  7576 raft_consensus.cc:1275] T 0d12bc0aa47d475f85146e6c0e4d192a P 54361ac8c0a74f84bb8f9b25d614eead [term 2 LEARNER]: Refusing update from remote peer 4760dc06566d43189f0f4c3a93435c4b: Log matching property violated. Preceding OpId in replica: term: 2 index: 2. Preceding OpId from leader: term: 2 index: 3. (index mismatch)
I20260710 11:11:33.957485  7647 consensus_queue.cc:1048] T 0d12bc0aa47d475f85146e6c0e4d192a P 4760dc06566d43189f0f4c3a93435c4b [LEADER]: Connected to new peer: Peer: permanent_uuid: "54361ac8c0a74f84bb8f9b25d614eead" member_type: VOTER last_known_addr { host: "127.5.236.68" port: 45385 } attrs { promote: false }, Status: LMP_MISMATCH, Last received: 0.0, Next index: 3, Last known committed idx: 2, Time since last communication: 0.001s
I20260710 11:11:33.960644  7577 raft_consensus.cc:2955] T 3c3010e6744840dca0e6298b49b20843 P 54361ac8c0a74f84bb8f9b25d614eead [term 1 FOLLOWER]: Committing config change with OpId 1.4: config changed from index 3 to 4, VOTER 4760dc06566d43189f0f4c3a93435c4b (127.5.236.65) evicted. New config: { opid_index: 4 OBSOLETE_local: false peers { permanent_uuid: "ce6d2db3fc6f4dfd9085aa5faadc6ca6" member_type: VOTER last_known_addr { host: "127.5.236.66" port: 44259 } } peers { permanent_uuid: "aa199a1ec717460dbce848259e7283e7" member_type: VOTER last_known_addr { host: "127.5.236.67" port: 38977 } } peers { permanent_uuid: "54361ac8c0a74f84bb8f9b25d614eead" member_type: VOTER last_known_addr { host: "127.5.236.68" port: 45385 } attrs { promote: false } } }
I20260710 11:11:33.962110  7314 raft_consensus.cc:1275] T 0d12bc0aa47d475f85146e6c0e4d192a P aa199a1ec717460dbce848259e7283e7 [term 2 FOLLOWER]: Refusing update from remote peer 4760dc06566d43189f0f4c3a93435c4b: Log matching property violated. Preceding OpId in replica: term: 2 index: 2. Preceding OpId from leader: term: 2 index: 3. (index mismatch)
I20260710 11:11:33.963598  7515 consensus_queue.cc:1048] T 0d12bc0aa47d475f85146e6c0e4d192a P 4760dc06566d43189f0f4c3a93435c4b [LEADER]: Connected to new peer: Peer: permanent_uuid: "aa199a1ec717460dbce848259e7283e7" member_type: VOTER last_known_addr { host: "127.5.236.67" port: 38977 }, Status: LMP_MISMATCH, Last received: 0.0, Next index: 3, Last known committed idx: 2, Time since last communication: 0.000s
I20260710 11:11:33.963907  7050 catalog_manager.cc:5210] ChangeConfig:REMOVE_PEER RPC for tablet 3c3010e6744840dca0e6298b49b20843 with cas_config_opid_index 3: ChangeConfig:REMOVE_PEER succeeded (attempt 1)
I20260710 11:11:33.966568  7669 tablet_replica.cc:333] T f4b2e46e0d6b41e09212af2d1166038f P ce6d2db3fc6f4dfd9085aa5faadc6ca6: stopping tablet replica
I20260710 11:11:33.971132  7669 raft_consensus.cc:2243] T f4b2e46e0d6b41e09212af2d1166038f P ce6d2db3fc6f4dfd9085aa5faadc6ca6 [term 1 FOLLOWER]: Raft consensus shutting down.
I20260710 11:11:33.971865  7669 raft_consensus.cc:2272] T f4b2e46e0d6b41e09212af2d1166038f P ce6d2db3fc6f4dfd9085aa5faadc6ca6 [term 1 FOLLOWER]: Raft consensus is shut down!
I20260710 11:11:33.976485  7669 ts_tablet_manager.cc:1916] T f4b2e46e0d6b41e09212af2d1166038f P ce6d2db3fc6f4dfd9085aa5faadc6ca6: Deleting tablet data with delete state TABLET_DATA_TOMBSTONED
I20260710 11:11:33.976770  7240 raft_consensus.cc:1275] T 0d12bc0aa47d475f85146e6c0e4d192a P ce6d2db3fc6f4dfd9085aa5faadc6ca6 [term 2 FOLLOWER]: Refusing update from remote peer 4760dc06566d43189f0f4c3a93435c4b: Log matching property violated. Preceding OpId in replica: term: 2 index: 2. Preceding OpId from leader: term: 2 index: 3. (index mismatch)
I20260710 11:11:33.986609  7520 consensus_queue.cc:1048] T 0d12bc0aa47d475f85146e6c0e4d192a P 4760dc06566d43189f0f4c3a93435c4b [LEADER]: Connected to new peer: Peer: permanent_uuid: "ce6d2db3fc6f4dfd9085aa5faadc6ca6" member_type: VOTER last_known_addr { host: "127.5.236.66" port: 44259 } attrs { replace: true }, Status: LMP_MISMATCH, Last received: 0.0, Next index: 3, Last known committed idx: 2, Time since last communication: 0.000s
I20260710 11:11:33.993041  7064 catalog_manager.cc:5697] T 3c3010e6744840dca0e6298b49b20843 P 54361ac8c0a74f84bb8f9b25d614eead reported cstate change: config changed from index 3 to 4, VOTER 4760dc06566d43189f0f4c3a93435c4b (127.5.236.65) evicted. New cstate: current_term: 1 leader_uuid: "ce6d2db3fc6f4dfd9085aa5faadc6ca6" committed_config { opid_index: 4 OBSOLETE_local: false peers { permanent_uuid: "ce6d2db3fc6f4dfd9085aa5faadc6ca6" member_type: VOTER last_known_addr { host: "127.5.236.66" port: 44259 } } peers { permanent_uuid: "aa199a1ec717460dbce848259e7283e7" member_type: VOTER last_known_addr { host: "127.5.236.67" port: 38977 } } peers { permanent_uuid: "54361ac8c0a74f84bb8f9b25d614eead" member_type: VOTER last_known_addr { host: "127.5.236.68" port: 45385 } attrs { promote: false } } }
I20260710 11:11:33.996024  7520 raft_consensus.cc:2955] T 0d12bc0aa47d475f85146e6c0e4d192a P 4760dc06566d43189f0f4c3a93435c4b [term 2 LEADER]: Committing config change with OpId 2.3: config changed from index 2 to 3, 54361ac8c0a74f84bb8f9b25d614eead (127.5.236.68) changed from NON_VOTER to VOTER. New config: { opid_index: 3 OBSOLETE_local: false peers { permanent_uuid: "4760dc06566d43189f0f4c3a93435c4b" member_type: VOTER last_known_addr { host: "127.5.236.65" port: 32869 } } peers { permanent_uuid: "ce6d2db3fc6f4dfd9085aa5faadc6ca6" member_type: VOTER last_known_addr { host: "127.5.236.66" port: 44259 } attrs { replace: true } } peers { permanent_uuid: "aa199a1ec717460dbce848259e7283e7" member_type: VOTER last_known_addr { host: "127.5.236.67" port: 38977 } } peers { permanent_uuid: "54361ac8c0a74f84bb8f9b25d614eead" member_type: VOTER last_known_addr { host: "127.5.236.68" port: 45385 } attrs { promote: false } } }
I20260710 11:11:34.005025  7669 ts_tablet_manager.cc:1929] T f4b2e46e0d6b41e09212af2d1166038f P ce6d2db3fc6f4dfd9085aa5faadc6ca6: tablet deleted with delete type TABLET_DATA_TOMBSTONED: last-logged OpId 1.3
I20260710 11:11:34.006378  7669 log.cc:1199] T f4b2e46e0d6b41e09212af2d1166038f P ce6d2db3fc6f4dfd9085aa5faadc6ca6: Deleting WAL directory at /tmp/dist-test-taskUXVw_H/test-tmp/auto_leader_rebalancer-test.0.LeaderRebalancerTest.AddTserver.1783681863809472-6065-0/minicluster-data/ts-1-root/wals/f4b2e46e0d6b41e09212af2d1166038f
I20260710 11:11:34.007131  7312 raft_consensus.cc:2955] T 0d12bc0aa47d475f85146e6c0e4d192a P aa199a1ec717460dbce848259e7283e7 [term 2 FOLLOWER]: Committing config change with OpId 2.3: config changed from index 2 to 3, 54361ac8c0a74f84bb8f9b25d614eead (127.5.236.68) changed from NON_VOTER to VOTER. New config: { opid_index: 3 OBSOLETE_local: false peers { permanent_uuid: "4760dc06566d43189f0f4c3a93435c4b" member_type: VOTER last_known_addr { host: "127.5.236.65" port: 32869 } } peers { permanent_uuid: "ce6d2db3fc6f4dfd9085aa5faadc6ca6" member_type: VOTER last_known_addr { host: "127.5.236.66" port: 44259 } attrs { replace: true } } peers { permanent_uuid: "aa199a1ec717460dbce848259e7283e7" member_type: VOTER last_known_addr { host: "127.5.236.67" port: 38977 } } peers { permanent_uuid: "54361ac8c0a74f84bb8f9b25d614eead" member_type: VOTER last_known_addr { host: "127.5.236.68" port: 45385 } attrs { promote: false } } }
I20260710 11:11:34.010362  7577 raft_consensus.cc:2955] T 0d12bc0aa47d475f85146e6c0e4d192a P 54361ac8c0a74f84bb8f9b25d614eead [term 2 FOLLOWER]: Committing config change with OpId 2.3: config changed from index 2 to 3, 54361ac8c0a74f84bb8f9b25d614eead (127.5.236.68) changed from NON_VOTER to VOTER. New config: { opid_index: 3 OBSOLETE_local: false peers { permanent_uuid: "4760dc06566d43189f0f4c3a93435c4b" member_type: VOTER last_known_addr { host: "127.5.236.65" port: 32869 } } peers { permanent_uuid: "ce6d2db3fc6f4dfd9085aa5faadc6ca6" member_type: VOTER last_known_addr { host: "127.5.236.66" port: 44259 } attrs { replace: true } } peers { permanent_uuid: "aa199a1ec717460dbce848259e7283e7" member_type: VOTER last_known_addr { host: "127.5.236.67" port: 38977 } } peers { permanent_uuid: "54361ac8c0a74f84bb8f9b25d614eead" member_type: VOTER last_known_addr { host: "127.5.236.68" port: 45385 } attrs { promote: false } } }
I20260710 11:11:34.013007  7156 tablet_service.cc:1558] Processing DeleteTablet for tablet 3c3010e6744840dca0e6298b49b20843 with delete_type TABLET_DATA_TOMBSTONED (TS 4760dc06566d43189f0f4c3a93435c4b not found in new config with opid_index 4) from {username='slave'} at 127.0.0.1:60074
I20260710 11:11:34.014676  7050 catalog_manager.cc:5028] TS ce6d2db3fc6f4dfd9085aa5faadc6ca6 (127.5.236.66:44259): tablet f4b2e46e0d6b41e09212af2d1166038f (table test-workload [id=3707f73a0ff8453ea03b57f68b2ddb43]) successfully deleted
I20260710 11:11:34.021689  7240 raft_consensus.cc:2955] T 0d12bc0aa47d475f85146e6c0e4d192a P ce6d2db3fc6f4dfd9085aa5faadc6ca6 [term 2 FOLLOWER]: Committing config change with OpId 2.3: config changed from index 2 to 3, 54361ac8c0a74f84bb8f9b25d614eead (127.5.236.68) changed from NON_VOTER to VOTER. New config: { opid_index: 3 OBSOLETE_local: false peers { permanent_uuid: "4760dc06566d43189f0f4c3a93435c4b" member_type: VOTER last_known_addr { host: "127.5.236.65" port: 32869 } } peers { permanent_uuid: "ce6d2db3fc6f4dfd9085aa5faadc6ca6" member_type: VOTER last_known_addr { host: "127.5.236.66" port: 44259 } attrs { replace: true } } peers { permanent_uuid: "aa199a1ec717460dbce848259e7283e7" member_type: VOTER last_known_addr { host: "127.5.236.67" port: 38977 } } peers { permanent_uuid: "54361ac8c0a74f84bb8f9b25d614eead" member_type: VOTER last_known_addr { host: "127.5.236.68" port: 45385 } attrs { promote: false } } }
I20260710 11:11:34.027776  7064 catalog_manager.cc:5697] T 0d12bc0aa47d475f85146e6c0e4d192a P 4760dc06566d43189f0f4c3a93435c4b reported cstate change: config changed from index 2 to 3, 54361ac8c0a74f84bb8f9b25d614eead (127.5.236.68) changed from NON_VOTER to VOTER. New cstate: current_term: 2 leader_uuid: "4760dc06566d43189f0f4c3a93435c4b" committed_config { opid_index: 3 OBSOLETE_local: false peers { permanent_uuid: "4760dc06566d43189f0f4c3a93435c4b" member_type: VOTER last_known_addr { host: "127.5.236.65" port: 32869 } health_report { overall_health: HEALTHY } } peers { permanent_uuid: "ce6d2db3fc6f4dfd9085aa5faadc6ca6" member_type: VOTER last_known_addr { host: "127.5.236.66" port: 44259 } attrs { replace: true } health_report { overall_health: HEALTHY } } peers { permanent_uuid: "aa199a1ec717460dbce848259e7283e7" member_type: VOTER last_known_addr { host: "127.5.236.67" port: 38977 } health_report { overall_health: HEALTHY } } peers { permanent_uuid: "54361ac8c0a74f84bb8f9b25d614eead" member_type: VOTER last_known_addr { host: "127.5.236.68" port: 45385 } attrs { promote: false } health_report { overall_health: HEALTHY } } }
I20260710 11:11:34.037998  7674 tablet_replica.cc:333] T 3c3010e6744840dca0e6298b49b20843 P 4760dc06566d43189f0f4c3a93435c4b: stopping tablet replica
I20260710 11:11:34.038897  7674 raft_consensus.cc:2243] T 3c3010e6744840dca0e6298b49b20843 P 4760dc06566d43189f0f4c3a93435c4b [term 1 FOLLOWER]: Raft consensus shutting down.
I20260710 11:11:34.039597  7674 raft_consensus.cc:2272] T 3c3010e6744840dca0e6298b49b20843 P 4760dc06566d43189f0f4c3a93435c4b [term 1 FOLLOWER]: Raft consensus is shut down!
I20260710 11:11:34.043001  7165 consensus_queue.cc:237] T 0d12bc0aa47d475f85146e6c0e4d192a P 4760dc06566d43189f0f4c3a93435c4b [LEADER]: Queue going to LEADER mode. State: All replicated index: 0, Majority replicated index: 3, Committed index: 3, Last appended: 2.3, Last appended by leader: 0, Current term: 2, Majority size: 2, State: 0, Mode: LEADER, active raft config: opid_index: 4 OBSOLETE_local: false peers { permanent_uuid: "4760dc06566d43189f0f4c3a93435c4b" member_type: VOTER last_known_addr { host: "127.5.236.65" port: 32869 } } peers { permanent_uuid: "aa199a1ec717460dbce848259e7283e7" member_type: VOTER last_known_addr { host: "127.5.236.67" port: 38977 } } peers { permanent_uuid: "54361ac8c0a74f84bb8f9b25d614eead" member_type: VOTER last_known_addr { host: "127.5.236.68" port: 45385 } attrs { promote: false } }
I20260710 11:11:34.043643  7674 ts_tablet_manager.cc:1916] T 3c3010e6744840dca0e6298b49b20843 P 4760dc06566d43189f0f4c3a93435c4b: Deleting tablet data with delete state TABLET_DATA_TOMBSTONED
I20260710 11:11:34.048982  7312 raft_consensus.cc:1275] T 0d12bc0aa47d475f85146e6c0e4d192a P aa199a1ec717460dbce848259e7283e7 [term 2 FOLLOWER]: Refusing update from remote peer 4760dc06566d43189f0f4c3a93435c4b: Log matching property violated. Preceding OpId in replica: term: 2 index: 3. Preceding OpId from leader: term: 2 index: 4. (index mismatch)
I20260710 11:11:34.049417  7577 raft_consensus.cc:1275] T 0d12bc0aa47d475f85146e6c0e4d192a P 54361ac8c0a74f84bb8f9b25d614eead [term 2 FOLLOWER]: Refusing update from remote peer 4760dc06566d43189f0f4c3a93435c4b: Log matching property violated. Preceding OpId in replica: term: 2 index: 3. Preceding OpId from leader: term: 2 index: 4. (index mismatch)
I20260710 11:11:34.050658  7673 consensus_queue.cc:1048] T 0d12bc0aa47d475f85146e6c0e4d192a P 4760dc06566d43189f0f4c3a93435c4b [LEADER]: Connected to new peer: Peer: permanent_uuid: "aa199a1ec717460dbce848259e7283e7" member_type: VOTER last_known_addr { host: "127.5.236.67" port: 38977 }, Status: LMP_MISMATCH, Last received: 0.0, Next index: 4, Last known committed idx: 3, Time since last communication: 0.001s
I20260710 11:11:34.051760  7647 consensus_queue.cc:1048] T 0d12bc0aa47d475f85146e6c0e4d192a P 4760dc06566d43189f0f4c3a93435c4b [LEADER]: Connected to new peer: Peer: permanent_uuid: "54361ac8c0a74f84bb8f9b25d614eead" member_type: VOTER last_known_addr { host: "127.5.236.68" port: 45385 } attrs { promote: false }, Status: LMP_MISMATCH, Last received: 0.0, Next index: 4, Last known committed idx: 3, Time since last communication: 0.000s
I20260710 11:11:34.062835  7674 ts_tablet_manager.cc:1929] T 3c3010e6744840dca0e6298b49b20843 P 4760dc06566d43189f0f4c3a93435c4b: tablet deleted with delete type TABLET_DATA_TOMBSTONED: last-logged OpId 1.3
I20260710 11:11:34.063301  7674 log.cc:1199] T 3c3010e6744840dca0e6298b49b20843 P 4760dc06566d43189f0f4c3a93435c4b: Deleting WAL directory at /tmp/dist-test-taskUXVw_H/test-tmp/auto_leader_rebalancer-test.0.LeaderRebalancerTest.AddTserver.1783681863809472-6065-0/minicluster-data/ts-0-root/wals/3c3010e6744840dca0e6298b49b20843
I20260710 11:11:34.058646  7520 raft_consensus.cc:2955] T 0d12bc0aa47d475f85146e6c0e4d192a P 4760dc06566d43189f0f4c3a93435c4b [term 2 LEADER]: Committing config change with OpId 2.4: config changed from index 3 to 4, VOTER ce6d2db3fc6f4dfd9085aa5faadc6ca6 (127.5.236.66) evicted. New config: { opid_index: 4 OBSOLETE_local: false peers { permanent_uuid: "4760dc06566d43189f0f4c3a93435c4b" member_type: VOTER last_known_addr { host: "127.5.236.65" port: 32869 } } peers { permanent_uuid: "aa199a1ec717460dbce848259e7283e7" member_type: VOTER last_known_addr { host: "127.5.236.67" port: 38977 } } peers { permanent_uuid: "54361ac8c0a74f84bb8f9b25d614eead" member_type: VOTER last_known_addr { host: "127.5.236.68" port: 45385 } attrs { promote: false } } }
I20260710 11:11:34.065104  7049 catalog_manager.cc:5028] TS 4760dc06566d43189f0f4c3a93435c4b (127.5.236.65:32869): tablet 3c3010e6744840dca0e6298b49b20843 (table test-workload [id=3707f73a0ff8453ea03b57f68b2ddb43]) successfully deleted
I20260710 11:11:34.067600  7577 raft_consensus.cc:2955] T 0d12bc0aa47d475f85146e6c0e4d192a P 54361ac8c0a74f84bb8f9b25d614eead [term 2 FOLLOWER]: Committing config change with OpId 2.4: config changed from index 3 to 4, VOTER ce6d2db3fc6f4dfd9085aa5faadc6ca6 (127.5.236.66) evicted. New config: { opid_index: 4 OBSOLETE_local: false peers { permanent_uuid: "4760dc06566d43189f0f4c3a93435c4b" member_type: VOTER last_known_addr { host: "127.5.236.65" port: 32869 } } peers { permanent_uuid: "aa199a1ec717460dbce848259e7283e7" member_type: VOTER last_known_addr { host: "127.5.236.67" port: 38977 } } peers { permanent_uuid: "54361ac8c0a74f84bb8f9b25d614eead" member_type: VOTER last_known_addr { host: "127.5.236.68" port: 45385 } attrs { promote: false } } }
I20260710 11:11:34.080346  7063 catalog_manager.cc:5697] T 0d12bc0aa47d475f85146e6c0e4d192a P 54361ac8c0a74f84bb8f9b25d614eead reported cstate change: config changed from index 3 to 4, VOTER ce6d2db3fc6f4dfd9085aa5faadc6ca6 (127.5.236.66) evicted. New cstate: current_term: 2 leader_uuid: "4760dc06566d43189f0f4c3a93435c4b" committed_config { opid_index: 4 OBSOLETE_local: false peers { permanent_uuid: "4760dc06566d43189f0f4c3a93435c4b" member_type: VOTER last_known_addr { host: "127.5.236.65" port: 32869 } } peers { permanent_uuid: "aa199a1ec717460dbce848259e7283e7" member_type: VOTER last_known_addr { host: "127.5.236.67" port: 38977 } } peers { permanent_uuid: "54361ac8c0a74f84bb8f9b25d614eead" member_type: VOTER last_known_addr { host: "127.5.236.68" port: 45385 } attrs { promote: false } } }
I20260710 11:11:34.080545  7312 raft_consensus.cc:2955] T 0d12bc0aa47d475f85146e6c0e4d192a P aa199a1ec717460dbce848259e7283e7 [term 2 FOLLOWER]: Committing config change with OpId 2.4: config changed from index 3 to 4, VOTER ce6d2db3fc6f4dfd9085aa5faadc6ca6 (127.5.236.66) evicted. New config: { opid_index: 4 OBSOLETE_local: false peers { permanent_uuid: "4760dc06566d43189f0f4c3a93435c4b" member_type: VOTER last_known_addr { host: "127.5.236.65" port: 32869 } } peers { permanent_uuid: "aa199a1ec717460dbce848259e7283e7" member_type: VOTER last_known_addr { host: "127.5.236.67" port: 38977 } } peers { permanent_uuid: "54361ac8c0a74f84bb8f9b25d614eead" member_type: VOTER last_known_addr { host: "127.5.236.68" port: 45385 } attrs { promote: false } } }
I20260710 11:11:34.121168  7049 catalog_manager.cc:5210] ChangeConfig:REMOVE_PEER RPC for tablet 0d12bc0aa47d475f85146e6c0e4d192a with cas_config_opid_index 3: ChangeConfig:REMOVE_PEER succeeded (attempt 1)
I20260710 11:11:34.136332  7230 tablet_service.cc:1558] Processing DeleteTablet for tablet 0d12bc0aa47d475f85146e6c0e4d192a with delete_type TABLET_DATA_TOMBSTONED (TS ce6d2db3fc6f4dfd9085aa5faadc6ca6 not found in new config with opid_index 4) from {username='slave'} at 127.0.0.1:50948
I20260710 11:11:34.139372  7669 tablet_replica.cc:333] T 0d12bc0aa47d475f85146e6c0e4d192a P ce6d2db3fc6f4dfd9085aa5faadc6ca6: stopping tablet replica
I20260710 11:11:34.141798  7669 raft_consensus.cc:2243] T 0d12bc0aa47d475f85146e6c0e4d192a P ce6d2db3fc6f4dfd9085aa5faadc6ca6 [term 2 FOLLOWER]: Raft consensus shutting down.
I20260710 11:11:34.143668  7669 raft_consensus.cc:2272] T 0d12bc0aa47d475f85146e6c0e4d192a P ce6d2db3fc6f4dfd9085aa5faadc6ca6 [term 2 FOLLOWER]: Raft consensus is shut down!
I20260710 11:11:34.161559  7669 ts_tablet_manager.cc:1916] T 0d12bc0aa47d475f85146e6c0e4d192a P ce6d2db3fc6f4dfd9085aa5faadc6ca6: Deleting tablet data with delete state TABLET_DATA_TOMBSTONED
I20260710 11:11:34.176533  7669 ts_tablet_manager.cc:1929] T 0d12bc0aa47d475f85146e6c0e4d192a P ce6d2db3fc6f4dfd9085aa5faadc6ca6: tablet deleted with delete type TABLET_DATA_TOMBSTONED: last-logged OpId 2.3
I20260710 11:11:34.176834  7669 log.cc:1199] T 0d12bc0aa47d475f85146e6c0e4d192a P ce6d2db3fc6f4dfd9085aa5faadc6ca6: Deleting WAL directory at /tmp/dist-test-taskUXVw_H/test-tmp/auto_leader_rebalancer-test.0.LeaderRebalancerTest.AddTserver.1783681863809472-6065-0/minicluster-data/ts-1-root/wals/0d12bc0aa47d475f85146e6c0e4d192a
I20260710 11:11:34.178141  7050 catalog_manager.cc:5028] TS ce6d2db3fc6f4dfd9085aa5faadc6ca6 (127.5.236.66:44259): tablet 0d12bc0aa47d475f85146e6c0e4d192a (table test-workload [id=3707f73a0ff8453ea03b57f68b2ddb43]) successfully deleted
I20260710 11:11:35.162885  7164 consensus_queue.cc:237] T a0cb3f0002b6482f91e8683585829271 P 4760dc06566d43189f0f4c3a93435c4b [LEADER]: Queue going to LEADER mode. State: All replicated index: 0, Majority replicated index: 1, Committed index: 1, Last appended: 1.1, Last appended by leader: 0, Current term: 1, Majority size: 2, State: 0, Mode: LEADER, active raft config: opid_index: 2 OBSOLETE_local: false peers { permanent_uuid: "4760dc06566d43189f0f4c3a93435c4b" member_type: VOTER last_known_addr { host: "127.5.236.65" port: 32869 } } peers { permanent_uuid: "ce6d2db3fc6f4dfd9085aa5faadc6ca6" member_type: VOTER last_known_addr { host: "127.5.236.66" port: 44259 } } peers { permanent_uuid: "aa199a1ec717460dbce848259e7283e7" member_type: VOTER last_known_addr { host: "127.5.236.67" port: 38977 } attrs { replace: true } } peers { permanent_uuid: "54361ac8c0a74f84bb8f9b25d614eead" member_type: NON_VOTER last_known_addr { host: "127.5.236.68" port: 45385 } attrs { promote: true } }
