I20260710 11:11:29.690905 13493 raft_consensus.cc:359] T 67e9012d0a61426fa928d16d66f434e8 P 5682656b7e7e40469b4288a659295571 [term 0 FOLLOWER]: Replica starting. Triggering 0 pending ops. Active config: opid_index: -1 OBSOLETE_local: false peers { permanent_uuid: "5682656b7e7e40469b4288a659295571" member_type: VOTER last_known_addr { host: "127.11.232.129" port: 41079 } } peers { permanent_uuid: "9c099a3ebf194578ae32229a9bff8be9" member_type: VOTER last_known_addr { host: "127.11.232.130" port: 45233 } } peers { permanent_uuid: "f1e9068ee33b4dc69b58826cdc07de4e" member_type: VOTER last_known_addr { host: "127.11.232.131" port: 36851 } }
I20260710 11:11:29.691607 13493 raft_consensus.cc:385] T 67e9012d0a61426fa928d16d66f434e8 P 5682656b7e7e40469b4288a659295571 [term 0 FOLLOWER]: Consensus starting up: Expiring failure detector timer to make a prompt election more likely
I20260710 11:11:29.691903 13493 raft_consensus.cc:740] T 67e9012d0a61426fa928d16d66f434e8 P 5682656b7e7e40469b4288a659295571 [term 0 FOLLOWER]: Becoming Follower/Learner. State: Replica: 5682656b7e7e40469b4288a659295571, State: Initialized, Role: FOLLOWER
I20260710 11:11:29.692791 13493 consensus_queue.cc:260] T 67e9012d0a61426fa928d16d66f434e8 P 5682656b7e7e40469b4288a659295571 [NON_LEADER]: Queue going to NON_LEADER mode. State: All replicated index: 0, Majority replicated index: 0, Committed index: 0, Last appended: 0.0, Last appended by leader: 0, Current term: 0, Majority size: -1, State: 0, Mode: NON_LEADER, active raft config: opid_index: -1 OBSOLETE_local: false peers { permanent_uuid: "5682656b7e7e40469b4288a659295571" member_type: VOTER last_known_addr { host: "127.11.232.129" port: 41079 } } peers { permanent_uuid: "9c099a3ebf194578ae32229a9bff8be9" member_type: VOTER last_known_addr { host: "127.11.232.130" port: 45233 } } peers { permanent_uuid: "f1e9068ee33b4dc69b58826cdc07de4e" member_type: VOTER last_known_addr { host: "127.11.232.131" port: 36851 } }
I20260710 11:11:29.695139 13493 ts_tablet_manager.cc:1434] T 67e9012d0a61426fa928d16d66f434e8 P 5682656b7e7e40469b4288a659295571: Time spent starting tablet: real 0.007s	user 0.006s	sys 0.000s
I20260710 11:11:29.695271 13499 tablet_bootstrap.cc:654] T ae311bbfe89f4710b294282c0af8b7b9 P f1e9068ee33b4dc69b58826cdc07de4e: Neither blocks nor log segments found. Creating new log.
I20260710 11:11:29.696089 13497 tablet_bootstrap.cc:654] T ae311bbfe89f4710b294282c0af8b7b9 P 9c099a3ebf194578ae32229a9bff8be9: Neither blocks nor log segments found. Creating new log.
I20260710 11:11:29.696101 13493 tablet_bootstrap.cc:492] T ff41c0e927ca46c6bd83abf071212c6d P 5682656b7e7e40469b4288a659295571: Bootstrap starting.
I20260710 11:11:29.705278 13493 tablet_bootstrap.cc:654] T ff41c0e927ca46c6bd83abf071212c6d P 5682656b7e7e40469b4288a659295571: Neither blocks nor log segments found. Creating new log.
I20260710 11:11:29.711989 13497 tablet_bootstrap.cc:492] T ae311bbfe89f4710b294282c0af8b7b9 P 9c099a3ebf194578ae32229a9bff8be9: No bootstrap required, opened a new log
I20260710 11:11:29.712131 13499 tablet_bootstrap.cc:492] T ae311bbfe89f4710b294282c0af8b7b9 P f1e9068ee33b4dc69b58826cdc07de4e: No bootstrap required, opened a new log
I20260710 11:11:29.712423 13497 ts_tablet_manager.cc:1403] T ae311bbfe89f4710b294282c0af8b7b9 P 9c099a3ebf194578ae32229a9bff8be9: Time spent bootstrapping tablet: real 0.023s	user 0.013s	sys 0.003s
I20260710 11:11:29.712594 13499 ts_tablet_manager.cc:1403] T ae311bbfe89f4710b294282c0af8b7b9 P f1e9068ee33b4dc69b58826cdc07de4e: Time spent bootstrapping tablet: real 0.027s	user 0.016s	sys 0.006s
I20260710 11:11:29.713004 13493 tablet_bootstrap.cc:492] T ff41c0e927ca46c6bd83abf071212c6d P 5682656b7e7e40469b4288a659295571: No bootstrap required, opened a new log
I20260710 11:11:29.713291 13504 raft_consensus.cc:493] T 83726a6b6815425e8ba143b9dd2e8792 P 9c099a3ebf194578ae32229a9bff8be9 [term 0 FOLLOWER]: Starting pre-election (no leader contacted us within the election timeout)
I20260710 11:11:29.713439 13493 ts_tablet_manager.cc:1403] T ff41c0e927ca46c6bd83abf071212c6d P 5682656b7e7e40469b4288a659295571: Time spent bootstrapping tablet: real 0.018s	user 0.009s	sys 0.003s
I20260710 11:11:29.713727 13504 raft_consensus.cc:515] T 83726a6b6815425e8ba143b9dd2e8792 P 9c099a3ebf194578ae32229a9bff8be9 [term 0 FOLLOWER]: Starting pre-election with config: opid_index: -1 OBSOLETE_local: false peers { permanent_uuid: "5682656b7e7e40469b4288a659295571" member_type: VOTER last_known_addr { host: "127.11.232.129" port: 41079 } } peers { permanent_uuid: "9c099a3ebf194578ae32229a9bff8be9" member_type: VOTER last_known_addr { host: "127.11.232.130" port: 45233 } } peers { permanent_uuid: "f1e9068ee33b4dc69b58826cdc07de4e" member_type: VOTER last_known_addr { host: "127.11.232.131" port: 36851 } }
I20260710 11:11:29.714627 13497 raft_consensus.cc:359] T ae311bbfe89f4710b294282c0af8b7b9 P 9c099a3ebf194578ae32229a9bff8be9 [term 0 FOLLOWER]: Replica starting. Triggering 0 pending ops. Active config: opid_index: -1 OBSOLETE_local: false peers { permanent_uuid: "5682656b7e7e40469b4288a659295571" member_type: VOTER last_known_addr { host: "127.11.232.129" port: 41079 } } peers { permanent_uuid: "9c099a3ebf194578ae32229a9bff8be9" member_type: VOTER last_known_addr { host: "127.11.232.130" port: 45233 } } peers { permanent_uuid: "f1e9068ee33b4dc69b58826cdc07de4e" member_type: VOTER last_known_addr { host: "127.11.232.131" port: 36851 } }
I20260710 11:11:29.715164 13497 raft_consensus.cc:385] T ae311bbfe89f4710b294282c0af8b7b9 P 9c099a3ebf194578ae32229a9bff8be9 [term 0 FOLLOWER]: Consensus starting up: Expiring failure detector timer to make a prompt election more likely
I20260710 11:11:29.715466 13497 raft_consensus.cc:740] T ae311bbfe89f4710b294282c0af8b7b9 P 9c099a3ebf194578ae32229a9bff8be9 [term 0 FOLLOWER]: Becoming Follower/Learner. State: Replica: 9c099a3ebf194578ae32229a9bff8be9, State: Initialized, Role: FOLLOWER
I20260710 11:11:29.715816 13493 raft_consensus.cc:359] T ff41c0e927ca46c6bd83abf071212c6d P 5682656b7e7e40469b4288a659295571 [term 0 FOLLOWER]: Replica starting. Triggering 0 pending ops. Active config: opid_index: -1 OBSOLETE_local: false peers { permanent_uuid: "5682656b7e7e40469b4288a659295571" member_type: VOTER last_known_addr { host: "127.11.232.129" port: 41079 } } peers { permanent_uuid: "9c099a3ebf194578ae32229a9bff8be9" member_type: VOTER last_known_addr { host: "127.11.232.130" port: 45233 } } peers { permanent_uuid: "f1e9068ee33b4dc69b58826cdc07de4e" member_type: VOTER last_known_addr { host: "127.11.232.131" port: 36851 } }
I20260710 11:11:29.716200 13497 consensus_queue.cc:260] T ae311bbfe89f4710b294282c0af8b7b9 P 9c099a3ebf194578ae32229a9bff8be9 [NON_LEADER]: Queue going to NON_LEADER mode. State: All replicated index: 0, Majority replicated index: 0, Committed index: 0, Last appended: 0.0, Last appended by leader: 0, Current term: 0, Majority size: -1, State: 0, Mode: NON_LEADER, active raft config: opid_index: -1 OBSOLETE_local: false peers { permanent_uuid: "5682656b7e7e40469b4288a659295571" member_type: VOTER last_known_addr { host: "127.11.232.129" port: 41079 } } peers { permanent_uuid: "9c099a3ebf194578ae32229a9bff8be9" member_type: VOTER last_known_addr { host: "127.11.232.130" port: 45233 } } peers { permanent_uuid: "f1e9068ee33b4dc69b58826cdc07de4e" member_type: VOTER last_known_addr { host: "127.11.232.131" port: 36851 } }
I20260710 11:11:29.717383 13504 leader_election.cc:290] T 83726a6b6815425e8ba143b9dd2e8792 P 9c099a3ebf194578ae32229a9bff8be9 [CANDIDATE]: Term 1 pre-election: Requested pre-vote from peers 5682656b7e7e40469b4288a659295571 (127.11.232.129:41079), f1e9068ee33b4dc69b58826cdc07de4e (127.11.232.131:36851)
I20260710 11:11:29.716463 13493 raft_consensus.cc:385] T ff41c0e927ca46c6bd83abf071212c6d P 5682656b7e7e40469b4288a659295571 [term 0 FOLLOWER]: Consensus starting up: Expiring failure detector timer to make a prompt election more likely
I20260710 11:11:29.726218 13493 raft_consensus.cc:740] T ff41c0e927ca46c6bd83abf071212c6d P 5682656b7e7e40469b4288a659295571 [term 0 FOLLOWER]: Becoming Follower/Learner. State: Replica: 5682656b7e7e40469b4288a659295571, State: Initialized, Role: FOLLOWER
I20260710 11:11:29.726868 13493 consensus_queue.cc:260] T ff41c0e927ca46c6bd83abf071212c6d P 5682656b7e7e40469b4288a659295571 [NON_LEADER]: Queue going to NON_LEADER mode. State: All replicated index: 0, Majority replicated index: 0, Committed index: 0, Last appended: 0.0, Last appended by leader: 0, Current term: 0, Majority size: -1, State: 0, Mode: NON_LEADER, active raft config: opid_index: -1 OBSOLETE_local: false peers { permanent_uuid: "5682656b7e7e40469b4288a659295571" member_type: VOTER last_known_addr { host: "127.11.232.129" port: 41079 } } peers { permanent_uuid: "9c099a3ebf194578ae32229a9bff8be9" member_type: VOTER last_known_addr { host: "127.11.232.130" port: 45233 } } peers { permanent_uuid: "f1e9068ee33b4dc69b58826cdc07de4e" member_type: VOTER last_known_addr { host: "127.11.232.131" port: 36851 } }
I20260710 11:11:29.727097 13499 raft_consensus.cc:359] T ae311bbfe89f4710b294282c0af8b7b9 P f1e9068ee33b4dc69b58826cdc07de4e [term 0 FOLLOWER]: Replica starting. Triggering 0 pending ops. Active config: opid_index: -1 OBSOLETE_local: false peers { permanent_uuid: "5682656b7e7e40469b4288a659295571" member_type: VOTER last_known_addr { host: "127.11.232.129" port: 41079 } } peers { permanent_uuid: "9c099a3ebf194578ae32229a9bff8be9" member_type: VOTER last_known_addr { host: "127.11.232.130" port: 45233 } } peers { permanent_uuid: "f1e9068ee33b4dc69b58826cdc07de4e" member_type: VOTER last_known_addr { host: "127.11.232.131" port: 36851 } }
I20260710 11:11:29.727742 13499 raft_consensus.cc:385] T ae311bbfe89f4710b294282c0af8b7b9 P f1e9068ee33b4dc69b58826cdc07de4e [term 0 FOLLOWER]: Consensus starting up: Expiring failure detector timer to make a prompt election more likely
I20260710 11:11:29.728087 13499 raft_consensus.cc:740] T ae311bbfe89f4710b294282c0af8b7b9 P f1e9068ee33b4dc69b58826cdc07de4e [term 0 FOLLOWER]: Becoming Follower/Learner. State: Replica: f1e9068ee33b4dc69b58826cdc07de4e, State: Initialized, Role: FOLLOWER
I20260710 11:11:29.728906 13493 ts_tablet_manager.cc:1434] T ff41c0e927ca46c6bd83abf071212c6d P 5682656b7e7e40469b4288a659295571: Time spent starting tablet: real 0.015s	user 0.004s	sys 0.003s
I20260710 11:11:29.730100 13493 tablet_bootstrap.cc:492] T a92f71f9934542e3a5add94b1c2ef212 P 5682656b7e7e40469b4288a659295571: Bootstrap starting.
I20260710 11:11:29.730871 13499 consensus_queue.cc:260] T ae311bbfe89f4710b294282c0af8b7b9 P f1e9068ee33b4dc69b58826cdc07de4e [NON_LEADER]: Queue going to NON_LEADER mode. State: All replicated index: 0, Majority replicated index: 0, Committed index: 0, Last appended: 0.0, Last appended by leader: 0, Current term: 0, Majority size: -1, State: 0, Mode: NON_LEADER, active raft config: opid_index: -1 OBSOLETE_local: false peers { permanent_uuid: "5682656b7e7e40469b4288a659295571" member_type: VOTER last_known_addr { host: "127.11.232.129" port: 41079 } } peers { permanent_uuid: "9c099a3ebf194578ae32229a9bff8be9" member_type: VOTER last_known_addr { host: "127.11.232.130" port: 45233 } } peers { permanent_uuid: "f1e9068ee33b4dc69b58826cdc07de4e" member_type: VOTER last_known_addr { host: "127.11.232.131" port: 36851 } }
I20260710 11:11:29.735419 13493 tablet_bootstrap.cc:654] T a92f71f9934542e3a5add94b1c2ef212 P 5682656b7e7e40469b4288a659295571: Neither blocks nor log segments found. Creating new log.
I20260710 11:11:29.745280 13499 ts_tablet_manager.cc:1434] T ae311bbfe89f4710b294282c0af8b7b9 P f1e9068ee33b4dc69b58826cdc07de4e: Time spent starting tablet: real 0.023s	user 0.000s	sys 0.005s
I20260710 11:11:29.746519 13493 tablet_bootstrap.cc:492] T a92f71f9934542e3a5add94b1c2ef212 P 5682656b7e7e40469b4288a659295571: No bootstrap required, opened a new log
I20260710 11:11:29.746963 13493 ts_tablet_manager.cc:1403] T a92f71f9934542e3a5add94b1c2ef212 P 5682656b7e7e40469b4288a659295571: Time spent bootstrapping tablet: real 0.017s	user 0.011s	sys 0.004s
I20260710 11:11:29.749469 13493 raft_consensus.cc:359] T a92f71f9934542e3a5add94b1c2ef212 P 5682656b7e7e40469b4288a659295571 [term 0 FOLLOWER]: Replica starting. Triggering 0 pending ops. Active config: opid_index: -1 OBSOLETE_local: false peers { permanent_uuid: "5682656b7e7e40469b4288a659295571" member_type: VOTER last_known_addr { host: "127.11.232.129" port: 41079 } } peers { permanent_uuid: "9c099a3ebf194578ae32229a9bff8be9" member_type: VOTER last_known_addr { host: "127.11.232.130" port: 45233 } } peers { permanent_uuid: "f1e9068ee33b4dc69b58826cdc07de4e" member_type: VOTER last_known_addr { host: "127.11.232.131" port: 36851 } }
I20260710 11:11:29.750123 13493 raft_consensus.cc:385] T a92f71f9934542e3a5add94b1c2ef212 P 5682656b7e7e40469b4288a659295571 [term 0 FOLLOWER]: Consensus starting up: Expiring failure detector timer to make a prompt election more likely
I20260710 11:11:29.750386 13493 raft_consensus.cc:740] T a92f71f9934542e3a5add94b1c2ef212 P 5682656b7e7e40469b4288a659295571 [term 0 FOLLOWER]: Becoming Follower/Learner. State: Replica: 5682656b7e7e40469b4288a659295571, State: Initialized, Role: FOLLOWER
I20260710 11:11:29.750934 13497 ts_tablet_manager.cc:1434] T ae311bbfe89f4710b294282c0af8b7b9 P 9c099a3ebf194578ae32229a9bff8be9: Time spent starting tablet: real 0.038s	user 0.008s	sys 0.019s
I20260710 11:11:29.751969 13497 tablet_bootstrap.cc:492] T 58a9c4945bc3429991a5b255a8342447 P 9c099a3ebf194578ae32229a9bff8be9: Bootstrap starting.
I20260710 11:11:29.752205 13454 tablet_service.cc:1917] Received RequestConsensusVote() RPC: tablet_id: "83726a6b6815425e8ba143b9dd2e8792" candidate_uuid: "9c099a3ebf194578ae32229a9bff8be9" candidate_term: 1 candidate_status { last_received { term: 0 index: 0 } } ignore_live_leader: false dest_uuid: "f1e9068ee33b4dc69b58826cdc07de4e" is_pre_election: true
W20260710 11:11:29.753739 13343 leader_election.cc:343] T 83726a6b6815425e8ba143b9dd2e8792 P 9c099a3ebf194578ae32229a9bff8be9 [CANDIDATE]: Term 1 pre-election: Tablet error from VoteRequest() call to peer f1e9068ee33b4dc69b58826cdc07de4e (127.11.232.131:36851): Illegal state: must be running to vote when last-logged opid is not known
I20260710 11:11:29.751209 13493 consensus_queue.cc:260] T a92f71f9934542e3a5add94b1c2ef212 P 5682656b7e7e40469b4288a659295571 [NON_LEADER]: Queue going to NON_LEADER mode. State: All replicated index: 0, Majority replicated index: 0, Committed index: 0, Last appended: 0.0, Last appended by leader: 0, Current term: 0, Majority size: -1, State: 0, Mode: NON_LEADER, active raft config: opid_index: -1 OBSOLETE_local: false peers { permanent_uuid: "5682656b7e7e40469b4288a659295571" member_type: VOTER last_known_addr { host: "127.11.232.129" port: 41079 } } peers { permanent_uuid: "9c099a3ebf194578ae32229a9bff8be9" member_type: VOTER last_known_addr { host: "127.11.232.130" port: 45233 } } peers { permanent_uuid: "f1e9068ee33b4dc69b58826cdc07de4e" member_type: VOTER last_known_addr { host: "127.11.232.131" port: 36851 } }
I20260710 11:11:29.755587 13305 tablet_service.cc:1917] Received RequestConsensusVote() RPC: tablet_id: "83726a6b6815425e8ba143b9dd2e8792" candidate_uuid: "9c099a3ebf194578ae32229a9bff8be9" candidate_term: 1 candidate_status { last_received { term: 0 index: 0 } } ignore_live_leader: false dest_uuid: "5682656b7e7e40469b4288a659295571" is_pre_election: true
W20260710 11:11:29.757144 13344 leader_election.cc:343] T 83726a6b6815425e8ba143b9dd2e8792 P 9c099a3ebf194578ae32229a9bff8be9 [CANDIDATE]: Term 1 pre-election: Tablet error from VoteRequest() call to peer 5682656b7e7e40469b4288a659295571 (127.11.232.129:41079): Illegal state: must be running to vote when last-logged opid is not known
I20260710 11:11:29.757548 13344 leader_election.cc:304] T 83726a6b6815425e8ba143b9dd2e8792 P 9c099a3ebf194578ae32229a9bff8be9 [CANDIDATE]: Term 1 pre-election: Election decided. Result: candidate lost. Election summary: received 3 responses out of 3 voters: 1 yes votes; 2 no votes. yes voters: 9c099a3ebf194578ae32229a9bff8be9; no voters: 5682656b7e7e40469b4288a659295571, f1e9068ee33b4dc69b58826cdc07de4e
I20260710 11:11:29.758082 13493 ts_tablet_manager.cc:1434] T a92f71f9934542e3a5add94b1c2ef212 P 5682656b7e7e40469b4288a659295571: Time spent starting tablet: real 0.011s	user 0.006s	sys 0.001s
I20260710 11:11:29.758903 13520 raft_consensus.cc:2749] T 83726a6b6815425e8ba143b9dd2e8792 P 9c099a3ebf194578ae32229a9bff8be9 [term 0 FOLLOWER]: Leader pre-election lost for term 1. Reason: could not achieve majority
I20260710 11:11:29.759449 13497 tablet_bootstrap.cc:654] T 58a9c4945bc3429991a5b255a8342447 P 9c099a3ebf194578ae32229a9bff8be9: Neither blocks nor log segments found. Creating new log.
I20260710 11:11:29.761977 13493 tablet_bootstrap.cc:492] T 964e3931b137456c855dce886c500746 P 5682656b7e7e40469b4288a659295571: Bootstrap starting.
I20260710 11:11:29.762452 13499 tablet_bootstrap.cc:492] T f6b3e3379faa4db3ba65cd311e58112b P f1e9068ee33b4dc69b58826cdc07de4e: Bootstrap starting.
I20260710 11:11:29.767249 13493 tablet_bootstrap.cc:654] T 964e3931b137456c855dce886c500746 P 5682656b7e7e40469b4288a659295571: Neither blocks nor log segments found. Creating new log.
I20260710 11:11:29.768853 13499 tablet_bootstrap.cc:654] T f6b3e3379faa4db3ba65cd311e58112b P f1e9068ee33b4dc69b58826cdc07de4e: Neither blocks nor log segments found. Creating new log.
I20260710 11:11:29.772365 13497 tablet_bootstrap.cc:492] T 58a9c4945bc3429991a5b255a8342447 P 9c099a3ebf194578ae32229a9bff8be9: No bootstrap required, opened a new log
I20260710 11:11:29.772796 13497 ts_tablet_manager.cc:1403] T 58a9c4945bc3429991a5b255a8342447 P 9c099a3ebf194578ae32229a9bff8be9: Time spent bootstrapping tablet: real 0.021s	user 0.008s	sys 0.011s
I20260710 11:11:29.773530 13493 tablet_bootstrap.cc:492] T 964e3931b137456c855dce886c500746 P 5682656b7e7e40469b4288a659295571: No bootstrap required, opened a new log
I20260710 11:11:29.773682 13499 tablet_bootstrap.cc:492] T f6b3e3379faa4db3ba65cd311e58112b P f1e9068ee33b4dc69b58826cdc07de4e: No bootstrap required, opened a new log
I20260710 11:11:29.773955 13493 ts_tablet_manager.cc:1403] T 964e3931b137456c855dce886c500746 P 5682656b7e7e40469b4288a659295571: Time spent bootstrapping tablet: real 0.015s	user 0.008s	sys 0.000s
I20260710 11:11:29.774075 13499 ts_tablet_manager.cc:1403] T f6b3e3379faa4db3ba65cd311e58112b P f1e9068ee33b4dc69b58826cdc07de4e: Time spent bootstrapping tablet: real 0.012s	user 0.009s	sys 0.001s
I20260710 11:11:29.775007 13497 raft_consensus.cc:359] T 58a9c4945bc3429991a5b255a8342447 P 9c099a3ebf194578ae32229a9bff8be9 [term 0 FOLLOWER]: Replica starting. Triggering 0 pending ops. Active config: opid_index: -1 OBSOLETE_local: false peers { permanent_uuid: "5682656b7e7e40469b4288a659295571" member_type: VOTER last_known_addr { host: "127.11.232.129" port: 41079 } } peers { permanent_uuid: "9c099a3ebf194578ae32229a9bff8be9" member_type: VOTER last_known_addr { host: "127.11.232.130" port: 45233 } } peers { permanent_uuid: "f1e9068ee33b4dc69b58826cdc07de4e" member_type: VOTER last_known_addr { host: "127.11.232.131" port: 36851 } }
I20260710 11:11:29.775550 13497 raft_consensus.cc:385] T 58a9c4945bc3429991a5b255a8342447 P 9c099a3ebf194578ae32229a9bff8be9 [term 0 FOLLOWER]: Consensus starting up: Expiring failure detector timer to make a prompt election more likely
I20260710 11:11:29.775786 13497 raft_consensus.cc:740] T 58a9c4945bc3429991a5b255a8342447 P 9c099a3ebf194578ae32229a9bff8be9 [term 0 FOLLOWER]: Becoming Follower/Learner. State: Replica: 9c099a3ebf194578ae32229a9bff8be9, State: Initialized, Role: FOLLOWER
I20260710 11:11:29.776420 13497 consensus_queue.cc:260] T 58a9c4945bc3429991a5b255a8342447 P 9c099a3ebf194578ae32229a9bff8be9 [NON_LEADER]: Queue going to NON_LEADER mode. State: All replicated index: 0, Majority replicated index: 0, Committed index: 0, Last appended: 0.0, Last appended by leader: 0, Current term: 0, Majority size: -1, State: 0, Mode: NON_LEADER, active raft config: opid_index: -1 OBSOLETE_local: false peers { permanent_uuid: "5682656b7e7e40469b4288a659295571" member_type: VOTER last_known_addr { host: "127.11.232.129" port: 41079 } } peers { permanent_uuid: "9c099a3ebf194578ae32229a9bff8be9" member_type: VOTER last_known_addr { host: "127.11.232.130" port: 45233 } } peers { permanent_uuid: "f1e9068ee33b4dc69b58826cdc07de4e" member_type: VOTER last_known_addr { host: "127.11.232.131" port: 36851 } }
I20260710 11:11:29.776398 13493 raft_consensus.cc:359] T 964e3931b137456c855dce886c500746 P 5682656b7e7e40469b4288a659295571 [term 0 FOLLOWER]: Replica starting. Triggering 0 pending ops. Active config: opid_index: -1 OBSOLETE_local: false peers { permanent_uuid: "5682656b7e7e40469b4288a659295571" member_type: VOTER last_known_addr { host: "127.11.232.129" port: 41079 } } peers { permanent_uuid: "9c099a3ebf194578ae32229a9bff8be9" member_type: VOTER last_known_addr { host: "127.11.232.130" port: 45233 } } peers { permanent_uuid: "f1e9068ee33b4dc69b58826cdc07de4e" member_type: VOTER last_known_addr { host: "127.11.232.131" port: 36851 } }
I20260710 11:11:29.776685 13499 raft_consensus.cc:359] T f6b3e3379faa4db3ba65cd311e58112b P f1e9068ee33b4dc69b58826cdc07de4e [term 0 FOLLOWER]: Replica starting. Triggering 0 pending ops. Active config: opid_index: -1 OBSOLETE_local: false peers { permanent_uuid: "5682656b7e7e40469b4288a659295571" member_type: VOTER last_known_addr { host: "127.11.232.129" port: 41079 } } peers { permanent_uuid: "9c099a3ebf194578ae32229a9bff8be9" member_type: VOTER last_known_addr { host: "127.11.232.130" port: 45233 } } peers { permanent_uuid: "f1e9068ee33b4dc69b58826cdc07de4e" member_type: VOTER last_known_addr { host: "127.11.232.131" port: 36851 } }
I20260710 11:11:29.777225 13493 raft_consensus.cc:385] T 964e3931b137456c855dce886c500746 P 5682656b7e7e40469b4288a659295571 [term 0 FOLLOWER]: Consensus starting up: Expiring failure detector timer to make a prompt election more likely
I20260710 11:11:29.777359 13499 raft_consensus.cc:385] T f6b3e3379faa4db3ba65cd311e58112b P f1e9068ee33b4dc69b58826cdc07de4e [term 0 FOLLOWER]: Consensus starting up: Expiring failure detector timer to make a prompt election more likely
I20260710 11:11:29.778934 13493 raft_consensus.cc:740] T 964e3931b137456c855dce886c500746 P 5682656b7e7e40469b4288a659295571 [term 0 FOLLOWER]: Becoming Follower/Learner. State: Replica: 5682656b7e7e40469b4288a659295571, State: Initialized, Role: FOLLOWER
I20260710 11:11:29.779017 13499 raft_consensus.cc:740] T f6b3e3379faa4db3ba65cd311e58112b P f1e9068ee33b4dc69b58826cdc07de4e [term 0 FOLLOWER]: Becoming Follower/Learner. State: Replica: f1e9068ee33b4dc69b58826cdc07de4e, State: Initialized, Role: FOLLOWER
I20260710 11:11:29.778287 13497 ts_tablet_manager.cc:1434] T 58a9c4945bc3429991a5b255a8342447 P 9c099a3ebf194578ae32229a9bff8be9: Time spent starting tablet: real 0.005s	user 0.004s	sys 0.000s
I20260710 11:11:29.779685 13493 consensus_queue.cc:260] T 964e3931b137456c855dce886c500746 P 5682656b7e7e40469b4288a659295571 [NON_LEADER]: Queue going to NON_LEADER mode. State: All replicated index: 0, Majority replicated index: 0, Committed index: 0, Last appended: 0.0, Last appended by leader: 0, Current term: 0, Majority size: -1, State: 0, Mode: NON_LEADER, active raft config: opid_index: -1 OBSOLETE_local: false peers { permanent_uuid: "5682656b7e7e40469b4288a659295571" member_type: VOTER last_known_addr { host: "127.11.232.129" port: 41079 } } peers { permanent_uuid: "9c099a3ebf194578ae32229a9bff8be9" member_type: VOTER last_known_addr { host: "127.11.232.130" port: 45233 } } peers { permanent_uuid: "f1e9068ee33b4dc69b58826cdc07de4e" member_type: VOTER last_known_addr { host: "127.11.232.131" port: 36851 } }
I20260710 11:11:29.779690 13499 consensus_queue.cc:260] T f6b3e3379faa4db3ba65cd311e58112b P f1e9068ee33b4dc69b58826cdc07de4e [NON_LEADER]: Queue going to NON_LEADER mode. State: All replicated index: 0, Majority replicated index: 0, Committed index: 0, Last appended: 0.0, Last appended by leader: 0, Current term: 0, Majority size: -1, State: 0, Mode: NON_LEADER, active raft config: opid_index: -1 OBSOLETE_local: false peers { permanent_uuid: "5682656b7e7e40469b4288a659295571" member_type: VOTER last_known_addr { host: "127.11.232.129" port: 41079 } } peers { permanent_uuid: "9c099a3ebf194578ae32229a9bff8be9" member_type: VOTER last_known_addr { host: "127.11.232.130" port: 45233 } } peers { permanent_uuid: "f1e9068ee33b4dc69b58826cdc07de4e" member_type: VOTER last_known_addr { host: "127.11.232.131" port: 36851 } }
I20260710 11:11:29.780462 13497 tablet_bootstrap.cc:492] T d62404adc3d74b3785d097709560b851 P 9c099a3ebf194578ae32229a9bff8be9: Bootstrap starting.
I20260710 11:11:29.782929 13509 raft_consensus.cc:493] T 58a9c4945bc3429991a5b255a8342447 P 5682656b7e7e40469b4288a659295571 [term 0 FOLLOWER]: Starting pre-election (no leader contacted us within the election timeout)
I20260710 11:11:29.783337 13509 raft_consensus.cc:515] T 58a9c4945bc3429991a5b255a8342447 P 5682656b7e7e40469b4288a659295571 [term 0 FOLLOWER]: Starting pre-election with config: opid_index: -1 OBSOLETE_local: false peers { permanent_uuid: "5682656b7e7e40469b4288a659295571" member_type: VOTER last_known_addr { host: "127.11.232.129" port: 41079 } } peers { permanent_uuid: "9c099a3ebf194578ae32229a9bff8be9" member_type: VOTER last_known_addr { host: "127.11.232.130" port: 45233 } } peers { permanent_uuid: "f1e9068ee33b4dc69b58826cdc07de4e" member_type: VOTER last_known_addr { host: "127.11.232.131" port: 36851 } }
I20260710 11:11:29.784444 13499 ts_tablet_manager.cc:1434] T f6b3e3379faa4db3ba65cd311e58112b P f1e9068ee33b4dc69b58826cdc07de4e: Time spent starting tablet: real 0.010s	user 0.008s	sys 0.000s
I20260710 11:11:29.785332 13499 tablet_bootstrap.cc:492] T 83726a6b6815425e8ba143b9dd2e8792 P f1e9068ee33b4dc69b58826cdc07de4e: Bootstrap starting.
I20260710 11:11:29.785272 13509 leader_election.cc:290] T 58a9c4945bc3429991a5b255a8342447 P 5682656b7e7e40469b4288a659295571 [CANDIDATE]: Term 1 pre-election: Requested pre-vote from peers 9c099a3ebf194578ae32229a9bff8be9 (127.11.232.130:45233), f1e9068ee33b4dc69b58826cdc07de4e (127.11.232.131:36851)
I20260710 11:11:29.786492 13378 tablet_service.cc:1917] Received RequestConsensusVote() RPC: tablet_id: "58a9c4945bc3429991a5b255a8342447" candidate_uuid: "5682656b7e7e40469b4288a659295571" candidate_term: 1 candidate_status { last_received { term: 0 index: 0 } } ignore_live_leader: false dest_uuid: "9c099a3ebf194578ae32229a9bff8be9" is_pre_election: true
I20260710 11:11:29.786847 13493 ts_tablet_manager.cc:1434] T 964e3931b137456c855dce886c500746 P 5682656b7e7e40469b4288a659295571: Time spent starting tablet: real 0.013s	user 0.007s	sys 0.000s
I20260710 11:11:29.787083 13378 raft_consensus.cc:2468] T 58a9c4945bc3429991a5b255a8342447 P 9c099a3ebf194578ae32229a9bff8be9 [term 0 FOLLOWER]: Leader pre-election vote request: Granting yes vote for candidate 5682656b7e7e40469b4288a659295571 in term 0.
I20260710 11:11:29.788885 13454 tablet_service.cc:1917] Received RequestConsensusVote() RPC: tablet_id: "58a9c4945bc3429991a5b255a8342447" candidate_uuid: "5682656b7e7e40469b4288a659295571" candidate_term: 1 candidate_status { last_received { term: 0 index: 0 } } ignore_live_leader: false dest_uuid: "f1e9068ee33b4dc69b58826cdc07de4e" is_pre_election: true
I20260710 11:11:29.790342 13268 leader_election.cc:304] T 58a9c4945bc3429991a5b255a8342447 P 5682656b7e7e40469b4288a659295571 [CANDIDATE]: Term 1 pre-election: Election decided. Result: candidate won. Election summary: received 2 responses out of 3 voters: 2 yes votes; 0 no votes. yes voters: 5682656b7e7e40469b4288a659295571, 9c099a3ebf194578ae32229a9bff8be9; no voters: 
I20260710 11:11:29.790830 13493 tablet_bootstrap.cc:492] T ce1916ffc87d4f1fa2ca6447a76a89e2 P 5682656b7e7e40469b4288a659295571: Bootstrap starting.
I20260710 11:11:29.791821 13499 tablet_bootstrap.cc:654] T 83726a6b6815425e8ba143b9dd2e8792 P f1e9068ee33b4dc69b58826cdc07de4e: Neither blocks nor log segments found. Creating new log.
W20260710 11:11:29.792208 13268 leader_election.cc:343] T 58a9c4945bc3429991a5b255a8342447 P 5682656b7e7e40469b4288a659295571 [CANDIDATE]: Term 1 pre-election: Tablet error from VoteRequest() call to peer f1e9068ee33b4dc69b58826cdc07de4e (127.11.232.131:36851): Illegal state: must be running to vote when last-logged opid is not known
I20260710 11:11:29.796325 13493 tablet_bootstrap.cc:654] T ce1916ffc87d4f1fa2ca6447a76a89e2 P 5682656b7e7e40469b4288a659295571: Neither blocks nor log segments found. Creating new log.
I20260710 11:11:29.797006 13497 tablet_bootstrap.cc:654] T d62404adc3d74b3785d097709560b851 P 9c099a3ebf194578ae32229a9bff8be9: Neither blocks nor log segments found. Creating new log.
I20260710 11:11:29.798911 13495 raft_consensus.cc:493] T 964e3931b137456c855dce886c500746 P 5682656b7e7e40469b4288a659295571 [term 0 FOLLOWER]: Starting pre-election (no leader contacted us within the election timeout)
I20260710 11:11:29.799358 13495 raft_consensus.cc:515] T 964e3931b137456c855dce886c500746 P 5682656b7e7e40469b4288a659295571 [term 0 FOLLOWER]: Starting pre-election with config: opid_index: -1 OBSOLETE_local: false peers { permanent_uuid: "5682656b7e7e40469b4288a659295571" member_type: VOTER last_known_addr { host: "127.11.232.129" port: 41079 } } peers { permanent_uuid: "9c099a3ebf194578ae32229a9bff8be9" member_type: VOTER last_known_addr { host: "127.11.232.130" port: 45233 } } peers { permanent_uuid: "f1e9068ee33b4dc69b58826cdc07de4e" member_type: VOTER last_known_addr { host: "127.11.232.131" port: 36851 } }
I20260710 11:11:29.801265 13495 leader_election.cc:290] T 964e3931b137456c855dce886c500746 P 5682656b7e7e40469b4288a659295571 [CANDIDATE]: Term 1 pre-election: Requested pre-vote from peers 9c099a3ebf194578ae32229a9bff8be9 (127.11.232.130:45233), f1e9068ee33b4dc69b58826cdc07de4e (127.11.232.131:36851)
I20260710 11:11:29.804826 13520 raft_consensus.cc:493] T ae311bbfe89f4710b294282c0af8b7b9 P 9c099a3ebf194578ae32229a9bff8be9 [term 0 FOLLOWER]: Starting pre-election (no leader contacted us within the election timeout)
I20260710 11:11:29.805294 13520 raft_consensus.cc:515] T ae311bbfe89f4710b294282c0af8b7b9 P 9c099a3ebf194578ae32229a9bff8be9 [term 0 FOLLOWER]: Starting pre-election with config: opid_index: -1 OBSOLETE_local: false peers { permanent_uuid: "5682656b7e7e40469b4288a659295571" member_type: VOTER last_known_addr { host: "127.11.232.129" port: 41079 } } peers { permanent_uuid: "9c099a3ebf194578ae32229a9bff8be9" member_type: VOTER last_known_addr { host: "127.11.232.130" port: 45233 } } peers { permanent_uuid: "f1e9068ee33b4dc69b58826cdc07de4e" member_type: VOTER last_known_addr { host: "127.11.232.131" port: 36851 } }
I20260710 11:11:29.805585 13454 tablet_service.cc:1917] Received RequestConsensusVote() RPC: tablet_id: "964e3931b137456c855dce886c500746" candidate_uuid: "5682656b7e7e40469b4288a659295571" candidate_term: 1 candidate_status { last_received { term: 0 index: 0 } } ignore_live_leader: false dest_uuid: "f1e9068ee33b4dc69b58826cdc07de4e" is_pre_election: true
I20260710 11:11:29.806157 13454 raft_consensus.cc:2468] T 964e3931b137456c855dce886c500746 P f1e9068ee33b4dc69b58826cdc07de4e [term 0 FOLLOWER]: Leader pre-election vote request: Granting yes vote for candidate 5682656b7e7e40469b4288a659295571 in term 0.
I20260710 11:11:29.807359 13520 leader_election.cc:290] T ae311bbfe89f4710b294282c0af8b7b9 P 9c099a3ebf194578ae32229a9bff8be9 [CANDIDATE]: Term 1 pre-election: Requested pre-vote from peers 5682656b7e7e40469b4288a659295571 (127.11.232.129:41079), f1e9068ee33b4dc69b58826cdc07de4e (127.11.232.131:36851)
I20260710 11:11:29.807492 13378 tablet_service.cc:1917] Received RequestConsensusVote() RPC: tablet_id: "964e3931b137456c855dce886c500746" candidate_uuid: "5682656b7e7e40469b4288a659295571" candidate_term: 1 candidate_status { last_received { term: 0 index: 0 } } ignore_live_leader: false dest_uuid: "9c099a3ebf194578ae32229a9bff8be9" is_pre_election: true
I20260710 11:11:29.808451 13497 tablet_bootstrap.cc:492] T d62404adc3d74b3785d097709560b851 P 9c099a3ebf194578ae32229a9bff8be9: No bootstrap required, opened a new log
I20260710 11:11:29.808943 13497 ts_tablet_manager.cc:1403] T d62404adc3d74b3785d097709560b851 P 9c099a3ebf194578ae32229a9bff8be9: Time spent bootstrapping tablet: real 0.029s	user 0.011s	sys 0.001s
I20260710 11:11:29.808872 13305 tablet_service.cc:1917] Received RequestConsensusVote() RPC: tablet_id: "ae311bbfe89f4710b294282c0af8b7b9" candidate_uuid: "9c099a3ebf194578ae32229a9bff8be9" candidate_term: 1 candidate_status { last_received { term: 0 index: 0 } } ignore_live_leader: false dest_uuid: "5682656b7e7e40469b4288a659295571" is_pre_election: true
I20260710 11:11:29.809582 13305 raft_consensus.cc:2468] T ae311bbfe89f4710b294282c0af8b7b9 P 5682656b7e7e40469b4288a659295571 [term 0 FOLLOWER]: Leader pre-election vote request: Granting yes vote for candidate 9c099a3ebf194578ae32229a9bff8be9 in term 0.
I20260710 11:11:29.809769 13454 tablet_service.cc:1917] Received RequestConsensusVote() RPC: tablet_id: "ae311bbfe89f4710b294282c0af8b7b9" candidate_uuid: "9c099a3ebf194578ae32229a9bff8be9" candidate_term: 1 candidate_status { last_received { term: 0 index: 0 } } ignore_live_leader: false dest_uuid: "f1e9068ee33b4dc69b58826cdc07de4e" is_pre_election: true
I20260710 11:11:29.810312 13454 raft_consensus.cc:2468] T ae311bbfe89f4710b294282c0af8b7b9 P f1e9068ee33b4dc69b58826cdc07de4e [term 0 FOLLOWER]: Leader pre-election vote request: Granting yes vote for candidate 9c099a3ebf194578ae32229a9bff8be9 in term 0.
I20260710 11:11:29.810753 13344 leader_election.cc:304] T ae311bbfe89f4710b294282c0af8b7b9 P 9c099a3ebf194578ae32229a9bff8be9 [CANDIDATE]: Term 1 pre-election: Election decided. Result: candidate won. Election summary: received 2 responses out of 3 voters: 2 yes votes; 0 no votes. yes voters: 5682656b7e7e40469b4288a659295571, 9c099a3ebf194578ae32229a9bff8be9; no voters: 
I20260710 11:11:29.811518 13520 raft_consensus.cc:2804] T ae311bbfe89f4710b294282c0af8b7b9 P 9c099a3ebf194578ae32229a9bff8be9 [term 0 FOLLOWER]: Leader pre-election won for term 1
I20260710 11:11:29.811867 13520 raft_consensus.cc:493] T ae311bbfe89f4710b294282c0af8b7b9 P 9c099a3ebf194578ae32229a9bff8be9 [term 0 FOLLOWER]: Starting leader election (no leader contacted us within the election timeout)
W20260710 11:11:29.812071 13268 leader_election.cc:343] T 964e3931b137456c855dce886c500746 P 5682656b7e7e40469b4288a659295571 [CANDIDATE]: Term 1 pre-election: Tablet error from VoteRequest() call to peer 9c099a3ebf194578ae32229a9bff8be9 (127.11.232.130:45233): Illegal state: must be running to vote when last-logged opid is not known
I20260710 11:11:29.812211 13520 raft_consensus.cc:3060] T ae311bbfe89f4710b294282c0af8b7b9 P 9c099a3ebf194578ae32229a9bff8be9 [term 0 FOLLOWER]: Advancing to term 1
I20260710 11:11:29.812858 13268 leader_election.cc:304] T 964e3931b137456c855dce886c500746 P 5682656b7e7e40469b4288a659295571 [CANDIDATE]: Term 1 pre-election: Election decided. Result: candidate won. Election summary: received 3 responses out of 3 voters: 2 yes votes; 1 no votes. yes voters: 5682656b7e7e40469b4288a659295571, f1e9068ee33b4dc69b58826cdc07de4e; no voters: 9c099a3ebf194578ae32229a9bff8be9
I20260710 11:11:29.813580 13495 raft_consensus.cc:2804] T 964e3931b137456c855dce886c500746 P 5682656b7e7e40469b4288a659295571 [term 0 FOLLOWER]: Leader pre-election won for term 1
I20260710 11:11:29.812203 13497 raft_consensus.cc:359] T d62404adc3d74b3785d097709560b851 P 9c099a3ebf194578ae32229a9bff8be9 [term 0 FOLLOWER]: Replica starting. Triggering 0 pending ops. Active config: opid_index: -1 OBSOLETE_local: false peers { permanent_uuid: "5682656b7e7e40469b4288a659295571" member_type: VOTER last_known_addr { host: "127.11.232.129" port: 41079 } } peers { permanent_uuid: "9c099a3ebf194578ae32229a9bff8be9" member_type: VOTER last_known_addr { host: "127.11.232.130" port: 45233 } } peers { permanent_uuid: "f1e9068ee33b4dc69b58826cdc07de4e" member_type: VOTER last_known_addr { host: "127.11.232.131" port: 36851 } }
I20260710 11:11:29.791888 13509 raft_consensus.cc:2804] T 58a9c4945bc3429991a5b255a8342447 P 5682656b7e7e40469b4288a659295571 [term 0 FOLLOWER]: Leader pre-election won for term 1
I20260710 11:11:29.813917 13495 raft_consensus.cc:493] T 964e3931b137456c855dce886c500746 P 5682656b7e7e40469b4288a659295571 [term 0 FOLLOWER]: Starting leader election (no leader contacted us within the election timeout)
I20260710 11:11:29.814014 13497 raft_consensus.cc:385] T d62404adc3d74b3785d097709560b851 P 9c099a3ebf194578ae32229a9bff8be9 [term 0 FOLLOWER]: Consensus starting up: Expiring failure detector timer to make a prompt election more likely
I20260710 11:11:29.814128 13509 raft_consensus.cc:493] T 58a9c4945bc3429991a5b255a8342447 P 5682656b7e7e40469b4288a659295571 [term 0 FOLLOWER]: Starting leader election (no leader contacted us within the election timeout)
I20260710 11:11:29.814371 13495 raft_consensus.cc:3060] T 964e3931b137456c855dce886c500746 P 5682656b7e7e40469b4288a659295571 [term 0 FOLLOWER]: Advancing to term 1
I20260710 11:11:29.814502 13497 raft_consensus.cc:740] T d62404adc3d74b3785d097709560b851 P 9c099a3ebf194578ae32229a9bff8be9 [term 0 FOLLOWER]: Becoming Follower/Learner. State: Replica: 9c099a3ebf194578ae32229a9bff8be9, State: Initialized, Role: FOLLOWER
I20260710 11:11:29.814695 13493 tablet_bootstrap.cc:492] T ce1916ffc87d4f1fa2ca6447a76a89e2 P 5682656b7e7e40469b4288a659295571: No bootstrap required, opened a new log
I20260710 11:11:29.814674 13509 raft_consensus.cc:3060] T 58a9c4945bc3429991a5b255a8342447 P 5682656b7e7e40469b4288a659295571 [term 0 FOLLOWER]: Advancing to term 1
I20260710 11:11:29.815165 13493 ts_tablet_manager.cc:1403] T ce1916ffc87d4f1fa2ca6447a76a89e2 P 5682656b7e7e40469b4288a659295571: Time spent bootstrapping tablet: real 0.025s	user 0.019s	sys 0.004s
I20260710 11:11:29.815474 13497 consensus_queue.cc:260] T d62404adc3d74b3785d097709560b851 P 9c099a3ebf194578ae32229a9bff8be9 [NON_LEADER]: Queue going to NON_LEADER mode. State: All replicated index: 0, Majority replicated index: 0, Committed index: 0, Last appended: 0.0, Last appended by leader: 0, Current term: 0, Majority size: -1, State: 0, Mode: NON_LEADER, active raft config: opid_index: -1 OBSOLETE_local: false peers { permanent_uuid: "5682656b7e7e40469b4288a659295571" member_type: VOTER last_known_addr { host: "127.11.232.129" port: 41079 } } peers { permanent_uuid: "9c099a3ebf194578ae32229a9bff8be9" member_type: VOTER last_known_addr { host: "127.11.232.130" port: 45233 } } peers { permanent_uuid: "f1e9068ee33b4dc69b58826cdc07de4e" member_type: VOTER last_known_addr { host: "127.11.232.131" port: 36851 } }
I20260710 11:11:29.817646 13497 ts_tablet_manager.cc:1434] T d62404adc3d74b3785d097709560b851 P 9c099a3ebf194578ae32229a9bff8be9: Time spent starting tablet: real 0.008s	user 0.006s	sys 0.000s
I20260710 11:11:29.818656 13497 tablet_bootstrap.cc:492] T ff41c0e927ca46c6bd83abf071212c6d P 9c099a3ebf194578ae32229a9bff8be9: Bootstrap starting.
I20260710 11:11:29.822448 13509 raft_consensus.cc:515] T 58a9c4945bc3429991a5b255a8342447 P 5682656b7e7e40469b4288a659295571 [term 1 FOLLOWER]: Starting leader election with config: opid_index: -1 OBSOLETE_local: false peers { permanent_uuid: "5682656b7e7e40469b4288a659295571" member_type: VOTER last_known_addr { host: "127.11.232.129" port: 41079 } } peers { permanent_uuid: "9c099a3ebf194578ae32229a9bff8be9" member_type: VOTER last_known_addr { host: "127.11.232.130" port: 45233 } } peers { permanent_uuid: "f1e9068ee33b4dc69b58826cdc07de4e" member_type: VOTER last_known_addr { host: "127.11.232.131" port: 36851 } }
I20260710 11:11:29.825371 13378 tablet_service.cc:1917] Received RequestConsensusVote() RPC: tablet_id: "58a9c4945bc3429991a5b255a8342447" candidate_uuid: "5682656b7e7e40469b4288a659295571" candidate_term: 1 candidate_status { last_received { term: 0 index: 0 } } ignore_live_leader: false dest_uuid: "9c099a3ebf194578ae32229a9bff8be9"
I20260710 11:11:29.825924 13378 raft_consensus.cc:3060] T 58a9c4945bc3429991a5b255a8342447 P 9c099a3ebf194578ae32229a9bff8be9 [term 0 FOLLOWER]: Advancing to term 1
I20260710 11:11:29.827008 13454 tablet_service.cc:1917] Received RequestConsensusVote() RPC: tablet_id: "58a9c4945bc3429991a5b255a8342447" candidate_uuid: "5682656b7e7e40469b4288a659295571" candidate_term: 1 candidate_status { last_received { term: 0 index: 0 } } ignore_live_leader: false dest_uuid: "f1e9068ee33b4dc69b58826cdc07de4e"
I20260710 11:11:29.827111 13520 raft_consensus.cc:515] T ae311bbfe89f4710b294282c0af8b7b9 P 9c099a3ebf194578ae32229a9bff8be9 [term 1 FOLLOWER]: Starting leader election with config: opid_index: -1 OBSOLETE_local: false peers { permanent_uuid: "5682656b7e7e40469b4288a659295571" member_type: VOTER last_known_addr { host: "127.11.232.129" port: 41079 } } peers { permanent_uuid: "9c099a3ebf194578ae32229a9bff8be9" member_type: VOTER last_known_addr { host: "127.11.232.130" port: 45233 } } peers { permanent_uuid: "f1e9068ee33b4dc69b58826cdc07de4e" member_type: VOTER last_known_addr { host: "127.11.232.131" port: 36851 } }
W20260710 11:11:29.828553 13268 leader_election.cc:343] T 58a9c4945bc3429991a5b255a8342447 P 5682656b7e7e40469b4288a659295571 [CANDIDATE]: Term 1 election: Tablet error from VoteRequest() call to peer f1e9068ee33b4dc69b58826cdc07de4e (127.11.232.131:36851): Illegal state: must be running to vote when last-logged opid is not known
I20260710 11:11:29.829113 13509 leader_election.cc:290] T 58a9c4945bc3429991a5b255a8342447 P 5682656b7e7e40469b4288a659295571 [CANDIDATE]: Term 1 election: Requested vote from peers 9c099a3ebf194578ae32229a9bff8be9 (127.11.232.130:45233), f1e9068ee33b4dc69b58826cdc07de4e (127.11.232.131:36851)
I20260710 11:11:29.829792 13305 tablet_service.cc:1917] Received RequestConsensusVote() RPC: tablet_id: "ae311bbfe89f4710b294282c0af8b7b9" candidate_uuid: "9c099a3ebf194578ae32229a9bff8be9" candidate_term: 1 candidate_status { last_received { term: 0 index: 0 } } ignore_live_leader: false dest_uuid: "5682656b7e7e40469b4288a659295571"
I20260710 11:11:29.830246 13305 raft_consensus.cc:3060] T ae311bbfe89f4710b294282c0af8b7b9 P 5682656b7e7e40469b4288a659295571 [term 0 FOLLOWER]: Advancing to term 1
I20260710 11:11:29.830399 13493 raft_consensus.cc:359] T ce1916ffc87d4f1fa2ca6447a76a89e2 P 5682656b7e7e40469b4288a659295571 [term 0 FOLLOWER]: Replica starting. Triggering 0 pending ops. Active config: opid_index: -1 OBSOLETE_local: false peers { permanent_uuid: "5682656b7e7e40469b4288a659295571" member_type: VOTER last_known_addr { host: "127.11.232.129" port: 41079 } } peers { permanent_uuid: "9c099a3ebf194578ae32229a9bff8be9" member_type: VOTER last_known_addr { host: "127.11.232.130" port: 45233 } } peers { permanent_uuid: "f1e9068ee33b4dc69b58826cdc07de4e" member_type: VOTER last_known_addr { host: "127.11.232.131" port: 36851 } }
I20260710 11:11:29.831034 13493 raft_consensus.cc:385] T ce1916ffc87d4f1fa2ca6447a76a89e2 P 5682656b7e7e40469b4288a659295571 [term 0 FOLLOWER]: Consensus starting up: Expiring failure detector timer to make a prompt election more likely
I20260710 11:11:29.831286 13493 raft_consensus.cc:740] T ce1916ffc87d4f1fa2ca6447a76a89e2 P 5682656b7e7e40469b4288a659295571 [term 0 FOLLOWER]: Becoming Follower/Learner. State: Replica: 5682656b7e7e40469b4288a659295571, State: Initialized, Role: FOLLOWER
I20260710 11:11:29.831934 13493 consensus_queue.cc:260] T ce1916ffc87d4f1fa2ca6447a76a89e2 P 5682656b7e7e40469b4288a659295571 [NON_LEADER]: Queue going to NON_LEADER mode. State: All replicated index: 0, Majority replicated index: 0, Committed index: 0, Last appended: 0.0, Last appended by leader: 0, Current term: 0, Majority size: -1, State: 0, Mode: NON_LEADER, active raft config: opid_index: -1 OBSOLETE_local: false peers { permanent_uuid: "5682656b7e7e40469b4288a659295571" member_type: VOTER last_known_addr { host: "127.11.232.129" port: 41079 } } peers { permanent_uuid: "9c099a3ebf194578ae32229a9bff8be9" member_type: VOTER last_known_addr { host: "127.11.232.130" port: 45233 } } peers { permanent_uuid: "f1e9068ee33b4dc69b58826cdc07de4e" member_type: VOTER last_known_addr { host: "127.11.232.131" port: 36851 } }
I20260710 11:11:29.832680 13497 tablet_bootstrap.cc:654] T ff41c0e927ca46c6bd83abf071212c6d P 9c099a3ebf194578ae32229a9bff8be9: Neither blocks nor log segments found. Creating new log.
I20260710 11:11:29.833503 13378 raft_consensus.cc:2468] T 58a9c4945bc3429991a5b255a8342447 P 9c099a3ebf194578ae32229a9bff8be9 [term 1 FOLLOWER]: Leader election vote request: Granting yes vote for candidate 5682656b7e7e40469b4288a659295571 in term 1.
I20260710 11:11:29.833770 13493 ts_tablet_manager.cc:1434] T ce1916ffc87d4f1fa2ca6447a76a89e2 P 5682656b7e7e40469b4288a659295571: Time spent starting tablet: real 0.018s	user 0.005s	sys 0.000s
I20260710 11:11:29.834730 13268 leader_election.cc:304] T 58a9c4945bc3429991a5b255a8342447 P 5682656b7e7e40469b4288a659295571 [CANDIDATE]: Term 1 election: Election decided. Result: candidate won. Election summary: received 3 responses out of 3 voters: 2 yes votes; 1 no votes. yes voters: 5682656b7e7e40469b4288a659295571, 9c099a3ebf194578ae32229a9bff8be9; no voters: f1e9068ee33b4dc69b58826cdc07de4e
I20260710 11:11:29.822482 13495 raft_consensus.cc:515] T 964e3931b137456c855dce886c500746 P 5682656b7e7e40469b4288a659295571 [term 1 FOLLOWER]: Starting leader election with config: opid_index: -1 OBSOLETE_local: false peers { permanent_uuid: "5682656b7e7e40469b4288a659295571" member_type: VOTER last_known_addr { host: "127.11.232.129" port: 41079 } } peers { permanent_uuid: "9c099a3ebf194578ae32229a9bff8be9" member_type: VOTER last_known_addr { host: "127.11.232.130" port: 45233 } } peers { permanent_uuid: "f1e9068ee33b4dc69b58826cdc07de4e" member_type: VOTER last_known_addr { host: "127.11.232.131" port: 36851 } }
I20260710 11:11:29.837980 13495 leader_election.cc:290] T 964e3931b137456c855dce886c500746 P 5682656b7e7e40469b4288a659295571 [CANDIDATE]: Term 1 election: Requested vote from peers 9c099a3ebf194578ae32229a9bff8be9 (127.11.232.130:45233), f1e9068ee33b4dc69b58826cdc07de4e (127.11.232.131:36851)
I20260710 11:11:29.838550 13495 raft_consensus.cc:2804] T 58a9c4945bc3429991a5b255a8342447 P 5682656b7e7e40469b4288a659295571 [term 1 FOLLOWER]: Leader election won for term 1
I20260710 11:11:29.838980 13495 raft_consensus.cc:697] T 58a9c4945bc3429991a5b255a8342447 P 5682656b7e7e40469b4288a659295571 [term 1 LEADER]: Becoming Leader. State: Replica: 5682656b7e7e40469b4288a659295571, State: Running, Role: LEADER
I20260710 11:11:29.840404 13305 raft_consensus.cc:2468] T ae311bbfe89f4710b294282c0af8b7b9 P 5682656b7e7e40469b4288a659295571 [term 1 FOLLOWER]: Leader election vote request: Granting yes vote for candidate 9c099a3ebf194578ae32229a9bff8be9 in term 1.
I20260710 11:11:29.841753 13344 leader_election.cc:304] T ae311bbfe89f4710b294282c0af8b7b9 P 9c099a3ebf194578ae32229a9bff8be9 [CANDIDATE]: Term 1 election: Election decided. Result: candidate won. Election summary: received 2 responses out of 3 voters: 2 yes votes; 0 no votes. yes voters: 5682656b7e7e40469b4288a659295571, 9c099a3ebf194578ae32229a9bff8be9; no voters: 
I20260710 11:11:29.842645 13504 raft_consensus.cc:2804] T ae311bbfe89f4710b294282c0af8b7b9 P 9c099a3ebf194578ae32229a9bff8be9 [term 1 FOLLOWER]: Leader election won for term 1
I20260710 11:11:29.825325 13499 tablet_bootstrap.cc:492] T 83726a6b6815425e8ba143b9dd2e8792 P f1e9068ee33b4dc69b58826cdc07de4e: No bootstrap required, opened a new log
I20260710 11:11:29.846848 13499 ts_tablet_manager.cc:1403] T 83726a6b6815425e8ba143b9dd2e8792 P f1e9068ee33b4dc69b58826cdc07de4e: Time spent bootstrapping tablet: real 0.062s	user 0.016s	sys 0.002s
I20260710 11:11:29.848284 13493 tablet_bootstrap.cc:492] T 30e56dec1f78416ba91eeea2b970bd09 P 5682656b7e7e40469b4288a659295571: Bootstrap starting.
I20260710 11:11:29.849939 13499 raft_consensus.cc:359] T 83726a6b6815425e8ba143b9dd2e8792 P f1e9068ee33b4dc69b58826cdc07de4e [term 0 FOLLOWER]: Replica starting. Triggering 0 pending ops. Active config: opid_index: -1 OBSOLETE_local: false peers { permanent_uuid: "5682656b7e7e40469b4288a659295571" member_type: VOTER last_known_addr { host: "127.11.232.129" port: 41079 } } peers { permanent_uuid: "9c099a3ebf194578ae32229a9bff8be9" member_type: VOTER last_known_addr { host: "127.11.232.130" port: 45233 } } peers { permanent_uuid: "f1e9068ee33b4dc69b58826cdc07de4e" member_type: VOTER last_known_addr { host: "127.11.232.131" port: 36851 } }
I20260710 11:11:29.850705 13499 raft_consensus.cc:385] T 83726a6b6815425e8ba143b9dd2e8792 P f1e9068ee33b4dc69b58826cdc07de4e [term 0 FOLLOWER]: Consensus starting up: Expiring failure detector timer to make a prompt election more likely
I20260710 11:11:29.851001 13499 raft_consensus.cc:740] T 83726a6b6815425e8ba143b9dd2e8792 P f1e9068ee33b4dc69b58826cdc07de4e [term 0 FOLLOWER]: Becoming Follower/Learner. State: Replica: f1e9068ee33b4dc69b58826cdc07de4e, State: Initialized, Role: FOLLOWER
I20260710 11:11:29.852756 13509 raft_consensus.cc:493] T ff41c0e927ca46c6bd83abf071212c6d P 5682656b7e7e40469b4288a659295571 [term 0 FOLLOWER]: Starting pre-election (no leader contacted us within the election timeout)
