I20260710 11:11:13.068307 11827 raft_consensus.cc:515] T 46323c498fb6467d9df5d549219e2ef8 P 7ac170a43d694441972d043a4163c072 [term 4 FOLLOWER]: Starting forced leader election with config: opid_index: -1 OBSOLETE_local: false peers { permanent_uuid: "7ac170a43d694441972d043a4163c072" member_type: VOTER last_known_addr { host: "127.11.106.193" port: 34227 } } peers { permanent_uuid: "2b466d15abba4e48b0f5be1f1247a523" member_type: VOTER last_known_addr { host: "127.11.106.194" port: 35113 } } peers { permanent_uuid: "38627566ff894b8bb01b18c0c9fb465d" member_type: VOTER last_known_addr { host: "127.11.106.195" port: 37879 } }
I20260710 11:11:13.069662 11827 leader_election.cc:290] T 46323c498fb6467d9df5d549219e2ef8 P 7ac170a43d694441972d043a4163c072 [CANDIDATE]: Term 4 election: Requested vote from peers 2b466d15abba4e48b0f5be1f1247a523 (127.11.106.194:35113), 38627566ff894b8bb01b18c0c9fb465d (127.11.106.195:37879)
I20260710 11:11:13.070181 11900 tablet_service.cc:1917] Received RequestConsensusVote() RPC: tablet_id: "46323c498fb6467d9df5d549219e2ef8" candidate_uuid: "7ac170a43d694441972d043a4163c072" candidate_term: 4 candidate_status { last_received { term: 3 index: 3 } } ignore_live_leader: true dest_uuid: "2b466d15abba4e48b0f5be1f1247a523"
I20260710 11:11:13.070664 11900 raft_consensus.cc:3055] T 46323c498fb6467d9df5d549219e2ef8 P 2b466d15abba4e48b0f5be1f1247a523 [term 3 LEADER]: Stepping down as leader of term 3
I20260710 11:11:13.070636 11976 tablet_service.cc:1917] Received RequestConsensusVote() RPC: tablet_id: "46323c498fb6467d9df5d549219e2ef8" candidate_uuid: "7ac170a43d694441972d043a4163c072" candidate_term: 4 candidate_status { last_received { term: 3 index: 3 } } ignore_live_leader: true dest_uuid: "38627566ff894b8bb01b18c0c9fb465d"
I20260710 11:11:13.071079 11900 raft_consensus.cc:740] T 46323c498fb6467d9df5d549219e2ef8 P 2b466d15abba4e48b0f5be1f1247a523 [term 3 LEADER]: Becoming Follower/Learner. State: Replica: 2b466d15abba4e48b0f5be1f1247a523, State: Running, Role: LEADER
I20260710 11:11:13.071265 11976 raft_consensus.cc:3060] T 46323c498fb6467d9df5d549219e2ef8 P 38627566ff894b8bb01b18c0c9fb465d [term 3 FOLLOWER]: Advancing to term 4
I20260710 11:11:13.071887 11900 consensus_queue.cc:260] T 46323c498fb6467d9df5d549219e2ef8 P 2b466d15abba4e48b0f5be1f1247a523 [NON_LEADER]: Queue going to NON_LEADER mode. State: All replicated index: 0, Majority replicated index: 3, Committed index: 3, Last appended: 3.3, Last appended by leader: 3, Current term: 3, Majority size: -1, State: 0, Mode: NON_LEADER, active raft config: opid_index: -1 OBSOLETE_local: false peers { permanent_uuid: "7ac170a43d694441972d043a4163c072" member_type: VOTER last_known_addr { host: "127.11.106.193" port: 34227 } } peers { permanent_uuid: "2b466d15abba4e48b0f5be1f1247a523" member_type: VOTER last_known_addr { host: "127.11.106.194" port: 35113 } } peers { permanent_uuid: "38627566ff894b8bb01b18c0c9fb465d" member_type: VOTER last_known_addr { host: "127.11.106.195" port: 37879 } }
I20260710 11:11:13.072893 11900 raft_consensus.cc:3060] T 46323c498fb6467d9df5d549219e2ef8 P 2b466d15abba4e48b0f5be1f1247a523 [term 3 FOLLOWER]: Advancing to term 4
I20260710 11:11:13.077277 11976 raft_consensus.cc:2468] T 46323c498fb6467d9df5d549219e2ef8 P 38627566ff894b8bb01b18c0c9fb465d [term 4 FOLLOWER]: Leader election vote request: Granting yes vote for candidate 7ac170a43d694441972d043a4163c072 in term 4.
I20260710 11:11:13.078188 11900 raft_consensus.cc:2468] T 46323c498fb6467d9df5d549219e2ef8 P 2b466d15abba4e48b0f5be1f1247a523 [term 4 FOLLOWER]: Leader election vote request: Granting yes vote for candidate 7ac170a43d694441972d043a4163c072 in term 4.
I20260710 11:11:13.078182 11793 leader_election.cc:304] T 46323c498fb6467d9df5d549219e2ef8 P 7ac170a43d694441972d043a4163c072 [CANDIDATE]: Term 4 election: Election decided. Result: candidate won. Election summary: received 2 responses out of 3 voters: 2 yes votes; 0 no votes. yes voters: 38627566ff894b8bb01b18c0c9fb465d, 7ac170a43d694441972d043a4163c072; no voters: 
I20260710 11:11:13.078959 12154 raft_consensus.cc:2804] T 46323c498fb6467d9df5d549219e2ef8 P 7ac170a43d694441972d043a4163c072 [term 4 FOLLOWER]: Leader election won for term 4
I20260710 11:11:13.079319 12154 raft_consensus.cc:697] T 46323c498fb6467d9df5d549219e2ef8 P 7ac170a43d694441972d043a4163c072 [term 4 LEADER]: Becoming Leader. State: Replica: 7ac170a43d694441972d043a4163c072, State: Running, Role: LEADER
I20260710 11:11:13.079877 12154 consensus_queue.cc:237] T 46323c498fb6467d9df5d549219e2ef8 P 7ac170a43d694441972d043a4163c072 [LEADER]: Queue going to LEADER mode. State: All replicated index: 0, Majority replicated index: 3, Committed index: 3, Last appended: 3.3, Last appended by leader: 3, Current term: 4, Majority size: 2, State: 0, Mode: LEADER, active raft config: opid_index: -1 OBSOLETE_local: false peers { permanent_uuid: "7ac170a43d694441972d043a4163c072" member_type: VOTER last_known_addr { host: "127.11.106.193" port: 34227 } } peers { permanent_uuid: "2b466d15abba4e48b0f5be1f1247a523" member_type: VOTER last_known_addr { host: "127.11.106.194" port: 35113 } } peers { permanent_uuid: "38627566ff894b8bb01b18c0c9fb465d" member_type: VOTER last_known_addr { host: "127.11.106.195" port: 37879 } }
I20260710 11:11:13.085817 11723 catalog_manager.cc:5697] T 46323c498fb6467d9df5d549219e2ef8 P 7ac170a43d694441972d043a4163c072 reported cstate change: term changed from 3 to 4, leader changed from 2b466d15abba4e48b0f5be1f1247a523 (127.11.106.194) to 7ac170a43d694441972d043a4163c072 (127.11.106.193). New cstate: current_term: 4 leader_uuid: "7ac170a43d694441972d043a4163c072" committed_config { opid_index: -1 OBSOLETE_local: false peers { permanent_uuid: "7ac170a43d694441972d043a4163c072" member_type: VOTER last_known_addr { host: "127.11.106.193" port: 34227 } health_report { overall_health: HEALTHY } } peers { permanent_uuid: "2b466d15abba4e48b0f5be1f1247a523" member_type: VOTER last_known_addr { host: "127.11.106.194" port: 35113 } health_report { overall_health: UNKNOWN } } peers { permanent_uuid: "38627566ff894b8bb01b18c0c9fb465d" member_type: VOTER last_known_addr { host: "127.11.106.195" port: 37879 } health_report { overall_health: UNKNOWN } } }
I20260710 11:11:13.098371 12153 raft_consensus.cc:993] T a005b664677145fa8009ae3e0c309a7d P 2b466d15abba4e48b0f5be1f1247a523: : Instructing follower 38627566ff894b8bb01b18c0c9fb465d to start an election
I20260710 11:11:13.098711 12129 raft_consensus.cc:1081] T a005b664677145fa8009ae3e0c309a7d P 2b466d15abba4e48b0f5be1f1247a523 [term 2 LEADER]: Signalling peer 38627566ff894b8bb01b18c0c9fb465d to start an election
I20260710 11:11:13.099884 11976 tablet_service.cc:2044] Received Run Leader Election RPC: tablet_id: "a005b664677145fa8009ae3e0c309a7d"
dest_uuid: "38627566ff894b8bb01b18c0c9fb465d"
 from {username='slave'} at 127.0.0.1:57490
I20260710 11:11:13.100281 11976 raft_consensus.cc:493] T a005b664677145fa8009ae3e0c309a7d P 38627566ff894b8bb01b18c0c9fb465d [term 2 FOLLOWER]: Starting forced leader election (received explicit request)
I20260710 11:11:13.100535 11976 raft_consensus.cc:3060] T a005b664677145fa8009ae3e0c309a7d P 38627566ff894b8bb01b18c0c9fb465d [term 2 FOLLOWER]: Advancing to term 3
I20260710 11:11:13.104612 11976 raft_consensus.cc:515] T a005b664677145fa8009ae3e0c309a7d P 38627566ff894b8bb01b18c0c9fb465d [term 3 FOLLOWER]: Starting forced leader election with config: opid_index: -1 OBSOLETE_local: false peers { permanent_uuid: "7ac170a43d694441972d043a4163c072" member_type: VOTER last_known_addr { host: "127.11.106.193" port: 34227 } } peers { permanent_uuid: "2b466d15abba4e48b0f5be1f1247a523" member_type: VOTER last_known_addr { host: "127.11.106.194" port: 35113 } } peers { permanent_uuid: "38627566ff894b8bb01b18c0c9fb465d" member_type: VOTER last_known_addr { host: "127.11.106.195" port: 37879 } }
I20260710 11:11:13.106179 11976 leader_election.cc:290] T a005b664677145fa8009ae3e0c309a7d P 38627566ff894b8bb01b18c0c9fb465d [CANDIDATE]: Term 3 election: Requested vote from peers 7ac170a43d694441972d043a4163c072 (127.11.106.193:34227), 2b466d15abba4e48b0f5be1f1247a523 (127.11.106.194:35113)
I20260710 11:11:13.106809 11827 tablet_service.cc:1917] Received RequestConsensusVote() RPC: tablet_id: "a005b664677145fa8009ae3e0c309a7d" candidate_uuid: "38627566ff894b8bb01b18c0c9fb465d" candidate_term: 3 candidate_status { last_received { term: 2 index: 2 } } ignore_live_leader: true dest_uuid: "7ac170a43d694441972d043a4163c072"
I20260710 11:11:13.107079 11900 tablet_service.cc:1917] Received RequestConsensusVote() RPC: tablet_id: "a005b664677145fa8009ae3e0c309a7d" candidate_uuid: "38627566ff894b8bb01b18c0c9fb465d" candidate_term: 3 candidate_status { last_received { term: 2 index: 2 } } ignore_live_leader: true dest_uuid: "2b466d15abba4e48b0f5be1f1247a523"
I20260710 11:11:13.107273 11827 raft_consensus.cc:3060] T a005b664677145fa8009ae3e0c309a7d P 7ac170a43d694441972d043a4163c072 [term 2 FOLLOWER]: Advancing to term 3
I20260710 11:11:13.107493 11900 raft_consensus.cc:3055] T a005b664677145fa8009ae3e0c309a7d P 2b466d15abba4e48b0f5be1f1247a523 [term 2 LEADER]: Stepping down as leader of term 2
I20260710 11:11:13.107743 11900 raft_consensus.cc:740] T a005b664677145fa8009ae3e0c309a7d P 2b466d15abba4e48b0f5be1f1247a523 [term 2 LEADER]: Becoming Follower/Learner. State: Replica: 2b466d15abba4e48b0f5be1f1247a523, State: Running, Role: LEADER
I20260710 11:11:13.108268 11900 consensus_queue.cc:260] T a005b664677145fa8009ae3e0c309a7d P 2b466d15abba4e48b0f5be1f1247a523 [NON_LEADER]: Queue going to NON_LEADER mode. State: All replicated index: 0, Majority replicated index: 2, Committed index: 2, Last appended: 2.2, Last appended by leader: 2, Current term: 2, Majority size: -1, State: 0, Mode: NON_LEADER, active raft config: opid_index: -1 OBSOLETE_local: false peers { permanent_uuid: "7ac170a43d694441972d043a4163c072" member_type: VOTER last_known_addr { host: "127.11.106.193" port: 34227 } } peers { permanent_uuid: "2b466d15abba4e48b0f5be1f1247a523" member_type: VOTER last_known_addr { host: "127.11.106.194" port: 35113 } } peers { permanent_uuid: "38627566ff894b8bb01b18c0c9fb465d" member_type: VOTER last_known_addr { host: "127.11.106.195" port: 37879 } }
I20260710 11:11:13.108963 11900 raft_consensus.cc:3060] T a005b664677145fa8009ae3e0c309a7d P 2b466d15abba4e48b0f5be1f1247a523 [term 2 FOLLOWER]: Advancing to term 3
I20260710 11:11:13.112452 11827 raft_consensus.cc:2468] T a005b664677145fa8009ae3e0c309a7d P 7ac170a43d694441972d043a4163c072 [term 3 FOLLOWER]: Leader election vote request: Granting yes vote for candidate 38627566ff894b8bb01b18c0c9fb465d in term 3.
I20260710 11:11:13.113338 11900 raft_consensus.cc:2468] T a005b664677145fa8009ae3e0c309a7d P 2b466d15abba4e48b0f5be1f1247a523 [term 3 FOLLOWER]: Leader election vote request: Granting yes vote for candidate 38627566ff894b8bb01b18c0c9fb465d in term 3.
I20260710 11:11:13.113349 11940 leader_election.cc:304] T a005b664677145fa8009ae3e0c309a7d P 38627566ff894b8bb01b18c0c9fb465d [CANDIDATE]: Term 3 election: Election decided. Result: candidate won. Election summary: received 2 responses out of 3 voters: 2 yes votes; 0 no votes. yes voters: 38627566ff894b8bb01b18c0c9fb465d, 7ac170a43d694441972d043a4163c072; no voters: 
I20260710 11:11:13.114199 12122 raft_consensus.cc:2804] T a005b664677145fa8009ae3e0c309a7d P 38627566ff894b8bb01b18c0c9fb465d [term 3 FOLLOWER]: Leader election won for term 3
I20260710 11:11:13.114537 12122 raft_consensus.cc:697] T a005b664677145fa8009ae3e0c309a7d P 38627566ff894b8bb01b18c0c9fb465d [term 3 LEADER]: Becoming Leader. State: Replica: 38627566ff894b8bb01b18c0c9fb465d, State: Running, Role: LEADER
I20260710 11:11:13.115226 12122 consensus_queue.cc:237] T a005b664677145fa8009ae3e0c309a7d P 38627566ff894b8bb01b18c0c9fb465d [LEADER]: Queue going to LEADER mode. State: All replicated index: 0, Majority replicated index: 2, Committed index: 2, Last appended: 2.2, Last appended by leader: 2, Current term: 3, Majority size: 2, State: 0, Mode: LEADER, active raft config: opid_index: -1 OBSOLETE_local: false peers { permanent_uuid: "7ac170a43d694441972d043a4163c072" member_type: VOTER last_known_addr { host: "127.11.106.193" port: 34227 } } peers { permanent_uuid: "2b466d15abba4e48b0f5be1f1247a523" member_type: VOTER last_known_addr { host: "127.11.106.194" port: 35113 } } peers { permanent_uuid: "38627566ff894b8bb01b18c0c9fb465d" member_type: VOTER last_known_addr { host: "127.11.106.195" port: 37879 } }
I20260710 11:11:13.121071 11723 catalog_manager.cc:5697] T a005b664677145fa8009ae3e0c309a7d P 38627566ff894b8bb01b18c0c9fb465d reported cstate change: term changed from 2 to 3, leader changed from 2b466d15abba4e48b0f5be1f1247a523 (127.11.106.194) to 38627566ff894b8bb01b18c0c9fb465d (127.11.106.195). New cstate: current_term: 3 leader_uuid: "38627566ff894b8bb01b18c0c9fb465d" committed_config { opid_index: -1 OBSOLETE_local: false peers { permanent_uuid: "7ac170a43d694441972d043a4163c072" member_type: VOTER last_known_addr { host: "127.11.106.193" port: 34227 } health_report { overall_health: UNKNOWN } } peers { permanent_uuid: "2b466d15abba4e48b0f5be1f1247a523" member_type: VOTER last_known_addr { host: "127.11.106.194" port: 35113 } health_report { overall_health: UNKNOWN } } peers { permanent_uuid: "38627566ff894b8bb01b18c0c9fb465d" member_type: VOTER last_known_addr { host: "127.11.106.195" port: 37879 } health_report { overall_health: HEALTHY } } }
I20260710 11:11:13.204558 12153 raft_consensus.cc:993] T 3f75a99a886a4b499fb5a6fef8b3c8c2 P 2b466d15abba4e48b0f5be1f1247a523: : Instructing follower 7ac170a43d694441972d043a4163c072 to start an election
I20260710 11:11:13.204928 12129 raft_consensus.cc:1081] T 3f75a99a886a4b499fb5a6fef8b3c8c2 P 2b466d15abba4e48b0f5be1f1247a523 [term 2 LEADER]: Signalling peer 7ac170a43d694441972d043a4163c072 to start an election
I20260710 11:11:13.206202 11827 tablet_service.cc:2044] Received Run Leader Election RPC: tablet_id: "3f75a99a886a4b499fb5a6fef8b3c8c2"
dest_uuid: "7ac170a43d694441972d043a4163c072"
 from {username='slave'} at 127.0.0.1:56758
I20260710 11:11:13.206600 11827 raft_consensus.cc:493] T 3f75a99a886a4b499fb5a6fef8b3c8c2 P 7ac170a43d694441972d043a4163c072 [term 2 FOLLOWER]: Starting forced leader election (received explicit request)
I20260710 11:11:13.206903 11827 raft_consensus.cc:3060] T 3f75a99a886a4b499fb5a6fef8b3c8c2 P 7ac170a43d694441972d043a4163c072 [term 2 FOLLOWER]: Advancing to term 3
I20260710 11:11:13.210990 11827 raft_consensus.cc:515] T 3f75a99a886a4b499fb5a6fef8b3c8c2 P 7ac170a43d694441972d043a4163c072 [term 3 FOLLOWER]: Starting forced leader election with config: opid_index: -1 OBSOLETE_local: false peers { permanent_uuid: "7ac170a43d694441972d043a4163c072" member_type: VOTER last_known_addr { host: "127.11.106.193" port: 34227 } } peers { permanent_uuid: "2b466d15abba4e48b0f5be1f1247a523" member_type: VOTER last_known_addr { host: "127.11.106.194" port: 35113 } } peers { permanent_uuid: "38627566ff894b8bb01b18c0c9fb465d" member_type: VOTER last_known_addr { host: "127.11.106.195" port: 37879 } }
I20260710 11:11:13.212296 11827 leader_election.cc:290] T 3f75a99a886a4b499fb5a6fef8b3c8c2 P 7ac170a43d694441972d043a4163c072 [CANDIDATE]: Term 3 election: Requested vote from peers 2b466d15abba4e48b0f5be1f1247a523 (127.11.106.194:35113), 38627566ff894b8bb01b18c0c9fb465d (127.11.106.195:37879)
I20260710 11:11:13.212906 11900 tablet_service.cc:1917] Received RequestConsensusVote() RPC: tablet_id: "3f75a99a886a4b499fb5a6fef8b3c8c2" candidate_uuid: "7ac170a43d694441972d043a4163c072" candidate_term: 3 candidate_status { last_received { term: 2 index: 2 } } ignore_live_leader: true dest_uuid: "2b466d15abba4e48b0f5be1f1247a523"
I20260710 11:11:13.213193 11976 tablet_service.cc:1917] Received RequestConsensusVote() RPC: tablet_id: "3f75a99a886a4b499fb5a6fef8b3c8c2" candidate_uuid: "7ac170a43d694441972d043a4163c072" candidate_term: 3 candidate_status { last_received { term: 2 index: 2 } } ignore_live_leader: true dest_uuid: "38627566ff894b8bb01b18c0c9fb465d"
I20260710 11:11:13.213303 11900 raft_consensus.cc:3055] T 3f75a99a886a4b499fb5a6fef8b3c8c2 P 2b466d15abba4e48b0f5be1f1247a523 [term 2 LEADER]: Stepping down as leader of term 2
I20260710 11:11:13.213546 11900 raft_consensus.cc:740] T 3f75a99a886a4b499fb5a6fef8b3c8c2 P 2b466d15abba4e48b0f5be1f1247a523 [term 2 LEADER]: Becoming Follower/Learner. State: Replica: 2b466d15abba4e48b0f5be1f1247a523, State: Running, Role: LEADER
I20260710 11:11:13.213579 11976 raft_consensus.cc:3060] T 3f75a99a886a4b499fb5a6fef8b3c8c2 P 38627566ff894b8bb01b18c0c9fb465d [term 2 FOLLOWER]: Advancing to term 3
I20260710 11:11:13.214097 11900 consensus_queue.cc:260] T 3f75a99a886a4b499fb5a6fef8b3c8c2 P 2b466d15abba4e48b0f5be1f1247a523 [NON_LEADER]: Queue going to NON_LEADER mode. State: All replicated index: 0, Majority replicated index: 2, Committed index: 2, Last appended: 2.2, Last appended by leader: 2, Current term: 2, Majority size: -1, State: 0, Mode: NON_LEADER, active raft config: opid_index: -1 OBSOLETE_local: false peers { permanent_uuid: "7ac170a43d694441972d043a4163c072" member_type: VOTER last_known_addr { host: "127.11.106.193" port: 34227 } } peers { permanent_uuid: "2b466d15abba4e48b0f5be1f1247a523" member_type: VOTER last_known_addr { host: "127.11.106.194" port: 35113 } } peers { permanent_uuid: "38627566ff894b8bb01b18c0c9fb465d" member_type: VOTER last_known_addr { host: "127.11.106.195" port: 37879 } }
I20260710 11:11:13.214848 11900 raft_consensus.cc:3060] T 3f75a99a886a4b499fb5a6fef8b3c8c2 P 2b466d15abba4e48b0f5be1f1247a523 [term 2 FOLLOWER]: Advancing to term 3
I20260710 11:11:13.217641 11976 raft_consensus.cc:2468] T 3f75a99a886a4b499fb5a6fef8b3c8c2 P 38627566ff894b8bb01b18c0c9fb465d [term 3 FOLLOWER]: Leader election vote request: Granting yes vote for candidate 7ac170a43d694441972d043a4163c072 in term 3.
I20260710 11:11:13.218499 11793 leader_election.cc:304] T 3f75a99a886a4b499fb5a6fef8b3c8c2 P 7ac170a43d694441972d043a4163c072 [CANDIDATE]: Term 3 election: Election decided. Result: candidate won. Election summary: received 2 responses out of 3 voters: 2 yes votes; 0 no votes. yes voters: 38627566ff894b8bb01b18c0c9fb465d, 7ac170a43d694441972d043a4163c072; no voters: 
I20260710 11:11:13.219233 12154 raft_consensus.cc:2804] T 3f75a99a886a4b499fb5a6fef8b3c8c2 P 7ac170a43d694441972d043a4163c072 [term 3 FOLLOWER]: Leader election won for term 3
I20260710 11:11:13.219759 12154 raft_consensus.cc:697] T 3f75a99a886a4b499fb5a6fef8b3c8c2 P 7ac170a43d694441972d043a4163c072 [term 3 LEADER]: Becoming Leader. State: Replica: 7ac170a43d694441972d043a4163c072, State: Running, Role: LEADER
I20260710 11:11:13.220160 11900 raft_consensus.cc:2468] T 3f75a99a886a4b499fb5a6fef8b3c8c2 P 2b466d15abba4e48b0f5be1f1247a523 [term 3 FOLLOWER]: Leader election vote request: Granting yes vote for candidate 7ac170a43d694441972d043a4163c072 in term 3.
I20260710 11:11:13.220590 12154 consensus_queue.cc:237] T 3f75a99a886a4b499fb5a6fef8b3c8c2 P 7ac170a43d694441972d043a4163c072 [LEADER]: Queue going to LEADER mode. State: All replicated index: 0, Majority replicated index: 2, Committed index: 2, Last appended: 2.2, Last appended by leader: 2, Current term: 3, Majority size: 2, State: 0, Mode: LEADER, active raft config: opid_index: -1 OBSOLETE_local: false peers { permanent_uuid: "7ac170a43d694441972d043a4163c072" member_type: VOTER last_known_addr { host: "127.11.106.193" port: 34227 } } peers { permanent_uuid: "2b466d15abba4e48b0f5be1f1247a523" member_type: VOTER last_known_addr { host: "127.11.106.194" port: 35113 } } peers { permanent_uuid: "38627566ff894b8bb01b18c0c9fb465d" member_type: VOTER last_known_addr { host: "127.11.106.195" port: 37879 } }
I20260710 11:11:13.226289 11723 catalog_manager.cc:5697] T 3f75a99a886a4b499fb5a6fef8b3c8c2 P 7ac170a43d694441972d043a4163c072 reported cstate change: term changed from 2 to 3, leader changed from 2b466d15abba4e48b0f5be1f1247a523 (127.11.106.194) to 7ac170a43d694441972d043a4163c072 (127.11.106.193). New cstate: current_term: 3 leader_uuid: "7ac170a43d694441972d043a4163c072" committed_config { opid_index: -1 OBSOLETE_local: false peers { permanent_uuid: "7ac170a43d694441972d043a4163c072" member_type: VOTER last_known_addr { host: "127.11.106.193" port: 34227 } health_report { overall_health: HEALTHY } } peers { permanent_uuid: "2b466d15abba4e48b0f5be1f1247a523" member_type: VOTER last_known_addr { host: "127.11.106.194" port: 35113 } health_report { overall_health: UNKNOWN } } peers { permanent_uuid: "38627566ff894b8bb01b18c0c9fb465d" member_type: VOTER last_known_addr { host: "127.11.106.195" port: 37879 } health_report { overall_health: UNKNOWN } } }
I20260710 11:11:13.330451 11976 raft_consensus.cc:1275] T 5465897817b94f7dbc1730f0a866956c P 38627566ff894b8bb01b18c0c9fb465d [term 5 FOLLOWER]: Refusing update from remote peer 7ac170a43d694441972d043a4163c072: Log matching property violated. Preceding OpId in replica: term: 4 index: 4. Preceding OpId from leader: term: 5 index: 5. (index mismatch)
I20260710 11:11:13.331422 12154 consensus_queue.cc:1048] T 5465897817b94f7dbc1730f0a866956c P 7ac170a43d694441972d043a4163c072 [LEADER]: Connected to new peer: Peer: permanent_uuid: "38627566ff894b8bb01b18c0c9fb465d" member_type: VOTER last_known_addr { host: "127.11.106.195" port: 37879 }, Status: LMP_MISMATCH, Last received: 0.0, Next index: 5, Last known committed idx: 4, Time since last communication: 0.000s
I20260710 11:11:13.340986 11900 raft_consensus.cc:1275] T 5465897817b94f7dbc1730f0a866956c P 2b466d15abba4e48b0f5be1f1247a523 [term 5 FOLLOWER]: Refusing update from remote peer 7ac170a43d694441972d043a4163c072: Log matching property violated. Preceding OpId in replica: term: 4 index: 4. Preceding OpId from leader: term: 5 index: 5. (index mismatch)
I20260710 11:11:13.342209 12154 consensus_queue.cc:1048] T 5465897817b94f7dbc1730f0a866956c P 7ac170a43d694441972d043a4163c072 [LEADER]: Connected to new peer: Peer: permanent_uuid: "2b466d15abba4e48b0f5be1f1247a523" member_type: VOTER last_known_addr { host: "127.11.106.194" port: 35113 }, Status: LMP_MISMATCH, Last received: 0.0, Next index: 5, Last known committed idx: 4, Time since last communication: 0.000s
I20260710 11:11:13.404732 11900 raft_consensus.cc:1275] T aa55200b03f345c7a81ca5999cf2b7ca P 2b466d15abba4e48b0f5be1f1247a523 [term 3 FOLLOWER]: Refusing update from remote peer 38627566ff894b8bb01b18c0c9fb465d: Log matching property violated. Preceding OpId in replica: term: 2 index: 2. Preceding OpId from leader: term: 3 index: 3. (index mismatch)
I20260710 11:11:13.405771 12122 consensus_queue.cc:1048] T aa55200b03f345c7a81ca5999cf2b7ca P 38627566ff894b8bb01b18c0c9fb465d [LEADER]: Connected to new peer: Peer: permanent_uuid: "2b466d15abba4e48b0f5be1f1247a523" member_type: VOTER last_known_addr { host: "127.11.106.194" port: 35113 }, Status: LMP_MISMATCH, Last received: 0.0, Next index: 3, Last known committed idx: 2, Time since last communication: 0.000s
I20260710 11:11:13.413275 11827 raft_consensus.cc:1275] T aa55200b03f345c7a81ca5999cf2b7ca P 7ac170a43d694441972d043a4163c072 [term 3 FOLLOWER]: Refusing update from remote peer 38627566ff894b8bb01b18c0c9fb465d: Log matching property violated. Preceding OpId in replica: term: 2 index: 2. Preceding OpId from leader: term: 3 index: 3. (index mismatch)
I20260710 11:11:13.414714 12161 consensus_queue.cc:1048] T aa55200b03f345c7a81ca5999cf2b7ca P 38627566ff894b8bb01b18c0c9fb465d [LEADER]: Connected to new peer: Peer: permanent_uuid: "7ac170a43d694441972d043a4163c072" member_type: VOTER last_known_addr { host: "127.11.106.193" port: 34227 }, Status: LMP_MISMATCH, Last received: 0.0, Next index: 3, Last known committed idx: 2, Time since last communication: 0.000s
I20260710 11:11:13.561364 11900 raft_consensus.cc:1275] T 46323c498fb6467d9df5d549219e2ef8 P 2b466d15abba4e48b0f5be1f1247a523 [term 4 FOLLOWER]: Refusing update from remote peer 7ac170a43d694441972d043a4163c072: Log matching property violated. Preceding OpId in replica: term: 3 index: 3. Preceding OpId from leader: term: 4 index: 4. (index mismatch)
I20260710 11:11:13.562356 12154 consensus_queue.cc:1048] T 46323c498fb6467d9df5d549219e2ef8 P 7ac170a43d694441972d043a4163c072 [LEADER]: Connected to new peer: Peer: permanent_uuid: "2b466d15abba4e48b0f5be1f1247a523" member_type: VOTER last_known_addr { host: "127.11.106.194" port: 35113 }, Status: LMP_MISMATCH, Last received: 0.0, Next index: 4, Last known committed idx: 3, Time since last communication: 0.000s
I20260710 11:11:13.570592 11976 raft_consensus.cc:1275] T 46323c498fb6467d9df5d549219e2ef8 P 38627566ff894b8bb01b18c0c9fb465d [term 4 FOLLOWER]: Refusing update from remote peer 7ac170a43d694441972d043a4163c072: Log matching property violated. Preceding OpId in replica: term: 3 index: 3. Preceding OpId from leader: term: 4 index: 4. (index mismatch)
I20260710 11:11:13.571962 12155 consensus_queue.cc:1048] T 46323c498fb6467d9df5d549219e2ef8 P 7ac170a43d694441972d043a4163c072 [LEADER]: Connected to new peer: Peer: permanent_uuid: "38627566ff894b8bb01b18c0c9fb465d" member_type: VOTER last_known_addr { host: "127.11.106.195" port: 37879 }, Status: LMP_MISMATCH, Last received: 0.0, Next index: 4, Last known committed idx: 3, Time since last communication: 0.000s
I20260710 11:11:13.673980 11827 raft_consensus.cc:1275] T a005b664677145fa8009ae3e0c309a7d P 7ac170a43d694441972d043a4163c072 [term 3 FOLLOWER]: Refusing update from remote peer 38627566ff894b8bb01b18c0c9fb465d: Log matching property violated. Preceding OpId in replica: term: 2 index: 2. Preceding OpId from leader: term: 3 index: 3. (index mismatch)
I20260710 11:11:13.675158 12173 consensus_queue.cc:1048] T a005b664677145fa8009ae3e0c309a7d P 38627566ff894b8bb01b18c0c9fb465d [LEADER]: Connected to new peer: Peer: permanent_uuid: "7ac170a43d694441972d043a4163c072" member_type: VOTER last_known_addr { host: "127.11.106.193" port: 34227 }, Status: LMP_MISMATCH, Last received: 0.0, Next index: 3, Last known committed idx: 2, Time since last communication: 0.000s
I20260710 11:11:13.683084 11900 raft_consensus.cc:1275] T a005b664677145fa8009ae3e0c309a7d P 2b466d15abba4e48b0f5be1f1247a523 [term 3 FOLLOWER]: Refusing update from remote peer 38627566ff894b8bb01b18c0c9fb465d: Log matching property violated. Preceding OpId in replica: term: 2 index: 2. Preceding OpId from leader: term: 3 index: 3. (index mismatch)
I20260710 11:11:13.684350 12122 consensus_queue.cc:1048] T a005b664677145fa8009ae3e0c309a7d P 38627566ff894b8bb01b18c0c9fb465d [LEADER]: Connected to new peer: Peer: permanent_uuid: "2b466d15abba4e48b0f5be1f1247a523" member_type: VOTER last_known_addr { host: "127.11.106.194" port: 35113 }, Status: LMP_MISMATCH, Last received: 0.0, Next index: 3, Last known committed idx: 2, Time since last communication: 0.000s
I20260710 11:11:13.730290 11900 raft_consensus.cc:1275] T 3f75a99a886a4b499fb5a6fef8b3c8c2 P 2b466d15abba4e48b0f5be1f1247a523 [term 3 FOLLOWER]: Refusing update from remote peer 7ac170a43d694441972d043a4163c072: Log matching property violated. Preceding OpId in replica: term: 2 index: 2. Preceding OpId from leader: term: 3 index: 3. (index mismatch)
I20260710 11:11:13.731442 12155 consensus_queue.cc:1048] T 3f75a99a886a4b499fb5a6fef8b3c8c2 P 7ac170a43d694441972d043a4163c072 [LEADER]: Connected to new peer: Peer: permanent_uuid: "2b466d15abba4e48b0f5be1f1247a523" member_type: VOTER last_known_addr { host: "127.11.106.194" port: 35113 }, Status: LMP_MISMATCH, Last received: 0.0, Next index: 3, Last known committed idx: 2, Time since last communication: 0.000s
I20260710 11:11:13.738693 11976 raft_consensus.cc:1275] T 3f75a99a886a4b499fb5a6fef8b3c8c2 P 38627566ff894b8bb01b18c0c9fb465d [term 3 FOLLOWER]: Refusing update from remote peer 7ac170a43d694441972d043a4163c072: Log matching property violated. Preceding OpId in replica: term: 2 index: 2. Preceding OpId from leader: term: 3 index: 3. (index mismatch)
I20260710 11:11:13.740347 12154 consensus_queue.cc:1048] T 3f75a99a886a4b499fb5a6fef8b3c8c2 P 7ac170a43d694441972d043a4163c072 [LEADER]: Connected to new peer: Peer: permanent_uuid: "38627566ff894b8bb01b18c0c9fb465d" member_type: VOTER last_known_addr { host: "127.11.106.195" port: 37879 }, Status: LMP_MISMATCH, Last received: 0.0, Next index: 3, Last known committed idx: 2, Time since last communication: 0.000s
I20260710 11:11:13.773278 11691 auto_leader_rebalancer.cc:141] leader rebalance for table test-workload
I20260710 11:11:13.778458 11691 tablet_server.cc:179] TabletServer@127.11.106.193:0 shutting down...
I20260710 11:11:13.803934 11691 ts_tablet_manager.cc:1507] Shutting down tablet manager...
I20260710 11:11:13.804572 11691 tablet_replica.cc:333] T a005b664677145fa8009ae3e0c309a7d P 7ac170a43d694441972d043a4163c072: stopping tablet replica
I20260710 11:11:13.805210 11691 raft_consensus.cc:2243] T a005b664677145fa8009ae3e0c309a7d P 7ac170a43d694441972d043a4163c072 [term 3 FOLLOWER]: Raft consensus shutting down.
I20260710 11:11:13.805680 11691 raft_consensus.cc:2272] T a005b664677145fa8009ae3e0c309a7d P 7ac170a43d694441972d043a4163c072 [term 3 FOLLOWER]: Raft consensus is shut down!
I20260710 11:11:13.808073 11691 tablet_replica.cc:333] T 3f75a99a886a4b499fb5a6fef8b3c8c2 P 7ac170a43d694441972d043a4163c072: stopping tablet replica
I20260710 11:11:13.808557 11691 raft_consensus.cc:2243] T 3f75a99a886a4b499fb5a6fef8b3c8c2 P 7ac170a43d694441972d043a4163c072 [term 3 LEADER]: Raft consensus shutting down.
I20260710 11:11:13.809181 11691 raft_consensus.cc:2272] T 3f75a99a886a4b499fb5a6fef8b3c8c2 P 7ac170a43d694441972d043a4163c072 [term 3 FOLLOWER]: Raft consensus is shut down!
I20260710 11:11:13.810894 11691 tablet_replica.cc:333] T 46323c498fb6467d9df5d549219e2ef8 P 7ac170a43d694441972d043a4163c072: stopping tablet replica
I20260710 11:11:13.811337 11691 raft_consensus.cc:2243] T 46323c498fb6467d9df5d549219e2ef8 P 7ac170a43d694441972d043a4163c072 [term 4 LEADER]: Raft consensus shutting down.
I20260710 11:11:13.811935 11691 raft_consensus.cc:2272] T 46323c498fb6467d9df5d549219e2ef8 P 7ac170a43d694441972d043a4163c072 [term 4 FOLLOWER]: Raft consensus is shut down!
I20260710 11:11:13.813601 11691 tablet_replica.cc:333] T aa55200b03f345c7a81ca5999cf2b7ca P 7ac170a43d694441972d043a4163c072: stopping tablet replica
I20260710 11:11:13.814029 11691 raft_consensus.cc:2243] T aa55200b03f345c7a81ca5999cf2b7ca P 7ac170a43d694441972d043a4163c072 [term 3 FOLLOWER]: Raft consensus shutting down.
I20260710 11:11:13.814378 11691 raft_consensus.cc:2272] T aa55200b03f345c7a81ca5999cf2b7ca P 7ac170a43d694441972d043a4163c072 [term 3 FOLLOWER]: Raft consensus is shut down!
I20260710 11:11:13.816059 11691 tablet_replica.cc:333] T 5f58c37600b94451a30f0005d1495b41 P 7ac170a43d694441972d043a4163c072: stopping tablet replica
I20260710 11:11:13.816501 11691 raft_consensus.cc:2243] T 5f58c37600b94451a30f0005d1495b41 P 7ac170a43d694441972d043a4163c072 [term 1 FOLLOWER]: Raft consensus shutting down.
I20260710 11:11:13.816871 11691 raft_consensus.cc:2272] T 5f58c37600b94451a30f0005d1495b41 P 7ac170a43d694441972d043a4163c072 [term 1 FOLLOWER]: Raft consensus is shut down!
I20260710 11:11:13.818306 11691 tablet_replica.cc:333] T ef05b42b6c5043099ba8935f468f8c3c P 7ac170a43d694441972d043a4163c072: stopping tablet replica
I20260710 11:11:13.818735 11691 raft_consensus.cc:2243] T ef05b42b6c5043099ba8935f468f8c3c P 7ac170a43d694441972d043a4163c072 [term 2 FOLLOWER]: Raft consensus shutting down.
I20260710 11:11:13.819098 11691 raft_consensus.cc:2272] T ef05b42b6c5043099ba8935f468f8c3c P 7ac170a43d694441972d043a4163c072 [term 2 FOLLOWER]: Raft consensus is shut down!
I20260710 11:11:13.820536 11691 tablet_replica.cc:333] T 5465897817b94f7dbc1730f0a866956c P 7ac170a43d694441972d043a4163c072: stopping tablet replica
I20260710 11:11:13.820931 11691 raft_consensus.cc:2243] T 5465897817b94f7dbc1730f0a866956c P 7ac170a43d694441972d043a4163c072 [term 5 LEADER]: Raft consensus shutting down.
I20260710 11:11:13.821532 11691 raft_consensus.cc:2272] T 5465897817b94f7dbc1730f0a866956c P 7ac170a43d694441972d043a4163c072 [term 5 FOLLOWER]: Raft consensus is shut down!
I20260710 11:11:13.823153 11691 tablet_replica.cc:333] T ba4eab9e9089417ebd29dd48894337e4 P 7ac170a43d694441972d043a4163c072: stopping tablet replica
I20260710 11:11:13.823554 11691 raft_consensus.cc:2243] T ba4eab9e9089417ebd29dd48894337e4 P 7ac170a43d694441972d043a4163c072 [term 3 FOLLOWER]: Raft consensus shutting down.
I20260710 11:11:13.823892 11691 raft_consensus.cc:2272] T ba4eab9e9089417ebd29dd48894337e4 P 7ac170a43d694441972d043a4163c072 [term 3 FOLLOWER]: Raft consensus is shut down!
I20260710 11:11:13.825245 11691 tablet_replica.cc:333] T ed0f270c34cd400ca4dbd10b209b9884 P 7ac170a43d694441972d043a4163c072: stopping tablet replica
I20260710 11:11:13.825613 11691 raft_consensus.cc:2243] T ed0f270c34cd400ca4dbd10b209b9884 P 7ac170a43d694441972d043a4163c072 [term 2 FOLLOWER]: Raft consensus shutting down.
I20260710 11:11:13.825948 11691 raft_consensus.cc:2272] T ed0f270c34cd400ca4dbd10b209b9884 P 7ac170a43d694441972d043a4163c072 [term 2 FOLLOWER]: Raft consensus is shut down!
I20260710 11:11:13.909003 11691 tablet_server.cc:196] TabletServer@127.11.106.193:0 shutdown complete.
W20260710 11:11:13.924011 11866 proxy.cc:239] Call had error, refreshing address and retrying: Network error: Client connection negotiation failed: client connection to 127.11.106.193:34227: connect: Connection refused (error 111)
I20260710 11:11:13.926901 11691 tablet_server.cc:179] TabletServer@127.11.106.194:0 shutting down...
W20260710 11:11:13.927775 11866 consensus_peers.cc:597] T ba4eab9e9089417ebd29dd48894337e4 P 2b466d15abba4e48b0f5be1f1247a523 -> Peer 7ac170a43d694441972d043a4163c072 (127.11.106.193:34227): Couldn't send request to peer 7ac170a43d694441972d043a4163c072. Status: Network error: Client connection negotiation failed: client connection to 127.11.106.193:34227: connect: Connection refused (error 111). This is attempt 1: this message will repeat every 5th retry.
I20260710 11:11:13.946593 11691 ts_tablet_manager.cc:1507] Shutting down tablet manager...
I20260710 11:11:13.947176 11691 tablet_replica.cc:333] T 3f75a99a886a4b499fb5a6fef8b3c8c2 P 2b466d15abba4e48b0f5be1f1247a523: stopping tablet replica
I20260710 11:11:13.947710 11691 raft_consensus.cc:2243] T 3f75a99a886a4b499fb5a6fef8b3c8c2 P 2b466d15abba4e48b0f5be1f1247a523 [term 3 FOLLOWER]: Raft consensus shutting down.
I20260710 11:11:13.948107 11691 raft_consensus.cc:2272] T 3f75a99a886a4b499fb5a6fef8b3c8c2 P 2b466d15abba4e48b0f5be1f1247a523 [term 3 FOLLOWER]: Raft consensus is shut down!
I20260710 11:11:13.949913 11691 tablet_replica.cc:333] T ef05b42b6c5043099ba8935f468f8c3c P 2b466d15abba4e48b0f5be1f1247a523: stopping tablet replica
I20260710 11:11:13.950357 11691 raft_consensus.cc:2243] T ef05b42b6c5043099ba8935f468f8c3c P 2b466d15abba4e48b0f5be1f1247a523 [term 2 FOLLOWER]: Raft consensus shutting down.
I20260710 11:11:13.950721 11691 raft_consensus.cc:2272] T ef05b42b6c5043099ba8935f468f8c3c P 2b466d15abba4e48b0f5be1f1247a523 [term 2 FOLLOWER]: Raft consensus is shut down!
I20260710 11:11:13.952230 11691 tablet_replica.cc:333] T 5f58c37600b94451a30f0005d1495b41 P 2b466d15abba4e48b0f5be1f1247a523: stopping tablet replica
I20260710 11:11:13.952647 11691 raft_consensus.cc:2243] T 5f58c37600b94451a30f0005d1495b41 P 2b466d15abba4e48b0f5be1f1247a523 [term 1 LEADER]: Raft consensus shutting down.
I20260710 11:11:13.953238 11691 raft_consensus.cc:2272] T 5f58c37600b94451a30f0005d1495b41 P 2b466d15abba4e48b0f5be1f1247a523 [term 1 FOLLOWER]: Raft consensus is shut down!
I20260710 11:11:13.954627 11691 tablet_replica.cc:333] T 5465897817b94f7dbc1730f0a866956c P 2b466d15abba4e48b0f5be1f1247a523: stopping tablet replica
I20260710 11:11:13.955070 11691 raft_consensus.cc:2243] T 5465897817b94f7dbc1730f0a866956c P 2b466d15abba4e48b0f5be1f1247a523 [term 5 FOLLOWER]: Raft consensus shutting down.
I20260710 11:11:13.955394 11691 raft_consensus.cc:2272] T 5465897817b94f7dbc1730f0a866956c P 2b466d15abba4e48b0f5be1f1247a523 [term 5 FOLLOWER]: Raft consensus is shut down!
I20260710 11:11:13.957271 11691 tablet_replica.cc:333] T ed0f270c34cd400ca4dbd10b209b9884 P 2b466d15abba4e48b0f5be1f1247a523: stopping tablet replica
I20260710 11:11:13.957705 11691 raft_consensus.cc:2243] T ed0f270c34cd400ca4dbd10b209b9884 P 2b466d15abba4e48b0f5be1f1247a523 [term 2 LEADER]: Raft consensus shutting down.
I20260710 11:11:13.958334 11691 raft_consensus.cc:2272] T ed0f270c34cd400ca4dbd10b209b9884 P 2b466d15abba4e48b0f5be1f1247a523 [term 2 FOLLOWER]: Raft consensus is shut down!
I20260710 11:11:13.959767 11691 tablet_replica.cc:333] T aa55200b03f345c7a81ca5999cf2b7ca P 2b466d15abba4e48b0f5be1f1247a523: stopping tablet replica
I20260710 11:11:13.960176 11691 raft_consensus.cc:2243] T aa55200b03f345c7a81ca5999cf2b7ca P 2b466d15abba4e48b0f5be1f1247a523 [term 3 FOLLOWER]: Raft consensus shutting down.
I20260710 11:11:13.960512 11691 raft_consensus.cc:2272] T aa55200b03f345c7a81ca5999cf2b7ca P 2b466d15abba4e48b0f5be1f1247a523 [term 3 FOLLOWER]: Raft consensus is shut down!
I20260710 11:11:13.962255 11691 tablet_replica.cc:333] T 46323c498fb6467d9df5d549219e2ef8 P 2b466d15abba4e48b0f5be1f1247a523: stopping tablet replica
I20260710 11:11:13.962664 11691 raft_consensus.cc:2243] T 46323c498fb6467d9df5d549219e2ef8 P 2b466d15abba4e48b0f5be1f1247a523 [term 4 FOLLOWER]: Raft consensus shutting down.
I20260710 11:11:13.963050 11691 raft_consensus.cc:2272] T 46323c498fb6467d9df5d549219e2ef8 P 2b466d15abba4e48b0f5be1f1247a523 [term 4 FOLLOWER]: Raft consensus is shut down!
I20260710 11:11:13.964680 11691 tablet_replica.cc:333] T ba4eab9e9089417ebd29dd48894337e4 P 2b466d15abba4e48b0f5be1f1247a523: stopping tablet replica
I20260710 11:11:13.965075 11691 raft_consensus.cc:2243] T ba4eab9e9089417ebd29dd48894337e4 P 2b466d15abba4e48b0f5be1f1247a523 [term 3 LEADER]: Raft consensus shutting down.
I20260710 11:11:13.965667 11691 raft_consensus.cc:2272] T ba4eab9e9089417ebd29dd48894337e4 P 2b466d15abba4e48b0f5be1f1247a523 [term 3 FOLLOWER]: Raft consensus is shut down!
I20260710 11:11:13.967172 11691 tablet_replica.cc:333] T a005b664677145fa8009ae3e0c309a7d P 2b466d15abba4e48b0f5be1f1247a523: stopping tablet replica
I20260710 11:11:13.967558 11691 raft_consensus.cc:2243] T a005b664677145fa8009ae3e0c309a7d P 2b466d15abba4e48b0f5be1f1247a523 [term 3 FOLLOWER]: Raft consensus shutting down.
I20260710 11:11:13.967898 11691 raft_consensus.cc:2272] T a005b664677145fa8009ae3e0c309a7d P 2b466d15abba4e48b0f5be1f1247a523 [term 3 FOLLOWER]: Raft consensus is shut down!
I20260710 11:11:13.992003 11691 tablet_server.cc:196] TabletServer@127.11.106.194:0 shutdown complete.
I20260710 11:11:14.006485 11691 tablet_server.cc:179] TabletServer@127.11.106.195:0 shutting down...
W20260710 11:11:14.017258 11940 consensus_peers.cc:597] T aa55200b03f345c7a81ca5999cf2b7ca P 38627566ff894b8bb01b18c0c9fb465d -> Peer 7ac170a43d694441972d043a4163c072 (127.11.106.193:34227): Couldn't send request to peer 7ac170a43d694441972d043a4163c072. Status: Network error: Client connection negotiation failed: client connection to 127.11.106.193:34227: connect: Connection refused (error 111). This is attempt 1: this message will repeat every 5th retry.
I20260710 11:11:14.028878 11691 ts_tablet_manager.cc:1507] Shutting down tablet manager...
I20260710 11:11:14.029423 11691 tablet_replica.cc:333] T 3f75a99a886a4b499fb5a6fef8b3c8c2 P 38627566ff894b8bb01b18c0c9fb465d: stopping tablet replica
I20260710 11:11:14.029920 11691 raft_consensus.cc:2243] T 3f75a99a886a4b499fb5a6fef8b3c8c2 P 38627566ff894b8bb01b18c0c9fb465d [term 3 FOLLOWER]: Raft consensus shutting down.
I20260710 11:11:14.030323 11691 raft_consensus.cc:2272] T 3f75a99a886a4b499fb5a6fef8b3c8c2 P 38627566ff894b8bb01b18c0c9fb465d [term 3 FOLLOWER]: Raft consensus is shut down!
I20260710 11:11:14.032126 11691 tablet_replica.cc:333] T a005b664677145fa8009ae3e0c309a7d P 38627566ff894b8bb01b18c0c9fb465d: stopping tablet replica
I20260710 11:11:14.032578 11691 raft_consensus.cc:2243] T a005b664677145fa8009ae3e0c309a7d P 38627566ff894b8bb01b18c0c9fb465d [term 3 LEADER]: Raft consensus shutting down.
I20260710 11:11:14.033187 11691 raft_consensus.cc:2272] T a005b664677145fa8009ae3e0c309a7d P 38627566ff894b8bb01b18c0c9fb465d [term 3 FOLLOWER]: Raft consensus is shut down!
I20260710 11:11:14.035140 11691 tablet_replica.cc:333] T ba4eab9e9089417ebd29dd48894337e4 P 38627566ff894b8bb01b18c0c9fb465d: stopping tablet replica
I20260710 11:11:14.035645 11691 raft_consensus.cc:2243] T ba4eab9e9089417ebd29dd48894337e4 P 38627566ff894b8bb01b18c0c9fb465d [term 3 FOLLOWER]: Raft consensus shutting down.
I20260710 11:11:14.035998 11691 raft_consensus.cc:2272] T ba4eab9e9089417ebd29dd48894337e4 P 38627566ff894b8bb01b18c0c9fb465d [term 3 FOLLOWER]: Raft consensus is shut down!
I20260710 11:11:14.037410 11691 tablet_replica.cc:333] T ef05b42b6c5043099ba8935f468f8c3c P 38627566ff894b8bb01b18c0c9fb465d: stopping tablet replica
I20260710 11:11:14.037829 11691 raft_consensus.cc:2243] T ef05b42b6c5043099ba8935f468f8c3c P 38627566ff894b8bb01b18c0c9fb465d [term 2 LEADER]: Raft consensus shutting down.
I20260710 11:11:14.038465 11691 raft_consensus.cc:2272] T ef05b42b6c5043099ba8935f468f8c3c P 38627566ff894b8bb01b18c0c9fb465d [term 2 FOLLOWER]: Raft consensus is shut down!
I20260710 11:11:14.040032 11691 tablet_replica.cc:333] T 5465897817b94f7dbc1730f0a866956c P 38627566ff894b8bb01b18c0c9fb465d: stopping tablet replica
I20260710 11:11:14.040524 11691 raft_consensus.cc:2243] T 5465897817b94f7dbc1730f0a866956c P 38627566ff894b8bb01b18c0c9fb465d [term 5 FOLLOWER]: Raft consensus shutting down.
I20260710 11:11:14.040875 11691 raft_consensus.cc:2272] T 5465897817b94f7dbc1730f0a866956c P 38627566ff894b8bb01b18c0c9fb465d [term 5 FOLLOWER]: Raft consensus is shut down!
I20260710 11:11:14.042516 11691 tablet_replica.cc:333] T 5f58c37600b94451a30f0005d1495b41 P 38627566ff894b8bb01b18c0c9fb465d: stopping tablet replica
I20260710 11:11:14.042959 11691 raft_consensus.cc:2243] T 5f58c37600b94451a30f0005d1495b41 P 38627566ff894b8bb01b18c0c9fb465d [term 1 FOLLOWER]: Raft consensus shutting down.
I20260710 11:11:14.043292 11691 raft_consensus.cc:2272] T 5f58c37600b94451a30f0005d1495b41 P 38627566ff894b8bb01b18c0c9fb465d [term 1 FOLLOWER]: Raft consensus is shut down!
I20260710 11:11:14.044706 11691 tablet_replica.cc:333] T ed0f270c34cd400ca4dbd10b209b9884 P 38627566ff894b8bb01b18c0c9fb465d: stopping tablet replica
I20260710 11:11:14.045094 11691 raft_consensus.cc:2243] T ed0f270c34cd400ca4dbd10b209b9884 P 38627566ff894b8bb01b18c0c9fb465d [term 2 FOLLOWER]: Raft consensus shutting down.
I20260710 11:11:14.045426 11691 raft_consensus.cc:2272] T ed0f270c34cd400ca4dbd10b209b9884 P 38627566ff894b8bb01b18c0c9fb465d [term 2 FOLLOWER]: Raft consensus is shut down!
I20260710 11:11:14.046737 11691 tablet_replica.cc:333] T aa55200b03f345c7a81ca5999cf2b7ca P 38627566ff894b8bb01b18c0c9fb465d: stopping tablet replica
I20260710 11:11:14.047165 11691 raft_consensus.cc:2243] T aa55200b03f345c7a81ca5999cf2b7ca P 38627566ff894b8bb01b18c0c9fb465d [term 3 LEADER]: Raft consensus shutting down.
I20260710 11:11:14.047783 11691 raft_consensus.cc:2272] T aa55200b03f345c7a81ca5999cf2b7ca P 38627566ff894b8bb01b18c0c9fb465d [term 3 FOLLOWER]: Raft consensus is shut down!
I20260710 11:11:14.049351 11691 tablet_replica.cc:333] T 46323c498fb6467d9df5d549219e2ef8 P 38627566ff894b8bb01b18c0c9fb465d: stopping tablet replica
I20260710 11:11:14.049739 11691 raft_consensus.cc:2243] T 46323c498fb6467d9df5d549219e2ef8 P 38627566ff894b8bb01b18c0c9fb465d [term 4 FOLLOWER]: Raft consensus shutting down.
I20260710 11:11:14.050083 11691 raft_consensus.cc:2272] T 46323c498fb6467d9df5d549219e2ef8 P 38627566ff894b8bb01b18c0c9fb465d [term 4 FOLLOWER]: Raft consensus is shut down!
I20260710 11:11:14.073940 11691 tablet_server.cc:196] TabletServer@127.11.106.195:0 shutdown complete.
I20260710 11:11:14.088681 11691 master.cc:562] Master@127.11.106.254:34693 shutting down...
I20260710 11:11:14.272187 11691 raft_consensus.cc:2243] T 00000000000000000000000000000000 P ee222a97f20f43e58140645bbfa1253f [term 1 LEADER]: Raft consensus shutting down.
I20260710 11:11:14.272662 11691 raft_consensus.cc:2272] T 00000000000000000000000000000000 P ee222a97f20f43e58140645bbfa1253f [term 1 FOLLOWER]: Raft consensus is shut down!
I20260710 11:11:14.272939 11691 tablet_replica.cc:333] T 00000000000000000000000000000000 P ee222a97f20f43e58140645bbfa1253f: stopping tablet replica
I20260710 11:11:14.290984 11691 master.cc:584] Master@127.11.106.254:34693 shutdown complete.
2b466d15abba4e48b0f5be1f1247a523  4
38627566ff894b8bb01b18c0c9fb465d  1
7ac170a43d694441972d043a4163c072  4
[       OK ] LeaderRebalancerTest.FunctionalTestForDivided (12213 ms)
[ RUN      ] LeaderRebalancerTest.FunctionalTestForNotDivided
I20260710 11:11:14.325814 11691 internal_mini_cluster.cc:156] Creating distributed mini masters. Addrs: 127.11.106.254:37483
I20260710 11:11:14.326871 11691 file_cache.cc:504] Constructed file cache file cache with capacity 419430
W20260710 11:11:14.331406 12187 instance_detector.cc:116] could not retrieve AWS instance metadata: Network error: curl error: HTTP response code said error: The requested URL returned error: 404
W20260710 11:11:14.331970 12188 instance_detector.cc:116] could not retrieve Azure instance metadata: Network error: curl error: HTTP response code said error: The requested URL returned error: 404
W20260710 11:11:14.332929 12190 instance_detector.cc:116] could not retrieve OpenStack instance metadata: Network error: curl error: HTTP response code said error: The requested URL returned error: 404
I20260710 11:11:14.334116 11691 server_base.cc:1061] running on GCE node
I20260710 11:11:14.334910 11691 hybrid_clock.cc:584] initializing the hybrid clock with 'system_unsync' time source
W20260710 11:11:14.335085 11691 system_unsync_time.cc:38] NTP support is disabled. Clock error bounds will not be accurate. This configuration is not suitable for distributed clusters.
I20260710 11:11:14.335222 11691 hybrid_clock.cc:648] HybridClock initialized: now 1783681874335209 us; error 0 us; skew 500 ppm
I20260710 11:11:14.335716 11691 server_base.cc:861] Flag tcmalloc_max_total_thread_cache_bytes is not working since tcmalloc is not enabled.
I20260710 11:11:14.337848 11691 webserver.cc:533] Webserver started at http://127.11.106.254:37549/ using document root <none> and password file <none>
I20260710 11:11:14.338290 11691 fs_manager.cc:362] Metadata directory not provided
I20260710 11:11:14.338447 11691 fs_manager.cc:368] Using write-ahead log directory (fs_wal_dir) as metadata directory
I20260710 11:11:14.338687 11691 server_base.cc:909] This appears to be a new deployment of Kudu; creating new FS layout
I20260710 11:11:14.339733 11691 fs_manager.cc:1068] Generated new instance metadata in path /tmp/dist-test-taskLkT0Cj/test-tmp/auto_leader_rebalancer-test.0.LeaderRebalancerTest.FunctionalTestForNotDivided.1783681861959464-11691-0/minicluster-data/master-0-root/instance:
uuid: "d5d36f9e762b4cbdad9f5c7910e43596"
format_stamp: "Formatted at 2026-07-10 11:11:14 on dist-test-slave-dw27"
I20260710 11:11:14.343617 11691 fs_manager.cc:696] Time spent creating directory manager: real 0.003s	user 0.004s	sys 0.000s
I20260710 11:11:14.346508 12195 log_block_manager.cc:4127] Time spent loading block containers with low live blocks: real 0.000s	user 0.000s	sys 0.000s
I20260710 11:11:14.347194 11691 fs_manager.cc:730] Time spent opening block manager: real 0.002s	user 0.003s	sys 0.000s
I20260710 11:11:14.347442 11691 fs_manager.cc:647] Opened local filesystem: /tmp/dist-test-taskLkT0Cj/test-tmp/auto_leader_rebalancer-test.0.LeaderRebalancerTest.FunctionalTestForNotDivided.1783681861959464-11691-0/minicluster-data/master-0-root
uuid: "d5d36f9e762b4cbdad9f5c7910e43596"
format_stamp: "Formatted at 2026-07-10 11:11:14 on dist-test-slave-dw27"
I20260710 11:11:14.347678 11691 fs_report.cc:389] FS layout report
--------------------
wal directory: /tmp/dist-test-taskLkT0Cj/test-tmp/auto_leader_rebalancer-test.0.LeaderRebalancerTest.FunctionalTestForNotDivided.1783681861959464-11691-0/minicluster-data/master-0-root
metadata directory: /tmp/dist-test-taskLkT0Cj/test-tmp/auto_leader_rebalancer-test.0.LeaderRebalancerTest.FunctionalTestForNotDivided.1783681861959464-11691-0/minicluster-data/master-0-root
1 data directories: /tmp/dist-test-taskLkT0Cj/test-tmp/auto_leader_rebalancer-test.0.LeaderRebalancerTest.FunctionalTestForNotDivided.1783681861959464-11691-0/minicluster-data/master-0-root/data
Total live blocks: 0
Total live bytes: 0
Total live bytes (after alignment): 0
Total number of LBM containers: 0 (0 full)
Did not check for missing blocks
Did not check for orphaned blocks
Total full LBM containers with extra space: 0 (0 repaired)
Total full LBM container extra space in bytes: 0 (0 repaired)
Total incomplete LBM containers: 0 (0 repaired)
Total LBM partial records: 0 (0 repaired)
Total corrupted LBM metadata records in RocksDB: 0 (0 repaired)
I20260710 11:11:14.370731 11691 rpc_server.cc:225] running with OpenSSL 1.1.1  11 Sep 2018
I20260710 11:11:14.371816 11691 kserver.cc:163] Server-wide thread pool size limit: 3276
I20260710 11:11:14.406417 11691 rpc_server.cc:307] RPC server started. Bound to: 127.11.106.254:37483
I20260710 11:11:14.406534 12246 acceptor_pool.cc:272] collecting diagnostics on the listening RPC socket 127.11.106.254:37483 every 8 connection(s)
I20260710 11:11:14.409914 12247 data_dirs.cc:400] Could only allocate 1 dirs of requested 3 for tablet 00000000000000000000000000000000. 1 dirs total, 0 dirs full, 0 dirs failed
I20260710 11:11:14.418401 12247 tablet_bootstrap.cc:492] T 00000000000000000000000000000000 P d5d36f9e762b4cbdad9f5c7910e43596: Bootstrap starting.
