I20260710 11:11:29.283257  5852 raft_consensus.cc:2393] T 10e30db9f8834f32ab3aaca5e30e84d3 P 7460f27c12384947bb05bedb8431ac91 [term 1 FOLLOWER]: Leader pre-election vote request: Denying vote to candidate 620f379f04e24966ae7d41b892ceacc5 in current term 1: Already voted for candidate ab8dbc5c8b464d4e88ff7499564dc672 in this term.
I20260710 11:11:29.284946  6102 leader_election.cc:290] T 10e30db9f8834f32ab3aaca5e30e84d3 P 620f379f04e24966ae7d41b892ceacc5 [CANDIDATE]: Term 1 pre-election: Requested pre-vote from peers ab8dbc5c8b464d4e88ff7499564dc672 (127.4.136.65:41225), 7460f27c12384947bb05bedb8431ac91 (127.4.136.66:40497)
I20260710 11:11:29.261483  6070 consensus_queue.cc:1048] T 8b94da26840641959cb240bc4ffc37fc P ab8dbc5c8b464d4e88ff7499564dc672 [LEADER]: Connected to new peer: Peer: permanent_uuid: "7460f27c12384947bb05bedb8431ac91" member_type: VOTER last_known_addr { host: "127.4.136.66" port: 40497 }, Status: LMP_MISMATCH, Last received: 0.0, Next index: 1, Last known committed idx: 0, Time since last communication: 0.025s
I20260710 11:11:29.291801  5970 tablet_bootstrap.cc:492] T a89742b35f6e4365894477c3c24ae3de P ab8dbc5c8b464d4e88ff7499564dc672: No bootstrap required, opened a new log
I20260710 11:11:29.292320  5970 ts_tablet_manager.cc:1403] T a89742b35f6e4365894477c3c24ae3de P ab8dbc5c8b464d4e88ff7499564dc672: Time spent bootstrapping tablet: real 0.027s	user 0.007s	sys 0.010s
I20260710 11:11:29.293764  5745 leader_election.cc:304] T e5b6811504f34abe9e234b0e9726b1b2 P ab8dbc5c8b464d4e88ff7499564dc672 [CANDIDATE]: Term 1 election: Election decided. Result: candidate won. Election summary: received 2 responses out of 3 voters: 2 yes votes; 0 no votes. yes voters: 7460f27c12384947bb05bedb8431ac91, ab8dbc5c8b464d4e88ff7499564dc672; no voters: 
I20260710 11:11:29.296509  5969 tablet_bootstrap.cc:492] T d3e7f84771c14304b075b371754ea05f P 620f379f04e24966ae7d41b892ceacc5: No bootstrap required, opened a new log
I20260710 11:11:29.296986  5969 ts_tablet_manager.cc:1403] T d3e7f84771c14304b075b371754ea05f P 620f379f04e24966ae7d41b892ceacc5: Time spent bootstrapping tablet: real 0.094s	user 0.006s	sys 0.005s
I20260710 11:11:29.298336  6004 raft_consensus.cc:493] T c317e38767954b9da1a138918cb58a85 P 7460f27c12384947bb05bedb8431ac91 [term 0 FOLLOWER]: Starting pre-election (no leader contacted us within the election timeout)
I20260710 11:11:29.298553  5975 raft_consensus.cc:2804] T e5b6811504f34abe9e234b0e9726b1b2 P ab8dbc5c8b464d4e88ff7499564dc672 [term 1 FOLLOWER]: Leader election won for term 1
I20260710 11:11:29.299103  5975 raft_consensus.cc:697] T e5b6811504f34abe9e234b0e9726b1b2 P ab8dbc5c8b464d4e88ff7499564dc672 [term 1 LEADER]: Becoming Leader. State: Replica: ab8dbc5c8b464d4e88ff7499564dc672, State: Running, Role: LEADER
I20260710 11:11:29.298858  6004 raft_consensus.cc:515] T c317e38767954b9da1a138918cb58a85 P 7460f27c12384947bb05bedb8431ac91 [term 0 FOLLOWER]: Starting pre-election with config: opid_index: -1 OBSOLETE_local: false peers { permanent_uuid: "ab8dbc5c8b464d4e88ff7499564dc672" member_type: VOTER last_known_addr { host: "127.4.136.65" port: 41225 } } peers { permanent_uuid: "7460f27c12384947bb05bedb8431ac91" member_type: VOTER last_known_addr { host: "127.4.136.66" port: 40497 } } peers { permanent_uuid: "620f379f04e24966ae7d41b892ceacc5" member_type: VOTER last_known_addr { host: "127.4.136.67" port: 35555 } }
I20260710 11:11:29.299943  5975 consensus_queue.cc:237] T e5b6811504f34abe9e234b0e9726b1b2 P ab8dbc5c8b464d4e88ff7499564dc672 [LEADER]: Queue going to LEADER mode. State: All replicated index: 0, Majority replicated index: 0, Committed index: 0, Last appended: 0.0, Last appended by leader: 0, Current term: 1, Majority size: 2, State: 0, Mode: LEADER, active raft config: opid_index: -1 OBSOLETE_local: false peers { permanent_uuid: "ab8dbc5c8b464d4e88ff7499564dc672" member_type: VOTER last_known_addr { host: "127.4.136.65" port: 41225 } } peers { permanent_uuid: "7460f27c12384947bb05bedb8431ac91" member_type: VOTER last_known_addr { host: "127.4.136.66" port: 40497 } } peers { permanent_uuid: "620f379f04e24966ae7d41b892ceacc5" member_type: VOTER last_known_addr { host: "127.4.136.67" port: 35555 } }
I20260710 11:11:29.304584  5926 tablet_service.cc:1917] Received RequestConsensusVote() RPC: tablet_id: "c317e38767954b9da1a138918cb58a85" candidate_uuid: "7460f27c12384947bb05bedb8431ac91" candidate_term: 1 candidate_status { last_received { term: 0 index: 0 } } ignore_live_leader: false dest_uuid: "620f379f04e24966ae7d41b892ceacc5" is_pre_election: true
I20260710 11:11:29.305197  5926 raft_consensus.cc:2468] T c317e38767954b9da1a138918cb58a85 P 620f379f04e24966ae7d41b892ceacc5 [term 0 FOLLOWER]: Leader pre-election vote request: Granting yes vote for candidate 7460f27c12384947bb05bedb8431ac91 in term 0.
I20260710 11:11:29.305390  5970 raft_consensus.cc:359] T a89742b35f6e4365894477c3c24ae3de P ab8dbc5c8b464d4e88ff7499564dc672 [term 0 FOLLOWER]: Replica starting. Triggering 0 pending ops. Active config: opid_index: -1 OBSOLETE_local: false peers { permanent_uuid: "ab8dbc5c8b464d4e88ff7499564dc672" member_type: VOTER last_known_addr { host: "127.4.136.65" port: 41225 } } peers { permanent_uuid: "7460f27c12384947bb05bedb8431ac91" member_type: VOTER last_known_addr { host: "127.4.136.66" port: 40497 } } peers { permanent_uuid: "620f379f04e24966ae7d41b892ceacc5" member_type: VOTER last_known_addr { host: "127.4.136.67" port: 35555 } }
I20260710 11:11:29.299021  5745 leader_election.cc:304] T fc6dfd165bff4bd58ff72bd861cd292f P ab8dbc5c8b464d4e88ff7499564dc672 [CANDIDATE]: Term 1 election: Election decided. Result: candidate won. Election summary: received 2 responses out of 3 voters: 2 yes votes; 0 no votes. yes voters: 7460f27c12384947bb05bedb8431ac91, ab8dbc5c8b464d4e88ff7499564dc672; no voters: 
I20260710 11:11:29.306471  5820 leader_election.cc:304] T c317e38767954b9da1a138918cb58a85 P 7460f27c12384947bb05bedb8431ac91 [CANDIDATE]: Term 1 pre-election: Election decided. Result: candidate won. Election summary: received 2 responses out of 3 voters: 2 yes votes; 0 no votes. yes voters: 620f379f04e24966ae7d41b892ceacc5, 7460f27c12384947bb05bedb8431ac91; no voters: 
I20260710 11:11:29.306512  5969 raft_consensus.cc:359] T d3e7f84771c14304b075b371754ea05f P 620f379f04e24966ae7d41b892ceacc5 [term 0 FOLLOWER]: Replica starting. Triggering 0 pending ops. Active config: opid_index: -1 OBSOLETE_local: false peers { permanent_uuid: "ab8dbc5c8b464d4e88ff7499564dc672" member_type: VOTER last_known_addr { host: "127.4.136.65" port: 41225 } } peers { permanent_uuid: "7460f27c12384947bb05bedb8431ac91" member_type: VOTER last_known_addr { host: "127.4.136.66" port: 40497 } } peers { permanent_uuid: "620f379f04e24966ae7d41b892ceacc5" member_type: VOTER last_known_addr { host: "127.4.136.67" port: 35555 } }
I20260710 11:11:29.313377  5969 raft_consensus.cc:385] T d3e7f84771c14304b075b371754ea05f P 620f379f04e24966ae7d41b892ceacc5 [term 0 FOLLOWER]: Consensus starting up: Expiring failure detector timer to make a prompt election more likely
I20260710 11:11:29.313524  5983 raft_consensus.cc:2804] T c317e38767954b9da1a138918cb58a85 P 7460f27c12384947bb05bedb8431ac91 [term 0 FOLLOWER]: Leader pre-election won for term 1
I20260710 11:11:29.306839  6053 raft_consensus.cc:2804] T fc6dfd165bff4bd58ff72bd861cd292f P ab8dbc5c8b464d4e88ff7499564dc672 [term 1 FOLLOWER]: Leader election won for term 1
I20260710 11:11:29.314054  5983 raft_consensus.cc:493] T c317e38767954b9da1a138918cb58a85 P 7460f27c12384947bb05bedb8431ac91 [term 0 FOLLOWER]: Starting leader election (no leader contacted us within the election timeout)
I20260710 11:11:29.313236  5678 catalog_manager.cc:5697] T 6980f8532f7649189dd1e5f9eb1b553b P 620f379f04e24966ae7d41b892ceacc5 reported cstate change: term changed from 0 to 1, leader changed from <none> to 620f379f04e24966ae7d41b892ceacc5 (127.4.136.67). New cstate: current_term: 1 leader_uuid: "620f379f04e24966ae7d41b892ceacc5" committed_config { opid_index: -1 OBSOLETE_local: false peers { permanent_uuid: "ab8dbc5c8b464d4e88ff7499564dc672" member_type: VOTER last_known_addr { host: "127.4.136.65" port: 41225 } health_report { overall_health: UNKNOWN } } peers { permanent_uuid: "7460f27c12384947bb05bedb8431ac91" member_type: VOTER last_known_addr { host: "127.4.136.66" port: 40497 } health_report { overall_health: UNKNOWN } } peers { permanent_uuid: "620f379f04e24966ae7d41b892ceacc5" member_type: VOTER last_known_addr { host: "127.4.136.67" port: 35555 } health_report { overall_health: HEALTHY } } }
I20260710 11:11:29.314481  5983 raft_consensus.cc:3060] T c317e38767954b9da1a138918cb58a85 P 7460f27c12384947bb05bedb8431ac91 [term 0 FOLLOWER]: Advancing to term 1
I20260710 11:11:29.314585  6004 leader_election.cc:290] T c317e38767954b9da1a138918cb58a85 P 7460f27c12384947bb05bedb8431ac91 [CANDIDATE]: Term 1 pre-election: Requested pre-vote from peers ab8dbc5c8b464d4e88ff7499564dc672 (127.4.136.65:41225), 620f379f04e24966ae7d41b892ceacc5 (127.4.136.67:35555)
I20260710 11:11:29.320194  5970 raft_consensus.cc:385] T a89742b35f6e4365894477c3c24ae3de P ab8dbc5c8b464d4e88ff7499564dc672 [term 0 FOLLOWER]: Consensus starting up: Expiring failure detector timer to make a prompt election more likely
I20260710 11:11:29.320117  6072 raft_consensus.cc:493] T c317e38767954b9da1a138918cb58a85 P ab8dbc5c8b464d4e88ff7499564dc672 [term 0 FOLLOWER]: Starting pre-election (no leader contacted us within the election timeout)
I20260710 11:11:29.322666  5780 tablet_service.cc:1917] Received RequestConsensusVote() RPC: tablet_id: "c317e38767954b9da1a138918cb58a85" candidate_uuid: "7460f27c12384947bb05bedb8431ac91" candidate_term: 1 candidate_status { last_received { term: 0 index: 0 } } ignore_live_leader: false dest_uuid: "ab8dbc5c8b464d4e88ff7499564dc672" is_pre_election: true
I20260710 11:11:29.313661  5969 raft_consensus.cc:740] T d3e7f84771c14304b075b371754ea05f P 620f379f04e24966ae7d41b892ceacc5 [term 0 FOLLOWER]: Becoming Follower/Learner. State: Replica: 620f379f04e24966ae7d41b892ceacc5, State: Initialized, Role: FOLLOWER
I20260710 11:11:29.324666  5970 raft_consensus.cc:740] T a89742b35f6e4365894477c3c24ae3de P ab8dbc5c8b464d4e88ff7499564dc672 [term 0 FOLLOWER]: Becoming Follower/Learner. State: Replica: ab8dbc5c8b464d4e88ff7499564dc672, State: Initialized, Role: FOLLOWER
I20260710 11:11:29.323817  5777 tablet_service.cc:1917] Received RequestConsensusVote() RPC: tablet_id: "10e30db9f8834f32ab3aaca5e30e84d3" candidate_uuid: "620f379f04e24966ae7d41b892ceacc5" candidate_term: 1 candidate_status { last_received { term: 0 index: 0 } } ignore_live_leader: false dest_uuid: "ab8dbc5c8b464d4e88ff7499564dc672" is_pre_election: true
I20260710 11:11:29.326747  5969 consensus_queue.cc:260] T d3e7f84771c14304b075b371754ea05f P 620f379f04e24966ae7d41b892ceacc5 [NON_LEADER]: Queue going to NON_LEADER mode. State: All replicated index: 0, Majority replicated index: 0, Committed index: 0, Last appended: 0.0, Last appended by leader: 0, Current term: 0, Majority size: -1, State: 0, Mode: NON_LEADER, active raft config: opid_index: -1 OBSOLETE_local: false peers { permanent_uuid: "ab8dbc5c8b464d4e88ff7499564dc672" member_type: VOTER last_known_addr { host: "127.4.136.65" port: 41225 } } peers { permanent_uuid: "7460f27c12384947bb05bedb8431ac91" member_type: VOTER last_known_addr { host: "127.4.136.66" port: 40497 } } peers { permanent_uuid: "620f379f04e24966ae7d41b892ceacc5" member_type: VOTER last_known_addr { host: "127.4.136.67" port: 35555 } }
I20260710 11:11:29.303970  5927 raft_consensus.cc:2468] T fc6dfd165bff4bd58ff72bd861cd292f P 620f379f04e24966ae7d41b892ceacc5 [term 1 FOLLOWER]: Leader election vote request: Granting yes vote for candidate ab8dbc5c8b464d4e88ff7499564dc672 in term 1.
I20260710 11:11:29.328235  6015 consensus_queue.cc:1048] T 9c93f9ffa5f14857bf004f109af4975e P ab8dbc5c8b464d4e88ff7499564dc672 [LEADER]: Connected to new peer: Peer: permanent_uuid: "7460f27c12384947bb05bedb8431ac91" member_type: VOTER last_known_addr { host: "127.4.136.66" port: 40497 }, Status: LMP_MISMATCH, Last received: 0.0, Next index: 1, Last known committed idx: 0, Time since last communication: 0.000s
I20260710 11:11:29.314468  6053 raft_consensus.cc:697] T fc6dfd165bff4bd58ff72bd861cd292f P ab8dbc5c8b464d4e88ff7499564dc672 [term 1 LEADER]: Becoming Leader. State: Replica: ab8dbc5c8b464d4e88ff7499564dc672, State: Running, Role: LEADER
I20260710 11:11:29.334487  5983 raft_consensus.cc:515] T c317e38767954b9da1a138918cb58a85 P 7460f27c12384947bb05bedb8431ac91 [term 1 FOLLOWER]: Starting leader election with config: opid_index: -1 OBSOLETE_local: false peers { permanent_uuid: "ab8dbc5c8b464d4e88ff7499564dc672" member_type: VOTER last_known_addr { host: "127.4.136.65" port: 41225 } } peers { permanent_uuid: "7460f27c12384947bb05bedb8431ac91" member_type: VOTER last_known_addr { host: "127.4.136.66" port: 40497 } } peers { permanent_uuid: "620f379f04e24966ae7d41b892ceacc5" member_type: VOTER last_known_addr { host: "127.4.136.67" port: 35555 } }
I20260710 11:11:29.332670  5970 consensus_queue.cc:260] T a89742b35f6e4365894477c3c24ae3de P ab8dbc5c8b464d4e88ff7499564dc672 [NON_LEADER]: Queue going to NON_LEADER mode. State: All replicated index: 0, Majority replicated index: 0, Committed index: 0, Last appended: 0.0, Last appended by leader: 0, Current term: 0, Majority size: -1, State: 0, Mode: NON_LEADER, active raft config: opid_index: -1 OBSOLETE_local: false peers { permanent_uuid: "ab8dbc5c8b464d4e88ff7499564dc672" member_type: VOTER last_known_addr { host: "127.4.136.65" port: 41225 } } peers { permanent_uuid: "7460f27c12384947bb05bedb8431ac91" member_type: VOTER last_known_addr { host: "127.4.136.66" port: 40497 } } peers { permanent_uuid: "620f379f04e24966ae7d41b892ceacc5" member_type: VOTER last_known_addr { host: "127.4.136.67" port: 35555 } }
I20260710 11:11:29.340384  5969 ts_tablet_manager.cc:1434] T d3e7f84771c14304b075b371754ea05f P 620f379f04e24966ae7d41b892ceacc5: Time spent starting tablet: real 0.043s	user 0.008s	sys 0.000s
I20260710 11:11:29.325937  6072 raft_consensus.cc:515] T c317e38767954b9da1a138918cb58a85 P ab8dbc5c8b464d4e88ff7499564dc672 [term 0 FOLLOWER]: Starting pre-election with config: opid_index: -1 OBSOLETE_local: false peers { permanent_uuid: "ab8dbc5c8b464d4e88ff7499564dc672" member_type: VOTER last_known_addr { host: "127.4.136.65" port: 41225 } } peers { permanent_uuid: "7460f27c12384947bb05bedb8431ac91" member_type: VOTER last_known_addr { host: "127.4.136.66" port: 40497 } } peers { permanent_uuid: "620f379f04e24966ae7d41b892ceacc5" member_type: VOTER last_known_addr { host: "127.4.136.67" port: 35555 } }
I20260710 11:11:29.344952  5975 consensus_queue.cc:1048] T 9c93f9ffa5f14857bf004f109af4975e P ab8dbc5c8b464d4e88ff7499564dc672 [LEADER]: Connected to new peer: Peer: permanent_uuid: "620f379f04e24966ae7d41b892ceacc5" member_type: VOTER last_known_addr { host: "127.4.136.67" port: 35555 }, Status: LMP_MISMATCH, Last received: 0.0, Next index: 1, Last known committed idx: 0, Time since last communication: 0.000s
I20260710 11:11:29.346424  6072 leader_election.cc:290] T c317e38767954b9da1a138918cb58a85 P ab8dbc5c8b464d4e88ff7499564dc672 [CANDIDATE]: Term 1 pre-election: Requested pre-vote from peers 7460f27c12384947bb05bedb8431ac91 (127.4.136.66:40497), 620f379f04e24966ae7d41b892ceacc5 (127.4.136.67:35555)
I20260710 11:11:29.347493  5677 catalog_manager.cc:5697] T e5b6811504f34abe9e234b0e9726b1b2 P ab8dbc5c8b464d4e88ff7499564dc672 reported cstate change: term changed from 0 to 1, leader changed from <none> to ab8dbc5c8b464d4e88ff7499564dc672 (127.4.136.65). New cstate: current_term: 1 leader_uuid: "ab8dbc5c8b464d4e88ff7499564dc672" committed_config { opid_index: -1 OBSOLETE_local: false peers { permanent_uuid: "ab8dbc5c8b464d4e88ff7499564dc672" member_type: VOTER last_known_addr { host: "127.4.136.65" port: 41225 } health_report { overall_health: HEALTHY } } peers { permanent_uuid: "7460f27c12384947bb05bedb8431ac91" member_type: VOTER last_known_addr { host: "127.4.136.66" port: 40497 } health_report { overall_health: UNKNOWN } } peers { permanent_uuid: "620f379f04e24966ae7d41b892ceacc5" member_type: VOTER last_known_addr { host: "127.4.136.67" port: 35555 } health_report { overall_health: UNKNOWN } } }
I20260710 11:11:29.348367  5970 ts_tablet_manager.cc:1434] T a89742b35f6e4365894477c3c24ae3de P ab8dbc5c8b464d4e88ff7499564dc672: Time spent starting tablet: real 0.056s	user 0.004s	sys 0.004s
I20260710 11:11:29.349239  5970 tablet_bootstrap.cc:492] T d3e7f84771c14304b075b371754ea05f P ab8dbc5c8b464d4e88ff7499564dc672: Bootstrap starting.
I20260710 11:11:29.349648  5983 leader_election.cc:290] T c317e38767954b9da1a138918cb58a85 P 7460f27c12384947bb05bedb8431ac91 [CANDIDATE]: Term 1 election: Requested vote from peers ab8dbc5c8b464d4e88ff7499564dc672 (127.4.136.65:41225), 620f379f04e24966ae7d41b892ceacc5 (127.4.136.67:35555)
I20260710 11:11:29.350399  5925 tablet_service.cc:1917] Received RequestConsensusVote() RPC: tablet_id: "c317e38767954b9da1a138918cb58a85" candidate_uuid: "ab8dbc5c8b464d4e88ff7499564dc672" candidate_term: 1 candidate_status { last_received { term: 0 index: 0 } } ignore_live_leader: false dest_uuid: "620f379f04e24966ae7d41b892ceacc5" is_pre_election: true
I20260710 11:11:29.349936  5893 leader_election.cc:304] T 10e30db9f8834f32ab3aaca5e30e84d3 P 620f379f04e24966ae7d41b892ceacc5 [CANDIDATE]: Term 1 pre-election: Election decided. Result: candidate lost. Election summary: received 3 responses out of 3 voters: 1 yes votes; 2 no votes. yes voters: 620f379f04e24966ae7d41b892ceacc5; no voters: 7460f27c12384947bb05bedb8431ac91, ab8dbc5c8b464d4e88ff7499564dc672
I20260710 11:11:29.351001  5925 raft_consensus.cc:2468] T c317e38767954b9da1a138918cb58a85 P 620f379f04e24966ae7d41b892ceacc5 [term 0 FOLLOWER]: Leader pre-election vote request: Granting yes vote for candidate ab8dbc5c8b464d4e88ff7499564dc672 in term 0.
I20260710 11:11:29.357955  5854 tablet_service.cc:1917] Received RequestConsensusVote() RPC: tablet_id: "c317e38767954b9da1a138918cb58a85" candidate_uuid: "ab8dbc5c8b464d4e88ff7499564dc672" candidate_term: 1 candidate_status { last_received { term: 0 index: 0 } } ignore_live_leader: false dest_uuid: "7460f27c12384947bb05bedb8431ac91" is_pre_election: true
I20260710 11:11:29.358745  5854 raft_consensus.cc:2393] T c317e38767954b9da1a138918cb58a85 P 7460f27c12384947bb05bedb8431ac91 [term 1 FOLLOWER]: Leader pre-election vote request: Denying vote to candidate ab8dbc5c8b464d4e88ff7499564dc672 in current term 1: Already voted for candidate 7460f27c12384947bb05bedb8431ac91 in this term.
I20260710 11:11:29.359782  5778 tablet_service.cc:1917] Received RequestConsensusVote() RPC: tablet_id: "c317e38767954b9da1a138918cb58a85" candidate_uuid: "7460f27c12384947bb05bedb8431ac91" candidate_term: 1 candidate_status { last_received { term: 0 index: 0 } } ignore_live_leader: false dest_uuid: "ab8dbc5c8b464d4e88ff7499564dc672"
I20260710 11:11:29.359896  5925 tablet_service.cc:1917] Received RequestConsensusVote() RPC: tablet_id: "c317e38767954b9da1a138918cb58a85" candidate_uuid: "7460f27c12384947bb05bedb8431ac91" candidate_term: 1 candidate_status { last_received { term: 0 index: 0 } } ignore_live_leader: false dest_uuid: "620f379f04e24966ae7d41b892ceacc5"
I20260710 11:11:29.350986  5780 raft_consensus.cc:2468] T c317e38767954b9da1a138918cb58a85 P ab8dbc5c8b464d4e88ff7499564dc672 [term 0 FOLLOWER]: Leader pre-election vote request: Granting yes vote for candidate 7460f27c12384947bb05bedb8431ac91 in term 0.
I20260710 11:11:29.360433  5925 raft_consensus.cc:3060] T c317e38767954b9da1a138918cb58a85 P 620f379f04e24966ae7d41b892ceacc5 [term 0 FOLLOWER]: Advancing to term 1
I20260710 11:11:29.361177  6102 raft_consensus.cc:3060] T 10e30db9f8834f32ab3aaca5e30e84d3 P 620f379f04e24966ae7d41b892ceacc5 [term 0 FOLLOWER]: Advancing to term 1
I20260710 11:11:29.361654  5745 leader_election.cc:304] T c317e38767954b9da1a138918cb58a85 P ab8dbc5c8b464d4e88ff7499564dc672 [CANDIDATE]: Term 1 pre-election: Election decided. Result: candidate won. Election summary: received 2 responses out of 3 voters: 2 yes votes; 0 no votes. yes voters: 620f379f04e24966ae7d41b892ceacc5, ab8dbc5c8b464d4e88ff7499564dc672; no voters: 
I20260710 11:11:29.363369  6070 raft_consensus.cc:2804] T c317e38767954b9da1a138918cb58a85 P ab8dbc5c8b464d4e88ff7499564dc672 [term 0 FOLLOWER]: Leader pre-election won for term 1
I20260710 11:11:29.363713  6070 raft_consensus.cc:493] T c317e38767954b9da1a138918cb58a85 P ab8dbc5c8b464d4e88ff7499564dc672 [term 0 FOLLOWER]: Starting leader election (no leader contacted us within the election timeout)
I20260710 11:11:29.364025  6070 raft_consensus.cc:3060] T c317e38767954b9da1a138918cb58a85 P ab8dbc5c8b464d4e88ff7499564dc672 [term 0 FOLLOWER]: Advancing to term 1
I20260710 11:11:29.367252  5925 raft_consensus.cc:2468] T c317e38767954b9da1a138918cb58a85 P 620f379f04e24966ae7d41b892ceacc5 [term 1 FOLLOWER]: Leader election vote request: Granting yes vote for candidate 7460f27c12384947bb05bedb8431ac91 in term 1.
I20260710 11:11:29.352433  6053 consensus_queue.cc:237] T fc6dfd165bff4bd58ff72bd861cd292f P ab8dbc5c8b464d4e88ff7499564dc672 [LEADER]: Queue going to LEADER mode. State: All replicated index: 0, Majority replicated index: 0, Committed index: 0, Last appended: 0.0, Last appended by leader: 0, Current term: 1, Majority size: 2, State: 0, Mode: LEADER, active raft config: opid_index: -1 OBSOLETE_local: false peers { permanent_uuid: "ab8dbc5c8b464d4e88ff7499564dc672" member_type: VOTER last_known_addr { host: "127.4.136.65" port: 41225 } } peers { permanent_uuid: "7460f27c12384947bb05bedb8431ac91" member_type: VOTER last_known_addr { host: "127.4.136.66" port: 40497 } } peers { permanent_uuid: "620f379f04e24966ae7d41b892ceacc5" member_type: VOTER last_known_addr { host: "127.4.136.67" port: 35555 } }
I20260710 11:11:29.370891  6102 raft_consensus.cc:2749] T 10e30db9f8834f32ab3aaca5e30e84d3 P 620f379f04e24966ae7d41b892ceacc5 [term 1 FOLLOWER]: Leader pre-election lost for term 1. Reason: could not achieve majority
I20260710 11:11:29.390843  5974 tablet_bootstrap.cc:492] T c598fea5aa3a40ab9dc16291bcee9f84 P 7460f27c12384947bb05bedb8431ac91: No bootstrap required, opened a new log
I20260710 11:11:29.391546  5974 ts_tablet_manager.cc:1403] T c598fea5aa3a40ab9dc16291bcee9f84 P 7460f27c12384947bb05bedb8431ac91: Time spent bootstrapping tablet: real 0.139s	user 0.014s	sys 0.026s
I20260710 11:11:29.382592  5820 leader_election.cc:304] T c317e38767954b9da1a138918cb58a85 P 7460f27c12384947bb05bedb8431ac91 [CANDIDATE]: Term 1 election: Election decided. Result: candidate won. Election summary: received 3 responses out of 3 voters: 2 yes votes; 1 no votes. yes voters: 620f379f04e24966ae7d41b892ceacc5, 7460f27c12384947bb05bedb8431ac91; no voters: ab8dbc5c8b464d4e88ff7499564dc672
I20260710 11:11:29.394979  6043 raft_consensus.cc:2804] T c317e38767954b9da1a138918cb58a85 P 7460f27c12384947bb05bedb8431ac91 [term 1 FOLLOWER]: Leader election won for term 1
I20260710 11:11:29.410319  6043 raft_consensus.cc:697] T c317e38767954b9da1a138918cb58a85 P 7460f27c12384947bb05bedb8431ac91 [term 1 LEADER]: Becoming Leader. State: Replica: 7460f27c12384947bb05bedb8431ac91, State: Running, Role: LEADER
I20260710 11:11:29.411221  6043 consensus_queue.cc:237] T c317e38767954b9da1a138918cb58a85 P 7460f27c12384947bb05bedb8431ac91 [LEADER]: Queue going to LEADER mode. State: All replicated index: 0, Majority replicated index: 0, Committed index: 0, Last appended: 0.0, Last appended by leader: 0, Current term: 1, Majority size: 2, State: 0, Mode: LEADER, active raft config: opid_index: -1 OBSOLETE_local: false peers { permanent_uuid: "ab8dbc5c8b464d4e88ff7499564dc672" member_type: VOTER last_known_addr { host: "127.4.136.65" port: 41225 } } peers { permanent_uuid: "7460f27c12384947bb05bedb8431ac91" member_type: VOTER last_known_addr { host: "127.4.136.66" port: 40497 } } peers { permanent_uuid: "620f379f04e24966ae7d41b892ceacc5" member_type: VOTER last_known_addr { host: "127.4.136.67" port: 35555 } }
I20260710 11:11:29.413075  5970 tablet_bootstrap.cc:654] T d3e7f84771c14304b075b371754ea05f P ab8dbc5c8b464d4e88ff7499564dc672: Neither blocks nor log segments found. Creating new log.
I20260710 11:11:29.415689  5678 catalog_manager.cc:5697] T fc6dfd165bff4bd58ff72bd861cd292f P ab8dbc5c8b464d4e88ff7499564dc672 reported cstate change: term changed from 0 to 1, leader changed from <none> to ab8dbc5c8b464d4e88ff7499564dc672 (127.4.136.65). New cstate: current_term: 1 leader_uuid: "ab8dbc5c8b464d4e88ff7499564dc672" committed_config { opid_index: -1 OBSOLETE_local: false peers { permanent_uuid: "ab8dbc5c8b464d4e88ff7499564dc672" member_type: VOTER last_known_addr { host: "127.4.136.65" port: 41225 } health_report { overall_health: HEALTHY } } peers { permanent_uuid: "7460f27c12384947bb05bedb8431ac91" member_type: VOTER last_known_addr { host: "127.4.136.66" port: 40497 } health_report { overall_health: UNKNOWN } } peers { permanent_uuid: "620f379f04e24966ae7d41b892ceacc5" member_type: VOTER last_known_addr { host: "127.4.136.67" port: 35555 } health_report { overall_health: UNKNOWN } } }
I20260710 11:11:29.430958  6070 raft_consensus.cc:515] T c317e38767954b9da1a138918cb58a85 P ab8dbc5c8b464d4e88ff7499564dc672 [term 1 FOLLOWER]: Starting leader election with config: opid_index: -1 OBSOLETE_local: false peers { permanent_uuid: "ab8dbc5c8b464d4e88ff7499564dc672" member_type: VOTER last_known_addr { host: "127.4.136.65" port: 41225 } } peers { permanent_uuid: "7460f27c12384947bb05bedb8431ac91" member_type: VOTER last_known_addr { host: "127.4.136.66" port: 40497 } } peers { permanent_uuid: "620f379f04e24966ae7d41b892ceacc5" member_type: VOTER last_known_addr { host: "127.4.136.67" port: 35555 } }
I20260710 11:11:29.433171  6070 leader_election.cc:290] T c317e38767954b9da1a138918cb58a85 P ab8dbc5c8b464d4e88ff7499564dc672 [CANDIDATE]: Term 1 election: Requested vote from peers 7460f27c12384947bb05bedb8431ac91 (127.4.136.66:40497), 620f379f04e24966ae7d41b892ceacc5 (127.4.136.67:35555)
I20260710 11:11:29.437515  5974 raft_consensus.cc:359] T c598fea5aa3a40ab9dc16291bcee9f84 P 7460f27c12384947bb05bedb8431ac91 [term 0 FOLLOWER]: Replica starting. Triggering 0 pending ops. Active config: opid_index: -1 OBSOLETE_local: false peers { permanent_uuid: "ab8dbc5c8b464d4e88ff7499564dc672" member_type: VOTER last_known_addr { host: "127.4.136.65" port: 41225 } } peers { permanent_uuid: "7460f27c12384947bb05bedb8431ac91" member_type: VOTER last_known_addr { host: "127.4.136.66" port: 40497 } } peers { permanent_uuid: "620f379f04e24966ae7d41b892ceacc5" member_type: VOTER last_known_addr { host: "127.4.136.67" port: 35555 } }
I20260710 11:11:29.438300  5974 raft_consensus.cc:385] T c598fea5aa3a40ab9dc16291bcee9f84 P 7460f27c12384947bb05bedb8431ac91 [term 0 FOLLOWER]: Consensus starting up: Expiring failure detector timer to make a prompt election more likely
I20260710 11:11:29.438582  5974 raft_consensus.cc:740] T c598fea5aa3a40ab9dc16291bcee9f84 P 7460f27c12384947bb05bedb8431ac91 [term 0 FOLLOWER]: Becoming Follower/Learner. State: Replica: 7460f27c12384947bb05bedb8431ac91, State: Initialized, Role: FOLLOWER
I20260710 11:11:29.439399  5974 consensus_queue.cc:260] T c598fea5aa3a40ab9dc16291bcee9f84 P 7460f27c12384947bb05bedb8431ac91 [NON_LEADER]: Queue going to NON_LEADER mode. State: All replicated index: 0, Majority replicated index: 0, Committed index: 0, Last appended: 0.0, Last appended by leader: 0, Current term: 0, Majority size: -1, State: 0, Mode: NON_LEADER, active raft config: opid_index: -1 OBSOLETE_local: false peers { permanent_uuid: "ab8dbc5c8b464d4e88ff7499564dc672" member_type: VOTER last_known_addr { host: "127.4.136.65" port: 41225 } } peers { permanent_uuid: "7460f27c12384947bb05bedb8431ac91" member_type: VOTER last_known_addr { host: "127.4.136.66" port: 40497 } } peers { permanent_uuid: "620f379f04e24966ae7d41b892ceacc5" member_type: VOTER last_known_addr { host: "127.4.136.67" port: 35555 } }
I20260710 11:11:29.447909  5974 ts_tablet_manager.cc:1434] T c598fea5aa3a40ab9dc16291bcee9f84 P 7460f27c12384947bb05bedb8431ac91: Time spent starting tablet: real 0.056s	user 0.007s	sys 0.000s
I20260710 11:11:29.456072  5855 tablet_service.cc:1917] Received RequestConsensusVote() RPC: tablet_id: "c317e38767954b9da1a138918cb58a85" candidate_uuid: "ab8dbc5c8b464d4e88ff7499564dc672" candidate_term: 1 candidate_status { last_received { term: 0 index: 0 } } ignore_live_leader: false dest_uuid: "7460f27c12384947bb05bedb8431ac91"
W20260710 11:11:29.470659  5726 auto_rebalancer.cc:288] Could not retrieve cluster info: Service unavailable: Tablet not running
I20260710 11:11:29.476444  5925 tablet_service.cc:1917] Received RequestConsensusVote() RPC: tablet_id: "c317e38767954b9da1a138918cb58a85" candidate_uuid: "ab8dbc5c8b464d4e88ff7499564dc672" candidate_term: 1 candidate_status { last_received { term: 0 index: 0 } } ignore_live_leader: false dest_uuid: "620f379f04e24966ae7d41b892ceacc5"
I20260710 11:11:29.477232  5925 raft_consensus.cc:2393] T c317e38767954b9da1a138918cb58a85 P 620f379f04e24966ae7d41b892ceacc5 [term 1 FOLLOWER]: Leader election vote request: Denying vote to candidate ab8dbc5c8b464d4e88ff7499564dc672 in current term 1: Already voted for candidate 7460f27c12384947bb05bedb8431ac91 in this term.
I20260710 11:11:29.478973  5745 leader_election.cc:304] T c317e38767954b9da1a138918cb58a85 P ab8dbc5c8b464d4e88ff7499564dc672 [CANDIDATE]: Term 1 election: Election decided. Result: candidate lost. Election summary: received 3 responses out of 3 voters: 1 yes votes; 2 no votes. yes voters: ab8dbc5c8b464d4e88ff7499564dc672; no voters: 620f379f04e24966ae7d41b892ceacc5, 7460f27c12384947bb05bedb8431ac91
I20260710 11:11:29.480392  5970 tablet_bootstrap.cc:492] T d3e7f84771c14304b075b371754ea05f P ab8dbc5c8b464d4e88ff7499564dc672: No bootstrap required, opened a new log
I20260710 11:11:29.481539  5970 ts_tablet_manager.cc:1403] T d3e7f84771c14304b075b371754ea05f P ab8dbc5c8b464d4e88ff7499564dc672: Time spent bootstrapping tablet: real 0.132s	user 0.029s	sys 0.021s
I20260710 11:11:29.483333  6053 raft_consensus.cc:2749] T c317e38767954b9da1a138918cb58a85 P ab8dbc5c8b464d4e88ff7499564dc672 [term 1 FOLLOWER]: Leader election lost for term 1. Reason: could not achieve majority
I20260710 11:11:29.489573  5970 raft_consensus.cc:359] T d3e7f84771c14304b075b371754ea05f P ab8dbc5c8b464d4e88ff7499564dc672 [term 0 FOLLOWER]: Replica starting. Triggering 0 pending ops. Active config: opid_index: -1 OBSOLETE_local: false peers { permanent_uuid: "ab8dbc5c8b464d4e88ff7499564dc672" member_type: VOTER last_known_addr { host: "127.4.136.65" port: 41225 } } peers { permanent_uuid: "7460f27c12384947bb05bedb8431ac91" member_type: VOTER last_known_addr { host: "127.4.136.66" port: 40497 } } peers { permanent_uuid: "620f379f04e24966ae7d41b892ceacc5" member_type: VOTER last_known_addr { host: "127.4.136.67" port: 35555 } }
I20260710 11:11:29.490348  5970 raft_consensus.cc:385] T d3e7f84771c14304b075b371754ea05f P ab8dbc5c8b464d4e88ff7499564dc672 [term 0 FOLLOWER]: Consensus starting up: Expiring failure detector timer to make a prompt election more likely
I20260710 11:11:29.490619  5970 raft_consensus.cc:740] T d3e7f84771c14304b075b371754ea05f P ab8dbc5c8b464d4e88ff7499564dc672 [term 0 FOLLOWER]: Becoming Follower/Learner. State: Replica: ab8dbc5c8b464d4e88ff7499564dc672, State: Initialized, Role: FOLLOWER
I20260710 11:11:29.491143  5970 consensus_queue.cc:260] T d3e7f84771c14304b075b371754ea05f P ab8dbc5c8b464d4e88ff7499564dc672 [NON_LEADER]: Queue going to NON_LEADER mode. State: All replicated index: 0, Majority replicated index: 0, Committed index: 0, Last appended: 0.0, Last appended by leader: 0, Current term: 0, Majority size: -1, State: 0, Mode: NON_LEADER, active raft config: opid_index: -1 OBSOLETE_local: false peers { permanent_uuid: "ab8dbc5c8b464d4e88ff7499564dc672" member_type: VOTER last_known_addr { host: "127.4.136.65" port: 41225 } } peers { permanent_uuid: "7460f27c12384947bb05bedb8431ac91" member_type: VOTER last_known_addr { host: "127.4.136.66" port: 40497 } } peers { permanent_uuid: "620f379f04e24966ae7d41b892ceacc5" member_type: VOTER last_known_addr { host: "127.4.136.67" port: 35555 } }
I20260710 11:11:29.490875  5676 catalog_manager.cc:5697] T c317e38767954b9da1a138918cb58a85 P 7460f27c12384947bb05bedb8431ac91 reported cstate change: term changed from 0 to 1, leader changed from <none> to 7460f27c12384947bb05bedb8431ac91 (127.4.136.66). New cstate: current_term: 1 leader_uuid: "7460f27c12384947bb05bedb8431ac91" committed_config { opid_index: -1 OBSOLETE_local: false peers { permanent_uuid: "ab8dbc5c8b464d4e88ff7499564dc672" member_type: VOTER last_known_addr { host: "127.4.136.65" port: 41225 } health_report { overall_health: UNKNOWN } } peers { permanent_uuid: "7460f27c12384947bb05bedb8431ac91" member_type: VOTER last_known_addr { host: "127.4.136.66" port: 40497 } health_report { overall_health: HEALTHY } } peers { permanent_uuid: "620f379f04e24966ae7d41b892ceacc5" member_type: VOTER last_known_addr { host: "127.4.136.67" port: 35555 } health_report { overall_health: UNKNOWN } } }
I20260710 11:11:29.493228  5970 ts_tablet_manager.cc:1434] T d3e7f84771c14304b075b371754ea05f P ab8dbc5c8b464d4e88ff7499564dc672: Time spent starting tablet: real 0.011s	user 0.001s	sys 0.002s
I20260710 11:11:29.527803  6053 consensus_queue.cc:1048] T efaeca17dfc74e5cab036bbae9cfc205 P ab8dbc5c8b464d4e88ff7499564dc672 [LEADER]: Connected to new peer: Peer: permanent_uuid: "620f379f04e24966ae7d41b892ceacc5" member_type: VOTER last_known_addr { host: "127.4.136.67" port: 35555 }, Status: LMP_MISMATCH, Last received: 0.0, Next index: 1, Last known committed idx: 0, Time since last communication: 0.000s
I20260710 11:11:29.539666  6053 consensus_queue.cc:1048] T efaeca17dfc74e5cab036bbae9cfc205 P ab8dbc5c8b464d4e88ff7499564dc672 [LEADER]: Connected to new peer: Peer: permanent_uuid: "7460f27c12384947bb05bedb8431ac91" member_type: VOTER last_known_addr { host: "127.4.136.66" port: 40497 }, Status: LMP_MISMATCH, Last received: 0.0, Next index: 1, Last known committed idx: 0, Time since last communication: 0.000s
I20260710 11:11:29.573029  6102 consensus_queue.cc:1048] T 91d6e3fe04ef4e49b18020c20f15c5d9 P 620f379f04e24966ae7d41b892ceacc5 [LEADER]: Connected to new peer: Peer: permanent_uuid: "7460f27c12384947bb05bedb8431ac91" member_type: VOTER last_known_addr { host: "127.4.136.66" port: 40497 }, Status: LMP_MISMATCH, Last received: 0.0, Next index: 1, Last known committed idx: 0, Time since last communication: 0.000s
I20260710 11:11:29.576705  6102 raft_consensus.cc:493] T d3e7f84771c14304b075b371754ea05f P 620f379f04e24966ae7d41b892ceacc5 [term 0 FOLLOWER]: Starting pre-election (no leader contacted us within the election timeout)
I20260710 11:11:29.577214  6102 raft_consensus.cc:515] T d3e7f84771c14304b075b371754ea05f P 620f379f04e24966ae7d41b892ceacc5 [term 0 FOLLOWER]: Starting pre-election with config: opid_index: -1 OBSOLETE_local: false peers { permanent_uuid: "ab8dbc5c8b464d4e88ff7499564dc672" member_type: VOTER last_known_addr { host: "127.4.136.65" port: 41225 } } peers { permanent_uuid: "7460f27c12384947bb05bedb8431ac91" member_type: VOTER last_known_addr { host: "127.4.136.66" port: 40497 } } peers { permanent_uuid: "620f379f04e24966ae7d41b892ceacc5" member_type: VOTER last_known_addr { host: "127.4.136.67" port: 35555 } }
I20260710 11:11:29.579197  6102 leader_election.cc:290] T d3e7f84771c14304b075b371754ea05f P 620f379f04e24966ae7d41b892ceacc5 [CANDIDATE]: Term 1 pre-election: Requested pre-vote from peers ab8dbc5c8b464d4e88ff7499564dc672 (127.4.136.65:41225), 7460f27c12384947bb05bedb8431ac91 (127.4.136.66:40497)
I20260710 11:11:29.581738  5777 tablet_service.cc:1917] Received RequestConsensusVote() RPC: tablet_id: "d3e7f84771c14304b075b371754ea05f" candidate_uuid: "620f379f04e24966ae7d41b892ceacc5" candidate_term: 1 candidate_status { last_received { term: 0 index: 0 } } ignore_live_leader: false dest_uuid: "ab8dbc5c8b464d4e88ff7499564dc672" is_pre_election: true
I20260710 11:11:29.582437  5777 raft_consensus.cc:2468] T d3e7f84771c14304b075b371754ea05f P ab8dbc5c8b464d4e88ff7499564dc672 [term 0 FOLLOWER]: Leader pre-election vote request: Granting yes vote for candidate 620f379f04e24966ae7d41b892ceacc5 in term 0.
I20260710 11:11:29.584352  5893 leader_election.cc:304] T d3e7f84771c14304b075b371754ea05f P 620f379f04e24966ae7d41b892ceacc5 [CANDIDATE]: Term 1 pre-election: Election decided. Result: candidate won. Election summary: received 2 responses out of 3 voters: 2 yes votes; 0 no votes. yes voters: 620f379f04e24966ae7d41b892ceacc5, ab8dbc5c8b464d4e88ff7499564dc672; no voters: 
I20260710 11:11:29.585088  6036 raft_consensus.cc:2804] T d3e7f84771c14304b075b371754ea05f P 620f379f04e24966ae7d41b892ceacc5 [term 0 FOLLOWER]: Leader pre-election won for term 1
I20260710 11:11:29.585436  6036 raft_consensus.cc:493] T d3e7f84771c14304b075b371754ea05f P 620f379f04e24966ae7d41b892ceacc5 [term 0 FOLLOWER]: Starting leader election (no leader contacted us within the election timeout)
I20260710 11:11:29.585765  6036 raft_consensus.cc:3060] T d3e7f84771c14304b075b371754ea05f P 620f379f04e24966ae7d41b892ceacc5 [term 0 FOLLOWER]: Advancing to term 1
I20260710 11:11:29.585909  5777 raft_consensus.cc:3060] T 91d6e3fe04ef4e49b18020c20f15c5d9 P ab8dbc5c8b464d4e88ff7499564dc672 [term 0 FOLLOWER]: Advancing to term 1
I20260710 11:11:29.587538  5855 tablet_service.cc:1917] Received RequestConsensusVote() RPC: tablet_id: "d3e7f84771c14304b075b371754ea05f" candidate_uuid: "620f379f04e24966ae7d41b892ceacc5" candidate_term: 1 candidate_status { last_received { term: 0 index: 0 } } ignore_live_leader: false dest_uuid: "7460f27c12384947bb05bedb8431ac91" is_pre_election: true
I20260710 11:11:29.588220  5855 raft_consensus.cc:2468] T d3e7f84771c14304b075b371754ea05f P 7460f27c12384947bb05bedb8431ac91 [term 0 FOLLOWER]: Leader pre-election vote request: Granting yes vote for candidate 620f379f04e24966ae7d41b892ceacc5 in term 0.
I20260710 11:11:29.593230  6070 raft_consensus.cc:493] T 91d6e3fe04ef4e49b18020c20f15c5d9 P ab8dbc5c8b464d4e88ff7499564dc672 [term 1 FOLLOWER]: Starting pre-election (no leader contacted us within the election timeout)
I20260710 11:11:29.593709  6070 raft_consensus.cc:515] T 91d6e3fe04ef4e49b18020c20f15c5d9 P ab8dbc5c8b464d4e88ff7499564dc672 [term 1 FOLLOWER]: Starting pre-election with config: opid_index: -1 OBSOLETE_local: false peers { permanent_uuid: "ab8dbc5c8b464d4e88ff7499564dc672" member_type: VOTER last_known_addr { host: "127.4.136.65" port: 41225 } } peers { permanent_uuid: "7460f27c12384947bb05bedb8431ac91" member_type: VOTER last_known_addr { host: "127.4.136.66" port: 40497 } } peers { permanent_uuid: "620f379f04e24966ae7d41b892ceacc5" member_type: VOTER last_known_addr { host: "127.4.136.67" port: 35555 } }
I20260710 11:11:29.594230  5973 consensus_queue.cc:1048] T 91d6e3fe04ef4e49b18020c20f15c5d9 P 620f379f04e24966ae7d41b892ceacc5 [LEADER]: Connected to new peer: Peer: permanent_uuid: "ab8dbc5c8b464d4e88ff7499564dc672" member_type: VOTER last_known_addr { host: "127.4.136.65" port: 41225 }, Status: LMP_MISMATCH, Last received: 0.0, Next index: 1, Last known committed idx: 0, Time since last communication: 0.000s
I20260710 11:11:29.595628  6036 raft_consensus.cc:515] T d3e7f84771c14304b075b371754ea05f P 620f379f04e24966ae7d41b892ceacc5 [term 1 FOLLOWER]: Starting leader election with config: opid_index: -1 OBSOLETE_local: false peers { permanent_uuid: "ab8dbc5c8b464d4e88ff7499564dc672" member_type: VOTER last_known_addr { host: "127.4.136.65" port: 41225 } } peers { permanent_uuid: "7460f27c12384947bb05bedb8431ac91" member_type: VOTER last_known_addr { host: "127.4.136.66" port: 40497 } } peers { permanent_uuid: "620f379f04e24966ae7d41b892ceacc5" member_type: VOTER last_known_addr { host: "127.4.136.67" port: 35555 } }
I20260710 11:11:29.597126  6070 leader_election.cc:290] T 91d6e3fe04ef4e49b18020c20f15c5d9 P ab8dbc5c8b464d4e88ff7499564dc672 [CANDIDATE]: Term 2 pre-election: Requested pre-vote from peers 7460f27c12384947bb05bedb8431ac91 (127.4.136.66:40497), 620f379f04e24966ae7d41b892ceacc5 (127.4.136.67:35555)
I20260710 11:11:29.597568  6036 leader_election.cc:290] T d3e7f84771c14304b075b371754ea05f P 620f379f04e24966ae7d41b892ceacc5 [CANDIDATE]: Term 1 election: Requested vote from peers ab8dbc5c8b464d4e88ff7499564dc672 (127.4.136.65:41225), 7460f27c12384947bb05bedb8431ac91 (127.4.136.66:40497)
I20260710 11:11:29.598073  5855 tablet_service.cc:1917] Received RequestConsensusVote() RPC: tablet_id: "91d6e3fe04ef4e49b18020c20f15c5d9" candidate_uuid: "ab8dbc5c8b464d4e88ff7499564dc672" candidate_term: 2 candidate_status { last_received { term: 0 index: 0 } } ignore_live_leader: false dest_uuid: "7460f27c12384947bb05bedb8431ac91" is_pre_election: true
I20260710 11:11:29.598551  5852 tablet_service.cc:1917] Received RequestConsensusVote() RPC: tablet_id: "d3e7f84771c14304b075b371754ea05f" candidate_uuid: "620f379f04e24966ae7d41b892ceacc5" candidate_term: 1 candidate_status { last_received { term: 0 index: 0 } } ignore_live_leader: false dest_uuid: "7460f27c12384947bb05bedb8431ac91"
I20260710 11:11:29.599010  5925 tablet_service.cc:1917] Received RequestConsensusVote() RPC: tablet_id: "91d6e3fe04ef4e49b18020c20f15c5d9" candidate_uuid: "ab8dbc5c8b464d4e88ff7499564dc672" candidate_term: 2 candidate_status { last_received { term: 0 index: 0 } } ignore_live_leader: false dest_uuid: "620f379f04e24966ae7d41b892ceacc5" is_pre_election: true
I20260710 11:11:29.599119  5852 raft_consensus.cc:3060] T d3e7f84771c14304b075b371754ea05f P 7460f27c12384947bb05bedb8431ac91 [term 0 FOLLOWER]: Advancing to term 1
I20260710 11:11:29.599596  5780 tablet_service.cc:1917] Received RequestConsensusVote() RPC: tablet_id: "d3e7f84771c14304b075b371754ea05f" candidate_uuid: "620f379f04e24966ae7d41b892ceacc5" candidate_term: 1 candidate_status { last_received { term: 0 index: 0 } } ignore_live_leader: false dest_uuid: "ab8dbc5c8b464d4e88ff7499564dc672"
I20260710 11:11:29.600148  5780 raft_consensus.cc:3060] T d3e7f84771c14304b075b371754ea05f P ab8dbc5c8b464d4e88ff7499564dc672 [term 0 FOLLOWER]: Advancing to term 1
I20260710 11:11:29.600708  5745 leader_election.cc:304] T 91d6e3fe04ef4e49b18020c20f15c5d9 P ab8dbc5c8b464d4e88ff7499564dc672 [CANDIDATE]: Term 2 pre-election: Election decided. Result: candidate lost. Election summary: received 3 responses out of 3 voters: 1 yes votes; 2 no votes. yes voters: ab8dbc5c8b464d4e88ff7499564dc672; no voters: 620f379f04e24966ae7d41b892ceacc5, 7460f27c12384947bb05bedb8431ac91
I20260710 11:11:29.604985  6053 raft_consensus.cc:2749] T 91d6e3fe04ef4e49b18020c20f15c5d9 P ab8dbc5c8b464d4e88ff7499564dc672 [term 1 FOLLOWER]: Leader pre-election lost for term 2. Reason: could not achieve majority
I20260710 11:11:29.605815  5852 raft_consensus.cc:2468] T d3e7f84771c14304b075b371754ea05f P 7460f27c12384947bb05bedb8431ac91 [term 1 FOLLOWER]: Leader election vote request: Granting yes vote for candidate 620f379f04e24966ae7d41b892ceacc5 in term 1.
I20260710 11:11:29.607285  5780 raft_consensus.cc:2468] T d3e7f84771c14304b075b371754ea05f P ab8dbc5c8b464d4e88ff7499564dc672 [term 1 FOLLOWER]: Leader election vote request: Granting yes vote for candidate 620f379f04e24966ae7d41b892ceacc5 in term 1.
I20260710 11:11:29.607335  5894 leader_election.cc:304] T d3e7f84771c14304b075b371754ea05f P 620f379f04e24966ae7d41b892ceacc5 [CANDIDATE]: Term 1 election: Election decided. Result: candidate won. Election summary: received 2 responses out of 3 voters: 2 yes votes; 0 no votes. yes voters: 620f379f04e24966ae7d41b892ceacc5, 7460f27c12384947bb05bedb8431ac91; no voters: 
I20260710 11:11:29.608278  6036 raft_consensus.cc:2804] T d3e7f84771c14304b075b371754ea05f P 620f379f04e24966ae7d41b892ceacc5 [term 1 FOLLOWER]: Leader election won for term 1
I20260710 11:11:29.608734  6036 raft_consensus.cc:697] T d3e7f84771c14304b075b371754ea05f P 620f379f04e24966ae7d41b892ceacc5 [term 1 LEADER]: Becoming Leader. State: Replica: 620f379f04e24966ae7d41b892ceacc5, State: Running, Role: LEADER
I20260710 11:11:29.609431  6036 consensus_queue.cc:237] T d3e7f84771c14304b075b371754ea05f P 620f379f04e24966ae7d41b892ceacc5 [LEADER]: Queue going to LEADER mode. State: All replicated index: 0, Majority replicated index: 0, Committed index: 0, Last appended: 0.0, Last appended by leader: 0, Current term: 1, Majority size: 2, State: 0, Mode: LEADER, active raft config: opid_index: -1 OBSOLETE_local: false peers { permanent_uuid: "ab8dbc5c8b464d4e88ff7499564dc672" member_type: VOTER last_known_addr { host: "127.4.136.65" port: 41225 } } peers { permanent_uuid: "7460f27c12384947bb05bedb8431ac91" member_type: VOTER last_known_addr { host: "127.4.136.66" port: 40497 } } peers { permanent_uuid: "620f379f04e24966ae7d41b892ceacc5" member_type: VOTER last_known_addr { host: "127.4.136.67" port: 35555 } }
I20260710 11:11:29.617362  5675 catalog_manager.cc:5697] T d3e7f84771c14304b075b371754ea05f P 620f379f04e24966ae7d41b892ceacc5 reported cstate change: term changed from 0 to 1, leader changed from <none> to 620f379f04e24966ae7d41b892ceacc5 (127.4.136.67). New cstate: current_term: 1 leader_uuid: "620f379f04e24966ae7d41b892ceacc5" committed_config { opid_index: -1 OBSOLETE_local: false peers { permanent_uuid: "ab8dbc5c8b464d4e88ff7499564dc672" member_type: VOTER last_known_addr { host: "127.4.136.65" port: 41225 } health_report { overall_health: UNKNOWN } } peers { permanent_uuid: "7460f27c12384947bb05bedb8431ac91" member_type: VOTER last_known_addr { host: "127.4.136.66" port: 40497 } health_report { overall_health: UNKNOWN } } peers { permanent_uuid: "620f379f04e24966ae7d41b892ceacc5" member_type: VOTER last_known_addr { host: "127.4.136.67" port: 35555 } health_report { overall_health: HEALTHY } } }
I20260710 11:11:29.626546  5852 raft_consensus.cc:3060] T c598fea5aa3a40ab9dc16291bcee9f84 P 7460f27c12384947bb05bedb8431ac91 [term 0 FOLLOWER]: Advancing to term 1
I20260710 11:11:29.632259  6053 consensus_queue.cc:1048] T c598fea5aa3a40ab9dc16291bcee9f84 P ab8dbc5c8b464d4e88ff7499564dc672 [LEADER]: Connected to new peer: Peer: permanent_uuid: "7460f27c12384947bb05bedb8431ac91" member_type: VOTER last_known_addr { host: "127.4.136.66" port: 40497 }, Status: LMP_MISMATCH, Last received: 0.0, Next index: 1, Last known committed idx: 0, Time since last communication: 0.000s
I20260710 11:11:29.641613  6070 consensus_queue.cc:1048] T c598fea5aa3a40ab9dc16291bcee9f84 P ab8dbc5c8b464d4e88ff7499564dc672 [LEADER]: Connected to new peer: Peer: permanent_uuid: "620f379f04e24966ae7d41b892ceacc5" member_type: VOTER last_known_addr { host: "127.4.136.67" port: 35555 }, Status: LMP_MISMATCH, Last received: 0.0, Next index: 1, Last known committed idx: 0, Time since last communication: 0.000s
I20260710 11:11:29.688302  6036 consensus_queue.cc:1048] T 6980f8532f7649189dd1e5f9eb1b553b P 620f379f04e24966ae7d41b892ceacc5 [LEADER]: Connected to new peer: Peer: permanent_uuid: "7460f27c12384947bb05bedb8431ac91" member_type: VOTER last_known_addr { host: "127.4.136.66" port: 40497 }, Status: LMP_MISMATCH, Last received: 0.0, Next index: 1, Last known committed idx: 0, Time since last communication: 0.000s
I20260710 11:11:29.688997  6043 consensus_queue.cc:1048] T a89742b35f6e4365894477c3c24ae3de P 7460f27c12384947bb05bedb8431ac91 [LEADER]: Connected to new peer: Peer: permanent_uuid: "620f379f04e24966ae7d41b892ceacc5" member_type: VOTER last_known_addr { host: "127.4.136.67" port: 35555 }, Status: LMP_MISMATCH, Last received: 0.0, Next index: 1, Last known committed idx: 0, Time since last communication: 0.000s
I20260710 11:11:29.699415  6102 consensus_queue.cc:1048] T 6980f8532f7649189dd1e5f9eb1b553b P 620f379f04e24966ae7d41b892ceacc5 [LEADER]: Connected to new peer: Peer: permanent_uuid: "ab8dbc5c8b464d4e88ff7499564dc672" member_type: VOTER last_known_addr { host: "127.4.136.65" port: 41225 }, Status: LMP_MISMATCH, Last received: 0.0, Next index: 1, Last known committed idx: 0, Time since last communication: 0.000s
I20260710 11:11:29.704208  5777 raft_consensus.cc:3060] T a89742b35f6e4365894477c3c24ae3de P ab8dbc5c8b464d4e88ff7499564dc672 [term 0 FOLLOWER]: Advancing to term 1
I20260710 11:11:29.712944  6043 consensus_queue.cc:1048] T a89742b35f6e4365894477c3c24ae3de P 7460f27c12384947bb05bedb8431ac91 [LEADER]: Connected to new peer: Peer: permanent_uuid: "ab8dbc5c8b464d4e88ff7499564dc672" member_type: VOTER last_known_addr { host: "127.4.136.65" port: 41225 }, Status: LMP_MISMATCH, Last received: 0.0, Next index: 1, Last known committed idx: 0, Time since last communication: 0.000s
I20260710 11:11:29.771298  6102 consensus_queue.cc:1048] T f381919cd1904f9397a07aa3c5a1d86e P 620f379f04e24966ae7d41b892ceacc5 [LEADER]: Connected to new peer: Peer: permanent_uuid: "7460f27c12384947bb05bedb8431ac91" member_type: VOTER last_known_addr { host: "127.4.136.66" port: 40497 }, Status: LMP_MISMATCH, Last received: 0.0, Next index: 1, Last known committed idx: 0, Time since last communication: 0.000s
I20260710 11:11:29.782891  6036 consensus_queue.cc:1048] T f381919cd1904f9397a07aa3c5a1d86e P 620f379f04e24966ae7d41b892ceacc5 [LEADER]: Connected to new peer: Peer: permanent_uuid: "ab8dbc5c8b464d4e88ff7499564dc672" member_type: VOTER last_known_addr { host: "127.4.136.65" port: 41225 }, Status: LMP_MISMATCH, Last received: 0.0, Next index: 1, Last known committed idx: 0, Time since last communication: 0.000s
