I20260710 11:11:24.044061  7045 consensus_queue.cc:260] T 0c41348d846e431f8c48958bae113d55 P 9d02c87fbbb94cc1ba9159a4588aca87 [NON_LEADER]: Queue going to NON_LEADER mode. State: All replicated index: 0, Majority replicated index: 0, Committed index: 0, Last appended: 0.0, Last appended by leader: 0, Current term: 0, Majority size: -1, State: 0, Mode: NON_LEADER, active raft config: opid_index: -1 OBSOLETE_local: false peers { permanent_uuid: "69dbc76b5b4f44099cc8b7495aa3761f" member_type: VOTER last_known_addr { host: "127.5.160.65" port: 35087 } } peers { permanent_uuid: "9d02c87fbbb94cc1ba9159a4588aca87" member_type: VOTER last_known_addr { host: "127.5.160.66" port: 35337 } } peers { permanent_uuid: "f865c195ef7a4f418d62c9698f319add" member_type: VOTER last_known_addr { host: "127.5.160.67" port: 41697 } }
I20260710 11:11:24.046419  7044 tablet_bootstrap.cc:492] T c183ac11c53647aa98dff6e8056a680e P 69dbc76b5b4f44099cc8b7495aa3761f: No bootstrap required, opened a new log
I20260710 11:11:24.046850  7044 ts_tablet_manager.cc:1403] T c183ac11c53647aa98dff6e8056a680e P 69dbc76b5b4f44099cc8b7495aa3761f: Time spent bootstrapping tablet: real 0.046s	user 0.005s	sys 0.005s
I20260710 11:11:24.049216  7044 raft_consensus.cc:359] T c183ac11c53647aa98dff6e8056a680e P 69dbc76b5b4f44099cc8b7495aa3761f [term 0 FOLLOWER]: Replica starting. Triggering 0 pending ops. Active config: opid_index: -1 OBSOLETE_local: false peers { permanent_uuid: "69dbc76b5b4f44099cc8b7495aa3761f" member_type: VOTER last_known_addr { host: "127.5.160.65" port: 35087 } } peers { permanent_uuid: "9d02c87fbbb94cc1ba9159a4588aca87" member_type: VOTER last_known_addr { host: "127.5.160.66" port: 35337 } } peers { permanent_uuid: "f865c195ef7a4f418d62c9698f319add" member_type: VOTER last_known_addr { host: "127.5.160.67" port: 41697 } }
I20260710 11:11:24.049826  7044 raft_consensus.cc:385] T c183ac11c53647aa98dff6e8056a680e P 69dbc76b5b4f44099cc8b7495aa3761f [term 0 FOLLOWER]: Consensus starting up: Expiring failure detector timer to make a prompt election more likely
I20260710 11:11:24.050073  7044 raft_consensus.cc:740] T c183ac11c53647aa98dff6e8056a680e P 69dbc76b5b4f44099cc8b7495aa3761f [term 0 FOLLOWER]: Becoming Follower/Learner. State: Replica: 69dbc76b5b4f44099cc8b7495aa3761f, State: Initialized, Role: FOLLOWER
I20260710 11:11:24.050671  7044 consensus_queue.cc:260] T c183ac11c53647aa98dff6e8056a680e P 69dbc76b5b4f44099cc8b7495aa3761f [NON_LEADER]: Queue going to NON_LEADER mode. State: All replicated index: 0, Majority replicated index: 0, Committed index: 0, Last appended: 0.0, Last appended by leader: 0, Current term: 0, Majority size: -1, State: 0, Mode: NON_LEADER, active raft config: opid_index: -1 OBSOLETE_local: false peers { permanent_uuid: "69dbc76b5b4f44099cc8b7495aa3761f" member_type: VOTER last_known_addr { host: "127.5.160.65" port: 35087 } } peers { permanent_uuid: "9d02c87fbbb94cc1ba9159a4588aca87" member_type: VOTER last_known_addr { host: "127.5.160.66" port: 35337 } } peers { permanent_uuid: "f865c195ef7a4f418d62c9698f319add" member_type: VOTER last_known_addr { host: "127.5.160.67" port: 41697 } }
I20260710 11:11:24.052821  7045 ts_tablet_manager.cc:1434] T 0c41348d846e431f8c48958bae113d55 P 9d02c87fbbb94cc1ba9159a4588aca87: Time spent starting tablet: real 0.013s	user 0.005s	sys 0.000s
I20260710 11:11:24.053716  7045 tablet_bootstrap.cc:492] T 59a18ecbdce248ac9477f3fc2ef1507e P 9d02c87fbbb94cc1ba9159a4588aca87: Bootstrap starting.
I20260710 11:11:24.057199  6749 catalog_manager.cc:5697] T 3e9a8ee5ae14495bb2187dca4b2f2c82 P 9d02c87fbbb94cc1ba9159a4588aca87 reported cstate change: term changed from 0 to 1, leader changed from <none> to 9d02c87fbbb94cc1ba9159a4588aca87 (127.5.160.66). New cstate: current_term: 1 leader_uuid: "9d02c87fbbb94cc1ba9159a4588aca87" committed_config { opid_index: -1 OBSOLETE_local: false peers { permanent_uuid: "69dbc76b5b4f44099cc8b7495aa3761f" member_type: VOTER last_known_addr { host: "127.5.160.65" port: 35087 } health_report { overall_health: UNKNOWN } } peers { permanent_uuid: "9d02c87fbbb94cc1ba9159a4588aca87" member_type: VOTER last_known_addr { host: "127.5.160.66" port: 35337 } health_report { overall_health: HEALTHY } } peers { permanent_uuid: "f865c195ef7a4f418d62c9698f319add" member_type: VOTER last_known_addr { host: "127.5.160.67" port: 41697 } health_report { overall_health: UNKNOWN } } }
I20260710 11:11:24.059640  7044 ts_tablet_manager.cc:1434] T c183ac11c53647aa98dff6e8056a680e P 69dbc76b5b4f44099cc8b7495aa3761f: Time spent starting tablet: real 0.013s	user 0.004s	sys 0.003s
I20260710 11:11:24.060899  7044 tablet_bootstrap.cc:492] T 6a0656016e7d4d4c935de7ca1301489b P 69dbc76b5b4f44099cc8b7495aa3761f: Bootstrap starting.
I20260710 11:11:24.061537  7045 tablet_bootstrap.cc:654] T 59a18ecbdce248ac9477f3fc2ef1507e P 9d02c87fbbb94cc1ba9159a4588aca87: Neither blocks nor log segments found. Creating new log.
I20260710 11:11:24.066495  7044 tablet_bootstrap.cc:654] T 6a0656016e7d4d4c935de7ca1301489b P 69dbc76b5b4f44099cc8b7495aa3761f: Neither blocks nor log segments found. Creating new log.
I20260710 11:11:24.075145  6752 catalog_manager.cc:5697] T ffa8558c0bad416095a70ace0aef80af P f865c195ef7a4f418d62c9698f319add reported cstate change: term changed from 0 to 1, leader changed from <none> to f865c195ef7a4f418d62c9698f319add (127.5.160.67). New cstate: current_term: 1 leader_uuid: "f865c195ef7a4f418d62c9698f319add" committed_config { opid_index: -1 OBSOLETE_local: false peers { permanent_uuid: "69dbc76b5b4f44099cc8b7495aa3761f" member_type: VOTER last_known_addr { host: "127.5.160.65" port: 35087 } health_report { overall_health: UNKNOWN } } peers { permanent_uuid: "9d02c87fbbb94cc1ba9159a4588aca87" member_type: VOTER last_known_addr { host: "127.5.160.66" port: 35337 } health_report { overall_health: UNKNOWN } } peers { permanent_uuid: "f865c195ef7a4f418d62c9698f319add" member_type: VOTER last_known_addr { host: "127.5.160.67" port: 41697 } health_report { overall_health: HEALTHY } } }
I20260710 11:11:24.078464  6752 catalog_manager.cc:5697] T abf88cb9c8464d72ac295163d6281289 P f865c195ef7a4f418d62c9698f319add reported cstate change: term changed from 0 to 1, leader changed from <none> to f865c195ef7a4f418d62c9698f319add (127.5.160.67). New cstate: current_term: 1 leader_uuid: "f865c195ef7a4f418d62c9698f319add" committed_config { opid_index: -1 OBSOLETE_local: false peers { permanent_uuid: "69dbc76b5b4f44099cc8b7495aa3761f" member_type: VOTER last_known_addr { host: "127.5.160.65" port: 35087 } health_report { overall_health: UNKNOWN } } peers { permanent_uuid: "9d02c87fbbb94cc1ba9159a4588aca87" member_type: VOTER last_known_addr { host: "127.5.160.66" port: 35337 } health_report { overall_health: UNKNOWN } } peers { permanent_uuid: "f865c195ef7a4f418d62c9698f319add" member_type: VOTER last_known_addr { host: "127.5.160.67" port: 41697 } health_report { overall_health: HEALTHY } } }
I20260710 11:11:24.088677  7044 tablet_bootstrap.cc:492] T 6a0656016e7d4d4c935de7ca1301489b P 69dbc76b5b4f44099cc8b7495aa3761f: No bootstrap required, opened a new log
I20260710 11:11:24.089135  7044 ts_tablet_manager.cc:1403] T 6a0656016e7d4d4c935de7ca1301489b P 69dbc76b5b4f44099cc8b7495aa3761f: Time spent bootstrapping tablet: real 0.028s	user 0.008s	sys 0.005s
I20260710 11:11:24.089865  7159 consensus_queue.cc:1048] T 6e17e57b7da7481fa8c9a0afa57324c5 P 69dbc76b5b4f44099cc8b7495aa3761f [LEADER]: Connected to new peer: Peer: permanent_uuid: "9d02c87fbbb94cc1ba9159a4588aca87" member_type: VOTER last_known_addr { host: "127.5.160.66" port: 35337 }, Status: LMP_MISMATCH, Last received: 0.0, Next index: 1, Last known committed idx: 0, Time since last communication: 0.000s
I20260710 11:11:24.091647  7044 raft_consensus.cc:359] T 6a0656016e7d4d4c935de7ca1301489b P 69dbc76b5b4f44099cc8b7495aa3761f [term 0 FOLLOWER]: Replica starting. Triggering 0 pending ops. Active config: opid_index: -1 OBSOLETE_local: false peers { permanent_uuid: "69dbc76b5b4f44099cc8b7495aa3761f" member_type: VOTER last_known_addr { host: "127.5.160.65" port: 35087 } } peers { permanent_uuid: "9d02c87fbbb94cc1ba9159a4588aca87" member_type: VOTER last_known_addr { host: "127.5.160.66" port: 35337 } } peers { permanent_uuid: "f865c195ef7a4f418d62c9698f319add" member_type: VOTER last_known_addr { host: "127.5.160.67" port: 41697 } }
I20260710 11:11:24.092383  7044 raft_consensus.cc:385] T 6a0656016e7d4d4c935de7ca1301489b P 69dbc76b5b4f44099cc8b7495aa3761f [term 0 FOLLOWER]: Consensus starting up: Expiring failure detector timer to make a prompt election more likely
I20260710 11:11:24.092628  7044 raft_consensus.cc:740] T 6a0656016e7d4d4c935de7ca1301489b P 69dbc76b5b4f44099cc8b7495aa3761f [term 0 FOLLOWER]: Becoming Follower/Learner. State: Replica: 69dbc76b5b4f44099cc8b7495aa3761f, State: Initialized, Role: FOLLOWER
I20260710 11:11:24.093310  7044 consensus_queue.cc:260] T 6a0656016e7d4d4c935de7ca1301489b P 69dbc76b5b4f44099cc8b7495aa3761f [NON_LEADER]: Queue going to NON_LEADER mode. State: All replicated index: 0, Majority replicated index: 0, Committed index: 0, Last appended: 0.0, Last appended by leader: 0, Current term: 0, Majority size: -1, State: 0, Mode: NON_LEADER, active raft config: opid_index: -1 OBSOLETE_local: false peers { permanent_uuid: "69dbc76b5b4f44099cc8b7495aa3761f" member_type: VOTER last_known_addr { host: "127.5.160.65" port: 35087 } } peers { permanent_uuid: "9d02c87fbbb94cc1ba9159a4588aca87" member_type: VOTER last_known_addr { host: "127.5.160.66" port: 35337 } } peers { permanent_uuid: "f865c195ef7a4f418d62c9698f319add" member_type: VOTER last_known_addr { host: "127.5.160.67" port: 41697 } }
I20260710 11:11:24.095489  7044 ts_tablet_manager.cc:1434] T 6a0656016e7d4d4c935de7ca1301489b P 69dbc76b5b4f44099cc8b7495aa3761f: Time spent starting tablet: real 0.006s	user 0.006s	sys 0.000s
I20260710 11:11:24.096306  7044 tablet_bootstrap.cc:492] T abf88cb9c8464d72ac295163d6281289 P 69dbc76b5b4f44099cc8b7495aa3761f: Bootstrap starting.
I20260710 11:11:24.103138  7143 raft_consensus.cc:493] T 0c41348d846e431f8c48958bae113d55 P f865c195ef7a4f418d62c9698f319add [term 0 FOLLOWER]: Starting pre-election (no leader contacted us within the election timeout)
I20260710 11:11:24.103631  7143 raft_consensus.cc:515] T 0c41348d846e431f8c48958bae113d55 P f865c195ef7a4f418d62c9698f319add [term 0 FOLLOWER]: Starting pre-election with config: opid_index: -1 OBSOLETE_local: false peers { permanent_uuid: "69dbc76b5b4f44099cc8b7495aa3761f" member_type: VOTER last_known_addr { host: "127.5.160.65" port: 35087 } } peers { permanent_uuid: "9d02c87fbbb94cc1ba9159a4588aca87" member_type: VOTER last_known_addr { host: "127.5.160.66" port: 35337 } } peers { permanent_uuid: "f865c195ef7a4f418d62c9698f319add" member_type: VOTER last_known_addr { host: "127.5.160.67" port: 41697 } }
I20260710 11:11:24.105621  7143 leader_election.cc:290] T 0c41348d846e431f8c48958bae113d55 P f865c195ef7a4f418d62c9698f319add [CANDIDATE]: Term 1 pre-election: Requested pre-vote from peers 69dbc76b5b4f44099cc8b7495aa3761f (127.5.160.65:35087), 9d02c87fbbb94cc1ba9159a4588aca87 (127.5.160.66:35337)
I20260710 11:11:24.106213  6853 tablet_service.cc:1917] Received RequestConsensusVote() RPC: tablet_id: "0c41348d846e431f8c48958bae113d55" candidate_uuid: "f865c195ef7a4f418d62c9698f319add" candidate_term: 1 candidate_status { last_received { term: 0 index: 0 } } ignore_live_leader: false dest_uuid: "69dbc76b5b4f44099cc8b7495aa3761f" is_pre_election: true
I20260710 11:11:24.106791  6923 tablet_service.cc:1917] Received RequestConsensusVote() RPC: tablet_id: "0c41348d846e431f8c48958bae113d55" candidate_uuid: "f865c195ef7a4f418d62c9698f319add" candidate_term: 1 candidate_status { last_received { term: 0 index: 0 } } ignore_live_leader: false dest_uuid: "9d02c87fbbb94cc1ba9159a4588aca87" is_pre_election: true
I20260710 11:11:24.106827  6853 raft_consensus.cc:2468] T 0c41348d846e431f8c48958bae113d55 P 69dbc76b5b4f44099cc8b7495aa3761f [term 0 FOLLOWER]: Leader pre-election vote request: Granting yes vote for candidate f865c195ef7a4f418d62c9698f319add in term 0.
I20260710 11:11:24.107507  6923 raft_consensus.cc:2468] T 0c41348d846e431f8c48958bae113d55 P 9d02c87fbbb94cc1ba9159a4588aca87 [term 0 FOLLOWER]: Leader pre-election vote request: Granting yes vote for candidate f865c195ef7a4f418d62c9698f319add in term 0.
I20260710 11:11:24.108268  6969 leader_election.cc:304] T 0c41348d846e431f8c48958bae113d55 P f865c195ef7a4f418d62c9698f319add [CANDIDATE]: Term 1 pre-election: Election decided. Result: candidate won. Election summary: received 2 responses out of 3 voters: 2 yes votes; 0 no votes. yes voters: 69dbc76b5b4f44099cc8b7495aa3761f, f865c195ef7a4f418d62c9698f319add; no voters: 
I20260710 11:11:24.109512  7143 raft_consensus.cc:2804] T 0c41348d846e431f8c48958bae113d55 P f865c195ef7a4f418d62c9698f319add [term 0 FOLLOWER]: Leader pre-election won for term 1
I20260710 11:11:24.109848  7143 raft_consensus.cc:493] T 0c41348d846e431f8c48958bae113d55 P f865c195ef7a4f418d62c9698f319add [term 0 FOLLOWER]: Starting leader election (no leader contacted us within the election timeout)
I20260710 11:11:24.110152  7143 raft_consensus.cc:3060] T 0c41348d846e431f8c48958bae113d55 P f865c195ef7a4f418d62c9698f319add [term 0 FOLLOWER]: Advancing to term 1
I20260710 11:11:24.120774  7045 tablet_bootstrap.cc:492] T 59a18ecbdce248ac9477f3fc2ef1507e P 9d02c87fbbb94cc1ba9159a4588aca87: No bootstrap required, opened a new log
I20260710 11:11:24.122866  7045 ts_tablet_manager.cc:1403] T 59a18ecbdce248ac9477f3fc2ef1507e P 9d02c87fbbb94cc1ba9159a4588aca87: Time spent bootstrapping tablet: real 0.069s	user 0.010s	sys 0.003s
I20260710 11:11:24.105357  7044 tablet_bootstrap.cc:654] T abf88cb9c8464d72ac295163d6281289 P 69dbc76b5b4f44099cc8b7495aa3761f: Neither blocks nor log segments found. Creating new log.
I20260710 11:11:24.134684  7159 consensus_queue.cc:1048] T 6e17e57b7da7481fa8c9a0afa57324c5 P 69dbc76b5b4f44099cc8b7495aa3761f [LEADER]: Connected to new peer: Peer: permanent_uuid: "f865c195ef7a4f418d62c9698f319add" member_type: VOTER last_known_addr { host: "127.5.160.67" port: 41697 }, Status: LMP_MISMATCH, Last received: 0.0, Next index: 1, Last known committed idx: 0, Time since last communication: 0.000s
I20260710 11:11:24.136988  7045 raft_consensus.cc:359] T 59a18ecbdce248ac9477f3fc2ef1507e P 9d02c87fbbb94cc1ba9159a4588aca87 [term 0 FOLLOWER]: Replica starting. Triggering 0 pending ops. Active config: opid_index: -1 OBSOLETE_local: false peers { permanent_uuid: "69dbc76b5b4f44099cc8b7495aa3761f" member_type: VOTER last_known_addr { host: "127.5.160.65" port: 35087 } } peers { permanent_uuid: "9d02c87fbbb94cc1ba9159a4588aca87" member_type: VOTER last_known_addr { host: "127.5.160.66" port: 35337 } } peers { permanent_uuid: "f865c195ef7a4f418d62c9698f319add" member_type: VOTER last_known_addr { host: "127.5.160.67" port: 41697 } }
I20260710 11:11:24.139469  7045 raft_consensus.cc:385] T 59a18ecbdce248ac9477f3fc2ef1507e P 9d02c87fbbb94cc1ba9159a4588aca87 [term 0 FOLLOWER]: Consensus starting up: Expiring failure detector timer to make a prompt election more likely
I20260710 11:11:24.139894  7045 raft_consensus.cc:740] T 59a18ecbdce248ac9477f3fc2ef1507e P 9d02c87fbbb94cc1ba9159a4588aca87 [term 0 FOLLOWER]: Becoming Follower/Learner. State: Replica: 9d02c87fbbb94cc1ba9159a4588aca87, State: Initialized, Role: FOLLOWER
I20260710 11:11:24.141162  7045 consensus_queue.cc:260] T 59a18ecbdce248ac9477f3fc2ef1507e P 9d02c87fbbb94cc1ba9159a4588aca87 [NON_LEADER]: Queue going to NON_LEADER mode. State: All replicated index: 0, Majority replicated index: 0, Committed index: 0, Last appended: 0.0, Last appended by leader: 0, Current term: 0, Majority size: -1, State: 0, Mode: NON_LEADER, active raft config: opid_index: -1 OBSOLETE_local: false peers { permanent_uuid: "69dbc76b5b4f44099cc8b7495aa3761f" member_type: VOTER last_known_addr { host: "127.5.160.65" port: 35087 } } peers { permanent_uuid: "9d02c87fbbb94cc1ba9159a4588aca87" member_type: VOTER last_known_addr { host: "127.5.160.66" port: 35337 } } peers { permanent_uuid: "f865c195ef7a4f418d62c9698f319add" member_type: VOTER last_known_addr { host: "127.5.160.67" port: 41697 } }
I20260710 11:11:24.143945  7045 ts_tablet_manager.cc:1434] T 59a18ecbdce248ac9477f3fc2ef1507e P 9d02c87fbbb94cc1ba9159a4588aca87: Time spent starting tablet: real 0.012s	user 0.005s	sys 0.000s
I20260710 11:11:24.146382  7045 tablet_bootstrap.cc:492] T d50e052c5844465784b16f51816b14fa P 9d02c87fbbb94cc1ba9159a4588aca87: Bootstrap starting.
I20260710 11:11:24.127779  7143 raft_consensus.cc:515] T 0c41348d846e431f8c48958bae113d55 P f865c195ef7a4f418d62c9698f319add [term 1 FOLLOWER]: Starting leader election with config: opid_index: -1 OBSOLETE_local: false peers { permanent_uuid: "69dbc76b5b4f44099cc8b7495aa3761f" member_type: VOTER last_known_addr { host: "127.5.160.65" port: 35087 } } peers { permanent_uuid: "9d02c87fbbb94cc1ba9159a4588aca87" member_type: VOTER last_known_addr { host: "127.5.160.66" port: 35337 } } peers { permanent_uuid: "f865c195ef7a4f418d62c9698f319add" member_type: VOTER last_known_addr { host: "127.5.160.67" port: 41697 } }
I20260710 11:11:24.156363  7143 leader_election.cc:290] T 0c41348d846e431f8c48958bae113d55 P f865c195ef7a4f418d62c9698f319add [CANDIDATE]: Term 1 election: Requested vote from peers 69dbc76b5b4f44099cc8b7495aa3761f (127.5.160.65:35087), 9d02c87fbbb94cc1ba9159a4588aca87 (127.5.160.66:35337)
I20260710 11:11:24.156998  6853 tablet_service.cc:1917] Received RequestConsensusVote() RPC: tablet_id: "0c41348d846e431f8c48958bae113d55" candidate_uuid: "f865c195ef7a4f418d62c9698f319add" candidate_term: 1 candidate_status { last_received { term: 0 index: 0 } } ignore_live_leader: false dest_uuid: "69dbc76b5b4f44099cc8b7495aa3761f"
I20260710 11:11:24.157637  6853 raft_consensus.cc:3060] T 0c41348d846e431f8c48958bae113d55 P 69dbc76b5b4f44099cc8b7495aa3761f [term 0 FOLLOWER]: Advancing to term 1
I20260710 11:11:24.160575  7045 tablet_bootstrap.cc:654] T d50e052c5844465784b16f51816b14fa P 9d02c87fbbb94cc1ba9159a4588aca87: Neither blocks nor log segments found. Creating new log.
I20260710 11:11:24.165488  6923 tablet_service.cc:1917] Received RequestConsensusVote() RPC: tablet_id: "0c41348d846e431f8c48958bae113d55" candidate_uuid: "f865c195ef7a4f418d62c9698f319add" candidate_term: 1 candidate_status { last_received { term: 0 index: 0 } } ignore_live_leader: false dest_uuid: "9d02c87fbbb94cc1ba9159a4588aca87"
I20260710 11:11:24.166059  6923 raft_consensus.cc:3060] T 0c41348d846e431f8c48958bae113d55 P 9d02c87fbbb94cc1ba9159a4588aca87 [term 0 FOLLOWER]: Advancing to term 1
I20260710 11:11:24.166769  7044 tablet_bootstrap.cc:492] T abf88cb9c8464d72ac295163d6281289 P 69dbc76b5b4f44099cc8b7495aa3761f: No bootstrap required, opened a new log
I20260710 11:11:24.167250  7044 ts_tablet_manager.cc:1403] T abf88cb9c8464d72ac295163d6281289 P 69dbc76b5b4f44099cc8b7495aa3761f: Time spent bootstrapping tablet: real 0.071s	user 0.009s	sys 0.010s
I20260710 11:11:24.167294  6853 raft_consensus.cc:2468] T 0c41348d846e431f8c48958bae113d55 P 69dbc76b5b4f44099cc8b7495aa3761f [term 1 FOLLOWER]: Leader election vote request: Granting yes vote for candidate f865c195ef7a4f418d62c9698f319add in term 1.
I20260710 11:11:24.169879  7044 raft_consensus.cc:359] T abf88cb9c8464d72ac295163d6281289 P 69dbc76b5b4f44099cc8b7495aa3761f [term 0 FOLLOWER]: Replica starting. Triggering 0 pending ops. Active config: opid_index: -1 OBSOLETE_local: false peers { permanent_uuid: "69dbc76b5b4f44099cc8b7495aa3761f" member_type: VOTER last_known_addr { host: "127.5.160.65" port: 35087 } } peers { permanent_uuid: "9d02c87fbbb94cc1ba9159a4588aca87" member_type: VOTER last_known_addr { host: "127.5.160.66" port: 35337 } } peers { permanent_uuid: "f865c195ef7a4f418d62c9698f319add" member_type: VOTER last_known_addr { host: "127.5.160.67" port: 41697 } }
I20260710 11:11:24.170554  7044 raft_consensus.cc:385] T abf88cb9c8464d72ac295163d6281289 P 69dbc76b5b4f44099cc8b7495aa3761f [term 0 FOLLOWER]: Consensus starting up: Expiring failure detector timer to make a prompt election more likely
I20260710 11:11:24.170861  7044 raft_consensus.cc:740] T abf88cb9c8464d72ac295163d6281289 P 69dbc76b5b4f44099cc8b7495aa3761f [term 0 FOLLOWER]: Becoming Follower/Learner. State: Replica: 69dbc76b5b4f44099cc8b7495aa3761f, State: Initialized, Role: FOLLOWER
I20260710 11:11:24.171458  6969 leader_election.cc:304] T 0c41348d846e431f8c48958bae113d55 P f865c195ef7a4f418d62c9698f319add [CANDIDATE]: Term 1 election: Election decided. Result: candidate won. Election summary: received 2 responses out of 3 voters: 2 yes votes; 0 no votes. yes voters: 69dbc76b5b4f44099cc8b7495aa3761f, f865c195ef7a4f418d62c9698f319add; no voters: 
I20260710 11:11:24.171670  7044 consensus_queue.cc:260] T abf88cb9c8464d72ac295163d6281289 P 69dbc76b5b4f44099cc8b7495aa3761f [NON_LEADER]: Queue going to NON_LEADER mode. State: All replicated index: 0, Majority replicated index: 0, Committed index: 0, Last appended: 0.0, Last appended by leader: 0, Current term: 0, Majority size: -1, State: 0, Mode: NON_LEADER, active raft config: opid_index: -1 OBSOLETE_local: false peers { permanent_uuid: "69dbc76b5b4f44099cc8b7495aa3761f" member_type: VOTER last_known_addr { host: "127.5.160.65" port: 35087 } } peers { permanent_uuid: "9d02c87fbbb94cc1ba9159a4588aca87" member_type: VOTER last_known_addr { host: "127.5.160.66" port: 35337 } } peers { permanent_uuid: "f865c195ef7a4f418d62c9698f319add" member_type: VOTER last_known_addr { host: "127.5.160.67" port: 41697 } }
I20260710 11:11:24.175953  7044 ts_tablet_manager.cc:1434] T abf88cb9c8464d72ac295163d6281289 P 69dbc76b5b4f44099cc8b7495aa3761f: Time spent starting tablet: real 0.008s	user 0.005s	sys 0.000s
I20260710 11:11:24.176822  6923 raft_consensus.cc:2468] T 0c41348d846e431f8c48958bae113d55 P 9d02c87fbbb94cc1ba9159a4588aca87 [term 1 FOLLOWER]: Leader election vote request: Granting yes vote for candidate f865c195ef7a4f418d62c9698f319add in term 1.
I20260710 11:11:24.180902  7045 tablet_bootstrap.cc:492] T d50e052c5844465784b16f51816b14fa P 9d02c87fbbb94cc1ba9159a4588aca87: No bootstrap required, opened a new log
I20260710 11:11:24.181250  7045 ts_tablet_manager.cc:1403] T d50e052c5844465784b16f51816b14fa P 9d02c87fbbb94cc1ba9159a4588aca87: Time spent bootstrapping tablet: real 0.035s	user 0.009s	sys 0.000s
I20260710 11:11:24.183470  7045 raft_consensus.cc:359] T d50e052c5844465784b16f51816b14fa P 9d02c87fbbb94cc1ba9159a4588aca87 [term 0 FOLLOWER]: Replica starting. Triggering 0 pending ops. Active config: opid_index: -1 OBSOLETE_local: false peers { permanent_uuid: "69dbc76b5b4f44099cc8b7495aa3761f" member_type: VOTER last_known_addr { host: "127.5.160.65" port: 35087 } } peers { permanent_uuid: "9d02c87fbbb94cc1ba9159a4588aca87" member_type: VOTER last_known_addr { host: "127.5.160.66" port: 35337 } } peers { permanent_uuid: "f865c195ef7a4f418d62c9698f319add" member_type: VOTER last_known_addr { host: "127.5.160.67" port: 41697 } }
I20260710 11:11:24.176162  7143 raft_consensus.cc:2804] T 0c41348d846e431f8c48958bae113d55 P f865c195ef7a4f418d62c9698f319add [term 1 FOLLOWER]: Leader election won for term 1
I20260710 11:11:24.184083  7045 raft_consensus.cc:385] T d50e052c5844465784b16f51816b14fa P 9d02c87fbbb94cc1ba9159a4588aca87 [term 0 FOLLOWER]: Consensus starting up: Expiring failure detector timer to make a prompt election more likely
I20260710 11:11:24.184392  7045 raft_consensus.cc:740] T d50e052c5844465784b16f51816b14fa P 9d02c87fbbb94cc1ba9159a4588aca87 [term 0 FOLLOWER]: Becoming Follower/Learner. State: Replica: 9d02c87fbbb94cc1ba9159a4588aca87, State: Initialized, Role: FOLLOWER
I20260710 11:11:24.184638  7143 raft_consensus.cc:697] T 0c41348d846e431f8c48958bae113d55 P f865c195ef7a4f418d62c9698f319add [term 1 LEADER]: Becoming Leader. State: Replica: f865c195ef7a4f418d62c9698f319add, State: Running, Role: LEADER
I20260710 11:11:24.184989  7045 consensus_queue.cc:260] T d50e052c5844465784b16f51816b14fa P 9d02c87fbbb94cc1ba9159a4588aca87 [NON_LEADER]: Queue going to NON_LEADER mode. State: All replicated index: 0, Majority replicated index: 0, Committed index: 0, Last appended: 0.0, Last appended by leader: 0, Current term: 0, Majority size: -1, State: 0, Mode: NON_LEADER, active raft config: opid_index: -1 OBSOLETE_local: false peers { permanent_uuid: "69dbc76b5b4f44099cc8b7495aa3761f" member_type: VOTER last_known_addr { host: "127.5.160.65" port: 35087 } } peers { permanent_uuid: "9d02c87fbbb94cc1ba9159a4588aca87" member_type: VOTER last_known_addr { host: "127.5.160.66" port: 35337 } } peers { permanent_uuid: "f865c195ef7a4f418d62c9698f319add" member_type: VOTER last_known_addr { host: "127.5.160.67" port: 41697 } }
I20260710 11:11:24.185549  7143 consensus_queue.cc:237] T 0c41348d846e431f8c48958bae113d55 P f865c195ef7a4f418d62c9698f319add [LEADER]: Queue going to LEADER mode. State: All replicated index: 0, Majority replicated index: 0, Committed index: 0, Last appended: 0.0, Last appended by leader: 0, Current term: 1, Majority size: 2, State: 0, Mode: LEADER, active raft config: opid_index: -1 OBSOLETE_local: false peers { permanent_uuid: "69dbc76b5b4f44099cc8b7495aa3761f" member_type: VOTER last_known_addr { host: "127.5.160.65" port: 35087 } } peers { permanent_uuid: "9d02c87fbbb94cc1ba9159a4588aca87" member_type: VOTER last_known_addr { host: "127.5.160.66" port: 35337 } } peers { permanent_uuid: "f865c195ef7a4f418d62c9698f319add" member_type: VOTER last_known_addr { host: "127.5.160.67" port: 41697 } }
I20260710 11:11:24.186810  7045 ts_tablet_manager.cc:1434] T d50e052c5844465784b16f51816b14fa P 9d02c87fbbb94cc1ba9159a4588aca87: Time spent starting tablet: real 0.005s	user 0.004s	sys 0.000s
I20260710 11:11:24.190831  7045 tablet_bootstrap.cc:492] T c183ac11c53647aa98dff6e8056a680e P 9d02c87fbbb94cc1ba9159a4588aca87: Bootstrap starting.
I20260710 11:11:24.196497  7045 tablet_bootstrap.cc:654] T c183ac11c53647aa98dff6e8056a680e P 9d02c87fbbb94cc1ba9159a4588aca87: Neither blocks nor log segments found. Creating new log.
I20260710 11:11:24.202219  6749 catalog_manager.cc:5697] T 0c41348d846e431f8c48958bae113d55 P f865c195ef7a4f418d62c9698f319add reported cstate change: term changed from 0 to 1, leader changed from <none> to f865c195ef7a4f418d62c9698f319add (127.5.160.67). New cstate: current_term: 1 leader_uuid: "f865c195ef7a4f418d62c9698f319add" committed_config { opid_index: -1 OBSOLETE_local: false peers { permanent_uuid: "69dbc76b5b4f44099cc8b7495aa3761f" member_type: VOTER last_known_addr { host: "127.5.160.65" port: 35087 } health_report { overall_health: UNKNOWN } } peers { permanent_uuid: "9d02c87fbbb94cc1ba9159a4588aca87" member_type: VOTER last_known_addr { host: "127.5.160.66" port: 35337 } health_report { overall_health: UNKNOWN } } peers { permanent_uuid: "f865c195ef7a4f418d62c9698f319add" member_type: VOTER last_known_addr { host: "127.5.160.67" port: 41697 } health_report { overall_health: HEALTHY } } }
I20260710 11:11:24.210958  7045 tablet_bootstrap.cc:492] T c183ac11c53647aa98dff6e8056a680e P 9d02c87fbbb94cc1ba9159a4588aca87: No bootstrap required, opened a new log
I20260710 11:11:24.211390  7045 ts_tablet_manager.cc:1403] T c183ac11c53647aa98dff6e8056a680e P 9d02c87fbbb94cc1ba9159a4588aca87: Time spent bootstrapping tablet: real 0.021s	user 0.007s	sys 0.000s
I20260710 11:11:24.213366  7045 raft_consensus.cc:359] T c183ac11c53647aa98dff6e8056a680e P 9d02c87fbbb94cc1ba9159a4588aca87 [term 0 FOLLOWER]: Replica starting. Triggering 0 pending ops. Active config: opid_index: -1 OBSOLETE_local: false peers { permanent_uuid: "69dbc76b5b4f44099cc8b7495aa3761f" member_type: VOTER last_known_addr { host: "127.5.160.65" port: 35087 } } peers { permanent_uuid: "9d02c87fbbb94cc1ba9159a4588aca87" member_type: VOTER last_known_addr { host: "127.5.160.66" port: 35337 } } peers { permanent_uuid: "f865c195ef7a4f418d62c9698f319add" member_type: VOTER last_known_addr { host: "127.5.160.67" port: 41697 } }
I20260710 11:11:24.213974  7045 raft_consensus.cc:385] T c183ac11c53647aa98dff6e8056a680e P 9d02c87fbbb94cc1ba9159a4588aca87 [term 0 FOLLOWER]: Consensus starting up: Expiring failure detector timer to make a prompt election more likely
I20260710 11:11:24.214228  7045 raft_consensus.cc:740] T c183ac11c53647aa98dff6e8056a680e P 9d02c87fbbb94cc1ba9159a4588aca87 [term 0 FOLLOWER]: Becoming Follower/Learner. State: Replica: 9d02c87fbbb94cc1ba9159a4588aca87, State: Initialized, Role: FOLLOWER
I20260710 11:11:24.214931  7045 consensus_queue.cc:260] T c183ac11c53647aa98dff6e8056a680e P 9d02c87fbbb94cc1ba9159a4588aca87 [NON_LEADER]: Queue going to NON_LEADER mode. State: All replicated index: 0, Majority replicated index: 0, Committed index: 0, Last appended: 0.0, Last appended by leader: 0, Current term: 0, Majority size: -1, State: 0, Mode: NON_LEADER, active raft config: opid_index: -1 OBSOLETE_local: false peers { permanent_uuid: "69dbc76b5b4f44099cc8b7495aa3761f" member_type: VOTER last_known_addr { host: "127.5.160.65" port: 35087 } } peers { permanent_uuid: "9d02c87fbbb94cc1ba9159a4588aca87" member_type: VOTER last_known_addr { host: "127.5.160.66" port: 35337 } } peers { permanent_uuid: "f865c195ef7a4f418d62c9698f319add" member_type: VOTER last_known_addr { host: "127.5.160.67" port: 41697 } }
I20260710 11:11:24.216805  7045 ts_tablet_manager.cc:1434] T c183ac11c53647aa98dff6e8056a680e P 9d02c87fbbb94cc1ba9159a4588aca87: Time spent starting tablet: real 0.005s	user 0.004s	sys 0.000s
I20260710 11:11:24.228848  6923 raft_consensus.cc:3060] T d50e052c5844465784b16f51816b14fa P 9d02c87fbbb94cc1ba9159a4588aca87 [term 0 FOLLOWER]: Advancing to term 1
I20260710 11:11:24.236778  7153 raft_consensus.cc:493] T cb032070e79f45b19549d8570d894ebd P 9d02c87fbbb94cc1ba9159a4588aca87 [term 0 FOLLOWER]: Starting pre-election (no leader contacted us within the election timeout)
I20260710 11:11:24.237205  7153 raft_consensus.cc:515] T cb032070e79f45b19549d8570d894ebd P 9d02c87fbbb94cc1ba9159a4588aca87 [term 0 FOLLOWER]: Starting pre-election with config: opid_index: -1 OBSOLETE_local: false peers { permanent_uuid: "69dbc76b5b4f44099cc8b7495aa3761f" member_type: VOTER last_known_addr { host: "127.5.160.65" port: 35087 } } peers { permanent_uuid: "9d02c87fbbb94cc1ba9159a4588aca87" member_type: VOTER last_known_addr { host: "127.5.160.66" port: 35337 } } peers { permanent_uuid: "f865c195ef7a4f418d62c9698f319add" member_type: VOTER last_known_addr { host: "127.5.160.67" port: 41697 } }
I20260710 11:11:24.239295  7153 leader_election.cc:290] T cb032070e79f45b19549d8570d894ebd P 9d02c87fbbb94cc1ba9159a4588aca87 [CANDIDATE]: Term 1 pre-election: Requested pre-vote from peers 69dbc76b5b4f44099cc8b7495aa3761f (127.5.160.65:35087), f865c195ef7a4f418d62c9698f319add (127.5.160.67:41697)
I20260710 11:11:24.240628  6853 tablet_service.cc:1917] Received RequestConsensusVote() RPC: tablet_id: "cb032070e79f45b19549d8570d894ebd" candidate_uuid: "9d02c87fbbb94cc1ba9159a4588aca87" candidate_term: 1 candidate_status { last_received { term: 0 index: 0 } } ignore_live_leader: false dest_uuid: "69dbc76b5b4f44099cc8b7495aa3761f" is_pre_election: true
I20260710 11:11:24.240657  7001 tablet_service.cc:1917] Received RequestConsensusVote() RPC: tablet_id: "cb032070e79f45b19549d8570d894ebd" candidate_uuid: "9d02c87fbbb94cc1ba9159a4588aca87" candidate_term: 1 candidate_status { last_received { term: 0 index: 0 } } ignore_live_leader: false dest_uuid: "f865c195ef7a4f418d62c9698f319add" is_pre_election: true
I20260710 11:11:24.241371  6853 raft_consensus.cc:2468] T cb032070e79f45b19549d8570d894ebd P 69dbc76b5b4f44099cc8b7495aa3761f [term 0 FOLLOWER]: Leader pre-election vote request: Granting yes vote for candidate 9d02c87fbbb94cc1ba9159a4588aca87 in term 0.
I20260710 11:11:24.241670  7001 raft_consensus.cc:2468] T cb032070e79f45b19549d8570d894ebd P f865c195ef7a4f418d62c9698f319add [term 0 FOLLOWER]: Leader pre-election vote request: Granting yes vote for candidate 9d02c87fbbb94cc1ba9159a4588aca87 in term 0.
I20260710 11:11:24.242597  6895 leader_election.cc:304] T cb032070e79f45b19549d8570d894ebd P 9d02c87fbbb94cc1ba9159a4588aca87 [CANDIDATE]: Term 1 pre-election: Election decided. Result: candidate won. Election summary: received 2 responses out of 3 voters: 2 yes votes; 0 no votes. yes voters: 69dbc76b5b4f44099cc8b7495aa3761f, 9d02c87fbbb94cc1ba9159a4588aca87; no voters: 
I20260710 11:11:24.243578  7153 raft_consensus.cc:2804] T cb032070e79f45b19549d8570d894ebd P 9d02c87fbbb94cc1ba9159a4588aca87 [term 0 FOLLOWER]: Leader pre-election won for term 1
I20260710 11:11:24.243937  7153 raft_consensus.cc:493] T cb032070e79f45b19549d8570d894ebd P 9d02c87fbbb94cc1ba9159a4588aca87 [term 0 FOLLOWER]: Starting leader election (no leader contacted us within the election timeout)
I20260710 11:11:24.244257  7153 raft_consensus.cc:3060] T cb032070e79f45b19549d8570d894ebd P 9d02c87fbbb94cc1ba9159a4588aca87 [term 0 FOLLOWER]: Advancing to term 1
I20260710 11:11:24.249550  7153 raft_consensus.cc:515] T cb032070e79f45b19549d8570d894ebd P 9d02c87fbbb94cc1ba9159a4588aca87 [term 1 FOLLOWER]: Starting leader election with config: opid_index: -1 OBSOLETE_local: false peers { permanent_uuid: "69dbc76b5b4f44099cc8b7495aa3761f" member_type: VOTER last_known_addr { host: "127.5.160.65" port: 35087 } } peers { permanent_uuid: "9d02c87fbbb94cc1ba9159a4588aca87" member_type: VOTER last_known_addr { host: "127.5.160.66" port: 35337 } } peers { permanent_uuid: "f865c195ef7a4f418d62c9698f319add" member_type: VOTER last_known_addr { host: "127.5.160.67" port: 41697 } }
I20260710 11:11:24.251403  7153 leader_election.cc:290] T cb032070e79f45b19549d8570d894ebd P 9d02c87fbbb94cc1ba9159a4588aca87 [CANDIDATE]: Term 1 election: Requested vote from peers 69dbc76b5b4f44099cc8b7495aa3761f (127.5.160.65:35087), f865c195ef7a4f418d62c9698f319add (127.5.160.67:41697)
I20260710 11:11:24.252372  7001 tablet_service.cc:1917] Received RequestConsensusVote() RPC: tablet_id: "cb032070e79f45b19549d8570d894ebd" candidate_uuid: "9d02c87fbbb94cc1ba9159a4588aca87" candidate_term: 1 candidate_status { last_received { term: 0 index: 0 } } ignore_live_leader: false dest_uuid: "f865c195ef7a4f418d62c9698f319add"
I20260710 11:11:24.252985  7001 raft_consensus.cc:3060] T cb032070e79f45b19549d8570d894ebd P f865c195ef7a4f418d62c9698f319add [term 0 FOLLOWER]: Advancing to term 1
I20260710 11:11:24.252914  6853 tablet_service.cc:1917] Received RequestConsensusVote() RPC: tablet_id: "cb032070e79f45b19549d8570d894ebd" candidate_uuid: "9d02c87fbbb94cc1ba9159a4588aca87" candidate_term: 1 candidate_status { last_received { term: 0 index: 0 } } ignore_live_leader: false dest_uuid: "69dbc76b5b4f44099cc8b7495aa3761f"
I20260710 11:11:24.253635  6853 raft_consensus.cc:3060] T cb032070e79f45b19549d8570d894ebd P 69dbc76b5b4f44099cc8b7495aa3761f [term 0 FOLLOWER]: Advancing to term 1
I20260710 11:11:24.259058  6853 raft_consensus.cc:2468] T cb032070e79f45b19549d8570d894ebd P 69dbc76b5b4f44099cc8b7495aa3761f [term 1 FOLLOWER]: Leader election vote request: Granting yes vote for candidate 9d02c87fbbb94cc1ba9159a4588aca87 in term 1.
I20260710 11:11:24.260355  6895 leader_election.cc:304] T cb032070e79f45b19549d8570d894ebd P 9d02c87fbbb94cc1ba9159a4588aca87 [CANDIDATE]: Term 1 election: Election decided. Result: candidate won. Election summary: received 2 responses out of 3 voters: 2 yes votes; 0 no votes. yes voters: 69dbc76b5b4f44099cc8b7495aa3761f, 9d02c87fbbb94cc1ba9159a4588aca87; no voters: 
I20260710 11:11:24.261014  7153 raft_consensus.cc:2804] T cb032070e79f45b19549d8570d894ebd P 9d02c87fbbb94cc1ba9159a4588aca87 [term 1 FOLLOWER]: Leader election won for term 1
I20260710 11:11:24.261518  7153 raft_consensus.cc:697] T cb032070e79f45b19549d8570d894ebd P 9d02c87fbbb94cc1ba9159a4588aca87 [term 1 LEADER]: Becoming Leader. State: Replica: 9d02c87fbbb94cc1ba9159a4588aca87, State: Running, Role: LEADER
I20260710 11:11:24.261476  7001 raft_consensus.cc:2468] T cb032070e79f45b19549d8570d894ebd P f865c195ef7a4f418d62c9698f319add [term 1 FOLLOWER]: Leader election vote request: Granting yes vote for candidate 9d02c87fbbb94cc1ba9159a4588aca87 in term 1.
I20260710 11:11:24.262516  7153 consensus_queue.cc:237] T cb032070e79f45b19549d8570d894ebd P 9d02c87fbbb94cc1ba9159a4588aca87 [LEADER]: Queue going to LEADER mode. State: All replicated index: 0, Majority replicated index: 0, Committed index: 0, Last appended: 0.0, Last appended by leader: 0, Current term: 1, Majority size: 2, State: 0, Mode: LEADER, active raft config: opid_index: -1 OBSOLETE_local: false peers { permanent_uuid: "69dbc76b5b4f44099cc8b7495aa3761f" member_type: VOTER last_known_addr { host: "127.5.160.65" port: 35087 } } peers { permanent_uuid: "9d02c87fbbb94cc1ba9159a4588aca87" member_type: VOTER last_known_addr { host: "127.5.160.66" port: 35337 } } peers { permanent_uuid: "f865c195ef7a4f418d62c9698f319add" member_type: VOTER last_known_addr { host: "127.5.160.67" port: 41697 } }
I20260710 11:11:24.270149  6749 catalog_manager.cc:5697] T cb032070e79f45b19549d8570d894ebd P 9d02c87fbbb94cc1ba9159a4588aca87 reported cstate change: term changed from 0 to 1, leader changed from <none> to 9d02c87fbbb94cc1ba9159a4588aca87 (127.5.160.66). New cstate: current_term: 1 leader_uuid: "9d02c87fbbb94cc1ba9159a4588aca87" committed_config { opid_index: -1 OBSOLETE_local: false peers { permanent_uuid: "69dbc76b5b4f44099cc8b7495aa3761f" member_type: VOTER last_known_addr { host: "127.5.160.65" port: 35087 } health_report { overall_health: UNKNOWN } } peers { permanent_uuid: "9d02c87fbbb94cc1ba9159a4588aca87" member_type: VOTER last_known_addr { host: "127.5.160.66" port: 35337 } health_report { overall_health: HEALTHY } } peers { permanent_uuid: "f865c195ef7a4f418d62c9698f319add" member_type: VOTER last_known_addr { host: "127.5.160.67" port: 41697 } health_report { overall_health: UNKNOWN } } }
I20260710 11:11:24.282814  7143 consensus_queue.cc:1048] T ffa8558c0bad416095a70ace0aef80af P f865c195ef7a4f418d62c9698f319add [LEADER]: Connected to new peer: Peer: permanent_uuid: "9d02c87fbbb94cc1ba9159a4588aca87" member_type: VOTER last_known_addr { host: "127.5.160.66" port: 35337 }, Status: LMP_MISMATCH, Last received: 0.0, Next index: 1, Last known committed idx: 0, Time since last communication: 0.000s
I20260710 11:11:24.287106  7153 consensus_queue.cc:1048] T 3e9a8ee5ae14495bb2187dca4b2f2c82 P 9d02c87fbbb94cc1ba9159a4588aca87 [LEADER]: Connected to new peer: Peer: permanent_uuid: "f865c195ef7a4f418d62c9698f319add" member_type: VOTER last_known_addr { host: "127.5.160.67" port: 41697 }, Status: LMP_MISMATCH, Last received: 0.0, Next index: 1, Last known committed idx: 0, Time since last communication: 0.000s
I20260710 11:11:24.301174  7091 consensus_queue.cc:1048] T ffa8558c0bad416095a70ace0aef80af P f865c195ef7a4f418d62c9698f319add [LEADER]: Connected to new peer: Peer: permanent_uuid: "69dbc76b5b4f44099cc8b7495aa3761f" member_type: VOTER last_known_addr { host: "127.5.160.65" port: 35087 }, Status: LMP_MISMATCH, Last received: 0.0, Next index: 1, Last known committed idx: 0, Time since last communication: 0.000s
I20260710 11:11:24.310776  7153 consensus_queue.cc:1048] T 3e9a8ee5ae14495bb2187dca4b2f2c82 P 9d02c87fbbb94cc1ba9159a4588aca87 [LEADER]: Connected to new peer: Peer: permanent_uuid: "69dbc76b5b4f44099cc8b7495aa3761f" member_type: VOTER last_known_addr { host: "127.5.160.65" port: 35087 }, Status: LMP_MISMATCH, Last received: 0.0, Next index: 1, Last known committed idx: 0, Time since last communication: 0.000s
I20260710 11:11:24.321305  7089 raft_consensus.cc:493] T c183ac11c53647aa98dff6e8056a680e P 9d02c87fbbb94cc1ba9159a4588aca87 [term 0 FOLLOWER]: Starting pre-election (no leader contacted us within the election timeout)
I20260710 11:11:24.321762  7089 raft_consensus.cc:515] T c183ac11c53647aa98dff6e8056a680e P 9d02c87fbbb94cc1ba9159a4588aca87 [term 0 FOLLOWER]: Starting pre-election with config: opid_index: -1 OBSOLETE_local: false peers { permanent_uuid: "69dbc76b5b4f44099cc8b7495aa3761f" member_type: VOTER last_known_addr { host: "127.5.160.65" port: 35087 } } peers { permanent_uuid: "9d02c87fbbb94cc1ba9159a4588aca87" member_type: VOTER last_known_addr { host: "127.5.160.66" port: 35337 } } peers { permanent_uuid: "f865c195ef7a4f418d62c9698f319add" member_type: VOTER last_known_addr { host: "127.5.160.67" port: 41697 } }
I20260710 11:11:24.323794  7089 leader_election.cc:290] T c183ac11c53647aa98dff6e8056a680e P 9d02c87fbbb94cc1ba9159a4588aca87 [CANDIDATE]: Term 1 pre-election: Requested pre-vote from peers 69dbc76b5b4f44099cc8b7495aa3761f (127.5.160.65:35087), f865c195ef7a4f418d62c9698f319add (127.5.160.67:41697)
I20260710 11:11:24.325271  7001 tablet_service.cc:1917] Received RequestConsensusVote() RPC: tablet_id: "c183ac11c53647aa98dff6e8056a680e" candidate_uuid: "9d02c87fbbb94cc1ba9159a4588aca87" candidate_term: 1 candidate_status { last_received { term: 0 index: 0 } } ignore_live_leader: false dest_uuid: "f865c195ef7a4f418d62c9698f319add" is_pre_election: true
I20260710 11:11:24.329551  7001 raft_consensus.cc:2468] T c183ac11c53647aa98dff6e8056a680e P f865c195ef7a4f418d62c9698f319add [term 0 FOLLOWER]: Leader pre-election vote request: Granting yes vote for candidate 9d02c87fbbb94cc1ba9159a4588aca87 in term 0.
I20260710 11:11:24.331409  6892 leader_election.cc:304] T c183ac11c53647aa98dff6e8056a680e P 9d02c87fbbb94cc1ba9159a4588aca87 [CANDIDATE]: Term 1 pre-election: Election decided. Result: candidate won. Election summary: received 2 responses out of 3 voters: 2 yes votes; 0 no votes. yes voters: 9d02c87fbbb94cc1ba9159a4588aca87, f865c195ef7a4f418d62c9698f319add; no voters: 
I20260710 11:11:24.332231  7089 raft_consensus.cc:2804] T c183ac11c53647aa98dff6e8056a680e P 9d02c87fbbb94cc1ba9159a4588aca87 [term 0 FOLLOWER]: Leader pre-election won for term 1
I20260710 11:11:24.332607  7089 raft_consensus.cc:493] T c183ac11c53647aa98dff6e8056a680e P 9d02c87fbbb94cc1ba9159a4588aca87 [term 0 FOLLOWER]: Starting leader election (no leader contacted us within the election timeout)
I20260710 11:11:24.332970  7089 raft_consensus.cc:3060] T c183ac11c53647aa98dff6e8056a680e P 9d02c87fbbb94cc1ba9159a4588aca87 [term 0 FOLLOWER]: Advancing to term 1
I20260710 11:11:24.326699  6853 tablet_service.cc:1917] Received RequestConsensusVote() RPC: tablet_id: "c183ac11c53647aa98dff6e8056a680e" candidate_uuid: "9d02c87fbbb94cc1ba9159a4588aca87" candidate_term: 1 candidate_status { last_received { term: 0 index: 0 } } ignore_live_leader: false dest_uuid: "69dbc76b5b4f44099cc8b7495aa3761f" is_pre_election: true
I20260710 11:11:24.334636  6853 raft_consensus.cc:2468] T c183ac11c53647aa98dff6e8056a680e P 69dbc76b5b4f44099cc8b7495aa3761f [term 0 FOLLOWER]: Leader pre-election vote request: Granting yes vote for candidate 9d02c87fbbb94cc1ba9159a4588aca87 in term 0.
I20260710 11:11:24.341853  7089 raft_consensus.cc:515] T c183ac11c53647aa98dff6e8056a680e P 9d02c87fbbb94cc1ba9159a4588aca87 [term 1 FOLLOWER]: Starting leader election with config: opid_index: -1 OBSOLETE_local: false peers { permanent_uuid: "69dbc76b5b4f44099cc8b7495aa3761f" member_type: VOTER last_known_addr { host: "127.5.160.65" port: 35087 } } peers { permanent_uuid: "9d02c87fbbb94cc1ba9159a4588aca87" member_type: VOTER last_known_addr { host: "127.5.160.66" port: 35337 } } peers { permanent_uuid: "f865c195ef7a4f418d62c9698f319add" member_type: VOTER last_known_addr { host: "127.5.160.67" port: 41697 } }
I20260710 11:11:24.344770  7001 tablet_service.cc:1917] Received RequestConsensusVote() RPC: tablet_id: "c183ac11c53647aa98dff6e8056a680e" candidate_uuid: "9d02c87fbbb94cc1ba9159a4588aca87" candidate_term: 1 candidate_status { last_received { term: 0 index: 0 } } ignore_live_leader: false dest_uuid: "f865c195ef7a4f418d62c9698f319add"
I20260710 11:11:24.345304  7001 raft_consensus.cc:3060] T c183ac11c53647aa98dff6e8056a680e P f865c195ef7a4f418d62c9698f319add [term 0 FOLLOWER]: Advancing to term 1
I20260710 11:11:24.345261  6853 tablet_service.cc:1917] Received RequestConsensusVote() RPC: tablet_id: "c183ac11c53647aa98dff6e8056a680e" candidate_uuid: "9d02c87fbbb94cc1ba9159a4588aca87" candidate_term: 1 candidate_status { last_received { term: 0 index: 0 } } ignore_live_leader: false dest_uuid: "69dbc76b5b4f44099cc8b7495aa3761f"
I20260710 11:11:24.345986  6853 raft_consensus.cc:3060] T c183ac11c53647aa98dff6e8056a680e P 69dbc76b5b4f44099cc8b7495aa3761f [term 0 FOLLOWER]: Advancing to term 1
I20260710 11:11:24.351369  6853 raft_consensus.cc:2468] T c183ac11c53647aa98dff6e8056a680e P 69dbc76b5b4f44099cc8b7495aa3761f [term 1 FOLLOWER]: Leader election vote request: Granting yes vote for candidate 9d02c87fbbb94cc1ba9159a4588aca87 in term 1.
I20260710 11:11:24.352415  6895 leader_election.cc:304] T c183ac11c53647aa98dff6e8056a680e P 9d02c87fbbb94cc1ba9159a4588aca87 [CANDIDATE]: Term 1 election: Election decided. Result: candidate won. Election summary: received 2 responses out of 3 voters: 2 yes votes; 0 no votes. yes voters: 69dbc76b5b4f44099cc8b7495aa3761f, 9d02c87fbbb94cc1ba9159a4588aca87; no voters: 
I20260710 11:11:24.352583  7001 raft_consensus.cc:2468] T c183ac11c53647aa98dff6e8056a680e P f865c195ef7a4f418d62c9698f319add [term 1 FOLLOWER]: Leader election vote request: Granting yes vote for candidate 9d02c87fbbb94cc1ba9159a4588aca87 in term 1.
I20260710 11:11:24.353159  7153 raft_consensus.cc:2804] T c183ac11c53647aa98dff6e8056a680e P 9d02c87fbbb94cc1ba9159a4588aca87 [term 1 FOLLOWER]: Leader election won for term 1
I20260710 11:11:24.353374  7089 leader_election.cc:290] T c183ac11c53647aa98dff6e8056a680e P 9d02c87fbbb94cc1ba9159a4588aca87 [CANDIDATE]: Term 1 election: Requested vote from peers 69dbc76b5b4f44099cc8b7495aa3761f (127.5.160.65:35087), f865c195ef7a4f418d62c9698f319add (127.5.160.67:41697)
I20260710 11:11:24.353621  7153 raft_consensus.cc:697] T c183ac11c53647aa98dff6e8056a680e P 9d02c87fbbb94cc1ba9159a4588aca87 [term 1 LEADER]: Becoming Leader. State: Replica: 9d02c87fbbb94cc1ba9159a4588aca87, State: Running, Role: LEADER
I20260710 11:11:24.354411  7153 consensus_queue.cc:237] T c183ac11c53647aa98dff6e8056a680e P 9d02c87fbbb94cc1ba9159a4588aca87 [LEADER]: Queue going to LEADER mode. State: All replicated index: 0, Majority replicated index: 0, Committed index: 0, Last appended: 0.0, Last appended by leader: 0, Current term: 1, Majority size: 2, State: 0, Mode: LEADER, active raft config: opid_index: -1 OBSOLETE_local: false peers { permanent_uuid: "69dbc76b5b4f44099cc8b7495aa3761f" member_type: VOTER last_known_addr { host: "127.5.160.65" port: 35087 } } peers { permanent_uuid: "9d02c87fbbb94cc1ba9159a4588aca87" member_type: VOTER last_known_addr { host: "127.5.160.66" port: 35337 } } peers { permanent_uuid: "f865c195ef7a4f418d62c9698f319add" member_type: VOTER last_known_addr { host: "127.5.160.67" port: 41697 } }
I20260710 11:11:24.358232  7091 consensus_queue.cc:1048] T abf88cb9c8464d72ac295163d6281289 P f865c195ef7a4f418d62c9698f319add [LEADER]: Connected to new peer: Peer: permanent_uuid: "9d02c87fbbb94cc1ba9159a4588aca87" member_type: VOTER last_known_addr { host: "127.5.160.66" port: 35337 }, Status: LMP_MISMATCH, Last received: 0.0, Next index: 1, Last known committed idx: 0, Time since last communication: 0.000s
I20260710 11:11:24.362977  6752 catalog_manager.cc:5697] T c183ac11c53647aa98dff6e8056a680e P 9d02c87fbbb94cc1ba9159a4588aca87 reported cstate change: term changed from 0 to 1, leader changed from <none> to 9d02c87fbbb94cc1ba9159a4588aca87 (127.5.160.66). New cstate: current_term: 1 leader_uuid: "9d02c87fbbb94cc1ba9159a4588aca87" committed_config { opid_index: -1 OBSOLETE_local: false peers { permanent_uuid: "69dbc76b5b4f44099cc8b7495aa3761f" member_type: VOTER last_known_addr { host: "127.5.160.65" port: 35087 } health_report { overall_health: UNKNOWN } } peers { permanent_uuid: "9d02c87fbbb94cc1ba9159a4588aca87" member_type: VOTER last_known_addr { host: "127.5.160.66" port: 35337 } health_report { overall_health: HEALTHY } } peers { permanent_uuid: "f865c195ef7a4f418d62c9698f319add" member_type: VOTER last_known_addr { host: "127.5.160.67" port: 41697 } health_report { overall_health: UNKNOWN } } }
I20260710 11:11:24.370215  6853 raft_consensus.cc:3060] T abf88cb9c8464d72ac295163d6281289 P 69dbc76b5b4f44099cc8b7495aa3761f [term 0 FOLLOWER]: Advancing to term 1
I20260710 11:11:24.377405  7151 consensus_queue.cc:1048] T abf88cb9c8464d72ac295163d6281289 P f865c195ef7a4f418d62c9698f319add [LEADER]: Connected to new peer: Peer: permanent_uuid: "69dbc76b5b4f44099cc8b7495aa3761f" member_type: VOTER last_known_addr { host: "127.5.160.65" port: 35087 }, Status: LMP_MISMATCH, Last received: 0.0, Next index: 1, Last known committed idx: 0, Time since last communication: 0.000s
I20260710 11:11:24.463378  7153 raft_consensus.cc:493] T 59a18ecbdce248ac9477f3fc2ef1507e P 9d02c87fbbb94cc1ba9159a4588aca87 [term 0 FOLLOWER]: Starting pre-election (no leader contacted us within the election timeout)
I20260710 11:11:24.463886  7153 raft_consensus.cc:515] T 59a18ecbdce248ac9477f3fc2ef1507e P 9d02c87fbbb94cc1ba9159a4588aca87 [term 0 FOLLOWER]: Starting pre-election with config: opid_index: -1 OBSOLETE_local: false peers { permanent_uuid: "69dbc76b5b4f44099cc8b7495aa3761f" member_type: VOTER last_known_addr { host: "127.5.160.65" port: 35087 } } peers { permanent_uuid: "9d02c87fbbb94cc1ba9159a4588aca87" member_type: VOTER last_known_addr { host: "127.5.160.66" port: 35337 } } peers { permanent_uuid: "f865c195ef7a4f418d62c9698f319add" member_type: VOTER last_known_addr { host: "127.5.160.67" port: 41697 } }
I20260710 11:11:24.465402  7153 leader_election.cc:290] T 59a18ecbdce248ac9477f3fc2ef1507e P 9d02c87fbbb94cc1ba9159a4588aca87 [CANDIDATE]: Term 1 pre-election: Requested pre-vote from peers 69dbc76b5b4f44099cc8b7495aa3761f (127.5.160.65:35087), f865c195ef7a4f418d62c9698f319add (127.5.160.67:41697)
