I20260710 10:59:59.577674 13112 raft_consensus.cc:1275] T 4623c4199ee14d35a7c3290d176ff5d8 P 6c7d4fb55cfb45e781903b8bbb97653e [term 4 FOLLOWER]: Refusing update from remote peer 903b282ded024ae69ececbe99aaa162c: Log matching property violated. Preceding OpId in replica: term: 3 index: 3. Preceding OpId from leader: term: 4 index: 4. (index mismatch)
I20260710 10:59:59.578286 13113 raft_consensus.cc:1275] T f0c237ce26ad48b4aad0d5d7b6d7f0d4 P 6c7d4fb55cfb45e781903b8bbb97653e [term 3 FOLLOWER]: Refusing update from remote peer 903b282ded024ae69ececbe99aaa162c: Log matching property violated. Preceding OpId in replica: term: 2 index: 2. Preceding OpId from leader: term: 3 index: 3. (index mismatch)
I20260710 10:59:59.578924 13341 consensus_queue.cc:1048] T 4623c4199ee14d35a7c3290d176ff5d8 P 903b282ded024ae69ececbe99aaa162c [LEADER]: Connected to new peer: Peer: permanent_uuid: "6c7d4fb55cfb45e781903b8bbb97653e" member_type: VOTER last_known_addr { host: "127.12.20.130" port: 36987 }, Status: LMP_MISMATCH, Last received: 0.0, Next index: 4, Last known committed idx: 3, Time since last communication: 0.000s
I20260710 10:59:59.579383 13235 consensus_queue.cc:1048] T f0c237ce26ad48b4aad0d5d7b6d7f0d4 P 903b282ded024ae69ececbe99aaa162c [LEADER]: Connected to new peer: Peer: permanent_uuid: "6c7d4fb55cfb45e781903b8bbb97653e" member_type: VOTER last_known_addr { host: "127.12.20.130" port: 36987 }, Status: LMP_MISMATCH, Last received: 0.0, Next index: 3, Last known committed idx: 2, Time since last communication: 0.000s
I20260710 10:59:59.589238 13186 raft_consensus.cc:1275] T 4623c4199ee14d35a7c3290d176ff5d8 P f10221c9f14e4ef0913a40c346a15035 [term 4 FOLLOWER]: Refusing update from remote peer 903b282ded024ae69ececbe99aaa162c: Log matching property violated. Preceding OpId in replica: term: 3 index: 3. Preceding OpId from leader: term: 4 index: 4. (index mismatch)
I20260710 10:59:59.595718 13186 raft_consensus.cc:1275] T f0c237ce26ad48b4aad0d5d7b6d7f0d4 P f10221c9f14e4ef0913a40c346a15035 [term 3 FOLLOWER]: Refusing update from remote peer 903b282ded024ae69ececbe99aaa162c: Log matching property violated. Preceding OpId in replica: term: 2 index: 2. Preceding OpId from leader: term: 3 index: 3. (index mismatch)
I20260710 10:59:59.596876 13333 consensus_queue.cc:1048] T 4623c4199ee14d35a7c3290d176ff5d8 P 903b282ded024ae69ececbe99aaa162c [LEADER]: Connected to new peer: Peer: permanent_uuid: "f10221c9f14e4ef0913a40c346a15035" member_type: VOTER last_known_addr { host: "127.12.20.131" port: 42459 }, Status: LMP_MISMATCH, Last received: 0.0, Next index: 4, Last known committed idx: 3, Time since last communication: 0.000s
I20260710 10:59:59.598568 13333 consensus_queue.cc:1048] T f0c237ce26ad48b4aad0d5d7b6d7f0d4 P 903b282ded024ae69ececbe99aaa162c [LEADER]: Connected to new peer: Peer: permanent_uuid: "f10221c9f14e4ef0913a40c346a15035" member_type: VOTER last_known_addr { host: "127.12.20.131" port: 42459 }, Status: LMP_MISMATCH, Last received: 0.0, Next index: 3, Last known committed idx: 2, Time since last communication: 0.000s
I20260710 10:59:59.842171 13113 raft_consensus.cc:1275] T dff893fd9760495cb432d8c1189f9851 P 6c7d4fb55cfb45e781903b8bbb97653e [term 2 FOLLOWER]: Refusing update from remote peer 903b282ded024ae69ececbe99aaa162c: Log matching property violated. Preceding OpId in replica: term: 1 index: 1. Preceding OpId from leader: term: 2 index: 2. (index mismatch)
I20260710 10:59:59.843276 13341 consensus_queue.cc:1048] T dff893fd9760495cb432d8c1189f9851 P 903b282ded024ae69ececbe99aaa162c [LEADER]: Connected to new peer: Peer: permanent_uuid: "6c7d4fb55cfb45e781903b8bbb97653e" member_type: VOTER last_known_addr { host: "127.12.20.130" port: 36987 }, Status: LMP_MISMATCH, Last received: 0.0, Next index: 2, Last known committed idx: 1, Time since last communication: 0.000s
I20260710 10:59:59.852243 13185 raft_consensus.cc:1275] T dff893fd9760495cb432d8c1189f9851 P f10221c9f14e4ef0913a40c346a15035 [term 2 FOLLOWER]: Refusing update from remote peer 903b282ded024ae69ececbe99aaa162c: Log matching property violated. Preceding OpId in replica: term: 1 index: 1. Preceding OpId from leader: term: 2 index: 2. (index mismatch)
I20260710 10:59:59.853453 13235 consensus_queue.cc:1048] T dff893fd9760495cb432d8c1189f9851 P 903b282ded024ae69ececbe99aaa162c [LEADER]: Connected to new peer: Peer: permanent_uuid: "f10221c9f14e4ef0913a40c346a15035" member_type: VOTER last_known_addr { host: "127.12.20.131" port: 42459 }, Status: LMP_MISMATCH, Last received: 0.0, Next index: 2, Last known committed idx: 1, Time since last communication: 0.000s
I20260710 10:59:59.882272 13185 raft_consensus.cc:1275] T 6a44e912118a459f9b0983602f55e4f0 P f10221c9f14e4ef0913a40c346a15035 [term 4 FOLLOWER]: Refusing update from remote peer 903b282ded024ae69ececbe99aaa162c: Log matching property violated. Preceding OpId in replica: term: 3 index: 3. Preceding OpId from leader: term: 4 index: 4. (index mismatch)
I20260710 10:59:59.883298 13235 consensus_queue.cc:1048] T 6a44e912118a459f9b0983602f55e4f0 P 903b282ded024ae69ececbe99aaa162c [LEADER]: Connected to new peer: Peer: permanent_uuid: "f10221c9f14e4ef0913a40c346a15035" member_type: VOTER last_known_addr { host: "127.12.20.131" port: 42459 }, Status: LMP_MISMATCH, Last received: 0.0, Next index: 4, Last known committed idx: 3, Time since last communication: 0.000s
I20260710 10:59:59.891273 13113 raft_consensus.cc:1275] T 6a44e912118a459f9b0983602f55e4f0 P 6c7d4fb55cfb45e781903b8bbb97653e [term 4 FOLLOWER]: Refusing update from remote peer 903b282ded024ae69ececbe99aaa162c: Log matching property violated. Preceding OpId in replica: term: 3 index: 3. Preceding OpId from leader: term: 4 index: 4. (index mismatch)
I20260710 10:59:59.892616 13235 consensus_queue.cc:1048] T 6a44e912118a459f9b0983602f55e4f0 P 903b282ded024ae69ececbe99aaa162c [LEADER]: Connected to new peer: Peer: permanent_uuid: "6c7d4fb55cfb45e781903b8bbb97653e" member_type: VOTER last_known_addr { host: "127.12.20.130" port: 36987 }, Status: LMP_MISMATCH, Last received: 0.0, Next index: 4, Last known committed idx: 3, Time since last communication: 0.000s
I20260710 11:00:02.010596 12370 auto_leader_rebalancer.cc:141] leader rebalance for table test-workload
I20260710 11:00:02.018087 13036 tablet_service.cc:2072] Received LeaderStepDown RPC: tablet_id: "0c57c70ba58740f2b358dd973160da49"
dest_uuid: "903b282ded024ae69ececbe99aaa162c"
mode: GRACEFUL
new_leader_uuid: "6c7d4fb55cfb45e781903b8bbb97653e"
 from {username='slave'} at 127.0.0.1:55466
I20260710 11:00:02.018623 13036 raft_consensus.cc:606] T 0c57c70ba58740f2b358dd973160da49 P 903b282ded024ae69ececbe99aaa162c [term 2 LEADER]: Received request to transfer leadership to TS 6c7d4fb55cfb45e781903b8bbb97653e
I20260710 11:00:02.020809 13036 tablet_service.cc:2072] Received LeaderStepDown RPC: tablet_id: "6a44e912118a459f9b0983602f55e4f0"
dest_uuid: "903b282ded024ae69ececbe99aaa162c"
mode: GRACEFUL
new_leader_uuid: "f10221c9f14e4ef0913a40c346a15035"
 from {username='slave'} at 127.0.0.1:55466
I20260710 11:00:02.021221 13036 raft_consensus.cc:606] T 6a44e912118a459f9b0983602f55e4f0 P 903b282ded024ae69ececbe99aaa162c [term 4 LEADER]: Received request to transfer leadership to TS f10221c9f14e4ef0913a40c346a15035
I20260710 11:00:02.023205 13036 tablet_service.cc:2072] Received LeaderStepDown RPC: tablet_id: "be7d066c1b3b4a09b7efc5d0c76e4215"
dest_uuid: "903b282ded024ae69ececbe99aaa162c"
mode: GRACEFUL
new_leader_uuid: "f10221c9f14e4ef0913a40c346a15035"
 from {username='slave'} at 127.0.0.1:55466
I20260710 11:00:02.023622 13036 raft_consensus.cc:606] T be7d066c1b3b4a09b7efc5d0c76e4215 P 903b282ded024ae69ececbe99aaa162c [term 1 LEADER]: Received request to transfer leadership to TS f10221c9f14e4ef0913a40c346a15035
I20260710 11:00:02.025576 13036 tablet_service.cc:2072] Received LeaderStepDown RPC: tablet_id: "f327561b45fa4b209e374ff55178ed4a"
dest_uuid: "903b282ded024ae69ececbe99aaa162c"
mode: GRACEFUL
new_leader_uuid: "6c7d4fb55cfb45e781903b8bbb97653e"
 from {username='slave'} at 127.0.0.1:55466
I20260710 11:00:02.025980 13036 raft_consensus.cc:606] T f327561b45fa4b209e374ff55178ed4a P 903b282ded024ae69ececbe99aaa162c [term 3 LEADER]: Received request to transfer leadership to TS 6c7d4fb55cfb45e781903b8bbb97653e
I20260710 11:00:02.026765 12370 auto_leader_rebalancer.cc:452] table: test-workload, leader rebalance finish, leader transfer count: 4
I20260710 11:00:02.027199 12370 auto_leader_rebalancer.cc:527] All tables' leader rebalancing finished this round
I20260710 11:00:02.081313 13352 raft_consensus.cc:993] T f327561b45fa4b209e374ff55178ed4a P 903b282ded024ae69ececbe99aaa162c: : Instructing follower 6c7d4fb55cfb45e781903b8bbb97653e to start an election
I20260710 11:00:02.081717 13353 raft_consensus.cc:1081] T f327561b45fa4b209e374ff55178ed4a P 903b282ded024ae69ececbe99aaa162c [term 3 LEADER]: Signalling peer 6c7d4fb55cfb45e781903b8bbb97653e to start an election
I20260710 11:00:02.083032 13113 tablet_service.cc:2044] Received Run Leader Election RPC: tablet_id: "f327561b45fa4b209e374ff55178ed4a"
dest_uuid: "6c7d4fb55cfb45e781903b8bbb97653e"
 from {username='slave'} at 127.0.0.1:46642
I20260710 11:00:02.083427 13113 raft_consensus.cc:493] T f327561b45fa4b209e374ff55178ed4a P 6c7d4fb55cfb45e781903b8bbb97653e [term 3 FOLLOWER]: Starting forced leader election (received explicit request)
I20260710 11:00:02.083670 13113 raft_consensus.cc:3060] T f327561b45fa4b209e374ff55178ed4a P 6c7d4fb55cfb45e781903b8bbb97653e [term 3 FOLLOWER]: Advancing to term 4
I20260710 11:00:02.087656 13113 raft_consensus.cc:515] T f327561b45fa4b209e374ff55178ed4a P 6c7d4fb55cfb45e781903b8bbb97653e [term 4 FOLLOWER]: Starting forced leader election with config: opid_index: -1 OBSOLETE_local: false peers { permanent_uuid: "903b282ded024ae69ececbe99aaa162c" member_type: VOTER last_known_addr { host: "127.12.20.129" port: 46625 } } peers { permanent_uuid: "6c7d4fb55cfb45e781903b8bbb97653e" member_type: VOTER last_known_addr { host: "127.12.20.130" port: 36987 } } peers { permanent_uuid: "f10221c9f14e4ef0913a40c346a15035" member_type: VOTER last_known_addr { host: "127.12.20.131" port: 42459 } }
I20260710 11:00:02.089040 13113 leader_election.cc:290] T f327561b45fa4b209e374ff55178ed4a P 6c7d4fb55cfb45e781903b8bbb97653e [CANDIDATE]: Term 4 election: Requested vote from peers 903b282ded024ae69ececbe99aaa162c (127.12.20.129:46625), f10221c9f14e4ef0913a40c346a15035 (127.12.20.131:42459)
I20260710 11:00:02.089843 13036 tablet_service.cc:1917] Received RequestConsensusVote() RPC: tablet_id: "f327561b45fa4b209e374ff55178ed4a" candidate_uuid: "6c7d4fb55cfb45e781903b8bbb97653e" candidate_term: 4 candidate_status { last_received { term: 3 index: 3 } } ignore_live_leader: true dest_uuid: "903b282ded024ae69ececbe99aaa162c"
I20260710 11:00:02.090049 13185 tablet_service.cc:1917] Received RequestConsensusVote() RPC: tablet_id: "f327561b45fa4b209e374ff55178ed4a" candidate_uuid: "6c7d4fb55cfb45e781903b8bbb97653e" candidate_term: 4 candidate_status { last_received { term: 3 index: 3 } } ignore_live_leader: true dest_uuid: "f10221c9f14e4ef0913a40c346a15035"
I20260710 11:00:02.090279 13036 raft_consensus.cc:3055] T f327561b45fa4b209e374ff55178ed4a P 903b282ded024ae69ececbe99aaa162c [term 3 LEADER]: Stepping down as leader of term 3
I20260710 11:00:02.090504 13185 raft_consensus.cc:3060] T f327561b45fa4b209e374ff55178ed4a P f10221c9f14e4ef0913a40c346a15035 [term 3 FOLLOWER]: Advancing to term 4
I20260710 11:00:02.090574 13036 raft_consensus.cc:740] T f327561b45fa4b209e374ff55178ed4a P 903b282ded024ae69ececbe99aaa162c [term 3 LEADER]: Becoming Follower/Learner. State: Replica: 903b282ded024ae69ececbe99aaa162c, State: Running, Role: LEADER
I20260710 11:00:02.091313 13036 consensus_queue.cc:260] T f327561b45fa4b209e374ff55178ed4a P 903b282ded024ae69ececbe99aaa162c [NON_LEADER]: Queue going to NON_LEADER mode. State: All replicated index: 0, Majority replicated index: 3, Committed index: 3, Last appended: 3.3, Last appended by leader: 3, Current term: 3, Majority size: -1, State: 0, Mode: NON_LEADER, active raft config: opid_index: -1 OBSOLETE_local: false peers { permanent_uuid: "903b282ded024ae69ececbe99aaa162c" member_type: VOTER last_known_addr { host: "127.12.20.129" port: 46625 } } peers { permanent_uuid: "6c7d4fb55cfb45e781903b8bbb97653e" member_type: VOTER last_known_addr { host: "127.12.20.130" port: 36987 } } peers { permanent_uuid: "f10221c9f14e4ef0913a40c346a15035" member_type: VOTER last_known_addr { host: "127.12.20.131" port: 42459 } }
I20260710 11:00:02.092190 13036 raft_consensus.cc:3060] T f327561b45fa4b209e374ff55178ed4a P 903b282ded024ae69ececbe99aaa162c [term 3 FOLLOWER]: Advancing to term 4
I20260710 11:00:02.094478 13185 raft_consensus.cc:2468] T f327561b45fa4b209e374ff55178ed4a P f10221c9f14e4ef0913a40c346a15035 [term 4 FOLLOWER]: Leader election vote request: Granting yes vote for candidate 6c7d4fb55cfb45e781903b8bbb97653e in term 4.
I20260710 11:00:02.095481 13077 leader_election.cc:304] T f327561b45fa4b209e374ff55178ed4a P 6c7d4fb55cfb45e781903b8bbb97653e [CANDIDATE]: Term 4 election: Election decided. Result: candidate won. Election summary: received 2 responses out of 3 voters: 2 yes votes; 0 no votes. yes voters: 6c7d4fb55cfb45e781903b8bbb97653e, f10221c9f14e4ef0913a40c346a15035; no voters: 
I20260710 11:00:02.096128 13307 raft_consensus.cc:2804] T f327561b45fa4b209e374ff55178ed4a P 6c7d4fb55cfb45e781903b8bbb97653e [term 4 FOLLOWER]: Leader election won for term 4
I20260710 11:00:02.097021 13307 raft_consensus.cc:697] T f327561b45fa4b209e374ff55178ed4a P 6c7d4fb55cfb45e781903b8bbb97653e [term 4 LEADER]: Becoming Leader. State: Replica: 6c7d4fb55cfb45e781903b8bbb97653e, State: Running, Role: LEADER
I20260710 11:00:02.096966 13036 raft_consensus.cc:2468] T f327561b45fa4b209e374ff55178ed4a P 903b282ded024ae69ececbe99aaa162c [term 4 FOLLOWER]: Leader election vote request: Granting yes vote for candidate 6c7d4fb55cfb45e781903b8bbb97653e in term 4.
I20260710 11:00:02.098011 13307 consensus_queue.cc:237] T f327561b45fa4b209e374ff55178ed4a P 6c7d4fb55cfb45e781903b8bbb97653e [LEADER]: Queue going to LEADER mode. State: All replicated index: 0, Majority replicated index: 3, Committed index: 3, Last appended: 3.3, Last appended by leader: 3, Current term: 4, Majority size: 2, State: 0, Mode: LEADER, active raft config: opid_index: -1 OBSOLETE_local: false peers { permanent_uuid: "903b282ded024ae69ececbe99aaa162c" member_type: VOTER last_known_addr { host: "127.12.20.129" port: 46625 } } peers { permanent_uuid: "6c7d4fb55cfb45e781903b8bbb97653e" member_type: VOTER last_known_addr { host: "127.12.20.130" port: 36987 } } peers { permanent_uuid: "f10221c9f14e4ef0913a40c346a15035" member_type: VOTER last_known_addr { host: "127.12.20.131" port: 42459 } }
I20260710 11:00:02.103789 12936 catalog_manager.cc:5697] T f327561b45fa4b209e374ff55178ed4a P 6c7d4fb55cfb45e781903b8bbb97653e reported cstate change: term changed from 3 to 4, leader changed from 903b282ded024ae69ececbe99aaa162c (127.12.20.129) to 6c7d4fb55cfb45e781903b8bbb97653e (127.12.20.130). New cstate: current_term: 4 leader_uuid: "6c7d4fb55cfb45e781903b8bbb97653e" committed_config { opid_index: -1 OBSOLETE_local: false peers { permanent_uuid: "903b282ded024ae69ececbe99aaa162c" member_type: VOTER last_known_addr { host: "127.12.20.129" port: 46625 } health_report { overall_health: UNKNOWN } } peers { permanent_uuid: "6c7d4fb55cfb45e781903b8bbb97653e" member_type: VOTER last_known_addr { host: "127.12.20.130" port: 36987 } health_report { overall_health: HEALTHY } } peers { permanent_uuid: "f10221c9f14e4ef0913a40c346a15035" member_type: VOTER last_known_addr { host: "127.12.20.131" port: 42459 } health_report { overall_health: UNKNOWN } } }
I20260710 11:00:02.118041 13352 raft_consensus.cc:993] T be7d066c1b3b4a09b7efc5d0c76e4215 P 903b282ded024ae69ececbe99aaa162c: : Instructing follower f10221c9f14e4ef0913a40c346a15035 to start an election
I20260710 11:00:02.118425 13353 raft_consensus.cc:1081] T be7d066c1b3b4a09b7efc5d0c76e4215 P 903b282ded024ae69ececbe99aaa162c [term 1 LEADER]: Signalling peer f10221c9f14e4ef0913a40c346a15035 to start an election
I20260710 11:00:02.119699 13185 tablet_service.cc:2044] Received Run Leader Election RPC: tablet_id: "be7d066c1b3b4a09b7efc5d0c76e4215"
dest_uuid: "f10221c9f14e4ef0913a40c346a15035"
 from {username='slave'} at 127.0.0.1:53582
I20260710 11:00:02.120108 13185 raft_consensus.cc:493] T be7d066c1b3b4a09b7efc5d0c76e4215 P f10221c9f14e4ef0913a40c346a15035 [term 1 FOLLOWER]: Starting forced leader election (received explicit request)
I20260710 11:00:02.120355 13185 raft_consensus.cc:3060] T be7d066c1b3b4a09b7efc5d0c76e4215 P f10221c9f14e4ef0913a40c346a15035 [term 1 FOLLOWER]: Advancing to term 2
I20260710 11:00:02.124266 13185 raft_consensus.cc:515] T be7d066c1b3b4a09b7efc5d0c76e4215 P f10221c9f14e4ef0913a40c346a15035 [term 2 FOLLOWER]: Starting forced leader election with config: opid_index: -1 OBSOLETE_local: false peers { permanent_uuid: "903b282ded024ae69ececbe99aaa162c" member_type: VOTER last_known_addr { host: "127.12.20.129" port: 46625 } } peers { permanent_uuid: "6c7d4fb55cfb45e781903b8bbb97653e" member_type: VOTER last_known_addr { host: "127.12.20.130" port: 36987 } } peers { permanent_uuid: "f10221c9f14e4ef0913a40c346a15035" member_type: VOTER last_known_addr { host: "127.12.20.131" port: 42459 } }
I20260710 11:00:02.125567 13185 leader_election.cc:290] T be7d066c1b3b4a09b7efc5d0c76e4215 P f10221c9f14e4ef0913a40c346a15035 [CANDIDATE]: Term 2 election: Requested vote from peers 903b282ded024ae69ececbe99aaa162c (127.12.20.129:46625), 6c7d4fb55cfb45e781903b8bbb97653e (127.12.20.130:36987)
I20260710 11:00:02.126397 13036 tablet_service.cc:1917] Received RequestConsensusVote() RPC: tablet_id: "be7d066c1b3b4a09b7efc5d0c76e4215" candidate_uuid: "f10221c9f14e4ef0913a40c346a15035" candidate_term: 2 candidate_status { last_received { term: 1 index: 1 } } ignore_live_leader: true dest_uuid: "903b282ded024ae69ececbe99aaa162c"
I20260710 11:00:02.126523 13113 tablet_service.cc:1917] Received RequestConsensusVote() RPC: tablet_id: "be7d066c1b3b4a09b7efc5d0c76e4215" candidate_uuid: "f10221c9f14e4ef0913a40c346a15035" candidate_term: 2 candidate_status { last_received { term: 1 index: 1 } } ignore_live_leader: true dest_uuid: "6c7d4fb55cfb45e781903b8bbb97653e"
I20260710 11:00:02.126873 13036 raft_consensus.cc:3055] T be7d066c1b3b4a09b7efc5d0c76e4215 P 903b282ded024ae69ececbe99aaa162c [term 1 LEADER]: Stepping down as leader of term 1
I20260710 11:00:02.127017 13113 raft_consensus.cc:3060] T be7d066c1b3b4a09b7efc5d0c76e4215 P 6c7d4fb55cfb45e781903b8bbb97653e [term 1 FOLLOWER]: Advancing to term 2
I20260710 11:00:02.127163 13036 raft_consensus.cc:740] T be7d066c1b3b4a09b7efc5d0c76e4215 P 903b282ded024ae69ececbe99aaa162c [term 1 LEADER]: Becoming Follower/Learner. State: Replica: 903b282ded024ae69ececbe99aaa162c, State: Running, Role: LEADER
I20260710 11:00:02.127959 13036 consensus_queue.cc:260] T be7d066c1b3b4a09b7efc5d0c76e4215 P 903b282ded024ae69ececbe99aaa162c [NON_LEADER]: Queue going to NON_LEADER mode. State: All replicated index: 0, Majority replicated index: 1, Committed index: 1, Last appended: 1.1, Last appended by leader: 1, Current term: 1, Majority size: -1, State: 0, Mode: NON_LEADER, active raft config: opid_index: -1 OBSOLETE_local: false peers { permanent_uuid: "903b282ded024ae69ececbe99aaa162c" member_type: VOTER last_known_addr { host: "127.12.20.129" port: 46625 } } peers { permanent_uuid: "6c7d4fb55cfb45e781903b8bbb97653e" member_type: VOTER last_known_addr { host: "127.12.20.130" port: 36987 } } peers { permanent_uuid: "f10221c9f14e4ef0913a40c346a15035" member_type: VOTER last_known_addr { host: "127.12.20.131" port: 42459 } }
I20260710 11:00:02.128834 13036 raft_consensus.cc:3060] T be7d066c1b3b4a09b7efc5d0c76e4215 P 903b282ded024ae69ececbe99aaa162c [term 1 FOLLOWER]: Advancing to term 2
I20260710 11:00:02.131186 13113 raft_consensus.cc:2468] T be7d066c1b3b4a09b7efc5d0c76e4215 P 6c7d4fb55cfb45e781903b8bbb97653e [term 2 FOLLOWER]: Leader election vote request: Granting yes vote for candidate f10221c9f14e4ef0913a40c346a15035 in term 2.
I20260710 11:00:02.132184 13152 leader_election.cc:304] T be7d066c1b3b4a09b7efc5d0c76e4215 P f10221c9f14e4ef0913a40c346a15035 [CANDIDATE]: Term 2 election: Election decided. Result: candidate won. Election summary: received 2 responses out of 3 voters: 2 yes votes; 0 no votes. yes voters: 6c7d4fb55cfb45e781903b8bbb97653e, f10221c9f14e4ef0913a40c346a15035; no voters: 
I20260710 11:00:02.132798 13319 raft_consensus.cc:2804] T be7d066c1b3b4a09b7efc5d0c76e4215 P f10221c9f14e4ef0913a40c346a15035 [term 2 FOLLOWER]: Leader election won for term 2
I20260710 11:00:02.133325 13036 raft_consensus.cc:2468] T be7d066c1b3b4a09b7efc5d0c76e4215 P 903b282ded024ae69ececbe99aaa162c [term 2 FOLLOWER]: Leader election vote request: Granting yes vote for candidate f10221c9f14e4ef0913a40c346a15035 in term 2.
I20260710 11:00:02.133909 13319 raft_consensus.cc:697] T be7d066c1b3b4a09b7efc5d0c76e4215 P f10221c9f14e4ef0913a40c346a15035 [term 2 LEADER]: Becoming Leader. State: Replica: f10221c9f14e4ef0913a40c346a15035, State: Running, Role: LEADER
I20260710 11:00:02.134743 13319 consensus_queue.cc:237] T be7d066c1b3b4a09b7efc5d0c76e4215 P f10221c9f14e4ef0913a40c346a15035 [LEADER]: Queue going to LEADER mode. State: All replicated index: 0, Majority replicated index: 1, Committed index: 1, Last appended: 1.1, Last appended by leader: 1, Current term: 2, Majority size: 2, State: 0, Mode: LEADER, active raft config: opid_index: -1 OBSOLETE_local: false peers { permanent_uuid: "903b282ded024ae69ececbe99aaa162c" member_type: VOTER last_known_addr { host: "127.12.20.129" port: 46625 } } peers { permanent_uuid: "6c7d4fb55cfb45e781903b8bbb97653e" member_type: VOTER last_known_addr { host: "127.12.20.130" port: 36987 } } peers { permanent_uuid: "f10221c9f14e4ef0913a40c346a15035" member_type: VOTER last_known_addr { host: "127.12.20.131" port: 42459 } }
I20260710 11:00:02.141214 12936 catalog_manager.cc:5697] T be7d066c1b3b4a09b7efc5d0c76e4215 P f10221c9f14e4ef0913a40c346a15035 reported cstate change: term changed from 1 to 2, leader changed from 903b282ded024ae69ececbe99aaa162c (127.12.20.129) to f10221c9f14e4ef0913a40c346a15035 (127.12.20.131). New cstate: current_term: 2 leader_uuid: "f10221c9f14e4ef0913a40c346a15035" committed_config { opid_index: -1 OBSOLETE_local: false peers { permanent_uuid: "903b282ded024ae69ececbe99aaa162c" member_type: VOTER last_known_addr { host: "127.12.20.129" port: 46625 } health_report { overall_health: UNKNOWN } } peers { permanent_uuid: "6c7d4fb55cfb45e781903b8bbb97653e" member_type: VOTER last_known_addr { host: "127.12.20.130" port: 36987 } health_report { overall_health: UNKNOWN } } peers { permanent_uuid: "f10221c9f14e4ef0913a40c346a15035" member_type: VOTER last_known_addr { host: "127.12.20.131" port: 42459 } health_report { overall_health: HEALTHY } } }
I20260710 11:00:02.150718 13352 raft_consensus.cc:993] T 0c57c70ba58740f2b358dd973160da49 P 903b282ded024ae69ececbe99aaa162c: : Instructing follower 6c7d4fb55cfb45e781903b8bbb97653e to start an election
I20260710 11:00:02.151088 13353 raft_consensus.cc:1081] T 0c57c70ba58740f2b358dd973160da49 P 903b282ded024ae69ececbe99aaa162c [term 2 LEADER]: Signalling peer 6c7d4fb55cfb45e781903b8bbb97653e to start an election
I20260710 11:00:02.152299 13113 tablet_service.cc:2044] Received Run Leader Election RPC: tablet_id: "0c57c70ba58740f2b358dd973160da49"
dest_uuid: "6c7d4fb55cfb45e781903b8bbb97653e"
 from {username='slave'} at 127.0.0.1:46642
I20260710 11:00:02.152699 13113 raft_consensus.cc:493] T 0c57c70ba58740f2b358dd973160da49 P 6c7d4fb55cfb45e781903b8bbb97653e [term 2 FOLLOWER]: Starting forced leader election (received explicit request)
I20260710 11:00:02.152948 13113 raft_consensus.cc:3060] T 0c57c70ba58740f2b358dd973160da49 P 6c7d4fb55cfb45e781903b8bbb97653e [term 2 FOLLOWER]: Advancing to term 3
I20260710 11:00:02.156683 13113 raft_consensus.cc:515] T 0c57c70ba58740f2b358dd973160da49 P 6c7d4fb55cfb45e781903b8bbb97653e [term 3 FOLLOWER]: Starting forced leader election with config: opid_index: -1 OBSOLETE_local: false peers { permanent_uuid: "903b282ded024ae69ececbe99aaa162c" member_type: VOTER last_known_addr { host: "127.12.20.129" port: 46625 } } peers { permanent_uuid: "6c7d4fb55cfb45e781903b8bbb97653e" member_type: VOTER last_known_addr { host: "127.12.20.130" port: 36987 } } peers { permanent_uuid: "f10221c9f14e4ef0913a40c346a15035" member_type: VOTER last_known_addr { host: "127.12.20.131" port: 42459 } }
I20260710 11:00:02.157932 13113 leader_election.cc:290] T 0c57c70ba58740f2b358dd973160da49 P 6c7d4fb55cfb45e781903b8bbb97653e [CANDIDATE]: Term 3 election: Requested vote from peers 903b282ded024ae69ececbe99aaa162c (127.12.20.129:46625), f10221c9f14e4ef0913a40c346a15035 (127.12.20.131:42459)
I20260710 11:00:02.158727 13036 tablet_service.cc:1917] Received RequestConsensusVote() RPC: tablet_id: "0c57c70ba58740f2b358dd973160da49" candidate_uuid: "6c7d4fb55cfb45e781903b8bbb97653e" candidate_term: 3 candidate_status { last_received { term: 2 index: 2 } } ignore_live_leader: true dest_uuid: "903b282ded024ae69ececbe99aaa162c"
I20260710 11:00:02.158981 13185 tablet_service.cc:1917] Received RequestConsensusVote() RPC: tablet_id: "0c57c70ba58740f2b358dd973160da49" candidate_uuid: "6c7d4fb55cfb45e781903b8bbb97653e" candidate_term: 3 candidate_status { last_received { term: 2 index: 2 } } ignore_live_leader: true dest_uuid: "f10221c9f14e4ef0913a40c346a15035"
I20260710 11:00:02.159215 13036 raft_consensus.cc:3055] T 0c57c70ba58740f2b358dd973160da49 P 903b282ded024ae69ececbe99aaa162c [term 2 LEADER]: Stepping down as leader of term 2
I20260710 11:00:02.159449 13185 raft_consensus.cc:3060] T 0c57c70ba58740f2b358dd973160da49 P f10221c9f14e4ef0913a40c346a15035 [term 2 FOLLOWER]: Advancing to term 3
I20260710 11:00:02.159533 13036 raft_consensus.cc:740] T 0c57c70ba58740f2b358dd973160da49 P 903b282ded024ae69ececbe99aaa162c [term 2 LEADER]: Becoming Follower/Learner. State: Replica: 903b282ded024ae69ececbe99aaa162c, State: Running, Role: LEADER
I20260710 11:00:02.160307 13036 consensus_queue.cc:260] T 0c57c70ba58740f2b358dd973160da49 P 903b282ded024ae69ececbe99aaa162c [NON_LEADER]: Queue going to NON_LEADER mode. State: All replicated index: 0, Majority replicated index: 2, Committed index: 2, Last appended: 2.2, Last appended by leader: 2, Current term: 2, Majority size: -1, State: 0, Mode: NON_LEADER, active raft config: opid_index: -1 OBSOLETE_local: false peers { permanent_uuid: "903b282ded024ae69ececbe99aaa162c" member_type: VOTER last_known_addr { host: "127.12.20.129" port: 46625 } } peers { permanent_uuid: "6c7d4fb55cfb45e781903b8bbb97653e" member_type: VOTER last_known_addr { host: "127.12.20.130" port: 36987 } } peers { permanent_uuid: "f10221c9f14e4ef0913a40c346a15035" member_type: VOTER last_known_addr { host: "127.12.20.131" port: 42459 } }
I20260710 11:00:02.161309 13036 raft_consensus.cc:3060] T 0c57c70ba58740f2b358dd973160da49 P 903b282ded024ae69ececbe99aaa162c [term 2 FOLLOWER]: Advancing to term 3
I20260710 11:00:02.163996 13185 raft_consensus.cc:2468] T 0c57c70ba58740f2b358dd973160da49 P f10221c9f14e4ef0913a40c346a15035 [term 3 FOLLOWER]: Leader election vote request: Granting yes vote for candidate 6c7d4fb55cfb45e781903b8bbb97653e in term 3.
I20260710 11:00:02.164891 13077 leader_election.cc:304] T 0c57c70ba58740f2b358dd973160da49 P 6c7d4fb55cfb45e781903b8bbb97653e [CANDIDATE]: Term 3 election: Election decided. Result: candidate won. Election summary: received 2 responses out of 3 voters: 2 yes votes; 0 no votes. yes voters: 6c7d4fb55cfb45e781903b8bbb97653e, f10221c9f14e4ef0913a40c346a15035; no voters: 
I20260710 11:00:02.165606 13307 raft_consensus.cc:2804] T 0c57c70ba58740f2b358dd973160da49 P 6c7d4fb55cfb45e781903b8bbb97653e [term 3 FOLLOWER]: Leader election won for term 3
I20260710 11:00:02.165951 13307 raft_consensus.cc:697] T 0c57c70ba58740f2b358dd973160da49 P 6c7d4fb55cfb45e781903b8bbb97653e [term 3 LEADER]: Becoming Leader. State: Replica: 6c7d4fb55cfb45e781903b8bbb97653e, State: Running, Role: LEADER
I20260710 11:00:02.166863 13036 raft_consensus.cc:2468] T 0c57c70ba58740f2b358dd973160da49 P 903b282ded024ae69ececbe99aaa162c [term 3 FOLLOWER]: Leader election vote request: Granting yes vote for candidate 6c7d4fb55cfb45e781903b8bbb97653e in term 3.
I20260710 11:00:02.166661 13307 consensus_queue.cc:237] T 0c57c70ba58740f2b358dd973160da49 P 6c7d4fb55cfb45e781903b8bbb97653e [LEADER]: Queue going to LEADER mode. State: All replicated index: 0, Majority replicated index: 2, Committed index: 2, Last appended: 2.2, Last appended by leader: 2, Current term: 3, Majority size: 2, State: 0, Mode: LEADER, active raft config: opid_index: -1 OBSOLETE_local: false peers { permanent_uuid: "903b282ded024ae69ececbe99aaa162c" member_type: VOTER last_known_addr { host: "127.12.20.129" port: 46625 } } peers { permanent_uuid: "6c7d4fb55cfb45e781903b8bbb97653e" member_type: VOTER last_known_addr { host: "127.12.20.130" port: 36987 } } peers { permanent_uuid: "f10221c9f14e4ef0913a40c346a15035" member_type: VOTER last_known_addr { host: "127.12.20.131" port: 42459 } }
I20260710 11:00:02.172710 12936 catalog_manager.cc:5697] T 0c57c70ba58740f2b358dd973160da49 P 6c7d4fb55cfb45e781903b8bbb97653e reported cstate change: term changed from 2 to 3, leader changed from 903b282ded024ae69ececbe99aaa162c (127.12.20.129) to 6c7d4fb55cfb45e781903b8bbb97653e (127.12.20.130). New cstate: current_term: 3 leader_uuid: "6c7d4fb55cfb45e781903b8bbb97653e" committed_config { opid_index: -1 OBSOLETE_local: false peers { permanent_uuid: "903b282ded024ae69ececbe99aaa162c" member_type: VOTER last_known_addr { host: "127.12.20.129" port: 46625 } health_report { overall_health: UNKNOWN } } peers { permanent_uuid: "6c7d4fb55cfb45e781903b8bbb97653e" member_type: VOTER last_known_addr { host: "127.12.20.130" port: 36987 } health_report { overall_health: HEALTHY } } peers { permanent_uuid: "f10221c9f14e4ef0913a40c346a15035" member_type: VOTER last_known_addr { host: "127.12.20.131" port: 42459 } health_report { overall_health: UNKNOWN } } }
I20260710 11:00:02.403733 13352 raft_consensus.cc:993] T 6a44e912118a459f9b0983602f55e4f0 P 903b282ded024ae69ececbe99aaa162c: : Instructing follower f10221c9f14e4ef0913a40c346a15035 to start an election
I20260710 11:00:02.404184 13353 raft_consensus.cc:1081] T 6a44e912118a459f9b0983602f55e4f0 P 903b282ded024ae69ececbe99aaa162c [term 4 LEADER]: Signalling peer f10221c9f14e4ef0913a40c346a15035 to start an election
I20260710 11:00:02.405408 13185 tablet_service.cc:2044] Received Run Leader Election RPC: tablet_id: "6a44e912118a459f9b0983602f55e4f0"
dest_uuid: "f10221c9f14e4ef0913a40c346a15035"
 from {username='slave'} at 127.0.0.1:53582
I20260710 11:00:02.405803 13185 raft_consensus.cc:493] T 6a44e912118a459f9b0983602f55e4f0 P f10221c9f14e4ef0913a40c346a15035 [term 4 FOLLOWER]: Starting forced leader election (received explicit request)
I20260710 11:00:02.406041 13185 raft_consensus.cc:3060] T 6a44e912118a459f9b0983602f55e4f0 P f10221c9f14e4ef0913a40c346a15035 [term 4 FOLLOWER]: Advancing to term 5
I20260710 11:00:02.410145 13185 raft_consensus.cc:515] T 6a44e912118a459f9b0983602f55e4f0 P f10221c9f14e4ef0913a40c346a15035 [term 5 FOLLOWER]: Starting forced leader election with config: opid_index: -1 OBSOLETE_local: false peers { permanent_uuid: "903b282ded024ae69ececbe99aaa162c" member_type: VOTER last_known_addr { host: "127.12.20.129" port: 46625 } } peers { permanent_uuid: "6c7d4fb55cfb45e781903b8bbb97653e" member_type: VOTER last_known_addr { host: "127.12.20.130" port: 36987 } } peers { permanent_uuid: "f10221c9f14e4ef0913a40c346a15035" member_type: VOTER last_known_addr { host: "127.12.20.131" port: 42459 } }
I20260710 11:00:02.411990 13185 leader_election.cc:290] T 6a44e912118a459f9b0983602f55e4f0 P f10221c9f14e4ef0913a40c346a15035 [CANDIDATE]: Term 5 election: Requested vote from peers 903b282ded024ae69ececbe99aaa162c (127.12.20.129:46625), 6c7d4fb55cfb45e781903b8bbb97653e (127.12.20.130:36987)
I20260710 11:00:02.412439 13113 tablet_service.cc:1917] Received RequestConsensusVote() RPC: tablet_id: "6a44e912118a459f9b0983602f55e4f0" candidate_uuid: "f10221c9f14e4ef0913a40c346a15035" candidate_term: 5 candidate_status { last_received { term: 4 index: 4 } } ignore_live_leader: true dest_uuid: "6c7d4fb55cfb45e781903b8bbb97653e"
I20260710 11:00:02.412377 13036 tablet_service.cc:1917] Received RequestConsensusVote() RPC: tablet_id: "6a44e912118a459f9b0983602f55e4f0" candidate_uuid: "f10221c9f14e4ef0913a40c346a15035" candidate_term: 5 candidate_status { last_received { term: 4 index: 4 } } ignore_live_leader: true dest_uuid: "903b282ded024ae69ececbe99aaa162c"
I20260710 11:00:02.412988 13113 raft_consensus.cc:3060] T 6a44e912118a459f9b0983602f55e4f0 P 6c7d4fb55cfb45e781903b8bbb97653e [term 4 FOLLOWER]: Advancing to term 5
I20260710 11:00:02.413058 13036 raft_consensus.cc:3055] T 6a44e912118a459f9b0983602f55e4f0 P 903b282ded024ae69ececbe99aaa162c [term 4 LEADER]: Stepping down as leader of term 4
I20260710 11:00:02.413412 13036 raft_consensus.cc:740] T 6a44e912118a459f9b0983602f55e4f0 P 903b282ded024ae69ececbe99aaa162c [term 4 LEADER]: Becoming Follower/Learner. State: Replica: 903b282ded024ae69ececbe99aaa162c, State: Running, Role: LEADER
I20260710 11:00:02.414130 13036 consensus_queue.cc:260] T 6a44e912118a459f9b0983602f55e4f0 P 903b282ded024ae69ececbe99aaa162c [NON_LEADER]: Queue going to NON_LEADER mode. State: All replicated index: 0, Majority replicated index: 4, Committed index: 4, Last appended: 4.4, Last appended by leader: 4, Current term: 4, Majority size: -1, State: 0, Mode: NON_LEADER, active raft config: opid_index: -1 OBSOLETE_local: false peers { permanent_uuid: "903b282ded024ae69ececbe99aaa162c" member_type: VOTER last_known_addr { host: "127.12.20.129" port: 46625 } } peers { permanent_uuid: "6c7d4fb55cfb45e781903b8bbb97653e" member_type: VOTER last_known_addr { host: "127.12.20.130" port: 36987 } } peers { permanent_uuid: "f10221c9f14e4ef0913a40c346a15035" member_type: VOTER last_known_addr { host: "127.12.20.131" port: 42459 } }
I20260710 11:00:02.415175 13036 raft_consensus.cc:3060] T 6a44e912118a459f9b0983602f55e4f0 P 903b282ded024ae69ececbe99aaa162c [term 4 FOLLOWER]: Advancing to term 5
I20260710 11:00:02.418694 13113 raft_consensus.cc:2468] T 6a44e912118a459f9b0983602f55e4f0 P 6c7d4fb55cfb45e781903b8bbb97653e [term 5 FOLLOWER]: Leader election vote request: Granting yes vote for candidate f10221c9f14e4ef0913a40c346a15035 in term 5.
I20260710 11:00:02.419582 13152 leader_election.cc:304] T 6a44e912118a459f9b0983602f55e4f0 P f10221c9f14e4ef0913a40c346a15035 [CANDIDATE]: Term 5 election: Election decided. Result: candidate won. Election summary: received 2 responses out of 3 voters: 2 yes votes; 0 no votes. yes voters: 6c7d4fb55cfb45e781903b8bbb97653e, f10221c9f14e4ef0913a40c346a15035; no voters: 
I20260710 11:00:02.420240 13319 raft_consensus.cc:2804] T 6a44e912118a459f9b0983602f55e4f0 P f10221c9f14e4ef0913a40c346a15035 [term 5 FOLLOWER]: Leader election won for term 5
I20260710 11:00:02.420684 13319 raft_consensus.cc:697] T 6a44e912118a459f9b0983602f55e4f0 P f10221c9f14e4ef0913a40c346a15035 [term 5 LEADER]: Becoming Leader. State: Replica: f10221c9f14e4ef0913a40c346a15035, State: Running, Role: LEADER
I20260710 11:00:02.420740 13036 raft_consensus.cc:2468] T 6a44e912118a459f9b0983602f55e4f0 P 903b282ded024ae69ececbe99aaa162c [term 5 FOLLOWER]: Leader election vote request: Granting yes vote for candidate f10221c9f14e4ef0913a40c346a15035 in term 5.
I20260710 11:00:02.421481 13319 consensus_queue.cc:237] T 6a44e912118a459f9b0983602f55e4f0 P f10221c9f14e4ef0913a40c346a15035 [LEADER]: Queue going to LEADER mode. State: All replicated index: 0, Majority replicated index: 4, Committed index: 4, Last appended: 4.4, Last appended by leader: 4, Current term: 5, Majority size: 2, State: 0, Mode: LEADER, active raft config: opid_index: -1 OBSOLETE_local: false peers { permanent_uuid: "903b282ded024ae69ececbe99aaa162c" member_type: VOTER last_known_addr { host: "127.12.20.129" port: 46625 } } peers { permanent_uuid: "6c7d4fb55cfb45e781903b8bbb97653e" member_type: VOTER last_known_addr { host: "127.12.20.130" port: 36987 } } peers { permanent_uuid: "f10221c9f14e4ef0913a40c346a15035" member_type: VOTER last_known_addr { host: "127.12.20.131" port: 42459 } }
I20260710 11:00:02.427856 12936 catalog_manager.cc:5697] T 6a44e912118a459f9b0983602f55e4f0 P f10221c9f14e4ef0913a40c346a15035 reported cstate change: term changed from 4 to 5, leader changed from 903b282ded024ae69ececbe99aaa162c (127.12.20.129) to f10221c9f14e4ef0913a40c346a15035 (127.12.20.131). New cstate: current_term: 5 leader_uuid: "f10221c9f14e4ef0913a40c346a15035" committed_config { opid_index: -1 OBSOLETE_local: false peers { permanent_uuid: "903b282ded024ae69ececbe99aaa162c" member_type: VOTER last_known_addr { host: "127.12.20.129" port: 46625 } health_report { overall_health: UNKNOWN } } peers { permanent_uuid: "6c7d4fb55cfb45e781903b8bbb97653e" member_type: VOTER last_known_addr { host: "127.12.20.130" port: 36987 } health_report { overall_health: UNKNOWN } } peers { permanent_uuid: "f10221c9f14e4ef0913a40c346a15035" member_type: VOTER last_known_addr { host: "127.12.20.131" port: 42459 } health_report { overall_health: HEALTHY } } }
I20260710 11:00:02.527403 13036 raft_consensus.cc:1275] T be7d066c1b3b4a09b7efc5d0c76e4215 P 903b282ded024ae69ececbe99aaa162c [term 2 FOLLOWER]: Refusing update from remote peer f10221c9f14e4ef0913a40c346a15035: Log matching property violated. Preceding OpId in replica: term: 1 index: 1. Preceding OpId from leader: term: 2 index: 2. (index mismatch)
I20260710 11:00:02.528468 13319 consensus_queue.cc:1048] T be7d066c1b3b4a09b7efc5d0c76e4215 P f10221c9f14e4ef0913a40c346a15035 [LEADER]: Connected to new peer: Peer: permanent_uuid: "903b282ded024ae69ececbe99aaa162c" member_type: VOTER last_known_addr { host: "127.12.20.129" port: 46625 }, Status: LMP_MISMATCH, Last received: 0.0, Next index: 2, Last known committed idx: 1, Time since last communication: 0.000s
I20260710 11:00:02.539291 13113 raft_consensus.cc:1275] T be7d066c1b3b4a09b7efc5d0c76e4215 P 6c7d4fb55cfb45e781903b8bbb97653e [term 2 FOLLOWER]: Refusing update from remote peer f10221c9f14e4ef0913a40c346a15035: Log matching property violated. Preceding OpId in replica: term: 1 index: 1. Preceding OpId from leader: term: 2 index: 2. (index mismatch)
I20260710 11:00:02.540572 13360 consensus_queue.cc:1048] T be7d066c1b3b4a09b7efc5d0c76e4215 P f10221c9f14e4ef0913a40c346a15035 [LEADER]: Connected to new peer: Peer: permanent_uuid: "6c7d4fb55cfb45e781903b8bbb97653e" member_type: VOTER last_known_addr { host: "127.12.20.130" port: 36987 }, Status: LMP_MISMATCH, Last received: 0.0, Next index: 2, Last known committed idx: 1, Time since last communication: 0.000s
I20260710 11:00:02.545979 13036 raft_consensus.cc:1275] T f327561b45fa4b209e374ff55178ed4a P 903b282ded024ae69ececbe99aaa162c [term 4 FOLLOWER]: Refusing update from remote peer 6c7d4fb55cfb45e781903b8bbb97653e: Log matching property violated. Preceding OpId in replica: term: 3 index: 3. Preceding OpId from leader: term: 4 index: 4. (index mismatch)
I20260710 11:00:02.547390 13307 consensus_queue.cc:1048] T f327561b45fa4b209e374ff55178ed4a P 6c7d4fb55cfb45e781903b8bbb97653e [LEADER]: Connected to new peer: Peer: permanent_uuid: "903b282ded024ae69ececbe99aaa162c" member_type: VOTER last_known_addr { host: "127.12.20.129" port: 46625 }, Status: LMP_MISMATCH, Last received: 0.0, Next index: 4, Last known committed idx: 3, Time since last communication: 0.000s
I20260710 11:00:02.555959 13185 raft_consensus.cc:1275] T f327561b45fa4b209e374ff55178ed4a P f10221c9f14e4ef0913a40c346a15035 [term 4 FOLLOWER]: Refusing update from remote peer 6c7d4fb55cfb45e781903b8bbb97653e: Log matching property violated. Preceding OpId in replica: term: 3 index: 3. Preceding OpId from leader: term: 4 index: 4. (index mismatch)
I20260710 11:00:02.557721 13307 consensus_queue.cc:1048] T f327561b45fa4b209e374ff55178ed4a P 6c7d4fb55cfb45e781903b8bbb97653e [LEADER]: Connected to new peer: Peer: permanent_uuid: "f10221c9f14e4ef0913a40c346a15035" member_type: VOTER last_known_addr { host: "127.12.20.131" port: 42459 }, Status: LMP_MISMATCH, Last received: 0.0, Next index: 4, Last known committed idx: 3, Time since last communication: 0.000s
I20260710 11:00:02.631641 13185 raft_consensus.cc:1275] T 0c57c70ba58740f2b358dd973160da49 P f10221c9f14e4ef0913a40c346a15035 [term 3 FOLLOWER]: Refusing update from remote peer 6c7d4fb55cfb45e781903b8bbb97653e: Log matching property violated. Preceding OpId in replica: term: 2 index: 2. Preceding OpId from leader: term: 3 index: 3. (index mismatch)
I20260710 11:00:02.632778 13307 consensus_queue.cc:1048] T 0c57c70ba58740f2b358dd973160da49 P 6c7d4fb55cfb45e781903b8bbb97653e [LEADER]: Connected to new peer: Peer: permanent_uuid: "f10221c9f14e4ef0913a40c346a15035" member_type: VOTER last_known_addr { host: "127.12.20.131" port: 42459 }, Status: LMP_MISMATCH, Last received: 0.0, Next index: 3, Last known committed idx: 2, Time since last communication: 0.000s
I20260710 11:00:02.643211 13036 raft_consensus.cc:1275] T 0c57c70ba58740f2b358dd973160da49 P 903b282ded024ae69ececbe99aaa162c [term 3 FOLLOWER]: Refusing update from remote peer 6c7d4fb55cfb45e781903b8bbb97653e: Log matching property violated. Preceding OpId in replica: term: 2 index: 2. Preceding OpId from leader: term: 3 index: 3. (index mismatch)
I20260710 11:00:02.644520 13354 consensus_queue.cc:1048] T 0c57c70ba58740f2b358dd973160da49 P 6c7d4fb55cfb45e781903b8bbb97653e [LEADER]: Connected to new peer: Peer: permanent_uuid: "903b282ded024ae69ececbe99aaa162c" member_type: VOTER last_known_addr { host: "127.12.20.129" port: 46625 }, Status: LMP_MISMATCH, Last received: 0.0, Next index: 3, Last known committed idx: 2, Time since last communication: 0.000s
I20260710 11:00:02.904400 13036 raft_consensus.cc:1275] T 6a44e912118a459f9b0983602f55e4f0 P 903b282ded024ae69ececbe99aaa162c [term 5 FOLLOWER]: Refusing update from remote peer f10221c9f14e4ef0913a40c346a15035: Log matching property violated. Preceding OpId in replica: term: 4 index: 4. Preceding OpId from leader: term: 5 index: 5. (index mismatch)
I20260710 11:00:02.905637 13360 consensus_queue.cc:1048] T 6a44e912118a459f9b0983602f55e4f0 P f10221c9f14e4ef0913a40c346a15035 [LEADER]: Connected to new peer: Peer: permanent_uuid: "903b282ded024ae69ececbe99aaa162c" member_type: VOTER last_known_addr { host: "127.12.20.129" port: 46625 }, Status: LMP_MISMATCH, Last received: 0.0, Next index: 5, Last known committed idx: 4, Time since last communication: 0.000s
I20260710 11:00:02.913130 13113 raft_consensus.cc:1275] T 6a44e912118a459f9b0983602f55e4f0 P 6c7d4fb55cfb45e781903b8bbb97653e [term 5 FOLLOWER]: Refusing update from remote peer f10221c9f14e4ef0913a40c346a15035: Log matching property violated. Preceding OpId in replica: term: 4 index: 4. Preceding OpId from leader: term: 5 index: 5. (index mismatch)
I20260710 11:00:02.914752 13319 consensus_queue.cc:1048] T 6a44e912118a459f9b0983602f55e4f0 P f10221c9f14e4ef0913a40c346a15035 [LEADER]: Connected to new peer: Peer: permanent_uuid: "6c7d4fb55cfb45e781903b8bbb97653e" member_type: VOTER last_known_addr { host: "127.12.20.130" port: 36987 }, Status: LMP_MISMATCH, Last received: 0.0, Next index: 5, Last known committed idx: 4, Time since last communication: 0.000s
I20260710 11:00:03.028112 12370 auto_leader_rebalancer.cc:141] leader rebalance for table test-workload
I20260710 11:00:03.035226 12370 tablet_server.cc:179] TabletServer@127.12.20.129:0 shutting down...
I20260710 11:00:03.071276 12370 ts_tablet_manager.cc:1507] Shutting down tablet manager...
I20260710 11:00:03.072264 12370 tablet_replica.cc:333] T f0c237ce26ad48b4aad0d5d7b6d7f0d4 P 903b282ded024ae69ececbe99aaa162c: stopping tablet replica
I20260710 11:00:03.073019 12370 raft_consensus.cc:2243] T f0c237ce26ad48b4aad0d5d7b6d7f0d4 P 903b282ded024ae69ececbe99aaa162c [term 3 LEADER]: Raft consensus shutting down.
I20260710 11:00:03.073894 12370 raft_consensus.cc:2272] T f0c237ce26ad48b4aad0d5d7b6d7f0d4 P 903b282ded024ae69ececbe99aaa162c [term 3 FOLLOWER]: Raft consensus is shut down!
I20260710 11:00:03.075554 12370 tablet_replica.cc:333] T 6a44e912118a459f9b0983602f55e4f0 P 903b282ded024ae69ececbe99aaa162c: stopping tablet replica
I20260710 11:00:03.076079 12370 raft_consensus.cc:2243] T 6a44e912118a459f9b0983602f55e4f0 P 903b282ded024ae69ececbe99aaa162c [term 5 FOLLOWER]: Raft consensus shutting down.
I20260710 11:00:03.076422 12370 raft_consensus.cc:2272] T 6a44e912118a459f9b0983602f55e4f0 P 903b282ded024ae69ececbe99aaa162c [term 5 FOLLOWER]: Raft consensus is shut down!
I20260710 11:00:03.078166 12370 tablet_replica.cc:333] T dff893fd9760495cb432d8c1189f9851 P 903b282ded024ae69ececbe99aaa162c: stopping tablet replica
I20260710 11:00:03.078604 12370 raft_consensus.cc:2243] T dff893fd9760495cb432d8c1189f9851 P 903b282ded024ae69ececbe99aaa162c [term 2 LEADER]: Raft consensus shutting down.
I20260710 11:00:03.079178 12370 raft_consensus.cc:2272] T dff893fd9760495cb432d8c1189f9851 P 903b282ded024ae69ececbe99aaa162c [term 2 FOLLOWER]: Raft consensus is shut down!
I20260710 11:00:03.080745 12370 tablet_replica.cc:333] T 0c57c70ba58740f2b358dd973160da49 P 903b282ded024ae69ececbe99aaa162c: stopping tablet replica
I20260710 11:00:03.081194 12370 raft_consensus.cc:2243] T 0c57c70ba58740f2b358dd973160da49 P 903b282ded024ae69ececbe99aaa162c [term 3 FOLLOWER]: Raft consensus shutting down.
I20260710 11:00:03.081501 12370 raft_consensus.cc:2272] T 0c57c70ba58740f2b358dd973160da49 P 903b282ded024ae69ececbe99aaa162c [term 3 FOLLOWER]: Raft consensus is shut down!
I20260710 11:00:03.083223 12370 tablet_replica.cc:333] T 4623c4199ee14d35a7c3290d176ff5d8 P 903b282ded024ae69ececbe99aaa162c: stopping tablet replica
I20260710 11:00:03.083638 12370 raft_consensus.cc:2243] T 4623c4199ee14d35a7c3290d176ff5d8 P 903b282ded024ae69ececbe99aaa162c [term 4 LEADER]: Raft consensus shutting down.
I20260710 11:00:03.084240 12370 raft_consensus.cc:2272] T 4623c4199ee14d35a7c3290d176ff5d8 P 903b282ded024ae69ececbe99aaa162c [term 4 FOLLOWER]: Raft consensus is shut down!
I20260710 11:00:03.085779 12370 tablet_replica.cc:333] T ea078f8b02d8443c806d2fcb2c223825 P 903b282ded024ae69ececbe99aaa162c: stopping tablet replica
I20260710 11:00:03.086408 12370 raft_consensus.cc:2243] T ea078f8b02d8443c806d2fcb2c223825 P 903b282ded024ae69ececbe99aaa162c [term 2 LEADER]: Raft consensus shutting down.
W20260710 11:00:03.087189 13077 proxy.cc:239] Call had error, refreshing address and retrying: Remote error: Service unavailable: service kudu.consensus.ConsensusService not registered on TabletServer [suppressed 4 similar messages]
I20260710 11:00:03.087375 12370 raft_consensus.cc:2272] T ea078f8b02d8443c806d2fcb2c223825 P 903b282ded024ae69ececbe99aaa162c [term 2 FOLLOWER]: Raft consensus is shut down!
I20260710 11:00:03.090165 12370 tablet_replica.cc:333] T f327561b45fa4b209e374ff55178ed4a P 903b282ded024ae69ececbe99aaa162c: stopping tablet replica
W20260710 11:00:03.090263 13077 consensus_peers.cc:597] T 0c57c70ba58740f2b358dd973160da49 P 6c7d4fb55cfb45e781903b8bbb97653e -> Peer 903b282ded024ae69ececbe99aaa162c (127.12.20.129:46625): Couldn't send request to peer 903b282ded024ae69ececbe99aaa162c. Status: Remote error: Service unavailable: service kudu.consensus.ConsensusService not registered on TabletServer. This is attempt 1: this message will repeat every 5th retry.
I20260710 11:00:03.090893 12370 raft_consensus.cc:2243] T f327561b45fa4b209e374ff55178ed4a P 903b282ded024ae69ececbe99aaa162c [term 4 FOLLOWER]: Raft consensus shutting down.
I20260710 11:00:03.091333 12370 raft_consensus.cc:2272] T f327561b45fa4b209e374ff55178ed4a P 903b282ded024ae69ececbe99aaa162c [term 4 FOLLOWER]: Raft consensus is shut down!
I20260710 11:00:03.093765 12370 tablet_replica.cc:333] T be7d066c1b3b4a09b7efc5d0c76e4215 P 903b282ded024ae69ececbe99aaa162c: stopping tablet replica
I20260710 11:00:03.094228 12370 raft_consensus.cc:2243] T be7d066c1b3b4a09b7efc5d0c76e4215 P 903b282ded024ae69ececbe99aaa162c [term 2 FOLLOWER]: Raft consensus shutting down.
I20260710 11:00:03.094580 12370 raft_consensus.cc:2272] T be7d066c1b3b4a09b7efc5d0c76e4215 P 903b282ded024ae69ececbe99aaa162c [term 2 FOLLOWER]: Raft consensus is shut down!
I20260710 11:00:03.096623 12370 tablet_replica.cc:333] T da5b1199a4804fc5bd21822c3333f295 P 903b282ded024ae69ececbe99aaa162c: stopping tablet replica
I20260710 11:00:03.097074 12370 raft_consensus.cc:2243] T da5b1199a4804fc5bd21822c3333f295 P 903b282ded024ae69ececbe99aaa162c [term 1 FOLLOWER]: Raft consensus shutting down.
I20260710 11:00:03.097419 12370 raft_consensus.cc:2272] T da5b1199a4804fc5bd21822c3333f295 P 903b282ded024ae69ececbe99aaa162c [term 1 FOLLOWER]: Raft consensus is shut down!
I20260710 11:00:03.098827 12370 tablet_replica.cc:333] T e1530530be2f460ca9c8883cbdff508a P 903b282ded024ae69ececbe99aaa162c: stopping tablet replica
I20260710 11:00:03.099211 12370 raft_consensus.cc:2243] T e1530530be2f460ca9c8883cbdff508a P 903b282ded024ae69ececbe99aaa162c [term 2 FOLLOWER]: Raft consensus shutting down.
I20260710 11:00:03.099576 12370 raft_consensus.cc:2272] T e1530530be2f460ca9c8883cbdff508a P 903b282ded024ae69ececbe99aaa162c [term 2 FOLLOWER]: Raft consensus is shut down!
W20260710 11:00:03.111187 13151 consensus_peers.cc:597] T e1530530be2f460ca9c8883cbdff508a P f10221c9f14e4ef0913a40c346a15035 -> Peer 903b282ded024ae69ececbe99aaa162c (127.12.20.129:46625): Couldn't send request to peer 903b282ded024ae69ececbe99aaa162c. Status: Network error: recv got EOF from unknown peer (error 108). This is attempt 1: this message will repeat every 5th retry.
