I20260710 11:00:18.431789 23169 raft_consensus.cc:2955] T 52e54901fc3b45528186c22e5c4a43f9 P ec5b7e4ff0cf4bcbae9495e502971229 [term 1 FOLLOWER]: Committing config change with OpId 1.3: config changed from index 2 to 3, ec5b7e4ff0cf4bcbae9495e502971229 (127.21.36.4) changed from NON_VOTER to VOTER. New config: { opid_index: 3 OBSOLETE_local: false peers { permanent_uuid: "9ff1ccfb4d7e4fb58ac196149bd52968" member_type: VOTER last_known_addr { host: "127.21.36.1" port: 43701 } } peers { permanent_uuid: "bff8745307a94d9fae9f9e07f8cc9aec" member_type: VOTER last_known_addr { host: "127.21.36.2" port: 45825 } } peers { permanent_uuid: "23c87893afa0434bbedf67c4de9a3ed0" member_type: VOTER last_known_addr { host: "127.21.36.3" port: 32909 } attrs { replace: true } } peers { permanent_uuid: "ec5b7e4ff0cf4bcbae9495e502971229" member_type: VOTER last_known_addr { host: "127.21.36.4" port: 35289 } attrs { promote: false } } }
I20260710 11:00:18.454301 23422 tablet_replica.cc:333] T da99e33878244fcabfcb71a90d9a25d5 P 9ff1ccfb4d7e4fb58ac196149bd52968: stopping tablet replica
I20260710 11:00:18.455277 23422 raft_consensus.cc:2243] T da99e33878244fcabfcb71a90d9a25d5 P 9ff1ccfb4d7e4fb58ac196149bd52968 [term 1 FOLLOWER]: Raft consensus shutting down.
I20260710 11:00:18.455803 23422 pending_rounds.cc:70] T da99e33878244fcabfcb71a90d9a25d5 P 9ff1ccfb4d7e4fb58ac196149bd52968: Trying to abort 1 pending ops.
I20260710 11:00:18.456148 23422 pending_rounds.cc:77] T da99e33878244fcabfcb71a90d9a25d5 P 9ff1ccfb4d7e4fb58ac196149bd52968: Aborting op as it isn't in flight: id { term: 1 index: 3 } timestamp: 7305958269946171392 op_type: CHANGE_CONFIG_OP change_config_record { tablet_id: "da99e33878244fcabfcb71a90d9a25d5" old_config { opid_index: 2 OBSOLETE_local: false peers { permanent_uuid: "9ff1ccfb4d7e4fb58ac196149bd52968" member_type: VOTER last_known_addr { host: "127.21.36.1" port: 43701 } attrs { replace: true } } peers { permanent_uuid: "bff8745307a94d9fae9f9e07f8cc9aec" member_type: VOTER last_known_addr { host: "127.21.36.2" port: 45825 } } peers { permanent_uuid: "23c87893afa0434bbedf67c4de9a3ed0" member_type: VOTER last_known_addr { host: "127.21.36.3" port: 32909 } } peers { permanent_uuid: "ec5b7e4ff0cf4bcbae9495e502971229" member_type: NON_VOTER last_known_addr { host: "127.21.36.4" port: 35289 } attrs { promote: true } } } new_config { opid_index: 3 OBSOLETE_local: false peers { permanent_uuid: "9ff1ccfb4d7e4fb58ac196149bd52968" member_type: VOTER last_known_addr { host: "127.21.36.1" port: 43701 } attrs { replace: true } } peers { permanent_uuid: "bff8745307a94d9fae9f9e07f8cc9aec" member_type: VOTER last_known_addr { host: "127.21.36.2" port: 45825 } } peers { permanent_uuid: "23c87893afa0434bbedf67c4de9a3ed0" member_type: VOTER last_known_addr { host: "127.21.36.3" port: 32909 } } peers { permanent_uuid: "ec5b7e4ff0cf4bcbae9495e502971229" member_type: VOTER last_known_addr { host: "127.21.36.4" port: 35289 } attrs { promote: false } } } }
I20260710 11:00:18.463472 22837 consensus_queue.cc:237] T 52e54901fc3b45528186c22e5c4a43f9 P bff8745307a94d9fae9f9e07f8cc9aec [LEADER]: Queue going to LEADER mode. State: All replicated index: 0, Majority replicated index: 3, Committed index: 3, Last appended: 1.3, Last appended by leader: 0, Current term: 1, Majority size: 2, State: 0, Mode: LEADER, active raft config: opid_index: 4 OBSOLETE_local: false peers { permanent_uuid: "9ff1ccfb4d7e4fb58ac196149bd52968" member_type: VOTER last_known_addr { host: "127.21.36.1" port: 43701 } } peers { permanent_uuid: "bff8745307a94d9fae9f9e07f8cc9aec" member_type: VOTER last_known_addr { host: "127.21.36.2" port: 45825 } } peers { permanent_uuid: "ec5b7e4ff0cf4bcbae9495e502971229" member_type: VOTER last_known_addr { host: "127.21.36.4" port: 35289 } attrs { promote: false } }
I20260710 11:00:18.468888 23422 raft_consensus.cc:2917] T da99e33878244fcabfcb71a90d9a25d5 P 9ff1ccfb4d7e4fb58ac196149bd52968 [term 1 FOLLOWER]: Aborting config change with OpId 1.3: Aborted: Op aborted
I20260710 11:00:18.469334 23422 raft_consensus.cc:2889] T da99e33878244fcabfcb71a90d9a25d5 P 9ff1ccfb4d7e4fb58ac196149bd52968 [term 1 FOLLOWER]: CHANGE_CONFIG_OP replication failed: Aborted: Op aborted
I20260710 11:00:18.469709 23422 raft_consensus.cc:2272] T da99e33878244fcabfcb71a90d9a25d5 P 9ff1ccfb4d7e4fb58ac196149bd52968 [term 1 FOLLOWER]: Raft consensus is shut down!
I20260710 11:00:18.472669 23422 ts_tablet_manager.cc:1916] T da99e33878244fcabfcb71a90d9a25d5 P 9ff1ccfb4d7e4fb58ac196149bd52968: Deleting tablet data with delete state TABLET_DATA_TOMBSTONED
I20260710 11:00:18.474082 23169 raft_consensus.cc:1275] T 52e54901fc3b45528186c22e5c4a43f9 P ec5b7e4ff0cf4bcbae9495e502971229 [term 1 FOLLOWER]: Refusing update from remote peer bff8745307a94d9fae9f9e07f8cc9aec: Log matching property violated. Preceding OpId in replica: term: 1 index: 3. Preceding OpId from leader: term: 1 index: 4. (index mismatch)
I20260710 11:00:18.474531 22760 raft_consensus.cc:1275] T 52e54901fc3b45528186c22e5c4a43f9 P 9ff1ccfb4d7e4fb58ac196149bd52968 [term 1 FOLLOWER]: Refusing update from remote peer bff8745307a94d9fae9f9e07f8cc9aec: Log matching property violated. Preceding OpId in replica: term: 1 index: 3. Preceding OpId from leader: term: 1 index: 4. (index mismatch)
I20260710 11:00:18.475487 23411 consensus_queue.cc:1048] T 52e54901fc3b45528186c22e5c4a43f9 P bff8745307a94d9fae9f9e07f8cc9aec [LEADER]: Connected to new peer: Peer: permanent_uuid: "ec5b7e4ff0cf4bcbae9495e502971229" member_type: VOTER last_known_addr { host: "127.21.36.4" port: 35289 } attrs { promote: false }, Status: LMP_MISMATCH, Last received: 0.0, Next index: 4, Last known committed idx: 3, Time since last communication: 0.000s
I20260710 11:00:18.476382 23413 consensus_queue.cc:1048] T 52e54901fc3b45528186c22e5c4a43f9 P bff8745307a94d9fae9f9e07f8cc9aec [LEADER]: Connected to new peer: Peer: permanent_uuid: "9ff1ccfb4d7e4fb58ac196149bd52968" member_type: VOTER last_known_addr { host: "127.21.36.1" port: 43701 }, Status: LMP_MISMATCH, Last received: 0.0, Next index: 4, Last known committed idx: 3, Time since last communication: 0.000s
I20260710 11:00:18.485262 22760 raft_consensus.cc:2955] T 52e54901fc3b45528186c22e5c4a43f9 P 9ff1ccfb4d7e4fb58ac196149bd52968 [term 1 FOLLOWER]: Committing config change with OpId 1.4: config changed from index 3 to 4, VOTER 23c87893afa0434bbedf67c4de9a3ed0 (127.21.36.3) evicted. New config: { opid_index: 4 OBSOLETE_local: false peers { permanent_uuid: "9ff1ccfb4d7e4fb58ac196149bd52968" member_type: VOTER last_known_addr { host: "127.21.36.1" port: 43701 } } peers { permanent_uuid: "bff8745307a94d9fae9f9e07f8cc9aec" member_type: VOTER last_known_addr { host: "127.21.36.2" port: 45825 } } peers { permanent_uuid: "ec5b7e4ff0cf4bcbae9495e502971229" member_type: VOTER last_known_addr { host: "127.21.36.4" port: 35289 } attrs { promote: false } } }
I20260710 11:00:18.492691 23391 raft_consensus.cc:2955] T 52e54901fc3b45528186c22e5c4a43f9 P bff8745307a94d9fae9f9e07f8cc9aec [term 1 LEADER]: Committing config change with OpId 1.4: config changed from index 3 to 4, VOTER 23c87893afa0434bbedf67c4de9a3ed0 (127.21.36.3) evicted. New config: { opid_index: 4 OBSOLETE_local: false peers { permanent_uuid: "9ff1ccfb4d7e4fb58ac196149bd52968" member_type: VOTER last_known_addr { host: "127.21.36.1" port: 43701 } } peers { permanent_uuid: "bff8745307a94d9fae9f9e07f8cc9aec" member_type: VOTER last_known_addr { host: "127.21.36.2" port: 45825 } } peers { permanent_uuid: "ec5b7e4ff0cf4bcbae9495e502971229" member_type: VOTER last_known_addr { host: "127.21.36.4" port: 35289 } attrs { promote: false } } }
I20260710 11:00:18.495599 23422 ts_tablet_manager.cc:1929] T da99e33878244fcabfcb71a90d9a25d5 P 9ff1ccfb4d7e4fb58ac196149bd52968: tablet deleted with delete type TABLET_DATA_TOMBSTONED: last-logged OpId 1.3
I20260710 11:00:18.496726 23422 log.cc:1199] T da99e33878244fcabfcb71a90d9a25d5 P 9ff1ccfb4d7e4fb58ac196149bd52968: Deleting WAL directory at /tmp/dist-test-task1yILZ3/test-tmp/auto_leader_rebalancer-test.0.LeaderRebalancerTest.AddTserver.1783681181503208-21648-0/minicluster-data/ts-0-root/wals/da99e33878244fcabfcb71a90d9a25d5
I20260710 11:00:18.498224 22645 catalog_manager.cc:5028] TS 9ff1ccfb4d7e4fb58ac196149bd52968 (127.21.36.1:43701): tablet da99e33878244fcabfcb71a90d9a25d5 (table test-workload [id=bd174caddc0641d7948550e39d86a8ca]) successfully deleted
I20260710 11:00:18.498932 23169 raft_consensus.cc:2955] T 52e54901fc3b45528186c22e5c4a43f9 P ec5b7e4ff0cf4bcbae9495e502971229 [term 1 FOLLOWER]: Committing config change with OpId 1.4: config changed from index 3 to 4, VOTER 23c87893afa0434bbedf67c4de9a3ed0 (127.21.36.3) evicted. New config: { opid_index: 4 OBSOLETE_local: false peers { permanent_uuid: "9ff1ccfb4d7e4fb58ac196149bd52968" member_type: VOTER last_known_addr { host: "127.21.36.1" port: 43701 } } peers { permanent_uuid: "bff8745307a94d9fae9f9e07f8cc9aec" member_type: VOTER last_known_addr { host: "127.21.36.2" port: 45825 } } peers { permanent_uuid: "ec5b7e4ff0cf4bcbae9495e502971229" member_type: VOTER last_known_addr { host: "127.21.36.4" port: 35289 } attrs { promote: false } } }
I20260710 11:00:18.500279 22660 catalog_manager.cc:5697] T 52e54901fc3b45528186c22e5c4a43f9 P 9ff1ccfb4d7e4fb58ac196149bd52968 reported cstate change: config changed from index 3 to 4, VOTER 23c87893afa0434bbedf67c4de9a3ed0 (127.21.36.3) evicted. New cstate: current_term: 1 leader_uuid: "bff8745307a94d9fae9f9e07f8cc9aec" committed_config { opid_index: 4 OBSOLETE_local: false peers { permanent_uuid: "9ff1ccfb4d7e4fb58ac196149bd52968" member_type: VOTER last_known_addr { host: "127.21.36.1" port: 43701 } } peers { permanent_uuid: "bff8745307a94d9fae9f9e07f8cc9aec" member_type: VOTER last_known_addr { host: "127.21.36.2" port: 45825 } } peers { permanent_uuid: "ec5b7e4ff0cf4bcbae9495e502971229" member_type: VOTER last_known_addr { host: "127.21.36.4" port: 35289 } attrs { promote: false } } }
I20260710 11:00:18.512024 22900 tablet_service.cc:1558] Processing DeleteTablet for tablet 52e54901fc3b45528186c22e5c4a43f9 with delete_type TABLET_DATA_TOMBSTONED (TS 23c87893afa0434bbedf67c4de9a3ed0 not found in new config with opid_index 4) from {username='slave'} at 127.0.0.1:54262
I20260710 11:00:18.513319 22646 catalog_manager.cc:5210] ChangeConfig:REMOVE_PEER RPC for tablet 52e54901fc3b45528186c22e5c4a43f9 with cas_config_opid_index 3: ChangeConfig:REMOVE_PEER succeeded (attempt 1)
I20260710 11:00:18.514680 23423 tablet_replica.cc:333] T 52e54901fc3b45528186c22e5c4a43f9 P 23c87893afa0434bbedf67c4de9a3ed0: stopping tablet replica
I20260710 11:00:18.515625 23423 raft_consensus.cc:2243] T 52e54901fc3b45528186c22e5c4a43f9 P 23c87893afa0434bbedf67c4de9a3ed0 [term 1 FOLLOWER]: Raft consensus shutting down.
I20260710 11:00:18.516328 23423 raft_consensus.cc:2272] T 52e54901fc3b45528186c22e5c4a43f9 P 23c87893afa0434bbedf67c4de9a3ed0 [term 1 FOLLOWER]: Raft consensus is shut down!
I20260710 11:00:18.518728 23423 ts_tablet_manager.cc:1916] T 52e54901fc3b45528186c22e5c4a43f9 P 23c87893afa0434bbedf67c4de9a3ed0: Deleting tablet data with delete state TABLET_DATA_TOMBSTONED
I20260710 11:00:18.529656 23423 ts_tablet_manager.cc:1929] T 52e54901fc3b45528186c22e5c4a43f9 P 23c87893afa0434bbedf67c4de9a3ed0: tablet deleted with delete type TABLET_DATA_TOMBSTONED: last-logged OpId 1.3
I20260710 11:00:18.530053 23423 log.cc:1199] T 52e54901fc3b45528186c22e5c4a43f9 P 23c87893afa0434bbedf67c4de9a3ed0: Deleting WAL directory at /tmp/dist-test-task1yILZ3/test-tmp/auto_leader_rebalancer-test.0.LeaderRebalancerTest.AddTserver.1783681181503208-21648-0/minicluster-data/ts-2-root/wals/52e54901fc3b45528186c22e5c4a43f9
I20260710 11:00:18.531271 22645 catalog_manager.cc:5028] TS 23c87893afa0434bbedf67c4de9a3ed0 (127.21.36.3:32909): tablet 52e54901fc3b45528186c22e5c4a43f9 (table test-workload [id=bd174caddc0641d7948550e39d86a8ca]) successfully deleted
I20260710 11:00:19.542112 22760 consensus_queue.cc:237] T 4f8e45f2fb8f4c55854e493b6de0ad88 P 9ff1ccfb4d7e4fb58ac196149bd52968 [LEADER]: Queue going to LEADER mode. State: All replicated index: 0, Majority replicated index: 1, Committed index: 1, Last appended: 1.1, Last appended by leader: 0, Current term: 1, Majority size: 2, State: 0, Mode: LEADER, active raft config: opid_index: 2 OBSOLETE_local: false peers { permanent_uuid: "9ff1ccfb4d7e4fb58ac196149bd52968" member_type: VOTER last_known_addr { host: "127.21.36.1" port: 43701 } } peers { permanent_uuid: "bff8745307a94d9fae9f9e07f8cc9aec" member_type: VOTER last_known_addr { host: "127.21.36.2" port: 45825 } attrs { replace: true } } peers { permanent_uuid: "23c87893afa0434bbedf67c4de9a3ed0" member_type: VOTER last_known_addr { host: "127.21.36.3" port: 32909 } } peers { permanent_uuid: "ec5b7e4ff0cf4bcbae9495e502971229" member_type: NON_VOTER last_known_addr { host: "127.21.36.4" port: 35289 } attrs { promote: true } }
W20260710 11:00:19.547684 22728 consensus_peers.cc:597] T 4f8e45f2fb8f4c55854e493b6de0ad88 P 9ff1ccfb4d7e4fb58ac196149bd52968 -> Peer ec5b7e4ff0cf4bcbae9495e502971229 (127.21.36.4:35289): Couldn't send request to peer ec5b7e4ff0cf4bcbae9495e502971229. Error code: TABLET_NOT_FOUND (6). Status: Not found: Tablet not found: 4f8e45f2fb8f4c55854e493b6de0ad88. This is attempt 1: this message will repeat every 5th retry.
I20260710 11:00:19.547868 22910 raft_consensus.cc:1275] T 4f8e45f2fb8f4c55854e493b6de0ad88 P 23c87893afa0434bbedf67c4de9a3ed0 [term 1 FOLLOWER]: Refusing update from remote peer 9ff1ccfb4d7e4fb58ac196149bd52968: Log matching property violated. Preceding OpId in replica: term: 1 index: 1. Preceding OpId from leader: term: 1 index: 2. (index mismatch)
I20260710 11:00:19.547806 22837 raft_consensus.cc:1275] T 4f8e45f2fb8f4c55854e493b6de0ad88 P bff8745307a94d9fae9f9e07f8cc9aec [term 1 FOLLOWER]: Refusing update from remote peer 9ff1ccfb4d7e4fb58ac196149bd52968: Log matching property violated. Preceding OpId in replica: term: 1 index: 1. Preceding OpId from leader: term: 1 index: 2. (index mismatch)
I20260710 11:00:19.549297 23426 consensus_queue.cc:1048] T 4f8e45f2fb8f4c55854e493b6de0ad88 P 9ff1ccfb4d7e4fb58ac196149bd52968 [LEADER]: Connected to new peer: Peer: permanent_uuid: "23c87893afa0434bbedf67c4de9a3ed0" member_type: VOTER last_known_addr { host: "127.21.36.3" port: 32909 }, Status: LMP_MISMATCH, Last received: 0.0, Next index: 2, Last known committed idx: 1, Time since last communication: 0.000s
I20260710 11:00:19.550012 23424 consensus_queue.cc:1048] T 4f8e45f2fb8f4c55854e493b6de0ad88 P 9ff1ccfb4d7e4fb58ac196149bd52968 [LEADER]: Connected to new peer: Peer: permanent_uuid: "bff8745307a94d9fae9f9e07f8cc9aec" member_type: VOTER last_known_addr { host: "127.21.36.2" port: 45825 } attrs { replace: true }, Status: LMP_MISMATCH, Last received: 0.0, Next index: 2, Last known committed idx: 1, Time since last communication: 0.000s
I20260710 11:00:19.557269 23424 raft_consensus.cc:2955] T 4f8e45f2fb8f4c55854e493b6de0ad88 P 9ff1ccfb4d7e4fb58ac196149bd52968 [term 1 LEADER]: Committing config change with OpId 1.2: config changed from index -1 to 2, NON_VOTER ec5b7e4ff0cf4bcbae9495e502971229 (127.21.36.4) added. New config: { opid_index: 2 OBSOLETE_local: false peers { permanent_uuid: "9ff1ccfb4d7e4fb58ac196149bd52968" member_type: VOTER last_known_addr { host: "127.21.36.1" port: 43701 } } peers { permanent_uuid: "bff8745307a94d9fae9f9e07f8cc9aec" member_type: VOTER last_known_addr { host: "127.21.36.2" port: 45825 } attrs { replace: true } } peers { permanent_uuid: "23c87893afa0434bbedf67c4de9a3ed0" member_type: VOTER last_known_addr { host: "127.21.36.3" port: 32909 } } peers { permanent_uuid: "ec5b7e4ff0cf4bcbae9495e502971229" member_type: NON_VOTER last_known_addr { host: "127.21.36.4" port: 35289 } attrs { promote: true } } }
I20260710 11:00:19.558707 22910 raft_consensus.cc:2955] T 4f8e45f2fb8f4c55854e493b6de0ad88 P 23c87893afa0434bbedf67c4de9a3ed0 [term 1 FOLLOWER]: Committing config change with OpId 1.2: config changed from index -1 to 2, NON_VOTER ec5b7e4ff0cf4bcbae9495e502971229 (127.21.36.4) added. New config: { opid_index: 2 OBSOLETE_local: false peers { permanent_uuid: "9ff1ccfb4d7e4fb58ac196149bd52968" member_type: VOTER last_known_addr { host: "127.21.36.1" port: 43701 } } peers { permanent_uuid: "bff8745307a94d9fae9f9e07f8cc9aec" member_type: VOTER last_known_addr { host: "127.21.36.2" port: 45825 } attrs { replace: true } } peers { permanent_uuid: "23c87893afa0434bbedf67c4de9a3ed0" member_type: VOTER last_known_addr { host: "127.21.36.3" port: 32909 } } peers { permanent_uuid: "ec5b7e4ff0cf4bcbae9495e502971229" member_type: NON_VOTER last_known_addr { host: "127.21.36.4" port: 35289 } attrs { promote: true } } }
I20260710 11:00:19.569169 22837 raft_consensus.cc:2955] T 4f8e45f2fb8f4c55854e493b6de0ad88 P bff8745307a94d9fae9f9e07f8cc9aec [term 1 FOLLOWER]: Committing config change with OpId 1.2: config changed from index -1 to 2, NON_VOTER ec5b7e4ff0cf4bcbae9495e502971229 (127.21.36.4) added. New config: { opid_index: 2 OBSOLETE_local: false peers { permanent_uuid: "9ff1ccfb4d7e4fb58ac196149bd52968" member_type: VOTER last_known_addr { host: "127.21.36.1" port: 43701 } } peers { permanent_uuid: "bff8745307a94d9fae9f9e07f8cc9aec" member_type: VOTER last_known_addr { host: "127.21.36.2" port: 45825 } attrs { replace: true } } peers { permanent_uuid: "23c87893afa0434bbedf67c4de9a3ed0" member_type: VOTER last_known_addr { host: "127.21.36.3" port: 32909 } } peers { permanent_uuid: "ec5b7e4ff0cf4bcbae9495e502971229" member_type: NON_VOTER last_known_addr { host: "127.21.36.4" port: 35289 } attrs { promote: true } } }
I20260710 11:00:19.570617 22657 catalog_manager.cc:5697] T 4f8e45f2fb8f4c55854e493b6de0ad88 P 23c87893afa0434bbedf67c4de9a3ed0 reported cstate change: config changed from index -1 to 2, NON_VOTER ec5b7e4ff0cf4bcbae9495e502971229 (127.21.36.4) added. New cstate: current_term: 1 leader_uuid: "9ff1ccfb4d7e4fb58ac196149bd52968" committed_config { opid_index: 2 OBSOLETE_local: false peers { permanent_uuid: "9ff1ccfb4d7e4fb58ac196149bd52968" member_type: VOTER last_known_addr { host: "127.21.36.1" port: 43701 } } peers { permanent_uuid: "bff8745307a94d9fae9f9e07f8cc9aec" member_type: VOTER last_known_addr { host: "127.21.36.2" port: 45825 } attrs { replace: true } } peers { permanent_uuid: "23c87893afa0434bbedf67c4de9a3ed0" member_type: VOTER last_known_addr { host: "127.21.36.3" port: 32909 } } peers { permanent_uuid: "ec5b7e4ff0cf4bcbae9495e502971229" member_type: NON_VOTER last_known_addr { host: "127.21.36.4" port: 35289 } attrs { promote: true } } }
I20260710 11:00:19.575546 22910 consensus_queue.cc:237] T 7242373e009d4fbba5a8842b1a75d110 P 23c87893afa0434bbedf67c4de9a3ed0 [LEADER]: Queue going to LEADER mode. State: All replicated index: 0, Majority replicated index: 1, Committed index: 1, Last appended: 1.1, Last appended by leader: 0, Current term: 1, Majority size: 2, State: 0, Mode: LEADER, active raft config: opid_index: 2 OBSOLETE_local: false peers { permanent_uuid: "9ff1ccfb4d7e4fb58ac196149bd52968" member_type: VOTER last_known_addr { host: "127.21.36.1" port: 43701 } attrs { replace: true } } peers { permanent_uuid: "bff8745307a94d9fae9f9e07f8cc9aec" member_type: VOTER last_known_addr { host: "127.21.36.2" port: 45825 } } peers { permanent_uuid: "23c87893afa0434bbedf67c4de9a3ed0" member_type: VOTER last_known_addr { host: "127.21.36.3" port: 32909 } } peers { permanent_uuid: "ec5b7e4ff0cf4bcbae9495e502971229" member_type: NON_VOTER last_known_addr { host: "127.21.36.4" port: 35289 } attrs { promote: true } }
I20260710 11:00:19.584972 22760 raft_consensus.cc:1275] T 7242373e009d4fbba5a8842b1a75d110 P 9ff1ccfb4d7e4fb58ac196149bd52968 [term 1 FOLLOWER]: Refusing update from remote peer 23c87893afa0434bbedf67c4de9a3ed0: Log matching property violated. Preceding OpId in replica: term: 1 index: 1. Preceding OpId from leader: term: 1 index: 2. (index mismatch)
W20260710 11:00:19.586480 22877 consensus_peers.cc:597] T 7242373e009d4fbba5a8842b1a75d110 P 23c87893afa0434bbedf67c4de9a3ed0 -> Peer ec5b7e4ff0cf4bcbae9495e502971229 (127.21.36.4:35289): Couldn't send request to peer ec5b7e4ff0cf4bcbae9495e502971229. Error code: TABLET_NOT_FOUND (6). Status: Not found: Tablet not found: 7242373e009d4fbba5a8842b1a75d110. This is attempt 1: this message will repeat every 5th retry.
I20260710 11:00:19.586480 23355 consensus_queue.cc:1048] T 7242373e009d4fbba5a8842b1a75d110 P 23c87893afa0434bbedf67c4de9a3ed0 [LEADER]: Connected to new peer: Peer: permanent_uuid: "9ff1ccfb4d7e4fb58ac196149bd52968" member_type: VOTER last_known_addr { host: "127.21.36.1" port: 43701 } attrs { replace: true }, Status: LMP_MISMATCH, Last received: 0.0, Next index: 2, Last known committed idx: 1, Time since last communication: 0.001s
I20260710 11:00:19.584972 22837 raft_consensus.cc:1275] T 7242373e009d4fbba5a8842b1a75d110 P bff8745307a94d9fae9f9e07f8cc9aec [term 1 FOLLOWER]: Refusing update from remote peer 23c87893afa0434bbedf67c4de9a3ed0: Log matching property violated. Preceding OpId in replica: term: 1 index: 1. Preceding OpId from leader: term: 1 index: 2. (index mismatch)
I20260710 11:00:19.590360 23355 consensus_queue.cc:1048] T 7242373e009d4fbba5a8842b1a75d110 P 23c87893afa0434bbedf67c4de9a3ed0 [LEADER]: Connected to new peer: Peer: permanent_uuid: "bff8745307a94d9fae9f9e07f8cc9aec" member_type: VOTER last_known_addr { host: "127.21.36.2" port: 45825 }, Status: LMP_MISMATCH, Last received: 0.0, Next index: 2, Last known committed idx: 1, Time since last communication: 0.000s
I20260710 11:00:19.595525 23407 raft_consensus.cc:2955] T 7242373e009d4fbba5a8842b1a75d110 P 23c87893afa0434bbedf67c4de9a3ed0 [term 1 LEADER]: Committing config change with OpId 1.2: config changed from index -1 to 2, NON_VOTER ec5b7e4ff0cf4bcbae9495e502971229 (127.21.36.4) added. New config: { opid_index: 2 OBSOLETE_local: false peers { permanent_uuid: "9ff1ccfb4d7e4fb58ac196149bd52968" member_type: VOTER last_known_addr { host: "127.21.36.1" port: 43701 } attrs { replace: true } } peers { permanent_uuid: "bff8745307a94d9fae9f9e07f8cc9aec" member_type: VOTER last_known_addr { host: "127.21.36.2" port: 45825 } } peers { permanent_uuid: "23c87893afa0434bbedf67c4de9a3ed0" member_type: VOTER last_known_addr { host: "127.21.36.3" port: 32909 } } peers { permanent_uuid: "ec5b7e4ff0cf4bcbae9495e502971229" member_type: NON_VOTER last_known_addr { host: "127.21.36.4" port: 35289 } attrs { promote: true } } }
I20260710 11:00:19.599615 22759 raft_consensus.cc:2955] T 7242373e009d4fbba5a8842b1a75d110 P 9ff1ccfb4d7e4fb58ac196149bd52968 [term 1 FOLLOWER]: Committing config change with OpId 1.2: config changed from index -1 to 2, NON_VOTER ec5b7e4ff0cf4bcbae9495e502971229 (127.21.36.4) added. New config: { opid_index: 2 OBSOLETE_local: false peers { permanent_uuid: "9ff1ccfb4d7e4fb58ac196149bd52968" member_type: VOTER last_known_addr { host: "127.21.36.1" port: 43701 } attrs { replace: true } } peers { permanent_uuid: "bff8745307a94d9fae9f9e07f8cc9aec" member_type: VOTER last_known_addr { host: "127.21.36.2" port: 45825 } } peers { permanent_uuid: "23c87893afa0434bbedf67c4de9a3ed0" member_type: VOTER last_known_addr { host: "127.21.36.3" port: 32909 } } peers { permanent_uuid: "ec5b7e4ff0cf4bcbae9495e502971229" member_type: NON_VOTER last_known_addr { host: "127.21.36.4" port: 35289 } attrs { promote: true } } }
I20260710 11:00:19.616115 22760 consensus_queue.cc:237] T f567e29c215944aca43c891fb93602c0 P 9ff1ccfb4d7e4fb58ac196149bd52968 [LEADER]: Queue going to LEADER mode. State: All replicated index: 0, Majority replicated index: 1, Committed index: 1, Last appended: 1.1, Last appended by leader: 0, Current term: 1, Majority size: 2, State: 0, Mode: LEADER, active raft config: opid_index: 2 OBSOLETE_local: false peers { permanent_uuid: "9ff1ccfb4d7e4fb58ac196149bd52968" member_type: VOTER last_known_addr { host: "127.21.36.1" port: 43701 } } peers { permanent_uuid: "bff8745307a94d9fae9f9e07f8cc9aec" member_type: VOTER last_known_addr { host: "127.21.36.2" port: 45825 } } peers { permanent_uuid: "23c87893afa0434bbedf67c4de9a3ed0" member_type: VOTER last_known_addr { host: "127.21.36.3" port: 32909 } attrs { replace: true } } peers { permanent_uuid: "ec5b7e4ff0cf4bcbae9495e502971229" member_type: NON_VOTER last_known_addr { host: "127.21.36.4" port: 35289 } attrs { promote: true } }
I20260710 11:00:19.617466 22660 catalog_manager.cc:5697] T 7242373e009d4fbba5a8842b1a75d110 P 23c87893afa0434bbedf67c4de9a3ed0 reported cstate change: config changed from index -1 to 2, NON_VOTER ec5b7e4ff0cf4bcbae9495e502971229 (127.21.36.4) added. New cstate: current_term: 1 leader_uuid: "23c87893afa0434bbedf67c4de9a3ed0" committed_config { opid_index: 2 OBSOLETE_local: false peers { permanent_uuid: "9ff1ccfb4d7e4fb58ac196149bd52968" member_type: VOTER last_known_addr { host: "127.21.36.1" port: 43701 } attrs { replace: true } health_report { overall_health: HEALTHY } } peers { permanent_uuid: "bff8745307a94d9fae9f9e07f8cc9aec" member_type: VOTER last_known_addr { host: "127.21.36.2" port: 45825 } health_report { overall_health: UNKNOWN } } peers { permanent_uuid: "23c87893afa0434bbedf67c4de9a3ed0" member_type: VOTER last_known_addr { host: "127.21.36.3" port: 32909 } health_report { overall_health: HEALTHY } } peers { permanent_uuid: "ec5b7e4ff0cf4bcbae9495e502971229" member_type: NON_VOTER last_known_addr { host: "127.21.36.4" port: 35289 } attrs { promote: true } health_report { overall_health: UNKNOWN } } }
I20260710 11:00:19.619117 22837 raft_consensus.cc:2955] T 7242373e009d4fbba5a8842b1a75d110 P bff8745307a94d9fae9f9e07f8cc9aec [term 1 FOLLOWER]: Committing config change with OpId 1.2: config changed from index -1 to 2, NON_VOTER ec5b7e4ff0cf4bcbae9495e502971229 (127.21.36.4) added. New config: { opid_index: 2 OBSOLETE_local: false peers { permanent_uuid: "9ff1ccfb4d7e4fb58ac196149bd52968" member_type: VOTER last_known_addr { host: "127.21.36.1" port: 43701 } attrs { replace: true } } peers { permanent_uuid: "bff8745307a94d9fae9f9e07f8cc9aec" member_type: VOTER last_known_addr { host: "127.21.36.2" port: 45825 } } peers { permanent_uuid: "23c87893afa0434bbedf67c4de9a3ed0" member_type: VOTER last_known_addr { host: "127.21.36.3" port: 32909 } } peers { permanent_uuid: "ec5b7e4ff0cf4bcbae9495e502971229" member_type: NON_VOTER last_known_addr { host: "127.21.36.4" port: 35289 } attrs { promote: true } } }
I20260710 11:00:19.630314 22910 raft_consensus.cc:1275] T f567e29c215944aca43c891fb93602c0 P 23c87893afa0434bbedf67c4de9a3ed0 [term 1 FOLLOWER]: Refusing update from remote peer 9ff1ccfb4d7e4fb58ac196149bd52968: Log matching property violated. Preceding OpId in replica: term: 1 index: 1. Preceding OpId from leader: term: 1 index: 2. (index mismatch)
W20260710 11:00:19.630807 22728 consensus_peers.cc:597] T f567e29c215944aca43c891fb93602c0 P 9ff1ccfb4d7e4fb58ac196149bd52968 -> Peer ec5b7e4ff0cf4bcbae9495e502971229 (127.21.36.4:35289): Couldn't send request to peer ec5b7e4ff0cf4bcbae9495e502971229. Error code: TABLET_NOT_FOUND (6). Status: Not found: Tablet not found: f567e29c215944aca43c891fb93602c0. This is attempt 1: this message will repeat every 5th retry.
I20260710 11:00:19.631696 23424 consensus_queue.cc:1048] T f567e29c215944aca43c891fb93602c0 P 9ff1ccfb4d7e4fb58ac196149bd52968 [LEADER]: Connected to new peer: Peer: permanent_uuid: "23c87893afa0434bbedf67c4de9a3ed0" member_type: VOTER last_known_addr { host: "127.21.36.3" port: 32909 } attrs { replace: true }, Status: LMP_MISMATCH, Last received: 0.0, Next index: 2, Last known committed idx: 1, Time since last communication: 0.000s
I20260710 11:00:19.634378 22836 raft_consensus.cc:1275] T f567e29c215944aca43c891fb93602c0 P bff8745307a94d9fae9f9e07f8cc9aec [term 1 FOLLOWER]: Refusing update from remote peer 9ff1ccfb4d7e4fb58ac196149bd52968: Log matching property violated. Preceding OpId in replica: term: 1 index: 1. Preceding OpId from leader: term: 1 index: 2. (index mismatch)
I20260710 11:00:19.636423 23424 consensus_queue.cc:1048] T f567e29c215944aca43c891fb93602c0 P 9ff1ccfb4d7e4fb58ac196149bd52968 [LEADER]: Connected to new peer: Peer: permanent_uuid: "bff8745307a94d9fae9f9e07f8cc9aec" member_type: VOTER last_known_addr { host: "127.21.36.2" port: 45825 }, Status: LMP_MISMATCH, Last received: 0.0, Next index: 2, Last known committed idx: 1, Time since last communication: 0.001s
I20260710 11:00:19.640213 23426 raft_consensus.cc:2955] T f567e29c215944aca43c891fb93602c0 P 9ff1ccfb4d7e4fb58ac196149bd52968 [term 1 LEADER]: Committing config change with OpId 1.2: config changed from index -1 to 2, NON_VOTER ec5b7e4ff0cf4bcbae9495e502971229 (127.21.36.4) added. New config: { opid_index: 2 OBSOLETE_local: false peers { permanent_uuid: "9ff1ccfb4d7e4fb58ac196149bd52968" member_type: VOTER last_known_addr { host: "127.21.36.1" port: 43701 } } peers { permanent_uuid: "bff8745307a94d9fae9f9e07f8cc9aec" member_type: VOTER last_known_addr { host: "127.21.36.2" port: 45825 } } peers { permanent_uuid: "23c87893afa0434bbedf67c4de9a3ed0" member_type: VOTER last_known_addr { host: "127.21.36.3" port: 32909 } attrs { replace: true } } peers { permanent_uuid: "ec5b7e4ff0cf4bcbae9495e502971229" member_type: NON_VOTER last_known_addr { host: "127.21.36.4" port: 35289 } attrs { promote: true } } }
I20260710 11:00:19.644091 22910 raft_consensus.cc:2955] T f567e29c215944aca43c891fb93602c0 P 23c87893afa0434bbedf67c4de9a3ed0 [term 1 FOLLOWER]: Committing config change with OpId 1.2: config changed from index -1 to 2, NON_VOTER ec5b7e4ff0cf4bcbae9495e502971229 (127.21.36.4) added. New config: { opid_index: 2 OBSOLETE_local: false peers { permanent_uuid: "9ff1ccfb4d7e4fb58ac196149bd52968" member_type: VOTER last_known_addr { host: "127.21.36.1" port: 43701 } } peers { permanent_uuid: "bff8745307a94d9fae9f9e07f8cc9aec" member_type: VOTER last_known_addr { host: "127.21.36.2" port: 45825 } } peers { permanent_uuid: "23c87893afa0434bbedf67c4de9a3ed0" member_type: VOTER last_known_addr { host: "127.21.36.3" port: 32909 } attrs { replace: true } } peers { permanent_uuid: "ec5b7e4ff0cf4bcbae9495e502971229" member_type: NON_VOTER last_known_addr { host: "127.21.36.4" port: 35289 } attrs { promote: true } } }
I20260710 11:00:19.648700 22836 raft_consensus.cc:2955] T f567e29c215944aca43c891fb93602c0 P bff8745307a94d9fae9f9e07f8cc9aec [term 1 FOLLOWER]: Committing config change with OpId 1.2: config changed from index -1 to 2, NON_VOTER ec5b7e4ff0cf4bcbae9495e502971229 (127.21.36.4) added. New config: { opid_index: 2 OBSOLETE_local: false peers { permanent_uuid: "9ff1ccfb4d7e4fb58ac196149bd52968" member_type: VOTER last_known_addr { host: "127.21.36.1" port: 43701 } } peers { permanent_uuid: "bff8745307a94d9fae9f9e07f8cc9aec" member_type: VOTER last_known_addr { host: "127.21.36.2" port: 45825 } } peers { permanent_uuid: "23c87893afa0434bbedf67c4de9a3ed0" member_type: VOTER last_known_addr { host: "127.21.36.3" port: 32909 } attrs { replace: true } } peers { permanent_uuid: "ec5b7e4ff0cf4bcbae9495e502971229" member_type: NON_VOTER last_known_addr { host: "127.21.36.4" port: 35289 } attrs { promote: true } } }
I20260710 11:00:19.662637 22760 consensus_queue.cc:237] T d8373b175d4b49e586aa4b8327642e9d P 9ff1ccfb4d7e4fb58ac196149bd52968 [LEADER]: Queue going to LEADER mode. State: All replicated index: 0, Majority replicated index: 1, Committed index: 1, Last appended: 1.1, Last appended by leader: 0, Current term: 1, Majority size: 2, State: 0, Mode: LEADER, active raft config: opid_index: 2 OBSOLETE_local: false peers { permanent_uuid: "9ff1ccfb4d7e4fb58ac196149bd52968" member_type: VOTER last_known_addr { host: "127.21.36.1" port: 43701 } } peers { permanent_uuid: "bff8745307a94d9fae9f9e07f8cc9aec" member_type: VOTER last_known_addr { host: "127.21.36.2" port: 45825 } } peers { permanent_uuid: "23c87893afa0434bbedf67c4de9a3ed0" member_type: VOTER last_known_addr { host: "127.21.36.3" port: 32909 } attrs { replace: true } } peers { permanent_uuid: "ec5b7e4ff0cf4bcbae9495e502971229" member_type: NON_VOTER last_known_addr { host: "127.21.36.4" port: 35289 } attrs { promote: true } }
I20260710 11:00:19.661624 22657 catalog_manager.cc:5697] T f567e29c215944aca43c891fb93602c0 P 23c87893afa0434bbedf67c4de9a3ed0 reported cstate change: config changed from index -1 to 2, NON_VOTER ec5b7e4ff0cf4bcbae9495e502971229 (127.21.36.4) added. New cstate: current_term: 1 leader_uuid: "9ff1ccfb4d7e4fb58ac196149bd52968" committed_config { opid_index: 2 OBSOLETE_local: false peers { permanent_uuid: "9ff1ccfb4d7e4fb58ac196149bd52968" member_type: VOTER last_known_addr { host: "127.21.36.1" port: 43701 } } peers { permanent_uuid: "bff8745307a94d9fae9f9e07f8cc9aec" member_type: VOTER last_known_addr { host: "127.21.36.2" port: 45825 } } peers { permanent_uuid: "23c87893afa0434bbedf67c4de9a3ed0" member_type: VOTER last_known_addr { host: "127.21.36.3" port: 32909 } attrs { replace: true } } peers { permanent_uuid: "ec5b7e4ff0cf4bcbae9495e502971229" member_type: NON_VOTER last_known_addr { host: "127.21.36.4" port: 35289 } attrs { promote: true } } }
I20260710 11:00:19.671663 22910 raft_consensus.cc:1275] T d8373b175d4b49e586aa4b8327642e9d P 23c87893afa0434bbedf67c4de9a3ed0 [term 1 FOLLOWER]: Refusing update from remote peer 9ff1ccfb4d7e4fb58ac196149bd52968: Log matching property violated. Preceding OpId in replica: term: 1 index: 1. Preceding OpId from leader: term: 1 index: 2. (index mismatch)
I20260710 11:00:19.673468 23441 consensus_queue.cc:1048] T d8373b175d4b49e586aa4b8327642e9d P 9ff1ccfb4d7e4fb58ac196149bd52968 [LEADER]: Connected to new peer: Peer: permanent_uuid: "23c87893afa0434bbedf67c4de9a3ed0" member_type: VOTER last_known_addr { host: "127.21.36.3" port: 32909 } attrs { replace: true }, Status: LMP_MISMATCH, Last received: 0.0, Next index: 2, Last known committed idx: 1, Time since last communication: 0.000s
W20260710 11:00:19.674927 22728 consensus_peers.cc:597] T d8373b175d4b49e586aa4b8327642e9d P 9ff1ccfb4d7e4fb58ac196149bd52968 -> Peer ec5b7e4ff0cf4bcbae9495e502971229 (127.21.36.4:35289): Couldn't send request to peer ec5b7e4ff0cf4bcbae9495e502971229. Error code: TABLET_NOT_FOUND (6). Status: Not found: Tablet not found: d8373b175d4b49e586aa4b8327642e9d. This is attempt 1: this message will repeat every 5th retry.
I20260710 11:00:19.676309 22836 raft_consensus.cc:1275] T d8373b175d4b49e586aa4b8327642e9d P bff8745307a94d9fae9f9e07f8cc9aec [term 1 FOLLOWER]: Refusing update from remote peer 9ff1ccfb4d7e4fb58ac196149bd52968: Log matching property violated. Preceding OpId in replica: term: 1 index: 1. Preceding OpId from leader: term: 1 index: 2. (index mismatch)
I20260710 11:00:19.677722 23389 consensus_queue.cc:1048] T d8373b175d4b49e586aa4b8327642e9d P 9ff1ccfb4d7e4fb58ac196149bd52968 [LEADER]: Connected to new peer: Peer: permanent_uuid: "bff8745307a94d9fae9f9e07f8cc9aec" member_type: VOTER last_known_addr { host: "127.21.36.2" port: 45825 }, Status: LMP_MISMATCH, Last received: 0.0, Next index: 2, Last known committed idx: 1, Time since last communication: 0.000s
I20260710 11:00:19.681443 23426 raft_consensus.cc:2955] T d8373b175d4b49e586aa4b8327642e9d P 9ff1ccfb4d7e4fb58ac196149bd52968 [term 1 LEADER]: Committing config change with OpId 1.2: config changed from index -1 to 2, NON_VOTER ec5b7e4ff0cf4bcbae9495e502971229 (127.21.36.4) added. New config: { opid_index: 2 OBSOLETE_local: false peers { permanent_uuid: "9ff1ccfb4d7e4fb58ac196149bd52968" member_type: VOTER last_known_addr { host: "127.21.36.1" port: 43701 } } peers { permanent_uuid: "bff8745307a94d9fae9f9e07f8cc9aec" member_type: VOTER last_known_addr { host: "127.21.36.2" port: 45825 } } peers { permanent_uuid: "23c87893afa0434bbedf67c4de9a3ed0" member_type: VOTER last_known_addr { host: "127.21.36.3" port: 32909 } attrs { replace: true } } peers { permanent_uuid: "ec5b7e4ff0cf4bcbae9495e502971229" member_type: NON_VOTER last_known_addr { host: "127.21.36.4" port: 35289 } attrs { promote: true } } }
I20260710 11:00:19.687525 22910 raft_consensus.cc:2955] T d8373b175d4b49e586aa4b8327642e9d P 23c87893afa0434bbedf67c4de9a3ed0 [term 1 FOLLOWER]: Committing config change with OpId 1.2: config changed from index -1 to 2, NON_VOTER ec5b7e4ff0cf4bcbae9495e502971229 (127.21.36.4) added. New config: { opid_index: 2 OBSOLETE_local: false peers { permanent_uuid: "9ff1ccfb4d7e4fb58ac196149bd52968" member_type: VOTER last_known_addr { host: "127.21.36.1" port: 43701 } } peers { permanent_uuid: "bff8745307a94d9fae9f9e07f8cc9aec" member_type: VOTER last_known_addr { host: "127.21.36.2" port: 45825 } } peers { permanent_uuid: "23c87893afa0434bbedf67c4de9a3ed0" member_type: VOTER last_known_addr { host: "127.21.36.3" port: 32909 } attrs { replace: true } } peers { permanent_uuid: "ec5b7e4ff0cf4bcbae9495e502971229" member_type: NON_VOTER last_known_addr { host: "127.21.36.4" port: 35289 } attrs { promote: true } } }
I20260710 11:00:19.689574 22837 raft_consensus.cc:2955] T d8373b175d4b49e586aa4b8327642e9d P bff8745307a94d9fae9f9e07f8cc9aec [term 1 FOLLOWER]: Committing config change with OpId 1.2: config changed from index -1 to 2, NON_VOTER ec5b7e4ff0cf4bcbae9495e502971229 (127.21.36.4) added. New config: { opid_index: 2 OBSOLETE_local: false peers { permanent_uuid: "9ff1ccfb4d7e4fb58ac196149bd52968" member_type: VOTER last_known_addr { host: "127.21.36.1" port: 43701 } } peers { permanent_uuid: "bff8745307a94d9fae9f9e07f8cc9aec" member_type: VOTER last_known_addr { host: "127.21.36.2" port: 45825 } } peers { permanent_uuid: "23c87893afa0434bbedf67c4de9a3ed0" member_type: VOTER last_known_addr { host: "127.21.36.3" port: 32909 } attrs { replace: true } } peers { permanent_uuid: "ec5b7e4ff0cf4bcbae9495e502971229" member_type: NON_VOTER last_known_addr { host: "127.21.36.4" port: 35289 } attrs { promote: true } } }
I20260710 11:00:19.702313 22660 catalog_manager.cc:5697] T d8373b175d4b49e586aa4b8327642e9d P 23c87893afa0434bbedf67c4de9a3ed0 reported cstate change: config changed from index -1 to 2, NON_VOTER ec5b7e4ff0cf4bcbae9495e502971229 (127.21.36.4) added. New cstate: current_term: 1 leader_uuid: "9ff1ccfb4d7e4fb58ac196149bd52968" committed_config { opid_index: 2 OBSOLETE_local: false peers { permanent_uuid: "9ff1ccfb4d7e4fb58ac196149bd52968" member_type: VOTER last_known_addr { host: "127.21.36.1" port: 43701 } } peers { permanent_uuid: "bff8745307a94d9fae9f9e07f8cc9aec" member_type: VOTER last_known_addr { host: "127.21.36.2" port: 45825 } } peers { permanent_uuid: "23c87893afa0434bbedf67c4de9a3ed0" member_type: VOTER last_known_addr { host: "127.21.36.3" port: 32909 } attrs { replace: true } } peers { permanent_uuid: "ec5b7e4ff0cf4bcbae9495e502971229" member_type: NON_VOTER last_known_addr { host: "127.21.36.4" port: 35289 } attrs { promote: true } } }
I20260710 11:00:19.977780 23444 ts_tablet_manager.cc:933] T 7242373e009d4fbba5a8842b1a75d110 P ec5b7e4ff0cf4bcbae9495e502971229: Initiating tablet copy from peer 23c87893afa0434bbedf67c4de9a3ed0 (127.21.36.3:32909)
I20260710 11:00:19.979869 23444 tablet_copy_client.cc:323] T 7242373e009d4fbba5a8842b1a75d110 P ec5b7e4ff0cf4bcbae9495e502971229: tablet copy: Beginning tablet copy session from remote peer at address 127.21.36.3:32909
I20260710 11:00:19.981283 22921 tablet_copy_service.cc:140] P 23c87893afa0434bbedf67c4de9a3ed0: Received BeginTabletCopySession request for tablet 7242373e009d4fbba5a8842b1a75d110 from peer ec5b7e4ff0cf4bcbae9495e502971229 ({username='slave'} at 127.0.0.1:33934)
I20260710 11:00:19.981771 22921 tablet_copy_service.cc:161] P 23c87893afa0434bbedf67c4de9a3ed0: Beginning new tablet copy session on tablet 7242373e009d4fbba5a8842b1a75d110 from peer ec5b7e4ff0cf4bcbae9495e502971229 at {username='slave'} at 127.0.0.1:33934: session id = ec5b7e4ff0cf4bcbae9495e502971229-7242373e009d4fbba5a8842b1a75d110
I20260710 11:00:19.987161 22921 tablet_copy_source_session.cc:215] T 7242373e009d4fbba5a8842b1a75d110 P 23c87893afa0434bbedf67c4de9a3ed0: Tablet Copy: opened 0 blocks and 1 log segments
I20260710 11:00:19.990063 23444 data_dirs.cc:400] Could only allocate 1 dirs of requested 3 for tablet 7242373e009d4fbba5a8842b1a75d110. 1 dirs total, 0 dirs full, 0 dirs failed
I20260710 11:00:20.003969 23444 tablet_copy_client.cc:806] T 7242373e009d4fbba5a8842b1a75d110 P ec5b7e4ff0cf4bcbae9495e502971229: tablet copy: Starting download of 0 data blocks...
I20260710 11:00:20.004542 23444 tablet_copy_client.cc:670] T 7242373e009d4fbba5a8842b1a75d110 P ec5b7e4ff0cf4bcbae9495e502971229: tablet copy: Starting download of 1 WAL segments...
I20260710 11:00:20.008212 23444 tablet_copy_client.cc:538] T 7242373e009d4fbba5a8842b1a75d110 P ec5b7e4ff0cf4bcbae9495e502971229: tablet copy: Tablet Copy complete. Replacing tablet superblock.
I20260710 11:00:20.014854 23444 tablet_bootstrap.cc:492] T 7242373e009d4fbba5a8842b1a75d110 P ec5b7e4ff0cf4bcbae9495e502971229: Bootstrap starting.
I20260710 11:00:20.030815 23444 tablet_bootstrap.cc:492] T 7242373e009d4fbba5a8842b1a75d110 P ec5b7e4ff0cf4bcbae9495e502971229: Bootstrap replayed 1/1 log segments. Stats: ops{read=2 overwritten=0 applied=2 ignored=0} inserts{seen=0 ignored=0} mutations{seen=0 ignored=0} orphaned_commits=0. Pending: 0 replicates
I20260710 11:00:20.031515 23444 tablet_bootstrap.cc:492] T 7242373e009d4fbba5a8842b1a75d110 P ec5b7e4ff0cf4bcbae9495e502971229: Bootstrap complete.
I20260710 11:00:20.032075 23444 ts_tablet_manager.cc:1403] T 7242373e009d4fbba5a8842b1a75d110 P ec5b7e4ff0cf4bcbae9495e502971229: Time spent bootstrapping tablet: real 0.017s	user 0.015s	sys 0.000s
I20260710 11:00:20.034219 23444 raft_consensus.cc:359] T 7242373e009d4fbba5a8842b1a75d110 P ec5b7e4ff0cf4bcbae9495e502971229 [term 1 LEARNER]: Replica starting. Triggering 0 pending ops. Active config: opid_index: 2 OBSOLETE_local: false peers { permanent_uuid: "9ff1ccfb4d7e4fb58ac196149bd52968" member_type: VOTER last_known_addr { host: "127.21.36.1" port: 43701 } attrs { replace: true } } peers { permanent_uuid: "bff8745307a94d9fae9f9e07f8cc9aec" member_type: VOTER last_known_addr { host: "127.21.36.2" port: 45825 } } peers { permanent_uuid: "23c87893afa0434bbedf67c4de9a3ed0" member_type: VOTER last_known_addr { host: "127.21.36.3" port: 32909 } } peers { permanent_uuid: "ec5b7e4ff0cf4bcbae9495e502971229" member_type: NON_VOTER last_known_addr { host: "127.21.36.4" port: 35289 } attrs { promote: true } }
I20260710 11:00:20.034880 23444 raft_consensus.cc:740] T 7242373e009d4fbba5a8842b1a75d110 P ec5b7e4ff0cf4bcbae9495e502971229 [term 1 LEARNER]: Becoming Follower/Learner. State: Replica: ec5b7e4ff0cf4bcbae9495e502971229, State: Initialized, Role: LEARNER
I20260710 11:00:20.035382 23444 consensus_queue.cc:260] T 7242373e009d4fbba5a8842b1a75d110 P ec5b7e4ff0cf4bcbae9495e502971229 [NON_LEADER]: Queue going to NON_LEADER mode. State: All replicated index: 0, Majority replicated index: 0, Committed index: 2, Last appended: 1.2, Last appended by leader: 2, Current term: 0, Majority size: -1, State: 0, Mode: NON_LEADER, active raft config: opid_index: 2 OBSOLETE_local: false peers { permanent_uuid: "9ff1ccfb4d7e4fb58ac196149bd52968" member_type: VOTER last_known_addr { host: "127.21.36.1" port: 43701 } attrs { replace: true } } peers { permanent_uuid: "bff8745307a94d9fae9f9e07f8cc9aec" member_type: VOTER last_known_addr { host: "127.21.36.2" port: 45825 } } peers { permanent_uuid: "23c87893afa0434bbedf67c4de9a3ed0" member_type: VOTER last_known_addr { host: "127.21.36.3" port: 32909 } } peers { permanent_uuid: "ec5b7e4ff0cf4bcbae9495e502971229" member_type: NON_VOTER last_known_addr { host: "127.21.36.4" port: 35289 } attrs { promote: true } }
I20260710 11:00:20.038427 23444 ts_tablet_manager.cc:1434] T 7242373e009d4fbba5a8842b1a75d110 P ec5b7e4ff0cf4bcbae9495e502971229: Time spent starting tablet: real 0.006s	user 0.007s	sys 0.001s
I20260710 11:00:20.040390 22921 tablet_copy_service.cc:342] P 23c87893afa0434bbedf67c4de9a3ed0: Request end of tablet copy session ec5b7e4ff0cf4bcbae9495e502971229-7242373e009d4fbba5a8842b1a75d110 received from {username='slave'} at 127.0.0.1:33934
I20260710 11:00:20.040835 22921 tablet_copy_service.cc:434] P 23c87893afa0434bbedf67c4de9a3ed0: ending tablet copy session ec5b7e4ff0cf4bcbae9495e502971229-7242373e009d4fbba5a8842b1a75d110 on tablet 7242373e009d4fbba5a8842b1a75d110 with peer ec5b7e4ff0cf4bcbae9495e502971229
I20260710 11:00:20.119048 23444 ts_tablet_manager.cc:933] T 4f8e45f2fb8f4c55854e493b6de0ad88 P ec5b7e4ff0cf4bcbae9495e502971229: Initiating tablet copy from peer 9ff1ccfb4d7e4fb58ac196149bd52968 (127.21.36.1:43701)
I20260710 11:00:20.121033 23444 tablet_copy_client.cc:323] T 4f8e45f2fb8f4c55854e493b6de0ad88 P ec5b7e4ff0cf4bcbae9495e502971229: tablet copy: Beginning tablet copy session from remote peer at address 127.21.36.1:43701
I20260710 11:00:20.122675 22772 tablet_copy_service.cc:140] P 9ff1ccfb4d7e4fb58ac196149bd52968: Received BeginTabletCopySession request for tablet 4f8e45f2fb8f4c55854e493b6de0ad88 from peer ec5b7e4ff0cf4bcbae9495e502971229 ({username='slave'} at 127.0.0.1:48876)
I20260710 11:00:20.123063 23449 ts_tablet_manager.cc:933] T f567e29c215944aca43c891fb93602c0 P ec5b7e4ff0cf4bcbae9495e502971229: Initiating tablet copy from peer 9ff1ccfb4d7e4fb58ac196149bd52968 (127.21.36.1:43701)
I20260710 11:00:20.123194 22772 tablet_copy_service.cc:161] P 9ff1ccfb4d7e4fb58ac196149bd52968: Beginning new tablet copy session on tablet 4f8e45f2fb8f4c55854e493b6de0ad88 from peer ec5b7e4ff0cf4bcbae9495e502971229 at {username='slave'} at 127.0.0.1:48876: session id = ec5b7e4ff0cf4bcbae9495e502971229-4f8e45f2fb8f4c55854e493b6de0ad88
I20260710 11:00:20.128350 23449 tablet_copy_client.cc:323] T f567e29c215944aca43c891fb93602c0 P ec5b7e4ff0cf4bcbae9495e502971229: tablet copy: Beginning tablet copy session from remote peer at address 127.21.36.1:43701
I20260710 11:00:20.130283 22771 tablet_copy_service.cc:140] P 9ff1ccfb4d7e4fb58ac196149bd52968: Received BeginTabletCopySession request for tablet f567e29c215944aca43c891fb93602c0 from peer ec5b7e4ff0cf4bcbae9495e502971229 ({username='slave'} at 127.0.0.1:48876)
I20260710 11:00:20.130605 22772 tablet_copy_source_session.cc:215] T 4f8e45f2fb8f4c55854e493b6de0ad88 P 9ff1ccfb4d7e4fb58ac196149bd52968: Tablet Copy: opened 0 blocks and 1 log segments
I20260710 11:00:20.130802 22771 tablet_copy_service.cc:161] P 9ff1ccfb4d7e4fb58ac196149bd52968: Beginning new tablet copy session on tablet f567e29c215944aca43c891fb93602c0 from peer ec5b7e4ff0cf4bcbae9495e502971229 at {username='slave'} at 127.0.0.1:48876: session id = ec5b7e4ff0cf4bcbae9495e502971229-f567e29c215944aca43c891fb93602c0
I20260710 11:00:20.133632 23444 data_dirs.cc:400] Could only allocate 1 dirs of requested 3 for tablet 4f8e45f2fb8f4c55854e493b6de0ad88. 1 dirs total, 0 dirs full, 0 dirs failed
I20260710 11:00:20.138660 22771 tablet_copy_source_session.cc:215] T f567e29c215944aca43c891fb93602c0 P 9ff1ccfb4d7e4fb58ac196149bd52968: Tablet Copy: opened 0 blocks and 1 log segments
I20260710 11:00:20.141209 23449 data_dirs.cc:400] Could only allocate 1 dirs of requested 3 for tablet f567e29c215944aca43c891fb93602c0. 1 dirs total, 0 dirs full, 0 dirs failed
I20260710 11:00:20.148547 23444 tablet_copy_client.cc:806] T 4f8e45f2fb8f4c55854e493b6de0ad88 P ec5b7e4ff0cf4bcbae9495e502971229: tablet copy: Starting download of 0 data blocks...
I20260710 11:00:20.149168 23444 tablet_copy_client.cc:670] T 4f8e45f2fb8f4c55854e493b6de0ad88 P ec5b7e4ff0cf4bcbae9495e502971229: tablet copy: Starting download of 1 WAL segments...
I20260710 11:00:20.154433 23444 tablet_copy_client.cc:538] T 4f8e45f2fb8f4c55854e493b6de0ad88 P ec5b7e4ff0cf4bcbae9495e502971229: tablet copy: Tablet Copy complete. Replacing tablet superblock.
I20260710 11:00:20.154966 23449 tablet_copy_client.cc:806] T f567e29c215944aca43c891fb93602c0 P ec5b7e4ff0cf4bcbae9495e502971229: tablet copy: Starting download of 0 data blocks...
I20260710 11:00:20.155544 23449 tablet_copy_client.cc:670] T f567e29c215944aca43c891fb93602c0 P ec5b7e4ff0cf4bcbae9495e502971229: tablet copy: Starting download of 1 WAL segments...
I20260710 11:00:20.160198 23449 tablet_copy_client.cc:538] T f567e29c215944aca43c891fb93602c0 P ec5b7e4ff0cf4bcbae9495e502971229: tablet copy: Tablet Copy complete. Replacing tablet superblock.
I20260710 11:00:20.168263 23444 tablet_bootstrap.cc:492] T 4f8e45f2fb8f4c55854e493b6de0ad88 P ec5b7e4ff0cf4bcbae9495e502971229: Bootstrap starting.
I20260710 11:00:20.170612 23449 tablet_bootstrap.cc:492] T f567e29c215944aca43c891fb93602c0 P ec5b7e4ff0cf4bcbae9495e502971229: Bootstrap starting.
I20260710 11:00:20.194437 23449 tablet_bootstrap.cc:492] T f567e29c215944aca43c891fb93602c0 P ec5b7e4ff0cf4bcbae9495e502971229: Bootstrap replayed 1/1 log segments. Stats: ops{read=2 overwritten=0 applied=2 ignored=0} inserts{seen=0 ignored=0} mutations{seen=0 ignored=0} orphaned_commits=0. Pending: 0 replicates
I20260710 11:00:20.195930 23449 tablet_bootstrap.cc:492] T f567e29c215944aca43c891fb93602c0 P ec5b7e4ff0cf4bcbae9495e502971229: Bootstrap complete.
I20260710 11:00:20.196578 23444 tablet_bootstrap.cc:492] T 4f8e45f2fb8f4c55854e493b6de0ad88 P ec5b7e4ff0cf4bcbae9495e502971229: Bootstrap replayed 1/1 log segments. Stats: ops{read=2 overwritten=0 applied=2 ignored=0} inserts{seen=0 ignored=0} mutations{seen=0 ignored=0} orphaned_commits=0. Pending: 0 replicates
I20260710 11:00:20.196630 23449 ts_tablet_manager.cc:1403] T f567e29c215944aca43c891fb93602c0 P ec5b7e4ff0cf4bcbae9495e502971229: Time spent bootstrapping tablet: real 0.026s	user 0.019s	sys 0.004s
I20260710 11:00:20.197706 23444 tablet_bootstrap.cc:492] T 4f8e45f2fb8f4c55854e493b6de0ad88 P ec5b7e4ff0cf4bcbae9495e502971229: Bootstrap complete.
I20260710 11:00:20.198382 23444 ts_tablet_manager.cc:1403] T 4f8e45f2fb8f4c55854e493b6de0ad88 P ec5b7e4ff0cf4bcbae9495e502971229: Time spent bootstrapping tablet: real 0.030s	user 0.021s	sys 0.006s
