I20260710 11:00:06.560381 22957 raft_consensus.cc:493] T 4c5bdd0ce82340fbb44e59776f56fd49 P 9ff1ccfb4d7e4fb58ac196149bd52968 [term 0 FOLLOWER]: Starting pre-election (no leader contacted us within the election timeout)
I20260710 11:00:06.560971 22957 raft_consensus.cc:515] T 4c5bdd0ce82340fbb44e59776f56fd49 P 9ff1ccfb4d7e4fb58ac196149bd52968 [term 0 FOLLOWER]: Starting pre-election with config: opid_index: -1 OBSOLETE_local: false peers { permanent_uuid: "9ff1ccfb4d7e4fb58ac196149bd52968" member_type: VOTER last_known_addr { host: "127.21.36.1" port: 43701 } } peers { permanent_uuid: "bff8745307a94d9fae9f9e07f8cc9aec" member_type: VOTER last_known_addr { host: "127.21.36.2" port: 45825 } } peers { permanent_uuid: "23c87893afa0434bbedf67c4de9a3ed0" member_type: VOTER last_known_addr { host: "127.21.36.3" port: 32909 } }
I20260710 11:00:06.562860 22910 tablet_service.cc:1917] Received RequestConsensusVote() RPC: tablet_id: "ffd613b2fc4f40dba04f92891744ad31" candidate_uuid: "9ff1ccfb4d7e4fb58ac196149bd52968" candidate_term: 1 candidate_status { last_received { term: 0 index: 0 } } ignore_live_leader: false dest_uuid: "23c87893afa0434bbedf67c4de9a3ed0"
I20260710 11:00:06.563071 22875 leader_election.cc:304] T ffd613b2fc4f40dba04f92891744ad31 P 23c87893afa0434bbedf67c4de9a3ed0 [CANDIDATE]: Term 1 election: Election decided. Result: candidate lost. Election summary: received 3 responses out of 3 voters: 1 yes votes; 2 no votes. yes voters: 23c87893afa0434bbedf67c4de9a3ed0; no voters: 9ff1ccfb4d7e4fb58ac196149bd52968, bff8745307a94d9fae9f9e07f8cc9aec
I20260710 11:00:06.563855 22910 raft_consensus.cc:2393] T ffd613b2fc4f40dba04f92891744ad31 P 23c87893afa0434bbedf67c4de9a3ed0 [term 1 FOLLOWER]: Leader election vote request: Denying vote to candidate 9ff1ccfb4d7e4fb58ac196149bd52968 in current term 1: Already voted for candidate 23c87893afa0434bbedf67c4de9a3ed0 in this term.
I20260710 11:00:06.564620 22960 raft_consensus.cc:2749] T ffd613b2fc4f40dba04f92891744ad31 P 23c87893afa0434bbedf67c4de9a3ed0 [term 1 FOLLOWER]: Leader election lost for term 1. Reason: could not achieve majority
I20260710 11:00:06.566970 22836 tablet_service.cc:1917] Received RequestConsensusVote() RPC: tablet_id: "4c5bdd0ce82340fbb44e59776f56fd49" candidate_uuid: "9ff1ccfb4d7e4fb58ac196149bd52968" candidate_term: 1 candidate_status { last_received { term: 0 index: 0 } } ignore_live_leader: false dest_uuid: "bff8745307a94d9fae9f9e07f8cc9aec" is_pre_election: true
W20260710 11:00:06.568743 22727 leader_election.cc:343] T 4c5bdd0ce82340fbb44e59776f56fd49 P 9ff1ccfb4d7e4fb58ac196149bd52968 [CANDIDATE]: Term 1 pre-election: Tablet error from VoteRequest() call to peer bff8745307a94d9fae9f9e07f8cc9aec (127.21.36.2:45825): Illegal state: must be running to vote when last-logged opid is not known
I20260710 11:00:06.569958 22957 leader_election.cc:290] T 4c5bdd0ce82340fbb44e59776f56fd49 P 9ff1ccfb4d7e4fb58ac196149bd52968 [CANDIDATE]: Term 1 pre-election: Requested pre-vote from peers bff8745307a94d9fae9f9e07f8cc9aec (127.21.36.2:45825), 23c87893afa0434bbedf67c4de9a3ed0 (127.21.36.3:32909)
I20260710 11:00:06.570161 22726 leader_election.cc:304] T ffd613b2fc4f40dba04f92891744ad31 P 9ff1ccfb4d7e4fb58ac196149bd52968 [CANDIDATE]: Term 1 election: Election decided. Result: candidate lost. Election summary: received 3 responses out of 3 voters: 1 yes votes; 2 no votes. yes voters: 9ff1ccfb4d7e4fb58ac196149bd52968; no voters: 23c87893afa0434bbedf67c4de9a3ed0, bff8745307a94d9fae9f9e07f8cc9aec
I20260710 11:00:06.570516 22986 raft_consensus.cc:2749] T a27c164d6a5e4613aa902baa97ecc0d6 P 9ff1ccfb4d7e4fb58ac196149bd52968 [term 1 FOLLOWER]: Leader pre-election lost for term 1. Reason: could not achieve majority
I20260710 11:00:06.571233 22957 raft_consensus.cc:2749] T ffd613b2fc4f40dba04f92891744ad31 P 9ff1ccfb4d7e4fb58ac196149bd52968 [term 1 FOLLOWER]: Leader election lost for term 1. Reason: could not achieve majority
I20260710 11:00:06.576563 22762 raft_consensus.cc:2468] T 7242373e009d4fbba5a8842b1a75d110 P 9ff1ccfb4d7e4fb58ac196149bd52968 [term 1 FOLLOWER]: Leader election vote request: Granting yes vote for candidate 23c87893afa0434bbedf67c4de9a3ed0 in term 1.
I20260710 11:00:06.577167 22910 tablet_service.cc:1917] Received RequestConsensusVote() RPC: tablet_id: "4c5bdd0ce82340fbb44e59776f56fd49" candidate_uuid: "9ff1ccfb4d7e4fb58ac196149bd52968" candidate_term: 1 candidate_status { last_received { term: 0 index: 0 } } ignore_live_leader: false dest_uuid: "23c87893afa0434bbedf67c4de9a3ed0" is_pre_election: true
W20260710 11:00:06.578794 22726 leader_election.cc:343] T 4c5bdd0ce82340fbb44e59776f56fd49 P 9ff1ccfb4d7e4fb58ac196149bd52968 [CANDIDATE]: Term 1 pre-election: Tablet error from VoteRequest() call to peer 23c87893afa0434bbedf67c4de9a3ed0 (127.21.36.3:32909): Illegal state: must be running to vote when last-logged opid is not known
I20260710 11:00:06.579334 22726 leader_election.cc:304] T 4c5bdd0ce82340fbb44e59776f56fd49 P 9ff1ccfb4d7e4fb58ac196149bd52968 [CANDIDATE]: Term 1 pre-election: Election decided. Result: candidate lost. Election summary: received 3 responses out of 3 voters: 1 yes votes; 2 no votes. yes voters: 9ff1ccfb4d7e4fb58ac196149bd52968; no voters: 23c87893afa0434bbedf67c4de9a3ed0, bff8745307a94d9fae9f9e07f8cc9aec
I20260710 11:00:06.580294 22986 raft_consensus.cc:2749] T 4c5bdd0ce82340fbb44e59776f56fd49 P 9ff1ccfb4d7e4fb58ac196149bd52968 [term 0 FOLLOWER]: Leader pre-election lost for term 1. Reason: could not achieve majority
I20260710 11:00:06.553299 22969 raft_consensus.cc:515] T da99e33878244fcabfcb71a90d9a25d5 P bff8745307a94d9fae9f9e07f8cc9aec [term 1 FOLLOWER]: Starting leader election with config: opid_index: -1 OBSOLETE_local: false peers { permanent_uuid: "9ff1ccfb4d7e4fb58ac196149bd52968" member_type: VOTER last_known_addr { host: "127.21.36.1" port: 43701 } } peers { permanent_uuid: "bff8745307a94d9fae9f9e07f8cc9aec" member_type: VOTER last_known_addr { host: "127.21.36.2" port: 45825 } } peers { permanent_uuid: "23c87893afa0434bbedf67c4de9a3ed0" member_type: VOTER last_known_addr { host: "127.21.36.3" port: 32909 } }
I20260710 11:00:06.583073 22951 tablet_bootstrap.cc:654] T 516d99a0a7224c6bae23d97cee1ddab4 P bff8745307a94d9fae9f9e07f8cc9aec: Neither blocks nor log segments found. Creating new log.
I20260710 11:00:06.583604 22969 leader_election.cc:290] T da99e33878244fcabfcb71a90d9a25d5 P bff8745307a94d9fae9f9e07f8cc9aec [CANDIDATE]: Term 1 election: Requested vote from peers 9ff1ccfb4d7e4fb58ac196149bd52968 (127.21.36.1:43701), 23c87893afa0434bbedf67c4de9a3ed0 (127.21.36.3:32909)
I20260710 11:00:06.586886 22910 tablet_service.cc:1917] Received RequestConsensusVote() RPC: tablet_id: "da99e33878244fcabfcb71a90d9a25d5" candidate_uuid: "bff8745307a94d9fae9f9e07f8cc9aec" candidate_term: 1 candidate_status { last_received { term: 0 index: 0 } } ignore_live_leader: false dest_uuid: "23c87893afa0434bbedf67c4de9a3ed0"
W20260710 11:00:06.588716 22801 leader_election.cc:343] T da99e33878244fcabfcb71a90d9a25d5 P bff8745307a94d9fae9f9e07f8cc9aec [CANDIDATE]: Term 1 election: Tablet error from VoteRequest() call to peer 23c87893afa0434bbedf67c4de9a3ed0 (127.21.36.3:32909): Illegal state: must be running to vote when last-logged opid is not known
I20260710 11:00:06.589849 22762 tablet_service.cc:1917] Received RequestConsensusVote() RPC: tablet_id: "da99e33878244fcabfcb71a90d9a25d5" candidate_uuid: "bff8745307a94d9fae9f9e07f8cc9aec" candidate_term: 1 candidate_status { last_received { term: 0 index: 0 } } ignore_live_leader: false dest_uuid: "9ff1ccfb4d7e4fb58ac196149bd52968"
I20260710 11:00:06.589486 22659 catalog_manager.cc:5697] T 7242373e009d4fbba5a8842b1a75d110 P 23c87893afa0434bbedf67c4de9a3ed0 reported cstate change: term changed from 0 to 1, leader changed from <none> to 23c87893afa0434bbedf67c4de9a3ed0 (127.21.36.3). New cstate: current_term: 1 leader_uuid: "23c87893afa0434bbedf67c4de9a3ed0" committed_config { opid_index: -1 OBSOLETE_local: false peers { permanent_uuid: "9ff1ccfb4d7e4fb58ac196149bd52968" member_type: VOTER last_known_addr { host: "127.21.36.1" port: 43701 } health_report { overall_health: UNKNOWN } } peers { permanent_uuid: "bff8745307a94d9fae9f9e07f8cc9aec" member_type: VOTER last_known_addr { host: "127.21.36.2" port: 45825 } health_report { overall_health: UNKNOWN } } peers { permanent_uuid: "23c87893afa0434bbedf67c4de9a3ed0" member_type: VOTER last_known_addr { host: "127.21.36.3" port: 32909 } health_report { overall_health: HEALTHY } } }
I20260710 11:00:06.590726 22762 raft_consensus.cc:3060] T da99e33878244fcabfcb71a90d9a25d5 P 9ff1ccfb4d7e4fb58ac196149bd52968 [term 0 FOLLOWER]: Advancing to term 1
I20260710 11:00:06.600116 22762 raft_consensus.cc:2468] T da99e33878244fcabfcb71a90d9a25d5 P 9ff1ccfb4d7e4fb58ac196149bd52968 [term 1 FOLLOWER]: Leader election vote request: Granting yes vote for candidate bff8745307a94d9fae9f9e07f8cc9aec in term 1.
I20260710 11:00:06.600653 22952 ts_tablet_manager.cc:1434] T 4c5bdd0ce82340fbb44e59776f56fd49 P 9ff1ccfb4d7e4fb58ac196149bd52968: Time spent starting tablet: real 0.064s	user 0.040s	sys 0.018s
I20260710 11:00:06.601338 22801 leader_election.cc:304] T da99e33878244fcabfcb71a90d9a25d5 P bff8745307a94d9fae9f9e07f8cc9aec [CANDIDATE]: Term 1 election: Election decided. Result: candidate won. Election summary: received 3 responses out of 3 voters: 2 yes votes; 1 no votes. yes voters: 9ff1ccfb4d7e4fb58ac196149bd52968, bff8745307a94d9fae9f9e07f8cc9aec; no voters: 23c87893afa0434bbedf67c4de9a3ed0
I20260710 11:00:06.602054 22953 tablet_bootstrap.cc:492] T da99e33878244fcabfcb71a90d9a25d5 P 23c87893afa0434bbedf67c4de9a3ed0: No bootstrap required, opened a new log
I20260710 11:00:06.602465 22969 raft_consensus.cc:2804] T da99e33878244fcabfcb71a90d9a25d5 P bff8745307a94d9fae9f9e07f8cc9aec [term 1 FOLLOWER]: Leader election won for term 1
I20260710 11:00:06.602679 22953 ts_tablet_manager.cc:1403] T da99e33878244fcabfcb71a90d9a25d5 P 23c87893afa0434bbedf67c4de9a3ed0: Time spent bootstrapping tablet: real 0.066s	user 0.032s	sys 0.017s
I20260710 11:00:06.602986 22969 raft_consensus.cc:697] T da99e33878244fcabfcb71a90d9a25d5 P bff8745307a94d9fae9f9e07f8cc9aec [term 1 LEADER]: Becoming Leader. State: Replica: bff8745307a94d9fae9f9e07f8cc9aec, State: Running, Role: LEADER
I20260710 11:00:06.604110 22952 tablet_bootstrap.cc:492] T 516d99a0a7224c6bae23d97cee1ddab4 P 9ff1ccfb4d7e4fb58ac196149bd52968: Bootstrap starting.
I20260710 11:00:06.603825 22969 consensus_queue.cc:237] T da99e33878244fcabfcb71a90d9a25d5 P bff8745307a94d9fae9f9e07f8cc9aec [LEADER]: Queue going to LEADER mode. State: All replicated index: 0, Majority replicated index: 0, Committed index: 0, Last appended: 0.0, Last appended by leader: 0, Current term: 1, Majority size: 2, State: 0, Mode: LEADER, active raft config: opid_index: -1 OBSOLETE_local: false peers { permanent_uuid: "9ff1ccfb4d7e4fb58ac196149bd52968" member_type: VOTER last_known_addr { host: "127.21.36.1" port: 43701 } } peers { permanent_uuid: "bff8745307a94d9fae9f9e07f8cc9aec" member_type: VOTER last_known_addr { host: "127.21.36.2" port: 45825 } } peers { permanent_uuid: "23c87893afa0434bbedf67c4de9a3ed0" member_type: VOTER last_known_addr { host: "127.21.36.3" port: 32909 } }
I20260710 11:00:06.606277 22953 raft_consensus.cc:359] T da99e33878244fcabfcb71a90d9a25d5 P 23c87893afa0434bbedf67c4de9a3ed0 [term 0 FOLLOWER]: Replica starting. Triggering 0 pending ops. Active config: opid_index: -1 OBSOLETE_local: false peers { permanent_uuid: "9ff1ccfb4d7e4fb58ac196149bd52968" member_type: VOTER last_known_addr { host: "127.21.36.1" port: 43701 } } peers { permanent_uuid: "bff8745307a94d9fae9f9e07f8cc9aec" member_type: VOTER last_known_addr { host: "127.21.36.2" port: 45825 } } peers { permanent_uuid: "23c87893afa0434bbedf67c4de9a3ed0" member_type: VOTER last_known_addr { host: "127.21.36.3" port: 32909 } }
I20260710 11:00:06.606972 22953 raft_consensus.cc:385] T da99e33878244fcabfcb71a90d9a25d5 P 23c87893afa0434bbedf67c4de9a3ed0 [term 0 FOLLOWER]: Consensus starting up: Expiring failure detector timer to make a prompt election more likely
I20260710 11:00:06.607372 22953 raft_consensus.cc:740] T da99e33878244fcabfcb71a90d9a25d5 P 23c87893afa0434bbedf67c4de9a3ed0 [term 0 FOLLOWER]: Becoming Follower/Learner. State: Replica: 23c87893afa0434bbedf67c4de9a3ed0, State: Initialized, Role: FOLLOWER
I20260710 11:00:06.607946 22989 raft_consensus.cc:493] T d8373b175d4b49e586aa4b8327642e9d P 9ff1ccfb4d7e4fb58ac196149bd52968 [term 0 FOLLOWER]: Starting pre-election (no leader contacted us within the election timeout)
I20260710 11:00:06.608223 22953 consensus_queue.cc:260] T da99e33878244fcabfcb71a90d9a25d5 P 23c87893afa0434bbedf67c4de9a3ed0 [NON_LEADER]: Queue going to NON_LEADER mode. State: All replicated index: 0, Majority replicated index: 0, Committed index: 0, Last appended: 0.0, Last appended by leader: 0, Current term: 0, Majority size: -1, State: 0, Mode: NON_LEADER, active raft config: opid_index: -1 OBSOLETE_local: false peers { permanent_uuid: "9ff1ccfb4d7e4fb58ac196149bd52968" member_type: VOTER last_known_addr { host: "127.21.36.1" port: 43701 } } peers { permanent_uuid: "bff8745307a94d9fae9f9e07f8cc9aec" member_type: VOTER last_known_addr { host: "127.21.36.2" port: 45825 } } peers { permanent_uuid: "23c87893afa0434bbedf67c4de9a3ed0" member_type: VOTER last_known_addr { host: "127.21.36.3" port: 32909 } }
I20260710 11:00:06.608414 22989 raft_consensus.cc:515] T d8373b175d4b49e586aa4b8327642e9d P 9ff1ccfb4d7e4fb58ac196149bd52968 [term 0 FOLLOWER]: Starting pre-election with config: opid_index: -1 OBSOLETE_local: false peers { permanent_uuid: "9ff1ccfb4d7e4fb58ac196149bd52968" member_type: VOTER last_known_addr { host: "127.21.36.1" port: 43701 } } peers { permanent_uuid: "bff8745307a94d9fae9f9e07f8cc9aec" member_type: VOTER last_known_addr { host: "127.21.36.2" port: 45825 } } peers { permanent_uuid: "23c87893afa0434bbedf67c4de9a3ed0" member_type: VOTER last_known_addr { host: "127.21.36.3" port: 32909 } }
I20260710 11:00:06.611430 22836 tablet_service.cc:1917] Received RequestConsensusVote() RPC: tablet_id: "d8373b175d4b49e586aa4b8327642e9d" candidate_uuid: "9ff1ccfb4d7e4fb58ac196149bd52968" candidate_term: 1 candidate_status { last_received { term: 0 index: 0 } } ignore_live_leader: false dest_uuid: "bff8745307a94d9fae9f9e07f8cc9aec" is_pre_election: true
I20260710 11:00:06.612025 22836 raft_consensus.cc:2468] T d8373b175d4b49e586aa4b8327642e9d P bff8745307a94d9fae9f9e07f8cc9aec [term 0 FOLLOWER]: Leader pre-election vote request: Granting yes vote for candidate 9ff1ccfb4d7e4fb58ac196149bd52968 in term 0.
I20260710 11:00:06.612316 22952 tablet_bootstrap.cc:654] T 516d99a0a7224c6bae23d97cee1ddab4 P 9ff1ccfb4d7e4fb58ac196149bd52968: Neither blocks nor log segments found. Creating new log.
I20260710 11:00:06.613327 22953 ts_tablet_manager.cc:1434] T da99e33878244fcabfcb71a90d9a25d5 P 23c87893afa0434bbedf67c4de9a3ed0: Time spent starting tablet: real 0.010s	user 0.007s	sys 0.000s
I20260710 11:00:06.613197 22727 leader_election.cc:304] T d8373b175d4b49e586aa4b8327642e9d P 9ff1ccfb4d7e4fb58ac196149bd52968 [CANDIDATE]: Term 1 pre-election: Election decided. Result: candidate won. Election summary: received 2 responses out of 3 voters: 2 yes votes; 0 no votes. yes voters: 9ff1ccfb4d7e4fb58ac196149bd52968, bff8745307a94d9fae9f9e07f8cc9aec; no voters: 
I20260710 11:00:06.614197 22986 raft_consensus.cc:2804] T d8373b175d4b49e586aa4b8327642e9d P 9ff1ccfb4d7e4fb58ac196149bd52968 [term 0 FOLLOWER]: Leader pre-election won for term 1
I20260710 11:00:06.614455 22953 tablet_bootstrap.cc:492] T 23f229ff89aa46cb982ecf322cd889c3 P 23c87893afa0434bbedf67c4de9a3ed0: Bootstrap starting.
I20260710 11:00:06.614578 22986 raft_consensus.cc:493] T d8373b175d4b49e586aa4b8327642e9d P 9ff1ccfb4d7e4fb58ac196149bd52968 [term 0 FOLLOWER]: Starting leader election (no leader contacted us within the election timeout)
I20260710 11:00:06.614950 22986 raft_consensus.cc:3060] T d8373b175d4b49e586aa4b8327642e9d P 9ff1ccfb4d7e4fb58ac196149bd52968 [term 0 FOLLOWER]: Advancing to term 1
I20260710 11:00:06.624874 22952 tablet_bootstrap.cc:492] T 516d99a0a7224c6bae23d97cee1ddab4 P 9ff1ccfb4d7e4fb58ac196149bd52968: No bootstrap required, opened a new log
I20260710 11:00:06.625595 22952 ts_tablet_manager.cc:1403] T 516d99a0a7224c6bae23d97cee1ddab4 P 9ff1ccfb4d7e4fb58ac196149bd52968: Time spent bootstrapping tablet: real 0.022s	user 0.013s	sys 0.007s
I20260710 11:00:06.625976 22989 leader_election.cc:290] T d8373b175d4b49e586aa4b8327642e9d P 9ff1ccfb4d7e4fb58ac196149bd52968 [CANDIDATE]: Term 1 pre-election: Requested pre-vote from peers bff8745307a94d9fae9f9e07f8cc9aec (127.21.36.2:45825), 23c87893afa0434bbedf67c4de9a3ed0 (127.21.36.3:32909)
I20260710 11:00:06.627084 22986 raft_consensus.cc:515] T d8373b175d4b49e586aa4b8327642e9d P 9ff1ccfb4d7e4fb58ac196149bd52968 [term 1 FOLLOWER]: Starting leader election with config: opid_index: -1 OBSOLETE_local: false peers { permanent_uuid: "9ff1ccfb4d7e4fb58ac196149bd52968" member_type: VOTER last_known_addr { host: "127.21.36.1" port: 43701 } } peers { permanent_uuid: "bff8745307a94d9fae9f9e07f8cc9aec" member_type: VOTER last_known_addr { host: "127.21.36.2" port: 45825 } } peers { permanent_uuid: "23c87893afa0434bbedf67c4de9a3ed0" member_type: VOTER last_known_addr { host: "127.21.36.3" port: 32909 } }
I20260710 11:00:06.629117 22952 raft_consensus.cc:359] T 516d99a0a7224c6bae23d97cee1ddab4 P 9ff1ccfb4d7e4fb58ac196149bd52968 [term 0 FOLLOWER]: Replica starting. Triggering 0 pending ops. Active config: opid_index: -1 OBSOLETE_local: false peers { permanent_uuid: "9ff1ccfb4d7e4fb58ac196149bd52968" member_type: VOTER last_known_addr { host: "127.21.36.1" port: 43701 } } peers { permanent_uuid: "bff8745307a94d9fae9f9e07f8cc9aec" member_type: VOTER last_known_addr { host: "127.21.36.2" port: 45825 } } peers { permanent_uuid: "23c87893afa0434bbedf67c4de9a3ed0" member_type: VOTER last_known_addr { host: "127.21.36.3" port: 32909 } }
I20260710 11:00:06.629776 22836 tablet_service.cc:1917] Received RequestConsensusVote() RPC: tablet_id: "d8373b175d4b49e586aa4b8327642e9d" candidate_uuid: "9ff1ccfb4d7e4fb58ac196149bd52968" candidate_term: 1 candidate_status { last_received { term: 0 index: 0 } } ignore_live_leader: false dest_uuid: "bff8745307a94d9fae9f9e07f8cc9aec"
I20260710 11:00:06.630081 22952 raft_consensus.cc:385] T 516d99a0a7224c6bae23d97cee1ddab4 P 9ff1ccfb4d7e4fb58ac196149bd52968 [term 0 FOLLOWER]: Consensus starting up: Expiring failure detector timer to make a prompt election more likely
I20260710 11:00:06.629606 22910 tablet_service.cc:1917] Received RequestConsensusVote() RPC: tablet_id: "d8373b175d4b49e586aa4b8327642e9d" candidate_uuid: "9ff1ccfb4d7e4fb58ac196149bd52968" candidate_term: 1 candidate_status { last_received { term: 0 index: 0 } } ignore_live_leader: false dest_uuid: "23c87893afa0434bbedf67c4de9a3ed0" is_pre_election: true
I20260710 11:00:06.630666 22952 raft_consensus.cc:740] T 516d99a0a7224c6bae23d97cee1ddab4 P 9ff1ccfb4d7e4fb58ac196149bd52968 [term 0 FOLLOWER]: Becoming Follower/Learner. State: Replica: 9ff1ccfb4d7e4fb58ac196149bd52968, State: Initialized, Role: FOLLOWER
I20260710 11:00:06.630856 22910 raft_consensus.cc:2468] T d8373b175d4b49e586aa4b8327642e9d P 23c87893afa0434bbedf67c4de9a3ed0 [term 0 FOLLOWER]: Leader pre-election vote request: Granting yes vote for candidate 9ff1ccfb4d7e4fb58ac196149bd52968 in term 0.
I20260710 11:00:06.631646 22952 consensus_queue.cc:260] T 516d99a0a7224c6bae23d97cee1ddab4 P 9ff1ccfb4d7e4fb58ac196149bd52968 [NON_LEADER]: Queue going to NON_LEADER mode. State: All replicated index: 0, Majority replicated index: 0, Committed index: 0, Last appended: 0.0, Last appended by leader: 0, Current term: 0, Majority size: -1, State: 0, Mode: NON_LEADER, active raft config: opid_index: -1 OBSOLETE_local: false peers { permanent_uuid: "9ff1ccfb4d7e4fb58ac196149bd52968" member_type: VOTER last_known_addr { host: "127.21.36.1" port: 43701 } } peers { permanent_uuid: "bff8745307a94d9fae9f9e07f8cc9aec" member_type: VOTER last_known_addr { host: "127.21.36.2" port: 45825 } } peers { permanent_uuid: "23c87893afa0434bbedf67c4de9a3ed0" member_type: VOTER last_known_addr { host: "127.21.36.3" port: 32909 } }
I20260710 11:00:06.632478 22951 tablet_bootstrap.cc:492] T 516d99a0a7224c6bae23d97cee1ddab4 P bff8745307a94d9fae9f9e07f8cc9aec: No bootstrap required, opened a new log
I20260710 11:00:06.630334 22836 raft_consensus.cc:3060] T d8373b175d4b49e586aa4b8327642e9d P bff8745307a94d9fae9f9e07f8cc9aec [term 0 FOLLOWER]: Advancing to term 1
I20260710 11:00:06.634696 22952 ts_tablet_manager.cc:1434] T 516d99a0a7224c6bae23d97cee1ddab4 P 9ff1ccfb4d7e4fb58ac196149bd52968: Time spent starting tablet: real 0.009s	user 0.006s	sys 0.000s
I20260710 11:00:06.635869 22952 tablet_bootstrap.cc:492] T c3642a7d4dc44eac9ae8e095fd748706 P 9ff1ccfb4d7e4fb58ac196149bd52968: Bootstrap starting.
I20260710 11:00:06.639947 22836 raft_consensus.cc:2468] T d8373b175d4b49e586aa4b8327642e9d P bff8745307a94d9fae9f9e07f8cc9aec [term 1 FOLLOWER]: Leader election vote request: Granting yes vote for candidate 9ff1ccfb4d7e4fb58ac196149bd52968 in term 1.
I20260710 11:00:06.641041 22727 leader_election.cc:304] T d8373b175d4b49e586aa4b8327642e9d P 9ff1ccfb4d7e4fb58ac196149bd52968 [CANDIDATE]: Term 1 election: Election decided. Result: candidate won. Election summary: received 2 responses out of 3 voters: 2 yes votes; 0 no votes. yes voters: 9ff1ccfb4d7e4fb58ac196149bd52968, bff8745307a94d9fae9f9e07f8cc9aec; no voters: 
I20260710 11:00:06.620884 22953 tablet_bootstrap.cc:654] T 23f229ff89aa46cb982ecf322cd889c3 P 23c87893afa0434bbedf67c4de9a3ed0: Neither blocks nor log segments found. Creating new log.
I20260710 11:00:06.641814 22957 raft_consensus.cc:2804] T d8373b175d4b49e586aa4b8327642e9d P 9ff1ccfb4d7e4fb58ac196149bd52968 [term 1 FOLLOWER]: Leader election won for term 1
I20260710 11:00:06.643316 22957 raft_consensus.cc:697] T d8373b175d4b49e586aa4b8327642e9d P 9ff1ccfb4d7e4fb58ac196149bd52968 [term 1 LEADER]: Becoming Leader. State: Replica: 9ff1ccfb4d7e4fb58ac196149bd52968, State: Running, Role: LEADER
I20260710 11:00:06.643529 22952 tablet_bootstrap.cc:654] T c3642a7d4dc44eac9ae8e095fd748706 P 9ff1ccfb4d7e4fb58ac196149bd52968: Neither blocks nor log segments found. Creating new log.
I20260710 11:00:06.644164 22957 consensus_queue.cc:237] T d8373b175d4b49e586aa4b8327642e9d P 9ff1ccfb4d7e4fb58ac196149bd52968 [LEADER]: Queue going to LEADER mode. State: All replicated index: 0, Majority replicated index: 0, Committed index: 0, Last appended: 0.0, Last appended by leader: 0, Current term: 1, Majority size: 2, State: 0, Mode: LEADER, active raft config: opid_index: -1 OBSOLETE_local: false peers { permanent_uuid: "9ff1ccfb4d7e4fb58ac196149bd52968" member_type: VOTER last_known_addr { host: "127.21.36.1" port: 43701 } } peers { permanent_uuid: "bff8745307a94d9fae9f9e07f8cc9aec" member_type: VOTER last_known_addr { host: "127.21.36.2" port: 45825 } } peers { permanent_uuid: "23c87893afa0434bbedf67c4de9a3ed0" member_type: VOTER last_known_addr { host: "127.21.36.3" port: 32909 } }
I20260710 11:00:06.633308 22951 ts_tablet_manager.cc:1403] T 516d99a0a7224c6bae23d97cee1ddab4 P bff8745307a94d9fae9f9e07f8cc9aec: Time spent bootstrapping tablet: real 0.088s	user 0.010s	sys 0.007s
I20260710 11:00:06.655707 22910 tablet_service.cc:1917] Received RequestConsensusVote() RPC: tablet_id: "d8373b175d4b49e586aa4b8327642e9d" candidate_uuid: "9ff1ccfb4d7e4fb58ac196149bd52968" candidate_term: 1 candidate_status { last_received { term: 0 index: 0 } } ignore_live_leader: false dest_uuid: "23c87893afa0434bbedf67c4de9a3ed0"
I20260710 11:00:06.655869 22951 raft_consensus.cc:359] T 516d99a0a7224c6bae23d97cee1ddab4 P bff8745307a94d9fae9f9e07f8cc9aec [term 0 FOLLOWER]: Replica starting. Triggering 0 pending ops. Active config: opid_index: -1 OBSOLETE_local: false peers { permanent_uuid: "9ff1ccfb4d7e4fb58ac196149bd52968" member_type: VOTER last_known_addr { host: "127.21.36.1" port: 43701 } } peers { permanent_uuid: "bff8745307a94d9fae9f9e07f8cc9aec" member_type: VOTER last_known_addr { host: "127.21.36.2" port: 45825 } } peers { permanent_uuid: "23c87893afa0434bbedf67c4de9a3ed0" member_type: VOTER last_known_addr { host: "127.21.36.3" port: 32909 } }
I20260710 11:00:06.656497 22910 raft_consensus.cc:3060] T d8373b175d4b49e586aa4b8327642e9d P 23c87893afa0434bbedf67c4de9a3ed0 [term 0 FOLLOWER]: Advancing to term 1
I20260710 11:00:06.654201 22986 leader_election.cc:290] T d8373b175d4b49e586aa4b8327642e9d P 9ff1ccfb4d7e4fb58ac196149bd52968 [CANDIDATE]: Term 1 election: Requested vote from peers bff8745307a94d9fae9f9e07f8cc9aec (127.21.36.2:45825), 23c87893afa0434bbedf67c4de9a3ed0 (127.21.36.3:32909)
I20260710 11:00:06.656908 22951 raft_consensus.cc:385] T 516d99a0a7224c6bae23d97cee1ddab4 P bff8745307a94d9fae9f9e07f8cc9aec [term 0 FOLLOWER]: Consensus starting up: Expiring failure detector timer to make a prompt election more likely
I20260710 11:00:06.660823 22951 raft_consensus.cc:740] T 516d99a0a7224c6bae23d97cee1ddab4 P bff8745307a94d9fae9f9e07f8cc9aec [term 0 FOLLOWER]: Becoming Follower/Learner. State: Replica: bff8745307a94d9fae9f9e07f8cc9aec, State: Initialized, Role: FOLLOWER
I20260710 11:00:06.662003 22951 consensus_queue.cc:260] T 516d99a0a7224c6bae23d97cee1ddab4 P bff8745307a94d9fae9f9e07f8cc9aec [NON_LEADER]: Queue going to NON_LEADER mode. State: All replicated index: 0, Majority replicated index: 0, Committed index: 0, Last appended: 0.0, Last appended by leader: 0, Current term: 0, Majority size: -1, State: 0, Mode: NON_LEADER, active raft config: opid_index: -1 OBSOLETE_local: false peers { permanent_uuid: "9ff1ccfb4d7e4fb58ac196149bd52968" member_type: VOTER last_known_addr { host: "127.21.36.1" port: 43701 } } peers { permanent_uuid: "bff8745307a94d9fae9f9e07f8cc9aec" member_type: VOTER last_known_addr { host: "127.21.36.2" port: 45825 } } peers { permanent_uuid: "23c87893afa0434bbedf67c4de9a3ed0" member_type: VOTER last_known_addr { host: "127.21.36.3" port: 32909 } }
I20260710 11:00:06.665268 22951 ts_tablet_manager.cc:1434] T 516d99a0a7224c6bae23d97cee1ddab4 P bff8745307a94d9fae9f9e07f8cc9aec: Time spent starting tablet: real 0.016s	user 0.008s	sys 0.000s
I20260710 11:00:06.666532 22951 tablet_bootstrap.cc:492] T 253f5a155982484a8bc31608a6c23fbe P bff8745307a94d9fae9f9e07f8cc9aec: Bootstrap starting.
I20260710 11:00:06.666743 22910 raft_consensus.cc:2468] T d8373b175d4b49e586aa4b8327642e9d P 23c87893afa0434bbedf67c4de9a3ed0 [term 1 FOLLOWER]: Leader election vote request: Granting yes vote for candidate 9ff1ccfb4d7e4fb58ac196149bd52968 in term 1.
I20260710 11:00:06.671494 22971 raft_consensus.cc:493] T da99e33878244fcabfcb71a90d9a25d5 P 23c87893afa0434bbedf67c4de9a3ed0 [term 0 FOLLOWER]: Starting pre-election (no leader contacted us within the election timeout)
I20260710 11:00:06.671988 22971 raft_consensus.cc:515] T da99e33878244fcabfcb71a90d9a25d5 P 23c87893afa0434bbedf67c4de9a3ed0 [term 0 FOLLOWER]: Starting pre-election with config: opid_index: -1 OBSOLETE_local: false peers { permanent_uuid: "9ff1ccfb4d7e4fb58ac196149bd52968" member_type: VOTER last_known_addr { host: "127.21.36.1" port: 43701 } } peers { permanent_uuid: "bff8745307a94d9fae9f9e07f8cc9aec" member_type: VOTER last_known_addr { host: "127.21.36.2" port: 45825 } } peers { permanent_uuid: "23c87893afa0434bbedf67c4de9a3ed0" member_type: VOTER last_known_addr { host: "127.21.36.3" port: 32909 } }
I20260710 11:00:06.674140 22971 leader_election.cc:290] T da99e33878244fcabfcb71a90d9a25d5 P 23c87893afa0434bbedf67c4de9a3ed0 [CANDIDATE]: Term 1 pre-election: Requested pre-vote from peers 9ff1ccfb4d7e4fb58ac196149bd52968 (127.21.36.1:43701), bff8745307a94d9fae9f9e07f8cc9aec (127.21.36.2:45825)
I20260710 11:00:06.674914 22951 tablet_bootstrap.cc:654] T 253f5a155982484a8bc31608a6c23fbe P bff8745307a94d9fae9f9e07f8cc9aec: Neither blocks nor log segments found. Creating new log.
I20260710 11:00:06.676980 22762 tablet_service.cc:1917] Received RequestConsensusVote() RPC: tablet_id: "da99e33878244fcabfcb71a90d9a25d5" candidate_uuid: "23c87893afa0434bbedf67c4de9a3ed0" candidate_term: 1 candidate_status { last_received { term: 0 index: 0 } } ignore_live_leader: false dest_uuid: "9ff1ccfb4d7e4fb58ac196149bd52968" is_pre_election: true
I20260710 11:00:06.677757 22762 raft_consensus.cc:2393] T da99e33878244fcabfcb71a90d9a25d5 P 9ff1ccfb4d7e4fb58ac196149bd52968 [term 1 FOLLOWER]: Leader pre-election vote request: Denying vote to candidate 23c87893afa0434bbedf67c4de9a3ed0 in current term 1: Already voted for candidate bff8745307a94d9fae9f9e07f8cc9aec in this term.
I20260710 11:00:06.678563 22971 raft_consensus.cc:493] T 516d99a0a7224c6bae23d97cee1ddab4 P 23c87893afa0434bbedf67c4de9a3ed0 [term 0 FOLLOWER]: Starting pre-election (no leader contacted us within the election timeout)
I20260710 11:00:06.680269 22971 raft_consensus.cc:515] T 516d99a0a7224c6bae23d97cee1ddab4 P 23c87893afa0434bbedf67c4de9a3ed0 [term 0 FOLLOWER]: Starting pre-election with config: opid_index: -1 OBSOLETE_local: false peers { permanent_uuid: "9ff1ccfb4d7e4fb58ac196149bd52968" member_type: VOTER last_known_addr { host: "127.21.36.1" port: 43701 } } peers { permanent_uuid: "bff8745307a94d9fae9f9e07f8cc9aec" member_type: VOTER last_known_addr { host: "127.21.36.2" port: 45825 } } peers { permanent_uuid: "23c87893afa0434bbedf67c4de9a3ed0" member_type: VOTER last_known_addr { host: "127.21.36.3" port: 32909 } }
I20260710 11:00:06.681162 22953 tablet_bootstrap.cc:492] T 23f229ff89aa46cb982ecf322cd889c3 P 23c87893afa0434bbedf67c4de9a3ed0: No bootstrap required, opened a new log
I20260710 11:00:06.681648 22953 ts_tablet_manager.cc:1403] T 23f229ff89aa46cb982ecf322cd889c3 P 23c87893afa0434bbedf67c4de9a3ed0: Time spent bootstrapping tablet: real 0.067s	user 0.024s	sys 0.009s
I20260710 11:00:06.679574 22836 tablet_service.cc:1917] Received RequestConsensusVote() RPC: tablet_id: "da99e33878244fcabfcb71a90d9a25d5" candidate_uuid: "23c87893afa0434bbedf67c4de9a3ed0" candidate_term: 1 candidate_status { last_received { term: 0 index: 0 } } ignore_live_leader: false dest_uuid: "bff8745307a94d9fae9f9e07f8cc9aec" is_pre_election: true
I20260710 11:00:06.684703 22762 tablet_service.cc:1917] Received RequestConsensusVote() RPC: tablet_id: "516d99a0a7224c6bae23d97cee1ddab4" candidate_uuid: "23c87893afa0434bbedf67c4de9a3ed0" candidate_term: 1 candidate_status { last_received { term: 0 index: 0 } } ignore_live_leader: false dest_uuid: "9ff1ccfb4d7e4fb58ac196149bd52968" is_pre_election: true
I20260710 11:00:06.684865 22971 leader_election.cc:290] T 516d99a0a7224c6bae23d97cee1ddab4 P 23c87893afa0434bbedf67c4de9a3ed0 [CANDIDATE]: Term 1 pre-election: Requested pre-vote from peers 9ff1ccfb4d7e4fb58ac196149bd52968 (127.21.36.1:43701), bff8745307a94d9fae9f9e07f8cc9aec (127.21.36.2:45825)
I20260710 11:00:06.684922 22658 catalog_manager.cc:5697] T da99e33878244fcabfcb71a90d9a25d5 P bff8745307a94d9fae9f9e07f8cc9aec reported cstate change: term changed from 0 to 1, leader changed from <none> to bff8745307a94d9fae9f9e07f8cc9aec (127.21.36.2). New cstate: current_term: 1 leader_uuid: "bff8745307a94d9fae9f9e07f8cc9aec" committed_config { opid_index: -1 OBSOLETE_local: false peers { permanent_uuid: "9ff1ccfb4d7e4fb58ac196149bd52968" member_type: VOTER last_known_addr { host: "127.21.36.1" port: 43701 } health_report { overall_health: UNKNOWN } } peers { permanent_uuid: "bff8745307a94d9fae9f9e07f8cc9aec" member_type: VOTER last_known_addr { host: "127.21.36.2" port: 45825 } health_report { overall_health: HEALTHY } } peers { permanent_uuid: "23c87893afa0434bbedf67c4de9a3ed0" member_type: VOTER last_known_addr { host: "127.21.36.3" port: 32909 } health_report { overall_health: UNKNOWN } } }
I20260710 11:00:06.686923 22876 leader_election.cc:304] T da99e33878244fcabfcb71a90d9a25d5 P 23c87893afa0434bbedf67c4de9a3ed0 [CANDIDATE]: Term 1 pre-election: Election decided. Result: candidate lost. Election summary: received 3 responses out of 3 voters: 1 yes votes; 2 no votes. yes voters: 23c87893afa0434bbedf67c4de9a3ed0; no voters: 9ff1ccfb4d7e4fb58ac196149bd52968, bff8745307a94d9fae9f9e07f8cc9aec
I20260710 11:00:06.688361 22971 raft_consensus.cc:3060] T da99e33878244fcabfcb71a90d9a25d5 P 23c87893afa0434bbedf67c4de9a3ed0 [term 0 FOLLOWER]: Advancing to term 1
I20260710 11:00:06.688534 22659 catalog_manager.cc:5697] T d8373b175d4b49e586aa4b8327642e9d P 9ff1ccfb4d7e4fb58ac196149bd52968 reported cstate change: term changed from 0 to 1, leader changed from <none> to 9ff1ccfb4d7e4fb58ac196149bd52968 (127.21.36.1). New cstate: current_term: 1 leader_uuid: "9ff1ccfb4d7e4fb58ac196149bd52968" committed_config { opid_index: -1 OBSOLETE_local: false peers { permanent_uuid: "9ff1ccfb4d7e4fb58ac196149bd52968" member_type: VOTER last_known_addr { host: "127.21.36.1" port: 43701 } health_report { overall_health: HEALTHY } } peers { permanent_uuid: "bff8745307a94d9fae9f9e07f8cc9aec" member_type: VOTER last_known_addr { host: "127.21.36.2" port: 45825 } health_report { overall_health: UNKNOWN } } peers { permanent_uuid: "23c87893afa0434bbedf67c4de9a3ed0" member_type: VOTER last_known_addr { host: "127.21.36.3" port: 32909 } health_report { overall_health: UNKNOWN } } }
I20260710 11:00:06.689879 22836 tablet_service.cc:1917] Received RequestConsensusVote() RPC: tablet_id: "516d99a0a7224c6bae23d97cee1ddab4" candidate_uuid: "23c87893afa0434bbedf67c4de9a3ed0" candidate_term: 1 candidate_status { last_received { term: 0 index: 0 } } ignore_live_leader: false dest_uuid: "bff8745307a94d9fae9f9e07f8cc9aec" is_pre_election: true
I20260710 11:00:06.690469 22836 raft_consensus.cc:2468] T 516d99a0a7224c6bae23d97cee1ddab4 P bff8745307a94d9fae9f9e07f8cc9aec [term 0 FOLLOWER]: Leader pre-election vote request: Granting yes vote for candidate 23c87893afa0434bbedf67c4de9a3ed0 in term 0.
I20260710 11:00:06.691653 22876 leader_election.cc:304] T 516d99a0a7224c6bae23d97cee1ddab4 P 23c87893afa0434bbedf67c4de9a3ed0 [CANDIDATE]: Term 1 pre-election: Election decided. Result: candidate won. Election summary: received 2 responses out of 3 voters: 2 yes votes; 0 no votes. yes voters: 23c87893afa0434bbedf67c4de9a3ed0, bff8745307a94d9fae9f9e07f8cc9aec; no voters: 
I20260710 11:00:06.692441 22960 raft_consensus.cc:2804] T 516d99a0a7224c6bae23d97cee1ddab4 P 23c87893afa0434bbedf67c4de9a3ed0 [term 0 FOLLOWER]: Leader pre-election won for term 1
I20260710 11:00:06.692776 22960 raft_consensus.cc:493] T 516d99a0a7224c6bae23d97cee1ddab4 P 23c87893afa0434bbedf67c4de9a3ed0 [term 0 FOLLOWER]: Starting leader election (no leader contacted us within the election timeout)
I20260710 11:00:06.693084 22952 tablet_bootstrap.cc:492] T c3642a7d4dc44eac9ae8e095fd748706 P 9ff1ccfb4d7e4fb58ac196149bd52968: No bootstrap required, opened a new log
I20260710 11:00:06.693096 22960 raft_consensus.cc:3060] T 516d99a0a7224c6bae23d97cee1ddab4 P 23c87893afa0434bbedf67c4de9a3ed0 [term 0 FOLLOWER]: Advancing to term 1
I20260710 11:00:06.693686 22952 ts_tablet_manager.cc:1403] T c3642a7d4dc44eac9ae8e095fd748706 P 9ff1ccfb4d7e4fb58ac196149bd52968: Time spent bootstrapping tablet: real 0.058s	user 0.025s	sys 0.017s
I20260710 11:00:06.693856 22957 raft_consensus.cc:493] T 23f229ff89aa46cb982ecf322cd889c3 P 9ff1ccfb4d7e4fb58ac196149bd52968 [term 0 FOLLOWER]: Starting pre-election (no leader contacted us within the election timeout)
I20260710 11:00:06.693671 22953 raft_consensus.cc:359] T 23f229ff89aa46cb982ecf322cd889c3 P 23c87893afa0434bbedf67c4de9a3ed0 [term 0 FOLLOWER]: Replica starting. Triggering 0 pending ops. Active config: opid_index: -1 OBSOLETE_local: false peers { permanent_uuid: "9ff1ccfb4d7e4fb58ac196149bd52968" member_type: VOTER last_known_addr { host: "127.21.36.1" port: 43701 } } peers { permanent_uuid: "bff8745307a94d9fae9f9e07f8cc9aec" member_type: VOTER last_known_addr { host: "127.21.36.2" port: 45825 } } peers { permanent_uuid: "23c87893afa0434bbedf67c4de9a3ed0" member_type: VOTER last_known_addr { host: "127.21.36.3" port: 32909 } }
I20260710 11:00:06.694440 22953 raft_consensus.cc:385] T 23f229ff89aa46cb982ecf322cd889c3 P 23c87893afa0434bbedf67c4de9a3ed0 [term 0 FOLLOWER]: Consensus starting up: Expiring failure detector timer to make a prompt election more likely
I20260710 11:00:06.694350 22957 raft_consensus.cc:515] T 23f229ff89aa46cb982ecf322cd889c3 P 9ff1ccfb4d7e4fb58ac196149bd52968 [term 0 FOLLOWER]: Starting pre-election with config: opid_index: -1 OBSOLETE_local: false peers { permanent_uuid: "9ff1ccfb4d7e4fb58ac196149bd52968" member_type: VOTER last_known_addr { host: "127.21.36.1" port: 43701 } } peers { permanent_uuid: "bff8745307a94d9fae9f9e07f8cc9aec" member_type: VOTER last_known_addr { host: "127.21.36.2" port: 45825 } } peers { permanent_uuid: "23c87893afa0434bbedf67c4de9a3ed0" member_type: VOTER last_known_addr { host: "127.21.36.3" port: 32909 } }
I20260710 11:00:06.694813 22953 raft_consensus.cc:740] T 23f229ff89aa46cb982ecf322cd889c3 P 23c87893afa0434bbedf67c4de9a3ed0 [term 0 FOLLOWER]: Becoming Follower/Learner. State: Replica: 23c87893afa0434bbedf67c4de9a3ed0, State: Initialized, Role: FOLLOWER
I20260710 11:00:06.695556 22953 consensus_queue.cc:260] T 23f229ff89aa46cb982ecf322cd889c3 P 23c87893afa0434bbedf67c4de9a3ed0 [NON_LEADER]: Queue going to NON_LEADER mode. State: All replicated index: 0, Majority replicated index: 0, Committed index: 0, Last appended: 0.0, Last appended by leader: 0, Current term: 0, Majority size: -1, State: 0, Mode: NON_LEADER, active raft config: opid_index: -1 OBSOLETE_local: false peers { permanent_uuid: "9ff1ccfb4d7e4fb58ac196149bd52968" member_type: VOTER last_known_addr { host: "127.21.36.1" port: 43701 } } peers { permanent_uuid: "bff8745307a94d9fae9f9e07f8cc9aec" member_type: VOTER last_known_addr { host: "127.21.36.2" port: 45825 } } peers { permanent_uuid: "23c87893afa0434bbedf67c4de9a3ed0" member_type: VOTER last_known_addr { host: "127.21.36.3" port: 32909 } }
I20260710 11:00:06.693519 22762 raft_consensus.cc:2468] T 516d99a0a7224c6bae23d97cee1ddab4 P 9ff1ccfb4d7e4fb58ac196149bd52968 [term 0 FOLLOWER]: Leader pre-election vote request: Granting yes vote for candidate 23c87893afa0434bbedf67c4de9a3ed0 in term 0.
I20260710 11:00:06.696503 22952 raft_consensus.cc:359] T c3642a7d4dc44eac9ae8e095fd748706 P 9ff1ccfb4d7e4fb58ac196149bd52968 [term 0 FOLLOWER]: Replica starting. Triggering 0 pending ops. Active config: opid_index: -1 OBSOLETE_local: false peers { permanent_uuid: "9ff1ccfb4d7e4fb58ac196149bd52968" member_type: VOTER last_known_addr { host: "127.21.36.1" port: 43701 } } peers { permanent_uuid: "bff8745307a94d9fae9f9e07f8cc9aec" member_type: VOTER last_known_addr { host: "127.21.36.2" port: 45825 } } peers { permanent_uuid: "23c87893afa0434bbedf67c4de9a3ed0" member_type: VOTER last_known_addr { host: "127.21.36.3" port: 32909 } }
I20260710 11:00:06.697126 22952 raft_consensus.cc:385] T c3642a7d4dc44eac9ae8e095fd748706 P 9ff1ccfb4d7e4fb58ac196149bd52968 [term 0 FOLLOWER]: Consensus starting up: Expiring failure detector timer to make a prompt election more likely
I20260710 11:00:06.697374 22952 raft_consensus.cc:740] T c3642a7d4dc44eac9ae8e095fd748706 P 9ff1ccfb4d7e4fb58ac196149bd52968 [term 0 FOLLOWER]: Becoming Follower/Learner. State: Replica: 9ff1ccfb4d7e4fb58ac196149bd52968, State: Initialized, Role: FOLLOWER
I20260710 11:00:06.698217 22952 consensus_queue.cc:260] T c3642a7d4dc44eac9ae8e095fd748706 P 9ff1ccfb4d7e4fb58ac196149bd52968 [NON_LEADER]: Queue going to NON_LEADER mode. State: All replicated index: 0, Majority replicated index: 0, Committed index: 0, Last appended: 0.0, Last appended by leader: 0, Current term: 0, Majority size: -1, State: 0, Mode: NON_LEADER, active raft config: opid_index: -1 OBSOLETE_local: false peers { permanent_uuid: "9ff1ccfb4d7e4fb58ac196149bd52968" member_type: VOTER last_known_addr { host: "127.21.36.1" port: 43701 } } peers { permanent_uuid: "bff8745307a94d9fae9f9e07f8cc9aec" member_type: VOTER last_known_addr { host: "127.21.36.2" port: 45825 } } peers { permanent_uuid: "23c87893afa0434bbedf67c4de9a3ed0" member_type: VOTER last_known_addr { host: "127.21.36.3" port: 32909 } }
I20260710 11:00:06.699173 22910 tablet_service.cc:1917] Received RequestConsensusVote() RPC: tablet_id: "23f229ff89aa46cb982ecf322cd889c3" candidate_uuid: "9ff1ccfb4d7e4fb58ac196149bd52968" candidate_term: 1 candidate_status { last_received { term: 0 index: 0 } } ignore_live_leader: false dest_uuid: "23c87893afa0434bbedf67c4de9a3ed0" is_pre_election: true
I20260710 11:00:06.699743 22910 raft_consensus.cc:2468] T 23f229ff89aa46cb982ecf322cd889c3 P 23c87893afa0434bbedf67c4de9a3ed0 [term 0 FOLLOWER]: Leader pre-election vote request: Granting yes vote for candidate 9ff1ccfb4d7e4fb58ac196149bd52968 in term 0.
I20260710 11:00:06.700351 22952 ts_tablet_manager.cc:1434] T c3642a7d4dc44eac9ae8e095fd748706 P 9ff1ccfb4d7e4fb58ac196149bd52968: Time spent starting tablet: real 0.006s	user 0.006s	sys 0.000s
I20260710 11:00:06.700784 22726 leader_election.cc:304] T 23f229ff89aa46cb982ecf322cd889c3 P 9ff1ccfb4d7e4fb58ac196149bd52968 [CANDIDATE]: Term 1 pre-election: Election decided. Result: candidate won. Election summary: received 2 responses out of 3 voters: 2 yes votes; 0 no votes. yes voters: 23c87893afa0434bbedf67c4de9a3ed0, 9ff1ccfb4d7e4fb58ac196149bd52968; no voters: 
I20260710 11:00:06.701360 22952 tablet_bootstrap.cc:492] T 5b38e7c690ea4cd6a122a16e87874f8f P 9ff1ccfb4d7e4fb58ac196149bd52968: Bootstrap starting.
I20260710 11:00:06.701575 22986 raft_consensus.cc:2804] T 23f229ff89aa46cb982ecf322cd889c3 P 9ff1ccfb4d7e4fb58ac196149bd52968 [term 0 FOLLOWER]: Leader pre-election won for term 1
I20260710 11:00:06.701917 22986 raft_consensus.cc:493] T 23f229ff89aa46cb982ecf322cd889c3 P 9ff1ccfb4d7e4fb58ac196149bd52968 [term 0 FOLLOWER]: Starting leader election (no leader contacted us within the election timeout)
I20260710 11:00:06.702255 22986 raft_consensus.cc:3060] T 23f229ff89aa46cb982ecf322cd889c3 P 9ff1ccfb4d7e4fb58ac196149bd52968 [term 0 FOLLOWER]: Advancing to term 1
I20260710 11:00:06.705699 22957 leader_election.cc:290] T 23f229ff89aa46cb982ecf322cd889c3 P 9ff1ccfb4d7e4fb58ac196149bd52968 [CANDIDATE]: Term 1 pre-election: Requested pre-vote from peers bff8745307a94d9fae9f9e07f8cc9aec (127.21.36.2:45825), 23c87893afa0434bbedf67c4de9a3ed0 (127.21.36.3:32909)
I20260710 11:00:06.708039 22836 tablet_service.cc:1917] Received RequestConsensusVote() RPC: tablet_id: "23f229ff89aa46cb982ecf322cd889c3" candidate_uuid: "9ff1ccfb4d7e4fb58ac196149bd52968" candidate_term: 1 candidate_status { last_received { term: 0 index: 0 } } ignore_live_leader: false dest_uuid: "bff8745307a94d9fae9f9e07f8cc9aec" is_pre_election: true
I20260710 11:00:06.710191 22952 tablet_bootstrap.cc:654] T 5b38e7c690ea4cd6a122a16e87874f8f P 9ff1ccfb4d7e4fb58ac196149bd52968: Neither blocks nor log segments found. Creating new log.
W20260710 11:00:06.710124 22727 leader_election.cc:343] T 23f229ff89aa46cb982ecf322cd889c3 P 9ff1ccfb4d7e4fb58ac196149bd52968 [CANDIDATE]: Term 1 pre-election: Tablet error from VoteRequest() call to peer bff8745307a94d9fae9f9e07f8cc9aec (127.21.36.2:45825): Illegal state: must be running to vote when last-logged opid is not known
I20260710 11:00:06.714999 22971 raft_consensus.cc:2749] T da99e33878244fcabfcb71a90d9a25d5 P 23c87893afa0434bbedf67c4de9a3ed0 [term 1 FOLLOWER]: Leader pre-election lost for term 1. Reason: could not achieve majority
I20260710 11:00:06.710682 22986 raft_consensus.cc:515] T 23f229ff89aa46cb982ecf322cd889c3 P 9ff1ccfb4d7e4fb58ac196149bd52968 [term 1 FOLLOWER]: Starting leader election with config: opid_index: -1 OBSOLETE_local: false peers { permanent_uuid: "9ff1ccfb4d7e4fb58ac196149bd52968" member_type: VOTER last_known_addr { host: "127.21.36.1" port: 43701 } } peers { permanent_uuid: "bff8745307a94d9fae9f9e07f8cc9aec" member_type: VOTER last_known_addr { host: "127.21.36.2" port: 45825 } } peers { permanent_uuid: "23c87893afa0434bbedf67c4de9a3ed0" member_type: VOTER last_known_addr { host: "127.21.36.3" port: 32909 } }
I20260710 11:00:06.726346 22986 leader_election.cc:290] T 23f229ff89aa46cb982ecf322cd889c3 P 9ff1ccfb4d7e4fb58ac196149bd52968 [CANDIDATE]: Term 1 election: Requested vote from peers bff8745307a94d9fae9f9e07f8cc9aec (127.21.36.2:45825), 23c87893afa0434bbedf67c4de9a3ed0 (127.21.36.3:32909)
I20260710 11:00:06.728348 22910 tablet_service.cc:1917] Received RequestConsensusVote() RPC: tablet_id: "23f229ff89aa46cb982ecf322cd889c3" candidate_uuid: "9ff1ccfb4d7e4fb58ac196149bd52968" candidate_term: 1 candidate_status { last_received { term: 0 index: 0 } } ignore_live_leader: false dest_uuid: "23c87893afa0434bbedf67c4de9a3ed0"
I20260710 11:00:06.729043 22910 raft_consensus.cc:3060] T 23f229ff89aa46cb982ecf322cd889c3 P 23c87893afa0434bbedf67c4de9a3ed0 [term 0 FOLLOWER]: Advancing to term 1
I20260710 11:00:06.728204 22836 tablet_service.cc:1917] Received RequestConsensusVote() RPC: tablet_id: "23f229ff89aa46cb982ecf322cd889c3" candidate_uuid: "9ff1ccfb4d7e4fb58ac196149bd52968" candidate_term: 1 candidate_status { last_received { term: 0 index: 0 } } ignore_live_leader: false dest_uuid: "bff8745307a94d9fae9f9e07f8cc9aec"
W20260710 11:00:06.734534 22727 leader_election.cc:343] T 23f229ff89aa46cb982ecf322cd889c3 P 9ff1ccfb4d7e4fb58ac196149bd52968 [CANDIDATE]: Term 1 election: Tablet error from VoteRequest() call to peer bff8745307a94d9fae9f9e07f8cc9aec (127.21.36.2:45825): Illegal state: must be running to vote when last-logged opid is not known
I20260710 11:00:06.735637 22951 tablet_bootstrap.cc:492] T 253f5a155982484a8bc31608a6c23fbe P bff8745307a94d9fae9f9e07f8cc9aec: No bootstrap required, opened a new log
I20260710 11:00:06.736089 22951 ts_tablet_manager.cc:1403] T 253f5a155982484a8bc31608a6c23fbe P bff8745307a94d9fae9f9e07f8cc9aec: Time spent bootstrapping tablet: real 0.070s	user 0.027s	sys 0.004s
I20260710 11:00:06.738900 22953 ts_tablet_manager.cc:1434] T 23f229ff89aa46cb982ecf322cd889c3 P 23c87893afa0434bbedf67c4de9a3ed0: Time spent starting tablet: real 0.057s	user 0.018s	sys 0.019s
I20260710 11:00:06.739935 22953 tablet_bootstrap.cc:492] T 4c5bdd0ce82340fbb44e59776f56fd49 P 23c87893afa0434bbedf67c4de9a3ed0: Bootstrap starting.
I20260710 11:00:06.740020 22951 raft_consensus.cc:359] T 253f5a155982484a8bc31608a6c23fbe P bff8745307a94d9fae9f9e07f8cc9aec [term 0 FOLLOWER]: Replica starting. Triggering 0 pending ops. Active config: opid_index: -1 OBSOLETE_local: false peers { permanent_uuid: "9ff1ccfb4d7e4fb58ac196149bd52968" member_type: VOTER last_known_addr { host: "127.21.36.1" port: 43701 } } peers { permanent_uuid: "bff8745307a94d9fae9f9e07f8cc9aec" member_type: VOTER last_known_addr { host: "127.21.36.2" port: 45825 } } peers { permanent_uuid: "23c87893afa0434bbedf67c4de9a3ed0" member_type: VOTER last_known_addr { host: "127.21.36.3" port: 32909 } }
I20260710 11:00:06.740787 22951 raft_consensus.cc:385] T 253f5a155982484a8bc31608a6c23fbe P bff8745307a94d9fae9f9e07f8cc9aec [term 0 FOLLOWER]: Consensus starting up: Expiring failure detector timer to make a prompt election more likely
I20260710 11:00:06.740620 22910 raft_consensus.cc:2468] T 23f229ff89aa46cb982ecf322cd889c3 P 23c87893afa0434bbedf67c4de9a3ed0 [term 1 FOLLOWER]: Leader election vote request: Granting yes vote for candidate 9ff1ccfb4d7e4fb58ac196149bd52968 in term 1.
I20260710 11:00:06.742250 22726 leader_election.cc:304] T 23f229ff89aa46cb982ecf322cd889c3 P 9ff1ccfb4d7e4fb58ac196149bd52968 [CANDIDATE]: Term 1 election: Election decided. Result: candidate won. Election summary: received 3 responses out of 3 voters: 2 yes votes; 1 no votes. yes voters: 23c87893afa0434bbedf67c4de9a3ed0, 9ff1ccfb4d7e4fb58ac196149bd52968; no voters: bff8745307a94d9fae9f9e07f8cc9aec
I20260710 11:00:06.743661 22986 raft_consensus.cc:2804] T 23f229ff89aa46cb982ecf322cd889c3 P 9ff1ccfb4d7e4fb58ac196149bd52968 [term 1 FOLLOWER]: Leader election won for term 1
I20260710 11:00:06.744287 22986 raft_consensus.cc:697] T 23f229ff89aa46cb982ecf322cd889c3 P 9ff1ccfb4d7e4fb58ac196149bd52968 [term 1 LEADER]: Becoming Leader. State: Replica: 9ff1ccfb4d7e4fb58ac196149bd52968, State: Running, Role: LEADER
I20260710 11:00:06.745882 22986 consensus_queue.cc:237] T 23f229ff89aa46cb982ecf322cd889c3 P 9ff1ccfb4d7e4fb58ac196149bd52968 [LEADER]: Queue going to LEADER mode. State: All replicated index: 0, Majority replicated index: 0, Committed index: 0, Last appended: 0.0, Last appended by leader: 0, Current term: 1, Majority size: 2, State: 0, Mode: LEADER, active raft config: opid_index: -1 OBSOLETE_local: false peers { permanent_uuid: "9ff1ccfb4d7e4fb58ac196149bd52968" member_type: VOTER last_known_addr { host: "127.21.36.1" port: 43701 } } peers { permanent_uuid: "bff8745307a94d9fae9f9e07f8cc9aec" member_type: VOTER last_known_addr { host: "127.21.36.2" port: 45825 } } peers { permanent_uuid: "23c87893afa0434bbedf67c4de9a3ed0" member_type: VOTER last_known_addr { host: "127.21.36.3" port: 32909 } }
I20260710 11:00:06.747995 22953 tablet_bootstrap.cc:654] T 4c5bdd0ce82340fbb44e59776f56fd49 P 23c87893afa0434bbedf67c4de9a3ed0: Neither blocks nor log segments found. Creating new log.
I20260710 11:00:06.741155 22951 raft_consensus.cc:740] T 253f5a155982484a8bc31608a6c23fbe P bff8745307a94d9fae9f9e07f8cc9aec [term 0 FOLLOWER]: Becoming Follower/Learner. State: Replica: bff8745307a94d9fae9f9e07f8cc9aec, State: Initialized, Role: FOLLOWER
