I20260710 11:10:54.565649  3120 raft_consensus.cc:3060] T 2c6550a2b651423e95be98896b93d347 P 0c7147b3c4074bfc84941851ecc6d2f0 [term 1 FOLLOWER]: Advancing to term 2
I20260710 11:10:54.568866  2972 raft_consensus.cc:2468] T 2c6550a2b651423e95be98896b93d347 P 02dcbdcbf5814a538f98423f6b2a3cc4 [term 2 FOLLOWER]: Leader election vote request: Granting yes vote for candidate 95ddd13d71f7451e80a7e3e04b26d533 in term 2.
I20260710 11:10:54.569943  3010 leader_election.cc:304] T 2c6550a2b651423e95be98896b93d347 P 95ddd13d71f7451e80a7e3e04b26d533 [CANDIDATE]: Term 2 election: Election decided. Result: candidate won. Election summary: received 2 responses out of 3 voters: 2 yes votes; 0 no votes. yes voters: 02dcbdcbf5814a538f98423f6b2a3cc4, 95ddd13d71f7451e80a7e3e04b26d533; no voters: 
I20260710 11:10:54.570664  3236 raft_consensus.cc:2804] T 2c6550a2b651423e95be98896b93d347 P 95ddd13d71f7451e80a7e3e04b26d533 [term 2 FOLLOWER]: Leader election won for term 2
I20260710 11:10:54.571131  3236 raft_consensus.cc:697] T 2c6550a2b651423e95be98896b93d347 P 95ddd13d71f7451e80a7e3e04b26d533 [term 2 LEADER]: Becoming Leader. State: Replica: 95ddd13d71f7451e80a7e3e04b26d533, State: Running, Role: LEADER
I20260710 11:10:54.571334  3120 raft_consensus.cc:2468] T 2c6550a2b651423e95be98896b93d347 P 0c7147b3c4074bfc84941851ecc6d2f0 [term 2 FOLLOWER]: Leader election vote request: Granting yes vote for candidate 95ddd13d71f7451e80a7e3e04b26d533 in term 2.
I20260710 11:10:54.571908  3236 consensus_queue.cc:237] T 2c6550a2b651423e95be98896b93d347 P 95ddd13d71f7451e80a7e3e04b26d533 [LEADER]: Queue going to LEADER mode. State: All replicated index: 0, Majority replicated index: 0, Committed index: 0, Last appended: 1.1, Last appended by leader: 1, Current term: 2, Majority size: 2, State: 0, Mode: LEADER, active raft config: opid_index: -1 OBSOLETE_local: false peers { permanent_uuid: "02dcbdcbf5814a538f98423f6b2a3cc4" member_type: VOTER last_known_addr { host: "127.2.197.65" port: 39165 } } peers { permanent_uuid: "95ddd13d71f7451e80a7e3e04b26d533" member_type: VOTER last_known_addr { host: "127.2.197.66" port: 36249 } } peers { permanent_uuid: "0c7147b3c4074bfc84941851ecc6d2f0" member_type: VOTER last_known_addr { host: "127.2.197.67" port: 45457 } }
I20260710 11:10:54.578289  2868 catalog_manager.cc:5697] T 2c6550a2b651423e95be98896b93d347 P 95ddd13d71f7451e80a7e3e04b26d533 reported cstate change: term changed from 1 to 2, leader changed from 02dcbdcbf5814a538f98423f6b2a3cc4 (127.2.197.65) to 95ddd13d71f7451e80a7e3e04b26d533 (127.2.197.66). New cstate: current_term: 2 leader_uuid: "95ddd13d71f7451e80a7e3e04b26d533" committed_config { opid_index: -1 OBSOLETE_local: false peers { permanent_uuid: "02dcbdcbf5814a538f98423f6b2a3cc4" member_type: VOTER last_known_addr { host: "127.2.197.65" port: 39165 } health_report { overall_health: UNKNOWN } } peers { permanent_uuid: "95ddd13d71f7451e80a7e3e04b26d533" member_type: VOTER last_known_addr { host: "127.2.197.66" port: 36249 } health_report { overall_health: HEALTHY } } peers { permanent_uuid: "0c7147b3c4074bfc84941851ecc6d2f0" member_type: VOTER last_known_addr { host: "127.2.197.67" port: 45457 } health_report { overall_health: UNKNOWN } } }
I20260710 11:10:54.659166  3172 consensus_queue.cc:1048] T e6f2aaf1468a4bbe9fb37693966954be P 02dcbdcbf5814a538f98423f6b2a3cc4 [LEADER]: Connected to new peer: Peer: permanent_uuid: "95ddd13d71f7451e80a7e3e04b26d533" member_type: VOTER last_known_addr { host: "127.2.197.66" port: 36249 }, Status: LMP_MISMATCH, Last received: 0.0, Next index: 1, Last known committed idx: 0, Time since last communication: 0.000s
I20260710 11:10:54.666141  3217 raft_consensus.cc:993] T e6f2aaf1468a4bbe9fb37693966954be P 02dcbdcbf5814a538f98423f6b2a3cc4: : Instructing follower 95ddd13d71f7451e80a7e3e04b26d533 to start an election
I20260710 11:10:54.666599  3217 raft_consensus.cc:1081] T e6f2aaf1468a4bbe9fb37693966954be P 02dcbdcbf5814a538f98423f6b2a3cc4 [term 1 LEADER]: Signalling peer 95ddd13d71f7451e80a7e3e04b26d533 to start an election
I20260710 11:10:54.668998  3046 tablet_service.cc:2044] Received Run Leader Election RPC: tablet_id: "e6f2aaf1468a4bbe9fb37693966954be"
dest_uuid: "95ddd13d71f7451e80a7e3e04b26d533"
 from {username='slave'} at 127.0.0.1:44322
I20260710 11:10:54.669523  3046 raft_consensus.cc:493] T e6f2aaf1468a4bbe9fb37693966954be P 95ddd13d71f7451e80a7e3e04b26d533 [term 1 FOLLOWER]: Starting forced leader election (received explicit request)
I20260710 11:10:54.669860  3046 raft_consensus.cc:3060] T e6f2aaf1468a4bbe9fb37693966954be P 95ddd13d71f7451e80a7e3e04b26d533 [term 1 FOLLOWER]: Advancing to term 2
I20260710 11:10:54.672784  3198 consensus_queue.cc:1048] T e6f2aaf1468a4bbe9fb37693966954be P 02dcbdcbf5814a538f98423f6b2a3cc4 [LEADER]: Connected to new peer: Peer: permanent_uuid: "0c7147b3c4074bfc84941851ecc6d2f0" member_type: VOTER last_known_addr { host: "127.2.197.67" port: 45457 }, Status: LMP_MISMATCH, Last received: 0.0, Next index: 1, Last known committed idx: 0, Time since last communication: 0.000s
I20260710 11:10:54.675971  3046 raft_consensus.cc:515] T e6f2aaf1468a4bbe9fb37693966954be P 95ddd13d71f7451e80a7e3e04b26d533 [term 2 FOLLOWER]: Starting forced leader election with config: opid_index: -1 OBSOLETE_local: false peers { permanent_uuid: "02dcbdcbf5814a538f98423f6b2a3cc4" member_type: VOTER last_known_addr { host: "127.2.197.65" port: 39165 } } peers { permanent_uuid: "95ddd13d71f7451e80a7e3e04b26d533" member_type: VOTER last_known_addr { host: "127.2.197.66" port: 36249 } } peers { permanent_uuid: "0c7147b3c4074bfc84941851ecc6d2f0" member_type: VOTER last_known_addr { host: "127.2.197.67" port: 45457 } }
I20260710 11:10:54.678645  2972 tablet_service.cc:1917] Received RequestConsensusVote() RPC: tablet_id: "e6f2aaf1468a4bbe9fb37693966954be" candidate_uuid: "95ddd13d71f7451e80a7e3e04b26d533" candidate_term: 2 candidate_status { last_received { term: 1 index: 1 } } ignore_live_leader: true dest_uuid: "02dcbdcbf5814a538f98423f6b2a3cc4"
I20260710 11:10:54.679229  2972 raft_consensus.cc:3055] T e6f2aaf1468a4bbe9fb37693966954be P 02dcbdcbf5814a538f98423f6b2a3cc4 [term 1 LEADER]: Stepping down as leader of term 1
I20260710 11:10:54.679528  2972 raft_consensus.cc:740] T e6f2aaf1468a4bbe9fb37693966954be P 02dcbdcbf5814a538f98423f6b2a3cc4 [term 1 LEADER]: Becoming Follower/Learner. State: Replica: 02dcbdcbf5814a538f98423f6b2a3cc4, State: Running, Role: LEADER
I20260710 11:10:54.680568  3047 raft_consensus.cc:1240] T e6f2aaf1468a4bbe9fb37693966954be P 95ddd13d71f7451e80a7e3e04b26d533 [term 2 FOLLOWER]: Rejecting Update request from peer 02dcbdcbf5814a538f98423f6b2a3cc4 for earlier term 1. Current term is 2. Ops: []
I20260710 11:10:54.680306  2972 consensus_queue.cc:260] T e6f2aaf1468a4bbe9fb37693966954be P 02dcbdcbf5814a538f98423f6b2a3cc4 [NON_LEADER]: Queue going to NON_LEADER mode. State: All replicated index: 0, Majority replicated index: 1, Committed index: 1, Last appended: 1.1, Last appended by leader: 1, Current term: 1, Majority size: -1, State: 0, Mode: NON_LEADER, active raft config: opid_index: -1 OBSOLETE_local: false peers { permanent_uuid: "02dcbdcbf5814a538f98423f6b2a3cc4" member_type: VOTER last_known_addr { host: "127.2.197.65" port: 39165 } } peers { permanent_uuid: "95ddd13d71f7451e80a7e3e04b26d533" member_type: VOTER last_known_addr { host: "127.2.197.66" port: 36249 } } peers { permanent_uuid: "0c7147b3c4074bfc84941851ecc6d2f0" member_type: VOTER last_known_addr { host: "127.2.197.67" port: 45457 } }
I20260710 11:10:54.681223  2972 raft_consensus.cc:3060] T e6f2aaf1468a4bbe9fb37693966954be P 02dcbdcbf5814a538f98423f6b2a3cc4 [term 1 FOLLOWER]: Advancing to term 2
I20260710 11:10:54.683004  3046 leader_election.cc:290] T e6f2aaf1468a4bbe9fb37693966954be P 95ddd13d71f7451e80a7e3e04b26d533 [CANDIDATE]: Term 2 election: Requested vote from peers 02dcbdcbf5814a538f98423f6b2a3cc4 (127.2.197.65:39165), 0c7147b3c4074bfc84941851ecc6d2f0 (127.2.197.67:45457)
I20260710 11:10:54.693048  3120 tablet_service.cc:1917] Received RequestConsensusVote() RPC: tablet_id: "e6f2aaf1468a4bbe9fb37693966954be" candidate_uuid: "95ddd13d71f7451e80a7e3e04b26d533" candidate_term: 2 candidate_status { last_received { term: 1 index: 1 } } ignore_live_leader: true dest_uuid: "0c7147b3c4074bfc84941851ecc6d2f0"
I20260710 11:10:54.693619  3120 raft_consensus.cc:3060] T e6f2aaf1468a4bbe9fb37693966954be P 0c7147b3c4074bfc84941851ecc6d2f0 [term 1 FOLLOWER]: Advancing to term 2
I20260710 11:10:54.693760  2972 raft_consensus.cc:2468] T e6f2aaf1468a4bbe9fb37693966954be P 02dcbdcbf5814a538f98423f6b2a3cc4 [term 2 FOLLOWER]: Leader election vote request: Granting yes vote for candidate 95ddd13d71f7451e80a7e3e04b26d533 in term 2.
I20260710 11:10:54.694761  3010 leader_election.cc:304] T e6f2aaf1468a4bbe9fb37693966954be P 95ddd13d71f7451e80a7e3e04b26d533 [CANDIDATE]: Term 2 election: Election decided. Result: candidate won. Election summary: received 2 responses out of 3 voters: 2 yes votes; 0 no votes. yes voters: 02dcbdcbf5814a538f98423f6b2a3cc4, 95ddd13d71f7451e80a7e3e04b26d533; no voters: 
I20260710 11:10:54.695487  3236 raft_consensus.cc:2804] T e6f2aaf1468a4bbe9fb37693966954be P 95ddd13d71f7451e80a7e3e04b26d533 [term 2 FOLLOWER]: Leader election won for term 2
I20260710 11:10:54.695921  3236 raft_consensus.cc:697] T e6f2aaf1468a4bbe9fb37693966954be P 95ddd13d71f7451e80a7e3e04b26d533 [term 2 LEADER]: Becoming Leader. State: Replica: 95ddd13d71f7451e80a7e3e04b26d533, State: Running, Role: LEADER
I20260710 11:10:54.696666  3236 consensus_queue.cc:237] T e6f2aaf1468a4bbe9fb37693966954be P 95ddd13d71f7451e80a7e3e04b26d533 [LEADER]: Queue going to LEADER mode. State: All replicated index: 0, Majority replicated index: 0, Committed index: 0, Last appended: 1.1, Last appended by leader: 1, Current term: 2, Majority size: 2, State: 0, Mode: LEADER, active raft config: opid_index: -1 OBSOLETE_local: false peers { permanent_uuid: "02dcbdcbf5814a538f98423f6b2a3cc4" member_type: VOTER last_known_addr { host: "127.2.197.65" port: 39165 } } peers { permanent_uuid: "95ddd13d71f7451e80a7e3e04b26d533" member_type: VOTER last_known_addr { host: "127.2.197.66" port: 36249 } } peers { permanent_uuid: "0c7147b3c4074bfc84941851ecc6d2f0" member_type: VOTER last_known_addr { host: "127.2.197.67" port: 45457 } }
I20260710 11:10:54.700117  3120 raft_consensus.cc:2468] T e6f2aaf1468a4bbe9fb37693966954be P 0c7147b3c4074bfc84941851ecc6d2f0 [term 2 FOLLOWER]: Leader election vote request: Granting yes vote for candidate 95ddd13d71f7451e80a7e3e04b26d533 in term 2.
I20260710 11:10:54.703765  2868 catalog_manager.cc:5697] T e6f2aaf1468a4bbe9fb37693966954be P 95ddd13d71f7451e80a7e3e04b26d533 reported cstate change: term changed from 1 to 2, leader changed from 02dcbdcbf5814a538f98423f6b2a3cc4 (127.2.197.65) to 95ddd13d71f7451e80a7e3e04b26d533 (127.2.197.66). New cstate: current_term: 2 leader_uuid: "95ddd13d71f7451e80a7e3e04b26d533" committed_config { opid_index: -1 OBSOLETE_local: false peers { permanent_uuid: "02dcbdcbf5814a538f98423f6b2a3cc4" member_type: VOTER last_known_addr { host: "127.2.197.65" port: 39165 } health_report { overall_health: UNKNOWN } } peers { permanent_uuid: "95ddd13d71f7451e80a7e3e04b26d533" member_type: VOTER last_known_addr { host: "127.2.197.66" port: 36249 } health_report { overall_health: HEALTHY } } peers { permanent_uuid: "0c7147b3c4074bfc84941851ecc6d2f0" member_type: VOTER last_known_addr { host: "127.2.197.67" port: 45457 } health_report { overall_health: UNKNOWN } } }
I20260710 11:10:54.735796  3221 consensus_queue.cc:1048] T d0506361ecf9435ebf590bce78d1b19b P 0c7147b3c4074bfc84941851ecc6d2f0 [LEADER]: Connected to new peer: Peer: permanent_uuid: "02dcbdcbf5814a538f98423f6b2a3cc4" member_type: VOTER last_known_addr { host: "127.2.197.65" port: 39165 }, Status: LMP_MISMATCH, Last received: 0.0, Next index: 1, Last known committed idx: 0, Time since last communication: 0.000s
I20260710 11:10:54.746562  3221 consensus_queue.cc:1048] T d0506361ecf9435ebf590bce78d1b19b P 0c7147b3c4074bfc84941851ecc6d2f0 [LEADER]: Connected to new peer: Peer: permanent_uuid: "95ddd13d71f7451e80a7e3e04b26d533" member_type: VOTER last_known_addr { host: "127.2.197.66" port: 36249 }, Status: LMP_MISMATCH, Last received: 0.0, Next index: 1, Last known committed idx: 0, Time since last communication: 0.000s
I20260710 11:10:54.758152  3248 raft_consensus.cc:993] T d0506361ecf9435ebf590bce78d1b19b P 0c7147b3c4074bfc84941851ecc6d2f0: : Instructing follower 95ddd13d71f7451e80a7e3e04b26d533 to start an election
I20260710 11:10:54.758616  3221 raft_consensus.cc:1081] T d0506361ecf9435ebf590bce78d1b19b P 0c7147b3c4074bfc84941851ecc6d2f0 [term 1 LEADER]: Signalling peer 95ddd13d71f7451e80a7e3e04b26d533 to start an election
I20260710 11:10:54.760182  3046 tablet_service.cc:2044] Received Run Leader Election RPC: tablet_id: "d0506361ecf9435ebf590bce78d1b19b"
dest_uuid: "95ddd13d71f7451e80a7e3e04b26d533"
 from {username='slave'} at 127.0.0.1:44324
I20260710 11:10:54.760751  3046 raft_consensus.cc:493] T d0506361ecf9435ebf590bce78d1b19b P 95ddd13d71f7451e80a7e3e04b26d533 [term 1 FOLLOWER]: Starting forced leader election (received explicit request)
I20260710 11:10:54.761134  3046 raft_consensus.cc:3060] T d0506361ecf9435ebf590bce78d1b19b P 95ddd13d71f7451e80a7e3e04b26d533 [term 1 FOLLOWER]: Advancing to term 2
I20260710 11:10:54.767441  3046 raft_consensus.cc:515] T d0506361ecf9435ebf590bce78d1b19b P 95ddd13d71f7451e80a7e3e04b26d533 [term 2 FOLLOWER]: Starting forced leader election with config: opid_index: -1 OBSOLETE_local: false peers { permanent_uuid: "02dcbdcbf5814a538f98423f6b2a3cc4" member_type: VOTER last_known_addr { host: "127.2.197.65" port: 39165 } } peers { permanent_uuid: "95ddd13d71f7451e80a7e3e04b26d533" member_type: VOTER last_known_addr { host: "127.2.197.66" port: 36249 } } peers { permanent_uuid: "0c7147b3c4074bfc84941851ecc6d2f0" member_type: VOTER last_known_addr { host: "127.2.197.67" port: 45457 } }
I20260710 11:10:54.769138  3046 leader_election.cc:290] T d0506361ecf9435ebf590bce78d1b19b P 95ddd13d71f7451e80a7e3e04b26d533 [CANDIDATE]: Term 2 election: Requested vote from peers 02dcbdcbf5814a538f98423f6b2a3cc4 (127.2.197.65:39165), 0c7147b3c4074bfc84941851ecc6d2f0 (127.2.197.67:45457)
I20260710 11:10:54.769765  2972 tablet_service.cc:1917] Received RequestConsensusVote() RPC: tablet_id: "d0506361ecf9435ebf590bce78d1b19b" candidate_uuid: "95ddd13d71f7451e80a7e3e04b26d533" candidate_term: 2 candidate_status { last_received { term: 1 index: 1 } } ignore_live_leader: true dest_uuid: "02dcbdcbf5814a538f98423f6b2a3cc4"
I20260710 11:10:54.770206  2972 raft_consensus.cc:3060] T d0506361ecf9435ebf590bce78d1b19b P 02dcbdcbf5814a538f98423f6b2a3cc4 [term 1 FOLLOWER]: Advancing to term 2
I20260710 11:10:54.771678  3120 tablet_service.cc:1917] Received RequestConsensusVote() RPC: tablet_id: "d0506361ecf9435ebf590bce78d1b19b" candidate_uuid: "95ddd13d71f7451e80a7e3e04b26d533" candidate_term: 2 candidate_status { last_received { term: 1 index: 1 } } ignore_live_leader: true dest_uuid: "0c7147b3c4074bfc84941851ecc6d2f0"
I20260710 11:10:54.772284  3120 raft_consensus.cc:3055] T d0506361ecf9435ebf590bce78d1b19b P 0c7147b3c4074bfc84941851ecc6d2f0 [term 1 LEADER]: Stepping down as leader of term 1
I20260710 11:10:54.772629  3120 raft_consensus.cc:740] T d0506361ecf9435ebf590bce78d1b19b P 0c7147b3c4074bfc84941851ecc6d2f0 [term 1 LEADER]: Becoming Follower/Learner. State: Replica: 0c7147b3c4074bfc84941851ecc6d2f0, State: Running, Role: LEADER
I20260710 11:10:54.773403  3120 consensus_queue.cc:260] T d0506361ecf9435ebf590bce78d1b19b P 0c7147b3c4074bfc84941851ecc6d2f0 [NON_LEADER]: Queue going to NON_LEADER mode. State: All replicated index: 0, Majority replicated index: 1, Committed index: 1, Last appended: 1.1, Last appended by leader: 1, Current term: 1, Majority size: -1, State: 0, Mode: NON_LEADER, active raft config: opid_index: -1 OBSOLETE_local: false peers { permanent_uuid: "02dcbdcbf5814a538f98423f6b2a3cc4" member_type: VOTER last_known_addr { host: "127.2.197.65" port: 39165 } } peers { permanent_uuid: "95ddd13d71f7451e80a7e3e04b26d533" member_type: VOTER last_known_addr { host: "127.2.197.66" port: 36249 } } peers { permanent_uuid: "0c7147b3c4074bfc84941851ecc6d2f0" member_type: VOTER last_known_addr { host: "127.2.197.67" port: 45457 } }
I20260710 11:10:54.774542  3120 raft_consensus.cc:3060] T d0506361ecf9435ebf590bce78d1b19b P 0c7147b3c4074bfc84941851ecc6d2f0 [term 1 FOLLOWER]: Advancing to term 2
I20260710 11:10:54.776412  2972 raft_consensus.cc:2468] T d0506361ecf9435ebf590bce78d1b19b P 02dcbdcbf5814a538f98423f6b2a3cc4 [term 2 FOLLOWER]: Leader election vote request: Granting yes vote for candidate 95ddd13d71f7451e80a7e3e04b26d533 in term 2.
I20260710 11:10:54.777388  3010 leader_election.cc:304] T d0506361ecf9435ebf590bce78d1b19b P 95ddd13d71f7451e80a7e3e04b26d533 [CANDIDATE]: Term 2 election: Election decided. Result: candidate won. Election summary: received 2 responses out of 3 voters: 2 yes votes; 0 no votes. yes voters: 02dcbdcbf5814a538f98423f6b2a3cc4, 95ddd13d71f7451e80a7e3e04b26d533; no voters: 
I20260710 11:10:54.778113  3236 raft_consensus.cc:2804] T d0506361ecf9435ebf590bce78d1b19b P 95ddd13d71f7451e80a7e3e04b26d533 [term 2 FOLLOWER]: Leader election won for term 2
I20260710 11:10:54.778543  3236 raft_consensus.cc:697] T d0506361ecf9435ebf590bce78d1b19b P 95ddd13d71f7451e80a7e3e04b26d533 [term 2 LEADER]: Becoming Leader. State: Replica: 95ddd13d71f7451e80a7e3e04b26d533, State: Running, Role: LEADER
I20260710 11:10:54.779294  3236 consensus_queue.cc:237] T d0506361ecf9435ebf590bce78d1b19b P 95ddd13d71f7451e80a7e3e04b26d533 [LEADER]: Queue going to LEADER mode. State: All replicated index: 0, Majority replicated index: 1, Committed index: 1, Last appended: 1.1, Last appended by leader: 1, Current term: 2, Majority size: 2, State: 0, Mode: LEADER, active raft config: opid_index: -1 OBSOLETE_local: false peers { permanent_uuid: "02dcbdcbf5814a538f98423f6b2a3cc4" member_type: VOTER last_known_addr { host: "127.2.197.65" port: 39165 } } peers { permanent_uuid: "95ddd13d71f7451e80a7e3e04b26d533" member_type: VOTER last_known_addr { host: "127.2.197.66" port: 36249 } } peers { permanent_uuid: "0c7147b3c4074bfc84941851ecc6d2f0" member_type: VOTER last_known_addr { host: "127.2.197.67" port: 45457 } }
I20260710 11:10:54.779892  3120 raft_consensus.cc:2468] T d0506361ecf9435ebf590bce78d1b19b P 0c7147b3c4074bfc84941851ecc6d2f0 [term 2 FOLLOWER]: Leader election vote request: Granting yes vote for candidate 95ddd13d71f7451e80a7e3e04b26d533 in term 2.
I20260710 11:10:54.785025  2869 catalog_manager.cc:5697] T d0506361ecf9435ebf590bce78d1b19b P 95ddd13d71f7451e80a7e3e04b26d533 reported cstate change: term changed from 1 to 2, leader changed from 0c7147b3c4074bfc84941851ecc6d2f0 (127.2.197.67) to 95ddd13d71f7451e80a7e3e04b26d533 (127.2.197.66). New cstate: current_term: 2 leader_uuid: "95ddd13d71f7451e80a7e3e04b26d533" committed_config { opid_index: -1 OBSOLETE_local: false peers { permanent_uuid: "02dcbdcbf5814a538f98423f6b2a3cc4" member_type: VOTER last_known_addr { host: "127.2.197.65" port: 39165 } health_report { overall_health: UNKNOWN } } peers { permanent_uuid: "95ddd13d71f7451e80a7e3e04b26d533" member_type: VOTER last_known_addr { host: "127.2.197.66" port: 36249 } health_report { overall_health: HEALTHY } } peers { permanent_uuid: "0c7147b3c4074bfc84941851ecc6d2f0" member_type: VOTER last_known_addr { host: "127.2.197.67" port: 45457 } health_report { overall_health: UNKNOWN } } }
I20260710 11:10:54.964582  3046 raft_consensus.cc:1275] T f76549343aee469aa7ed1688eab5bce7 P 95ddd13d71f7451e80a7e3e04b26d533 [term 2 FOLLOWER]: Refusing update from remote peer 02dcbdcbf5814a538f98423f6b2a3cc4: Log matching property violated. Preceding OpId in replica: term: 1 index: 1. Preceding OpId from leader: term: 2 index: 2. (index mismatch)
I20260710 11:10:54.965595  3172 consensus_queue.cc:1048] T f76549343aee469aa7ed1688eab5bce7 P 02dcbdcbf5814a538f98423f6b2a3cc4 [LEADER]: Connected to new peer: Peer: permanent_uuid: "95ddd13d71f7451e80a7e3e04b26d533" member_type: VOTER last_known_addr { host: "127.2.197.66" port: 36249 }, Status: LMP_MISMATCH, Last received: 0.0, Next index: 2, Last known committed idx: 1, Time since last communication: 0.000s
I20260710 11:10:54.972833  3120 raft_consensus.cc:1275] T f76549343aee469aa7ed1688eab5bce7 P 0c7147b3c4074bfc84941851ecc6d2f0 [term 2 FOLLOWER]: Refusing update from remote peer 02dcbdcbf5814a538f98423f6b2a3cc4: Log matching property violated. Preceding OpId in replica: term: 1 index: 1. Preceding OpId from leader: term: 2 index: 2. (index mismatch)
I20260710 11:10:54.974040  3198 consensus_queue.cc:1048] T f76549343aee469aa7ed1688eab5bce7 P 02dcbdcbf5814a538f98423f6b2a3cc4 [LEADER]: Connected to new peer: Peer: permanent_uuid: "0c7147b3c4074bfc84941851ecc6d2f0" member_type: VOTER last_known_addr { host: "127.2.197.67" port: 45457 }, Status: LMP_MISMATCH, Last received: 0.0, Next index: 2, Last known committed idx: 1, Time since last communication: 0.000s
I20260710 11:10:54.993396  3170 raft_consensus.cc:993] T f5a3e18e3af3455a98b2440cb510dd95 P 95ddd13d71f7451e80a7e3e04b26d533: : Instructing follower 0c7147b3c4074bfc84941851ecc6d2f0 to start an election
I20260710 11:10:54.993848  3236 raft_consensus.cc:1081] T f5a3e18e3af3455a98b2440cb510dd95 P 95ddd13d71f7451e80a7e3e04b26d533 [term 1 LEADER]: Signalling peer 0c7147b3c4074bfc84941851ecc6d2f0 to start an election
I20260710 11:10:54.994999  3120 tablet_service.cc:2044] Received Run Leader Election RPC: tablet_id: "f5a3e18e3af3455a98b2440cb510dd95"
dest_uuid: "0c7147b3c4074bfc84941851ecc6d2f0"
 from {username='slave'} at 127.0.0.1:44256
I20260710 11:10:54.995395  3120 raft_consensus.cc:493] T f5a3e18e3af3455a98b2440cb510dd95 P 0c7147b3c4074bfc84941851ecc6d2f0 [term 1 FOLLOWER]: Starting forced leader election (received explicit request)
I20260710 11:10:54.995657  3120 raft_consensus.cc:3060] T f5a3e18e3af3455a98b2440cb510dd95 P 0c7147b3c4074bfc84941851ecc6d2f0 [term 1 FOLLOWER]: Advancing to term 2
I20260710 11:10:54.999629  3120 raft_consensus.cc:515] T f5a3e18e3af3455a98b2440cb510dd95 P 0c7147b3c4074bfc84941851ecc6d2f0 [term 2 FOLLOWER]: Starting forced leader election with config: opid_index: -1 OBSOLETE_local: false peers { permanent_uuid: "02dcbdcbf5814a538f98423f6b2a3cc4" member_type: VOTER last_known_addr { host: "127.2.197.65" port: 39165 } } peers { permanent_uuid: "95ddd13d71f7451e80a7e3e04b26d533" member_type: VOTER last_known_addr { host: "127.2.197.66" port: 36249 } } peers { permanent_uuid: "0c7147b3c4074bfc84941851ecc6d2f0" member_type: VOTER last_known_addr { host: "127.2.197.67" port: 45457 } }
I20260710 11:10:55.001006  3120 leader_election.cc:290] T f5a3e18e3af3455a98b2440cb510dd95 P 0c7147b3c4074bfc84941851ecc6d2f0 [CANDIDATE]: Term 2 election: Requested vote from peers 02dcbdcbf5814a538f98423f6b2a3cc4 (127.2.197.65:39165), 95ddd13d71f7451e80a7e3e04b26d533 (127.2.197.66:36249)
I20260710 11:10:55.001612  2972 tablet_service.cc:1917] Received RequestConsensusVote() RPC: tablet_id: "f5a3e18e3af3455a98b2440cb510dd95" candidate_uuid: "0c7147b3c4074bfc84941851ecc6d2f0" candidate_term: 2 candidate_status { last_received { term: 1 index: 1 } } ignore_live_leader: true dest_uuid: "02dcbdcbf5814a538f98423f6b2a3cc4"
I20260710 11:10:55.001873  3046 tablet_service.cc:1917] Received RequestConsensusVote() RPC: tablet_id: "f5a3e18e3af3455a98b2440cb510dd95" candidate_uuid: "0c7147b3c4074bfc84941851ecc6d2f0" candidate_term: 2 candidate_status { last_received { term: 1 index: 1 } } ignore_live_leader: true dest_uuid: "95ddd13d71f7451e80a7e3e04b26d533"
I20260710 11:10:55.002164  2972 raft_consensus.cc:3060] T f5a3e18e3af3455a98b2440cb510dd95 P 02dcbdcbf5814a538f98423f6b2a3cc4 [term 1 FOLLOWER]: Advancing to term 2
I20260710 11:10:55.002382  3046 raft_consensus.cc:3055] T f5a3e18e3af3455a98b2440cb510dd95 P 95ddd13d71f7451e80a7e3e04b26d533 [term 1 LEADER]: Stepping down as leader of term 1
I20260710 11:10:55.002699  3046 raft_consensus.cc:740] T f5a3e18e3af3455a98b2440cb510dd95 P 95ddd13d71f7451e80a7e3e04b26d533 [term 1 LEADER]: Becoming Follower/Learner. State: Replica: 95ddd13d71f7451e80a7e3e04b26d533, State: Running, Role: LEADER
I20260710 11:10:55.003448  3046 consensus_queue.cc:260] T f5a3e18e3af3455a98b2440cb510dd95 P 95ddd13d71f7451e80a7e3e04b26d533 [NON_LEADER]: Queue going to NON_LEADER mode. State: All replicated index: 0, Majority replicated index: 1, Committed index: 1, Last appended: 1.1, Last appended by leader: 1, Current term: 1, Majority size: -1, State: 0, Mode: NON_LEADER, active raft config: opid_index: -1 OBSOLETE_local: false peers { permanent_uuid: "02dcbdcbf5814a538f98423f6b2a3cc4" member_type: VOTER last_known_addr { host: "127.2.197.65" port: 39165 } } peers { permanent_uuid: "95ddd13d71f7451e80a7e3e04b26d533" member_type: VOTER last_known_addr { host: "127.2.197.66" port: 36249 } } peers { permanent_uuid: "0c7147b3c4074bfc84941851ecc6d2f0" member_type: VOTER last_known_addr { host: "127.2.197.67" port: 45457 } }
I20260710 11:10:55.004567  3046 raft_consensus.cc:3060] T f5a3e18e3af3455a98b2440cb510dd95 P 95ddd13d71f7451e80a7e3e04b26d533 [term 1 FOLLOWER]: Advancing to term 2
I20260710 11:10:55.008240  2972 raft_consensus.cc:2468] T f5a3e18e3af3455a98b2440cb510dd95 P 02dcbdcbf5814a538f98423f6b2a3cc4 [term 2 FOLLOWER]: Leader election vote request: Granting yes vote for candidate 0c7147b3c4074bfc84941851ecc6d2f0 in term 2.
I20260710 11:10:55.009202  3084 leader_election.cc:304] T f5a3e18e3af3455a98b2440cb510dd95 P 0c7147b3c4074bfc84941851ecc6d2f0 [CANDIDATE]: Term 2 election: Election decided. Result: candidate won. Election summary: received 2 responses out of 3 voters: 2 yes votes; 0 no votes. yes voters: 02dcbdcbf5814a538f98423f6b2a3cc4, 0c7147b3c4074bfc84941851ecc6d2f0; no voters: 
I20260710 11:10:55.009789  3221 raft_consensus.cc:2804] T f5a3e18e3af3455a98b2440cb510dd95 P 0c7147b3c4074bfc84941851ecc6d2f0 [term 2 FOLLOWER]: Leader election won for term 2
I20260710 11:10:55.010097  3046 raft_consensus.cc:2468] T f5a3e18e3af3455a98b2440cb510dd95 P 95ddd13d71f7451e80a7e3e04b26d533 [term 2 FOLLOWER]: Leader election vote request: Granting yes vote for candidate 0c7147b3c4074bfc84941851ecc6d2f0 in term 2.
I20260710 11:10:55.010135  3221 raft_consensus.cc:697] T f5a3e18e3af3455a98b2440cb510dd95 P 0c7147b3c4074bfc84941851ecc6d2f0 [term 2 LEADER]: Becoming Leader. State: Replica: 0c7147b3c4074bfc84941851ecc6d2f0, State: Running, Role: LEADER
I20260710 11:10:55.011030  3221 consensus_queue.cc:237] T f5a3e18e3af3455a98b2440cb510dd95 P 0c7147b3c4074bfc84941851ecc6d2f0 [LEADER]: Queue going to LEADER mode. State: All replicated index: 0, Majority replicated index: 1, Committed index: 1, Last appended: 1.1, Last appended by leader: 1, Current term: 2, Majority size: 2, State: 0, Mode: LEADER, active raft config: opid_index: -1 OBSOLETE_local: false peers { permanent_uuid: "02dcbdcbf5814a538f98423f6b2a3cc4" member_type: VOTER last_known_addr { host: "127.2.197.65" port: 39165 } } peers { permanent_uuid: "95ddd13d71f7451e80a7e3e04b26d533" member_type: VOTER last_known_addr { host: "127.2.197.66" port: 36249 } } peers { permanent_uuid: "0c7147b3c4074bfc84941851ecc6d2f0" member_type: VOTER last_known_addr { host: "127.2.197.67" port: 45457 } }
I20260710 11:10:55.016275  2868 catalog_manager.cc:5697] T f5a3e18e3af3455a98b2440cb510dd95 P 0c7147b3c4074bfc84941851ecc6d2f0 reported cstate change: term changed from 1 to 2, leader changed from 95ddd13d71f7451e80a7e3e04b26d533 (127.2.197.66) to 0c7147b3c4074bfc84941851ecc6d2f0 (127.2.197.67). New cstate: current_term: 2 leader_uuid: "0c7147b3c4074bfc84941851ecc6d2f0" committed_config { opid_index: -1 OBSOLETE_local: false peers { permanent_uuid: "02dcbdcbf5814a538f98423f6b2a3cc4" member_type: VOTER last_known_addr { host: "127.2.197.65" port: 39165 } health_report { overall_health: UNKNOWN } } peers { permanent_uuid: "95ddd13d71f7451e80a7e3e04b26d533" member_type: VOTER last_known_addr { host: "127.2.197.66" port: 36249 } health_report { overall_health: UNKNOWN } } peers { permanent_uuid: "0c7147b3c4074bfc84941851ecc6d2f0" member_type: VOTER last_known_addr { host: "127.2.197.67" port: 45457 } health_report { overall_health: HEALTHY } } }
I20260710 11:10:55.056730  2972 raft_consensus.cc:1275] T 2c6550a2b651423e95be98896b93d347 P 02dcbdcbf5814a538f98423f6b2a3cc4 [term 2 FOLLOWER]: Refusing update from remote peer 95ddd13d71f7451e80a7e3e04b26d533: Log matching property violated. Preceding OpId in replica: term: 1 index: 1. Preceding OpId from leader: term: 2 index: 2. (index mismatch)
I20260710 11:10:55.057791  3236 consensus_queue.cc:1048] T 2c6550a2b651423e95be98896b93d347 P 95ddd13d71f7451e80a7e3e04b26d533 [LEADER]: Connected to new peer: Peer: permanent_uuid: "02dcbdcbf5814a538f98423f6b2a3cc4" member_type: VOTER last_known_addr { host: "127.2.197.65" port: 39165 }, Status: LMP_MISMATCH, Last received: 0.0, Next index: 2, Last known committed idx: 1, Time since last communication: 0.000s
I20260710 11:10:55.065814  3120 raft_consensus.cc:1275] T 2c6550a2b651423e95be98896b93d347 P 0c7147b3c4074bfc84941851ecc6d2f0 [term 2 FOLLOWER]: Refusing update from remote peer 95ddd13d71f7451e80a7e3e04b26d533: Log matching property violated. Preceding OpId in replica: term: 1 index: 1. Preceding OpId from leader: term: 2 index: 2. (index mismatch)
I20260710 11:10:55.067739  3250 consensus_queue.cc:1048] T 2c6550a2b651423e95be98896b93d347 P 95ddd13d71f7451e80a7e3e04b26d533 [LEADER]: Connected to new peer: Peer: permanent_uuid: "0c7147b3c4074bfc84941851ecc6d2f0" member_type: VOTER last_known_addr { host: "127.2.197.67" port: 45457 }, Status: LMP_MISMATCH, Last received: 0.0, Next index: 2, Last known committed idx: 1, Time since last communication: 0.000s
I20260710 11:10:55.093346  3120 raft_consensus.cc:1275] T e6f2aaf1468a4bbe9fb37693966954be P 0c7147b3c4074bfc84941851ecc6d2f0 [term 2 FOLLOWER]: Refusing update from remote peer 95ddd13d71f7451e80a7e3e04b26d533: Log matching property violated. Preceding OpId in replica: term: 1 index: 1. Preceding OpId from leader: term: 2 index: 2. (index mismatch)
I20260710 11:10:55.094295  3250 consensus_queue.cc:1048] T e6f2aaf1468a4bbe9fb37693966954be P 95ddd13d71f7451e80a7e3e04b26d533 [LEADER]: Connected to new peer: Peer: permanent_uuid: "0c7147b3c4074bfc84941851ecc6d2f0" member_type: VOTER last_known_addr { host: "127.2.197.67" port: 45457 }, Status: LMP_MISMATCH, Last received: 0.0, Next index: 2, Last known committed idx: 1, Time since last communication: 0.000s
I20260710 11:10:55.101003  2972 raft_consensus.cc:1275] T e6f2aaf1468a4bbe9fb37693966954be P 02dcbdcbf5814a538f98423f6b2a3cc4 [term 2 FOLLOWER]: Refusing update from remote peer 95ddd13d71f7451e80a7e3e04b26d533: Log matching property violated. Preceding OpId in replica: term: 1 index: 1. Preceding OpId from leader: term: 2 index: 2. (index mismatch)
I20260710 11:10:55.102625  3250 consensus_queue.cc:1048] T e6f2aaf1468a4bbe9fb37693966954be P 95ddd13d71f7451e80a7e3e04b26d533 [LEADER]: Connected to new peer: Peer: permanent_uuid: "02dcbdcbf5814a538f98423f6b2a3cc4" member_type: VOTER last_known_addr { host: "127.2.197.65" port: 39165 }, Status: LMP_MISMATCH, Last received: 0.0, Next index: 2, Last known committed idx: 1, Time since last communication: 0.000s
I20260710 11:10:55.363142  3120 raft_consensus.cc:1275] T d0506361ecf9435ebf590bce78d1b19b P 0c7147b3c4074bfc84941851ecc6d2f0 [term 2 FOLLOWER]: Refusing update from remote peer 95ddd13d71f7451e80a7e3e04b26d533: Log matching property violated. Preceding OpId in replica: term: 1 index: 1. Preceding OpId from leader: term: 2 index: 2. (index mismatch)
I20260710 11:10:55.364172  3250 consensus_queue.cc:1048] T d0506361ecf9435ebf590bce78d1b19b P 95ddd13d71f7451e80a7e3e04b26d533 [LEADER]: Connected to new peer: Peer: permanent_uuid: "0c7147b3c4074bfc84941851ecc6d2f0" member_type: VOTER last_known_addr { host: "127.2.197.67" port: 45457 }, Status: LMP_MISMATCH, Last received: 0.0, Next index: 2, Last known committed idx: 1, Time since last communication: 0.000s
I20260710 11:10:55.370754  2972 raft_consensus.cc:1275] T d0506361ecf9435ebf590bce78d1b19b P 02dcbdcbf5814a538f98423f6b2a3cc4 [term 2 FOLLOWER]: Refusing update from remote peer 95ddd13d71f7451e80a7e3e04b26d533: Log matching property violated. Preceding OpId in replica: term: 1 index: 1. Preceding OpId from leader: term: 2 index: 2. (index mismatch)
I20260710 11:10:55.372045  3170 consensus_queue.cc:1048] T d0506361ecf9435ebf590bce78d1b19b P 95ddd13d71f7451e80a7e3e04b26d533 [LEADER]: Connected to new peer: Peer: permanent_uuid: "02dcbdcbf5814a538f98423f6b2a3cc4" member_type: VOTER last_known_addr { host: "127.2.197.65" port: 39165 }, Status: LMP_MISMATCH, Last received: 0.0, Next index: 2, Last known committed idx: 1, Time since last communication: 0.000s
I20260710 11:10:55.458791  3046 raft_consensus.cc:1275] T f5a3e18e3af3455a98b2440cb510dd95 P 95ddd13d71f7451e80a7e3e04b26d533 [term 2 FOLLOWER]: Refusing update from remote peer 0c7147b3c4074bfc84941851ecc6d2f0: Log matching property violated. Preceding OpId in replica: term: 1 index: 1. Preceding OpId from leader: term: 2 index: 2. (index mismatch)
I20260710 11:10:55.459820  3221 consensus_queue.cc:1048] T f5a3e18e3af3455a98b2440cb510dd95 P 0c7147b3c4074bfc84941851ecc6d2f0 [LEADER]: Connected to new peer: Peer: permanent_uuid: "95ddd13d71f7451e80a7e3e04b26d533" member_type: VOTER last_known_addr { host: "127.2.197.66" port: 36249 }, Status: LMP_MISMATCH, Last received: 0.0, Next index: 2, Last known committed idx: 1, Time since last communication: 0.000s
I20260710 11:10:55.467763  2972 raft_consensus.cc:1275] T f5a3e18e3af3455a98b2440cb510dd95 P 02dcbdcbf5814a538f98423f6b2a3cc4 [term 2 FOLLOWER]: Refusing update from remote peer 0c7147b3c4074bfc84941851ecc6d2f0: Log matching property violated. Preceding OpId in replica: term: 1 index: 1. Preceding OpId from leader: term: 2 index: 2. (index mismatch)
I20260710 11:10:55.468991  3221 consensus_queue.cc:1048] T f5a3e18e3af3455a98b2440cb510dd95 P 0c7147b3c4074bfc84941851ecc6d2f0 [LEADER]: Connected to new peer: Peer: permanent_uuid: "02dcbdcbf5814a538f98423f6b2a3cc4" member_type: VOTER last_known_addr { host: "127.2.197.65" port: 39165 }, Status: LMP_MISMATCH, Last received: 0.0, Next index: 2, Last known committed idx: 1, Time since last communication: 0.000s
I20260710 11:10:57.530160  2837 auto_leader_rebalancer-test.cc:316] The leader distribution is 
I20260710 11:10:57.530942  2837 auto_leader_rebalancer.cc:141] leader rebalance for table test-workload
I20260710 11:10:57.545560  3046 tablet_service.cc:2072] Received LeaderStepDown RPC: tablet_id: "e6f2aaf1468a4bbe9fb37693966954be"
dest_uuid: "95ddd13d71f7451e80a7e3e04b26d533"
mode: GRACEFUL
new_leader_uuid: "0c7147b3c4074bfc84941851ecc6d2f0"
 from {username='slave'} at 127.0.0.1:44344
I20260710 11:10:57.545997  3046 raft_consensus.cc:606] T e6f2aaf1468a4bbe9fb37693966954be P 95ddd13d71f7451e80a7e3e04b26d533 [term 2 LEADER]: Received request to transfer leadership to TS 0c7147b3c4074bfc84941851ecc6d2f0
I20260710 11:10:57.554724  2972 tablet_service.cc:2072] Received LeaderStepDown RPC: tablet_id: "f76549343aee469aa7ed1688eab5bce7"
dest_uuid: "02dcbdcbf5814a538f98423f6b2a3cc4"
mode: GRACEFUL
new_leader_uuid: "0c7147b3c4074bfc84941851ecc6d2f0"
 from {username='slave'} at 127.0.0.1:60056
I20260710 11:10:57.555265  2972 raft_consensus.cc:606] T f76549343aee469aa7ed1688eab5bce7 P 02dcbdcbf5814a538f98423f6b2a3cc4 [term 2 LEADER]: Received request to transfer leadership to TS 0c7147b3c4074bfc84941851ecc6d2f0
I20260710 11:10:57.556159  2837 auto_leader_rebalancer.cc:452] table: test-workload, leader rebalance finish, leader transfer count: 2
I20260710 11:10:57.556535  2837 auto_leader_rebalancer.cc:527] All tables' leader rebalancing finished this round
I20260710 11:10:57.636698  3236 raft_consensus.cc:993] T e6f2aaf1468a4bbe9fb37693966954be P 95ddd13d71f7451e80a7e3e04b26d533: : Instructing follower 0c7147b3c4074bfc84941851ecc6d2f0 to start an election
I20260710 11:10:57.637081  3259 raft_consensus.cc:1081] T e6f2aaf1468a4bbe9fb37693966954be P 95ddd13d71f7451e80a7e3e04b26d533 [term 2 LEADER]: Signalling peer 0c7147b3c4074bfc84941851ecc6d2f0 to start an election
I20260710 11:10:57.638377  3120 tablet_service.cc:2044] Received Run Leader Election RPC: tablet_id: "e6f2aaf1468a4bbe9fb37693966954be"
dest_uuid: "0c7147b3c4074bfc84941851ecc6d2f0"
 from {username='slave'} at 127.0.0.1:44256
I20260710 11:10:57.638800  3120 raft_consensus.cc:493] T e6f2aaf1468a4bbe9fb37693966954be P 0c7147b3c4074bfc84941851ecc6d2f0 [term 2 FOLLOWER]: Starting forced leader election (received explicit request)
I20260710 11:10:57.639109  3120 raft_consensus.cc:3060] T e6f2aaf1468a4bbe9fb37693966954be P 0c7147b3c4074bfc84941851ecc6d2f0 [term 2 FOLLOWER]: Advancing to term 3
I20260710 11:10:57.643117  3120 raft_consensus.cc:515] T e6f2aaf1468a4bbe9fb37693966954be P 0c7147b3c4074bfc84941851ecc6d2f0 [term 3 FOLLOWER]: Starting forced leader election with config: opid_index: -1 OBSOLETE_local: false peers { permanent_uuid: "02dcbdcbf5814a538f98423f6b2a3cc4" member_type: VOTER last_known_addr { host: "127.2.197.65" port: 39165 } } peers { permanent_uuid: "95ddd13d71f7451e80a7e3e04b26d533" member_type: VOTER last_known_addr { host: "127.2.197.66" port: 36249 } } peers { permanent_uuid: "0c7147b3c4074bfc84941851ecc6d2f0" member_type: VOTER last_known_addr { host: "127.2.197.67" port: 45457 } }
I20260710 11:10:57.644503  3120 leader_election.cc:290] T e6f2aaf1468a4bbe9fb37693966954be P 0c7147b3c4074bfc84941851ecc6d2f0 [CANDIDATE]: Term 3 election: Requested vote from peers 02dcbdcbf5814a538f98423f6b2a3cc4 (127.2.197.65:39165), 95ddd13d71f7451e80a7e3e04b26d533 (127.2.197.66:36249)
I20260710 11:10:57.645161  2972 tablet_service.cc:1917] Received RequestConsensusVote() RPC: tablet_id: "e6f2aaf1468a4bbe9fb37693966954be" candidate_uuid: "0c7147b3c4074bfc84941851ecc6d2f0" candidate_term: 3 candidate_status { last_received { term: 2 index: 2 } } ignore_live_leader: true dest_uuid: "02dcbdcbf5814a538f98423f6b2a3cc4"
I20260710 11:10:57.645507  3046 tablet_service.cc:1917] Received RequestConsensusVote() RPC: tablet_id: "e6f2aaf1468a4bbe9fb37693966954be" candidate_uuid: "0c7147b3c4074bfc84941851ecc6d2f0" candidate_term: 3 candidate_status { last_received { term: 2 index: 2 } } ignore_live_leader: true dest_uuid: "95ddd13d71f7451e80a7e3e04b26d533"
I20260710 11:10:57.645633  2972 raft_consensus.cc:3060] T e6f2aaf1468a4bbe9fb37693966954be P 02dcbdcbf5814a538f98423f6b2a3cc4 [term 2 FOLLOWER]: Advancing to term 3
I20260710 11:10:57.645941  3046 raft_consensus.cc:3055] T e6f2aaf1468a4bbe9fb37693966954be P 95ddd13d71f7451e80a7e3e04b26d533 [term 2 LEADER]: Stepping down as leader of term 2
I20260710 11:10:57.646169  3046 raft_consensus.cc:740] T e6f2aaf1468a4bbe9fb37693966954be P 95ddd13d71f7451e80a7e3e04b26d533 [term 2 LEADER]: Becoming Follower/Learner. State: Replica: 95ddd13d71f7451e80a7e3e04b26d533, State: Running, Role: LEADER
I20260710 11:10:57.646755  3046 consensus_queue.cc:260] T e6f2aaf1468a4bbe9fb37693966954be P 95ddd13d71f7451e80a7e3e04b26d533 [NON_LEADER]: Queue going to NON_LEADER mode. State: All replicated index: 0, Majority replicated index: 2, Committed index: 2, Last appended: 2.2, Last appended by leader: 2, Current term: 2, Majority size: -1, State: 0, Mode: NON_LEADER, active raft config: opid_index: -1 OBSOLETE_local: false peers { permanent_uuid: "02dcbdcbf5814a538f98423f6b2a3cc4" member_type: VOTER last_known_addr { host: "127.2.197.65" port: 39165 } } peers { permanent_uuid: "95ddd13d71f7451e80a7e3e04b26d533" member_type: VOTER last_known_addr { host: "127.2.197.66" port: 36249 } } peers { permanent_uuid: "0c7147b3c4074bfc84941851ecc6d2f0" member_type: VOTER last_known_addr { host: "127.2.197.67" port: 45457 } }
I20260710 11:10:57.647585  3046 raft_consensus.cc:3060] T e6f2aaf1468a4bbe9fb37693966954be P 95ddd13d71f7451e80a7e3e04b26d533 [term 2 FOLLOWER]: Advancing to term 3
I20260710 11:10:57.649695  2972 raft_consensus.cc:2468] T e6f2aaf1468a4bbe9fb37693966954be P 02dcbdcbf5814a538f98423f6b2a3cc4 [term 3 FOLLOWER]: Leader election vote request: Granting yes vote for candidate 0c7147b3c4074bfc84941851ecc6d2f0 in term 3.
I20260710 11:10:57.650599  3084 leader_election.cc:304] T e6f2aaf1468a4bbe9fb37693966954be P 0c7147b3c4074bfc84941851ecc6d2f0 [CANDIDATE]: Term 3 election: Election decided. Result: candidate won. Election summary: received 2 responses out of 3 voters: 2 yes votes; 0 no votes. yes voters: 02dcbdcbf5814a538f98423f6b2a3cc4, 0c7147b3c4074bfc84941851ecc6d2f0; no voters: 
I20260710 11:10:57.651302  3221 raft_consensus.cc:2804] T e6f2aaf1468a4bbe9fb37693966954be P 0c7147b3c4074bfc84941851ecc6d2f0 [term 3 FOLLOWER]: Leader election won for term 3
I20260710 11:10:57.651815  3046 raft_consensus.cc:2468] T e6f2aaf1468a4bbe9fb37693966954be P 95ddd13d71f7451e80a7e3e04b26d533 [term 3 FOLLOWER]: Leader election vote request: Granting yes vote for candidate 0c7147b3c4074bfc84941851ecc6d2f0 in term 3.
I20260710 11:10:57.652410  3221 raft_consensus.cc:697] T e6f2aaf1468a4bbe9fb37693966954be P 0c7147b3c4074bfc84941851ecc6d2f0 [term 3 LEADER]: Becoming Leader. State: Replica: 0c7147b3c4074bfc84941851ecc6d2f0, State: Running, Role: LEADER
I20260710 11:10:57.653157  3221 consensus_queue.cc:237] T e6f2aaf1468a4bbe9fb37693966954be P 0c7147b3c4074bfc84941851ecc6d2f0 [LEADER]: Queue going to LEADER mode. State: All replicated index: 0, Majority replicated index: 2, Committed index: 2, Last appended: 2.2, Last appended by leader: 2, Current term: 3, Majority size: 2, State: 0, Mode: LEADER, active raft config: opid_index: -1 OBSOLETE_local: false peers { permanent_uuid: "02dcbdcbf5814a538f98423f6b2a3cc4" member_type: VOTER last_known_addr { host: "127.2.197.65" port: 39165 } } peers { permanent_uuid: "95ddd13d71f7451e80a7e3e04b26d533" member_type: VOTER last_known_addr { host: "127.2.197.66" port: 36249 } } peers { permanent_uuid: "0c7147b3c4074bfc84941851ecc6d2f0" member_type: VOTER last_known_addr { host: "127.2.197.67" port: 45457 } }
I20260710 11:10:57.659142  2869 catalog_manager.cc:5697] T e6f2aaf1468a4bbe9fb37693966954be P 0c7147b3c4074bfc84941851ecc6d2f0 reported cstate change: term changed from 2 to 3, leader changed from 95ddd13d71f7451e80a7e3e04b26d533 (127.2.197.66) to 0c7147b3c4074bfc84941851ecc6d2f0 (127.2.197.67). New cstate: current_term: 3 leader_uuid: "0c7147b3c4074bfc84941851ecc6d2f0" committed_config { opid_index: -1 OBSOLETE_local: false peers { permanent_uuid: "02dcbdcbf5814a538f98423f6b2a3cc4" member_type: VOTER last_known_addr { host: "127.2.197.65" port: 39165 } health_report { overall_health: UNKNOWN } } peers { permanent_uuid: "95ddd13d71f7451e80a7e3e04b26d533" member_type: VOTER last_known_addr { host: "127.2.197.66" port: 36249 } health_report { overall_health: UNKNOWN } } peers { permanent_uuid: "0c7147b3c4074bfc84941851ecc6d2f0" member_type: VOTER last_known_addr { host: "127.2.197.67" port: 45457 } health_report { overall_health: HEALTHY } } }
I20260710 11:10:57.704859  3254 raft_consensus.cc:993] T f76549343aee469aa7ed1688eab5bce7 P 02dcbdcbf5814a538f98423f6b2a3cc4: : Instructing follower 0c7147b3c4074bfc84941851ecc6d2f0 to start an election
I20260710 11:10:57.705204  3266 raft_consensus.cc:1081] T f76549343aee469aa7ed1688eab5bce7 P 02dcbdcbf5814a538f98423f6b2a3cc4 [term 2 LEADER]: Signalling peer 0c7147b3c4074bfc84941851ecc6d2f0 to start an election
I20260710 11:10:57.706380  3120 tablet_service.cc:2044] Received Run Leader Election RPC: tablet_id: "f76549343aee469aa7ed1688eab5bce7"
dest_uuid: "0c7147b3c4074bfc84941851ecc6d2f0"
 from {username='slave'} at 127.0.0.1:44254
I20260710 11:10:57.706776  3120 raft_consensus.cc:493] T f76549343aee469aa7ed1688eab5bce7 P 0c7147b3c4074bfc84941851ecc6d2f0 [term 2 FOLLOWER]: Starting forced leader election (received explicit request)
I20260710 11:10:57.707046  3120 raft_consensus.cc:3060] T f76549343aee469aa7ed1688eab5bce7 P 0c7147b3c4074bfc84941851ecc6d2f0 [term 2 FOLLOWER]: Advancing to term 3
I20260710 11:10:57.711024  3120 raft_consensus.cc:515] T f76549343aee469aa7ed1688eab5bce7 P 0c7147b3c4074bfc84941851ecc6d2f0 [term 3 FOLLOWER]: Starting forced leader election with config: opid_index: -1 OBSOLETE_local: false peers { permanent_uuid: "02dcbdcbf5814a538f98423f6b2a3cc4" member_type: VOTER last_known_addr { host: "127.2.197.65" port: 39165 } } peers { permanent_uuid: "95ddd13d71f7451e80a7e3e04b26d533" member_type: VOTER last_known_addr { host: "127.2.197.66" port: 36249 } } peers { permanent_uuid: "0c7147b3c4074bfc84941851ecc6d2f0" member_type: VOTER last_known_addr { host: "127.2.197.67" port: 45457 } }
I20260710 11:10:57.712399  3120 leader_election.cc:290] T f76549343aee469aa7ed1688eab5bce7 P 0c7147b3c4074bfc84941851ecc6d2f0 [CANDIDATE]: Term 3 election: Requested vote from peers 02dcbdcbf5814a538f98423f6b2a3cc4 (127.2.197.65:39165), 95ddd13d71f7451e80a7e3e04b26d533 (127.2.197.66:36249)
I20260710 11:10:57.713016  2972 tablet_service.cc:1917] Received RequestConsensusVote() RPC: tablet_id: "f76549343aee469aa7ed1688eab5bce7" candidate_uuid: "0c7147b3c4074bfc84941851ecc6d2f0" candidate_term: 3 candidate_status { last_received { term: 2 index: 2 } } ignore_live_leader: true dest_uuid: "02dcbdcbf5814a538f98423f6b2a3cc4"
I20260710 11:10:57.713313  3046 tablet_service.cc:1917] Received RequestConsensusVote() RPC: tablet_id: "f76549343aee469aa7ed1688eab5bce7" candidate_uuid: "0c7147b3c4074bfc84941851ecc6d2f0" candidate_term: 3 candidate_status { last_received { term: 2 index: 2 } } ignore_live_leader: true dest_uuid: "95ddd13d71f7451e80a7e3e04b26d533"
I20260710 11:10:57.713467  2972 raft_consensus.cc:3055] T f76549343aee469aa7ed1688eab5bce7 P 02dcbdcbf5814a538f98423f6b2a3cc4 [term 2 LEADER]: Stepping down as leader of term 2
I20260710 11:10:57.713742  2972 raft_consensus.cc:740] T f76549343aee469aa7ed1688eab5bce7 P 02dcbdcbf5814a538f98423f6b2a3cc4 [term 2 LEADER]: Becoming Follower/Learner. State: Replica: 02dcbdcbf5814a538f98423f6b2a3cc4, State: Running, Role: LEADER
I20260710 11:10:57.713771  3046 raft_consensus.cc:3060] T f76549343aee469aa7ed1688eab5bce7 P 95ddd13d71f7451e80a7e3e04b26d533 [term 2 FOLLOWER]: Advancing to term 3
I20260710 11:10:57.714360  2972 consensus_queue.cc:260] T f76549343aee469aa7ed1688eab5bce7 P 02dcbdcbf5814a538f98423f6b2a3cc4 [NON_LEADER]: Queue going to NON_LEADER mode. State: All replicated index: 0, Majority replicated index: 2, Committed index: 2, Last appended: 2.2, Last appended by leader: 2, Current term: 2, Majority size: -1, State: 0, Mode: NON_LEADER, active raft config: opid_index: -1 OBSOLETE_local: false peers { permanent_uuid: "02dcbdcbf5814a538f98423f6b2a3cc4" member_type: VOTER last_known_addr { host: "127.2.197.65" port: 39165 } } peers { permanent_uuid: "95ddd13d71f7451e80a7e3e04b26d533" member_type: VOTER last_known_addr { host: "127.2.197.66" port: 36249 } } peers { permanent_uuid: "0c7147b3c4074bfc84941851ecc6d2f0" member_type: VOTER last_known_addr { host: "127.2.197.67" port: 45457 } }
I20260710 11:10:57.715180  2972 raft_consensus.cc:3060] T f76549343aee469aa7ed1688eab5bce7 P 02dcbdcbf5814a538f98423f6b2a3cc4 [term 2 FOLLOWER]: Advancing to term 3
I20260710 11:10:57.718071  3046 raft_consensus.cc:2468] T f76549343aee469aa7ed1688eab5bce7 P 95ddd13d71f7451e80a7e3e04b26d533 [term 3 FOLLOWER]: Leader election vote request: Granting yes vote for candidate 0c7147b3c4074bfc84941851ecc6d2f0 in term 3.
I20260710 11:10:57.718995  3084 leader_election.cc:304] T f76549343aee469aa7ed1688eab5bce7 P 0c7147b3c4074bfc84941851ecc6d2f0 [CANDIDATE]: Term 3 election: Election decided. Result: candidate won. Election summary: received 2 responses out of 3 voters: 2 yes votes; 0 no votes. yes voters: 0c7147b3c4074bfc84941851ecc6d2f0, 95ddd13d71f7451e80a7e3e04b26d533; no voters: 
I20260710 11:10:57.719439  2972 raft_consensus.cc:2468] T f76549343aee469aa7ed1688eab5bce7 P 02dcbdcbf5814a538f98423f6b2a3cc4 [term 3 FOLLOWER]: Leader election vote request: Granting yes vote for candidate 0c7147b3c4074bfc84941851ecc6d2f0 in term 3.
I20260710 11:10:57.719609  3221 raft_consensus.cc:2804] T f76549343aee469aa7ed1688eab5bce7 P 0c7147b3c4074bfc84941851ecc6d2f0 [term 3 FOLLOWER]: Leader election won for term 3
I20260710 11:10:57.720075  3221 raft_consensus.cc:697] T f76549343aee469aa7ed1688eab5bce7 P 0c7147b3c4074bfc84941851ecc6d2f0 [term 3 LEADER]: Becoming Leader. State: Replica: 0c7147b3c4074bfc84941851ecc6d2f0, State: Running, Role: LEADER
I20260710 11:10:57.720810  3221 consensus_queue.cc:237] T f76549343aee469aa7ed1688eab5bce7 P 0c7147b3c4074bfc84941851ecc6d2f0 [LEADER]: Queue going to LEADER mode. State: All replicated index: 0, Majority replicated index: 2, Committed index: 2, Last appended: 2.2, Last appended by leader: 2, Current term: 3, Majority size: 2, State: 0, Mode: LEADER, active raft config: opid_index: -1 OBSOLETE_local: false peers { permanent_uuid: "02dcbdcbf5814a538f98423f6b2a3cc4" member_type: VOTER last_known_addr { host: "127.2.197.65" port: 39165 } } peers { permanent_uuid: "95ddd13d71f7451e80a7e3e04b26d533" member_type: VOTER last_known_addr { host: "127.2.197.66" port: 36249 } } peers { permanent_uuid: "0c7147b3c4074bfc84941851ecc6d2f0" member_type: VOTER last_known_addr { host: "127.2.197.67" port: 45457 } }
