I20260710 11:10:19.599642  2719 ts_tablet_manager.cc:1434] T 2b70880915b8432ab230a3cd03972ac1 P e5350472cef24d14af00b00aea14b528: Time spent starting tablet: real 0.012s	user 0.001s	sys 0.006s
I20260710 11:10:19.600031  2738 consensus_queue.cc:237] T 24d4da66a28d49678b8a80de4f629fdf P e5350472cef24d14af00b00aea14b528 [LEADER]: Queue going to LEADER mode. State: All replicated index: 0, Majority replicated index: 0, Committed index: 0, Last appended: 0.0, Last appended by leader: 0, Current term: 1, Majority size: 2, State: 0, Mode: LEADER, active raft config: opid_index: -1 OBSOLETE_local: false peers { permanent_uuid: "81f1d899abc2451bb2b24534c88d104f" member_type: VOTER last_known_addr { host: "127.2.85.65" port: 40641 } } peers { permanent_uuid: "e5350472cef24d14af00b00aea14b528" member_type: VOTER last_known_addr { host: "127.2.85.66" port: 33093 } } peers { permanent_uuid: "ff62e2ed4859438ca947d75e390e2938" member_type: VOTER last_known_addr { host: "127.2.85.67" port: 34121 } }
I20260710 11:10:19.600479  2719 tablet_bootstrap.cc:492] T 819a8ba9beaf43819a3fc7aa318343e0 P e5350472cef24d14af00b00aea14b528: Bootstrap starting.
I20260710 11:10:19.601246  2724 raft_consensus.cc:493] T 1c912ea4ad2041afb60a080dc1c0cb6a P e5350472cef24d14af00b00aea14b528 [term 0 FOLLOWER]: Starting pre-election (no leader contacted us within the election timeout)
I20260710 11:10:19.601883  2718 tablet_bootstrap.cc:492] T 4e8fb033924747568971bb348b12b22e P ff62e2ed4859438ca947d75e390e2938: Bootstrap starting.
I20260710 11:10:19.601809  2724 raft_consensus.cc:515] T 1c912ea4ad2041afb60a080dc1c0cb6a P e5350472cef24d14af00b00aea14b528 [term 0 FOLLOWER]: Starting pre-election with config: opid_index: -1 OBSOLETE_local: false peers { permanent_uuid: "81f1d899abc2451bb2b24534c88d104f" member_type: VOTER last_known_addr { host: "127.2.85.65" port: 40641 } } peers { permanent_uuid: "e5350472cef24d14af00b00aea14b528" member_type: VOTER last_known_addr { host: "127.2.85.66" port: 33093 } } peers { permanent_uuid: "ff62e2ed4859438ca947d75e390e2938" member_type: VOTER last_known_addr { host: "127.2.85.67" port: 34121 } }
I20260710 11:10:19.603720  2724 leader_election.cc:290] T 1c912ea4ad2041afb60a080dc1c0cb6a P e5350472cef24d14af00b00aea14b528 [CANDIDATE]: Term 1 pre-election: Requested pre-vote from peers 81f1d899abc2451bb2b24534c88d104f (127.2.85.65:40641), ff62e2ed4859438ca947d75e390e2938 (127.2.85.67:34121)
I20260710 11:10:19.603258  2717 tablet_bootstrap.cc:492] T c64e9c77aab342b98ae441f0da13b61a P 81f1d899abc2451bb2b24534c88d104f: No bootstrap required, opened a new log
I20260710 11:10:19.607789  2717 ts_tablet_manager.cc:1403] T c64e9c77aab342b98ae441f0da13b61a P 81f1d899abc2451bb2b24534c88d104f: Time spent bootstrapping tablet: real 0.038s	user 0.007s	sys 0.015s
I20260710 11:10:19.608426  2674 tablet_service.cc:1917] Received RequestConsensusVote() RPC: tablet_id: "1c912ea4ad2041afb60a080dc1c0cb6a" candidate_uuid: "e5350472cef24d14af00b00aea14b528" candidate_term: 1 candidate_status { last_received { term: 0 index: 0 } } ignore_live_leader: false dest_uuid: "ff62e2ed4859438ca947d75e390e2938" is_pre_election: true
W20260710 11:10:19.610181  2566 leader_election.cc:343] T 1c912ea4ad2041afb60a080dc1c0cb6a P e5350472cef24d14af00b00aea14b528 [CANDIDATE]: Term 1 pre-election: Tablet error from VoteRequest() call to peer ff62e2ed4859438ca947d75e390e2938 (127.2.85.67:34121): Illegal state: must be running to vote when last-logged opid is not known
I20260710 11:10:19.612239  2524 tablet_service.cc:1917] Received RequestConsensusVote() RPC: tablet_id: "1c912ea4ad2041afb60a080dc1c0cb6a" candidate_uuid: "e5350472cef24d14af00b00aea14b528" candidate_term: 1 candidate_status { last_received { term: 0 index: 0 } } ignore_live_leader: false dest_uuid: "81f1d899abc2451bb2b24534c88d104f" is_pre_election: true
I20260710 11:10:19.615775  2524 raft_consensus.cc:2468] T 1c912ea4ad2041afb60a080dc1c0cb6a P 81f1d899abc2451bb2b24534c88d104f [term 0 FOLLOWER]: Leader pre-election vote request: Granting yes vote for candidate e5350472cef24d14af00b00aea14b528 in term 0.
I20260710 11:10:19.618019  2564 leader_election.cc:304] T 1c912ea4ad2041afb60a080dc1c0cb6a P e5350472cef24d14af00b00aea14b528 [CANDIDATE]: Term 1 pre-election: Election decided. Result: candidate won. Election summary: received 3 responses out of 3 voters: 2 yes votes; 1 no votes. yes voters: 81f1d899abc2451bb2b24534c88d104f, e5350472cef24d14af00b00aea14b528; no voters: ff62e2ed4859438ca947d75e390e2938
I20260710 11:10:19.619099  2724 raft_consensus.cc:2804] T 1c912ea4ad2041afb60a080dc1c0cb6a P e5350472cef24d14af00b00aea14b528 [term 0 FOLLOWER]: Leader pre-election won for term 1
I20260710 11:10:19.619315  2719 tablet_bootstrap.cc:654] T 819a8ba9beaf43819a3fc7aa318343e0 P e5350472cef24d14af00b00aea14b528: Neither blocks nor log segments found. Creating new log.
I20260710 11:10:19.619450  2724 raft_consensus.cc:493] T 1c912ea4ad2041afb60a080dc1c0cb6a P e5350472cef24d14af00b00aea14b528 [term 0 FOLLOWER]: Starting leader election (no leader contacted us within the election timeout)
I20260710 11:10:19.619761  2724 raft_consensus.cc:3060] T 1c912ea4ad2041afb60a080dc1c0cb6a P e5350472cef24d14af00b00aea14b528 [term 0 FOLLOWER]: Advancing to term 1
I20260710 11:10:19.616555  2718 tablet_bootstrap.cc:654] T 4e8fb033924747568971bb348b12b22e P ff62e2ed4859438ca947d75e390e2938: Neither blocks nor log segments found. Creating new log.
I20260710 11:10:19.615197  2420 catalog_manager.cc:5697] T 852c232a86504c0f9ae6a09a415e6e9d P e5350472cef24d14af00b00aea14b528 reported cstate change: term changed from 0 to 1, leader changed from <none> to e5350472cef24d14af00b00aea14b528 (127.2.85.66). New cstate: current_term: 1 leader_uuid: "e5350472cef24d14af00b00aea14b528" committed_config { opid_index: -1 OBSOLETE_local: false peers { permanent_uuid: "81f1d899abc2451bb2b24534c88d104f" member_type: VOTER last_known_addr { host: "127.2.85.65" port: 40641 } health_report { overall_health: UNKNOWN } } peers { permanent_uuid: "e5350472cef24d14af00b00aea14b528" member_type: VOTER last_known_addr { host: "127.2.85.66" port: 33093 } health_report { overall_health: HEALTHY } } peers { permanent_uuid: "ff62e2ed4859438ca947d75e390e2938" member_type: VOTER last_known_addr { host: "127.2.85.67" port: 34121 } health_report { overall_health: UNKNOWN } } }
I20260710 11:10:19.630511  2717 raft_consensus.cc:359] T c64e9c77aab342b98ae441f0da13b61a P 81f1d899abc2451bb2b24534c88d104f [term 0 FOLLOWER]: Replica starting. Triggering 0 pending ops. Active config: opid_index: -1 OBSOLETE_local: false peers { permanent_uuid: "81f1d899abc2451bb2b24534c88d104f" member_type: VOTER last_known_addr { host: "127.2.85.65" port: 40641 } } peers { permanent_uuid: "e5350472cef24d14af00b00aea14b528" member_type: VOTER last_known_addr { host: "127.2.85.66" port: 33093 } } peers { permanent_uuid: "ff62e2ed4859438ca947d75e390e2938" member_type: VOTER last_known_addr { host: "127.2.85.67" port: 34121 } }
I20260710 11:10:19.631373  2724 raft_consensus.cc:515] T 1c912ea4ad2041afb60a080dc1c0cb6a P e5350472cef24d14af00b00aea14b528 [term 1 FOLLOWER]: Starting leader election with config: opid_index: -1 OBSOLETE_local: false peers { permanent_uuid: "81f1d899abc2451bb2b24534c88d104f" member_type: VOTER last_known_addr { host: "127.2.85.65" port: 40641 } } peers { permanent_uuid: "e5350472cef24d14af00b00aea14b528" member_type: VOTER last_known_addr { host: "127.2.85.66" port: 33093 } } peers { permanent_uuid: "ff62e2ed4859438ca947d75e390e2938" member_type: VOTER last_known_addr { host: "127.2.85.67" port: 34121 } }
I20260710 11:10:19.635397  2724 leader_election.cc:290] T 1c912ea4ad2041afb60a080dc1c0cb6a P e5350472cef24d14af00b00aea14b528 [CANDIDATE]: Term 1 election: Requested vote from peers 81f1d899abc2451bb2b24534c88d104f (127.2.85.65:40641), ff62e2ed4859438ca947d75e390e2938 (127.2.85.67:34121)
I20260710 11:10:19.637688  2674 tablet_service.cc:1917] Received RequestConsensusVote() RPC: tablet_id: "1c912ea4ad2041afb60a080dc1c0cb6a" candidate_uuid: "e5350472cef24d14af00b00aea14b528" candidate_term: 1 candidate_status { last_received { term: 0 index: 0 } } ignore_live_leader: false dest_uuid: "ff62e2ed4859438ca947d75e390e2938"
W20260710 11:10:19.639626  2566 leader_election.cc:343] T 1c912ea4ad2041afb60a080dc1c0cb6a P e5350472cef24d14af00b00aea14b528 [CANDIDATE]: Term 1 election: Tablet error from VoteRequest() call to peer ff62e2ed4859438ca947d75e390e2938 (127.2.85.67:34121): Illegal state: must be running to vote when last-logged opid is not known
I20260710 11:10:19.640708  2524 tablet_service.cc:1917] Received RequestConsensusVote() RPC: tablet_id: "1c912ea4ad2041afb60a080dc1c0cb6a" candidate_uuid: "e5350472cef24d14af00b00aea14b528" candidate_term: 1 candidate_status { last_received { term: 0 index: 0 } } ignore_live_leader: false dest_uuid: "81f1d899abc2451bb2b24534c88d104f"
I20260710 11:10:19.641450  2524 raft_consensus.cc:3060] T 1c912ea4ad2041afb60a080dc1c0cb6a P 81f1d899abc2451bb2b24534c88d104f [term 0 FOLLOWER]: Advancing to term 1
I20260710 11:10:19.633399  2717 raft_consensus.cc:385] T c64e9c77aab342b98ae441f0da13b61a P 81f1d899abc2451bb2b24534c88d104f [term 0 FOLLOWER]: Consensus starting up: Expiring failure detector timer to make a prompt election more likely
I20260710 11:10:19.646114  2717 raft_consensus.cc:740] T c64e9c77aab342b98ae441f0da13b61a P 81f1d899abc2451bb2b24534c88d104f [term 0 FOLLOWER]: Becoming Follower/Learner. State: Replica: 81f1d899abc2451bb2b24534c88d104f, State: Initialized, Role: FOLLOWER
I20260710 11:10:19.647944  2717 consensus_queue.cc:260] T c64e9c77aab342b98ae441f0da13b61a P 81f1d899abc2451bb2b24534c88d104f [NON_LEADER]: Queue going to NON_LEADER mode. State: All replicated index: 0, Majority replicated index: 0, Committed index: 0, Last appended: 0.0, Last appended by leader: 0, Current term: 0, Majority size: -1, State: 0, Mode: NON_LEADER, active raft config: opid_index: -1 OBSOLETE_local: false peers { permanent_uuid: "81f1d899abc2451bb2b24534c88d104f" member_type: VOTER last_known_addr { host: "127.2.85.65" port: 40641 } } peers { permanent_uuid: "e5350472cef24d14af00b00aea14b528" member_type: VOTER last_known_addr { host: "127.2.85.66" port: 33093 } } peers { permanent_uuid: "ff62e2ed4859438ca947d75e390e2938" member_type: VOTER last_known_addr { host: "127.2.85.67" port: 34121 } }
I20260710 11:10:19.651024  2524 raft_consensus.cc:2468] T 1c912ea4ad2041afb60a080dc1c0cb6a P 81f1d899abc2451bb2b24534c88d104f [term 1 FOLLOWER]: Leader election vote request: Granting yes vote for candidate e5350472cef24d14af00b00aea14b528 in term 1.
I20260710 11:10:19.651207  2718 tablet_bootstrap.cc:492] T 4e8fb033924747568971bb348b12b22e P ff62e2ed4859438ca947d75e390e2938: No bootstrap required, opened a new log
I20260710 11:10:19.651753  2718 ts_tablet_manager.cc:1403] T 4e8fb033924747568971bb348b12b22e P ff62e2ed4859438ca947d75e390e2938: Time spent bootstrapping tablet: real 0.050s	user 0.023s	sys 0.013s
I20260710 11:10:19.653805  2719 tablet_bootstrap.cc:492] T 819a8ba9beaf43819a3fc7aa318343e0 P e5350472cef24d14af00b00aea14b528: No bootstrap required, opened a new log
I20260710 11:10:19.654273  2719 ts_tablet_manager.cc:1403] T 819a8ba9beaf43819a3fc7aa318343e0 P e5350472cef24d14af00b00aea14b528: Time spent bootstrapping tablet: real 0.054s	user 0.006s	sys 0.007s
I20260710 11:10:19.654366  2564 leader_election.cc:304] T 1c912ea4ad2041afb60a080dc1c0cb6a P e5350472cef24d14af00b00aea14b528 [CANDIDATE]: Term 1 election: Election decided. Result: candidate won. Election summary: received 3 responses out of 3 voters: 2 yes votes; 1 no votes. yes voters: 81f1d899abc2451bb2b24534c88d104f, e5350472cef24d14af00b00aea14b528; no voters: ff62e2ed4859438ca947d75e390e2938
I20260710 11:10:19.655118  2718 raft_consensus.cc:359] T 4e8fb033924747568971bb348b12b22e P ff62e2ed4859438ca947d75e390e2938 [term 0 FOLLOWER]: Replica starting. Triggering 0 pending ops. Active config: opid_index: -1 OBSOLETE_local: false peers { permanent_uuid: "81f1d899abc2451bb2b24534c88d104f" member_type: VOTER last_known_addr { host: "127.2.85.65" port: 40641 } } peers { permanent_uuid: "e5350472cef24d14af00b00aea14b528" member_type: VOTER last_known_addr { host: "127.2.85.66" port: 33093 } } peers { permanent_uuid: "ff62e2ed4859438ca947d75e390e2938" member_type: VOTER last_known_addr { host: "127.2.85.67" port: 34121 } }
I20260710 11:10:19.655995  2718 raft_consensus.cc:385] T 4e8fb033924747568971bb348b12b22e P ff62e2ed4859438ca947d75e390e2938 [term 0 FOLLOWER]: Consensus starting up: Expiring failure detector timer to make a prompt election more likely
I20260710 11:10:19.656373  2718 raft_consensus.cc:740] T 4e8fb033924747568971bb348b12b22e P ff62e2ed4859438ca947d75e390e2938 [term 0 FOLLOWER]: Becoming Follower/Learner. State: Replica: ff62e2ed4859438ca947d75e390e2938, State: Initialized, Role: FOLLOWER
I20260710 11:10:19.656936  2724 raft_consensus.cc:2804] T 1c912ea4ad2041afb60a080dc1c0cb6a P e5350472cef24d14af00b00aea14b528 [term 1 FOLLOWER]: Leader election won for term 1
I20260710 11:10:19.657439  2724 raft_consensus.cc:697] T 1c912ea4ad2041afb60a080dc1c0cb6a P e5350472cef24d14af00b00aea14b528 [term 1 LEADER]: Becoming Leader. State: Replica: e5350472cef24d14af00b00aea14b528, State: Running, Role: LEADER
I20260710 11:10:19.657516  2718 consensus_queue.cc:260] T 4e8fb033924747568971bb348b12b22e P ff62e2ed4859438ca947d75e390e2938 [NON_LEADER]: Queue going to NON_LEADER mode. State: All replicated index: 0, Majority replicated index: 0, Committed index: 0, Last appended: 0.0, Last appended by leader: 0, Current term: 0, Majority size: -1, State: 0, Mode: NON_LEADER, active raft config: opid_index: -1 OBSOLETE_local: false peers { permanent_uuid: "81f1d899abc2451bb2b24534c88d104f" member_type: VOTER last_known_addr { host: "127.2.85.65" port: 40641 } } peers { permanent_uuid: "e5350472cef24d14af00b00aea14b528" member_type: VOTER last_known_addr { host: "127.2.85.66" port: 33093 } } peers { permanent_uuid: "ff62e2ed4859438ca947d75e390e2938" member_type: VOTER last_known_addr { host: "127.2.85.67" port: 34121 } }
I20260710 11:10:19.658349  2724 consensus_queue.cc:237] T 1c912ea4ad2041afb60a080dc1c0cb6a P e5350472cef24d14af00b00aea14b528 [LEADER]: Queue going to LEADER mode. State: All replicated index: 0, Majority replicated index: 0, Committed index: 0, Last appended: 0.0, Last appended by leader: 0, Current term: 1, Majority size: 2, State: 0, Mode: LEADER, active raft config: opid_index: -1 OBSOLETE_local: false peers { permanent_uuid: "81f1d899abc2451bb2b24534c88d104f" member_type: VOTER last_known_addr { host: "127.2.85.65" port: 40641 } } peers { permanent_uuid: "e5350472cef24d14af00b00aea14b528" member_type: VOTER last_known_addr { host: "127.2.85.66" port: 33093 } } peers { permanent_uuid: "ff62e2ed4859438ca947d75e390e2938" member_type: VOTER last_known_addr { host: "127.2.85.67" port: 34121 } }
I20260710 11:10:19.660774  2718 ts_tablet_manager.cc:1434] T 4e8fb033924747568971bb348b12b22e P ff62e2ed4859438ca947d75e390e2938: Time spent starting tablet: real 0.009s	user 0.002s	sys 0.005s
I20260710 11:10:19.662030  2718 tablet_bootstrap.cc:492] T 24d4da66a28d49678b8a80de4f629fdf P ff62e2ed4859438ca947d75e390e2938: Bootstrap starting.
I20260710 11:10:19.657243  2719 raft_consensus.cc:359] T 819a8ba9beaf43819a3fc7aa318343e0 P e5350472cef24d14af00b00aea14b528 [term 0 FOLLOWER]: Replica starting. Triggering 0 pending ops. Active config: opid_index: -1 OBSOLETE_local: false peers { permanent_uuid: "81f1d899abc2451bb2b24534c88d104f" member_type: VOTER last_known_addr { host: "127.2.85.65" port: 40641 } } peers { permanent_uuid: "ff62e2ed4859438ca947d75e390e2938" member_type: VOTER last_known_addr { host: "127.2.85.67" port: 34121 } } peers { permanent_uuid: "e5350472cef24d14af00b00aea14b528" member_type: VOTER last_known_addr { host: "127.2.85.66" port: 33093 } }
I20260710 11:10:19.667424  2719 raft_consensus.cc:385] T 819a8ba9beaf43819a3fc7aa318343e0 P e5350472cef24d14af00b00aea14b528 [term 0 FOLLOWER]: Consensus starting up: Expiring failure detector timer to make a prompt election more likely
I20260710 11:10:19.667924  2719 raft_consensus.cc:740] T 819a8ba9beaf43819a3fc7aa318343e0 P e5350472cef24d14af00b00aea14b528 [term 0 FOLLOWER]: Becoming Follower/Learner. State: Replica: e5350472cef24d14af00b00aea14b528, State: Initialized, Role: FOLLOWER
I20260710 11:10:19.670042  2717 ts_tablet_manager.cc:1434] T c64e9c77aab342b98ae441f0da13b61a P 81f1d899abc2451bb2b24534c88d104f: Time spent starting tablet: real 0.062s	user 0.007s	sys 0.001s
I20260710 11:10:19.668597  2719 consensus_queue.cc:260] T 819a8ba9beaf43819a3fc7aa318343e0 P e5350472cef24d14af00b00aea14b528 [NON_LEADER]: Queue going to NON_LEADER mode. State: All replicated index: 0, Majority replicated index: 0, Committed index: 0, Last appended: 0.0, Last appended by leader: 0, Current term: 0, Majority size: -1, State: 0, Mode: NON_LEADER, active raft config: opid_index: -1 OBSOLETE_local: false peers { permanent_uuid: "81f1d899abc2451bb2b24534c88d104f" member_type: VOTER last_known_addr { host: "127.2.85.65" port: 40641 } } peers { permanent_uuid: "ff62e2ed4859438ca947d75e390e2938" member_type: VOTER last_known_addr { host: "127.2.85.67" port: 34121 } } peers { permanent_uuid: "e5350472cef24d14af00b00aea14b528" member_type: VOTER last_known_addr { host: "127.2.85.66" port: 33093 } }
I20260710 11:10:19.677945  2717 tablet_bootstrap.cc:492] T 2b70880915b8432ab230a3cd03972ac1 P 81f1d899abc2451bb2b24534c88d104f: Bootstrap starting.
I20260710 11:10:19.678406  2718 tablet_bootstrap.cc:654] T 24d4da66a28d49678b8a80de4f629fdf P ff62e2ed4859438ca947d75e390e2938: Neither blocks nor log segments found. Creating new log.
I20260710 11:10:19.683853  2719 ts_tablet_manager.cc:1434] T 819a8ba9beaf43819a3fc7aa318343e0 P e5350472cef24d14af00b00aea14b528: Time spent starting tablet: real 0.029s	user 0.007s	sys 0.000s
I20260710 11:10:19.684894  2719 tablet_bootstrap.cc:492] T c64e9c77aab342b98ae441f0da13b61a P e5350472cef24d14af00b00aea14b528: Bootstrap starting.
I20260710 11:10:19.687728  2725 raft_consensus.cc:493] T 852c232a86504c0f9ae6a09a415e6e9d P ff62e2ed4859438ca947d75e390e2938 [term 0 FOLLOWER]: Starting pre-election (no leader contacted us within the election timeout)
I20260710 11:10:19.688180  2725 raft_consensus.cc:515] T 852c232a86504c0f9ae6a09a415e6e9d P ff62e2ed4859438ca947d75e390e2938 [term 0 FOLLOWER]: Starting pre-election with config: opid_index: -1 OBSOLETE_local: false peers { permanent_uuid: "81f1d899abc2451bb2b24534c88d104f" member_type: VOTER last_known_addr { host: "127.2.85.65" port: 40641 } } peers { permanent_uuid: "e5350472cef24d14af00b00aea14b528" member_type: VOTER last_known_addr { host: "127.2.85.66" port: 33093 } } peers { permanent_uuid: "ff62e2ed4859438ca947d75e390e2938" member_type: VOTER last_known_addr { host: "127.2.85.67" port: 34121 } }
I20260710 11:10:19.690809  2725 leader_election.cc:290] T 852c232a86504c0f9ae6a09a415e6e9d P ff62e2ed4859438ca947d75e390e2938 [CANDIDATE]: Term 1 pre-election: Requested pre-vote from peers 81f1d899abc2451bb2b24534c88d104f (127.2.85.65:40641), e5350472cef24d14af00b00aea14b528 (127.2.85.66:33093)
I20260710 11:10:19.693766  2723 raft_consensus.cc:493] T 2a82a2f77bd54d728900d31d03b27a01 P 81f1d899abc2451bb2b24534c88d104f [term 0 FOLLOWER]: Starting pre-election (no leader contacted us within the election timeout)
I20260710 11:10:19.694257  2723 raft_consensus.cc:515] T 2a82a2f77bd54d728900d31d03b27a01 P 81f1d899abc2451bb2b24534c88d104f [term 0 FOLLOWER]: Starting pre-election with config: opid_index: -1 OBSOLETE_local: false peers { permanent_uuid: "81f1d899abc2451bb2b24534c88d104f" member_type: VOTER last_known_addr { host: "127.2.85.65" port: 40641 } } peers { permanent_uuid: "e5350472cef24d14af00b00aea14b528" member_type: VOTER last_known_addr { host: "127.2.85.66" port: 33093 } } peers { permanent_uuid: "ff62e2ed4859438ca947d75e390e2938" member_type: VOTER last_known_addr { host: "127.2.85.67" port: 34121 } }
I20260710 11:10:19.695524  2718 tablet_bootstrap.cc:492] T 24d4da66a28d49678b8a80de4f629fdf P ff62e2ed4859438ca947d75e390e2938: No bootstrap required, opened a new log
I20260710 11:10:19.696055  2718 ts_tablet_manager.cc:1403] T 24d4da66a28d49678b8a80de4f629fdf P ff62e2ed4859438ca947d75e390e2938: Time spent bootstrapping tablet: real 0.034s	user 0.015s	sys 0.004s
I20260710 11:10:19.696972  2723 leader_election.cc:290] T 2a82a2f77bd54d728900d31d03b27a01 P 81f1d899abc2451bb2b24534c88d104f [CANDIDATE]: Term 1 pre-election: Requested pre-vote from peers e5350472cef24d14af00b00aea14b528 (127.2.85.66:33093), ff62e2ed4859438ca947d75e390e2938 (127.2.85.67:34121)
I20260710 11:10:19.699386  2718 raft_consensus.cc:359] T 24d4da66a28d49678b8a80de4f629fdf P ff62e2ed4859438ca947d75e390e2938 [term 0 FOLLOWER]: Replica starting. Triggering 0 pending ops. Active config: opid_index: -1 OBSOLETE_local: false peers { permanent_uuid: "81f1d899abc2451bb2b24534c88d104f" member_type: VOTER last_known_addr { host: "127.2.85.65" port: 40641 } } peers { permanent_uuid: "e5350472cef24d14af00b00aea14b528" member_type: VOTER last_known_addr { host: "127.2.85.66" port: 33093 } } peers { permanent_uuid: "ff62e2ed4859438ca947d75e390e2938" member_type: VOTER last_known_addr { host: "127.2.85.67" port: 34121 } }
I20260710 11:10:19.700210  2718 raft_consensus.cc:385] T 24d4da66a28d49678b8a80de4f629fdf P ff62e2ed4859438ca947d75e390e2938 [term 0 FOLLOWER]: Consensus starting up: Expiring failure detector timer to make a prompt election more likely
I20260710 11:10:19.700546  2718 raft_consensus.cc:740] T 24d4da66a28d49678b8a80de4f629fdf P ff62e2ed4859438ca947d75e390e2938 [term 0 FOLLOWER]: Becoming Follower/Learner. State: Replica: ff62e2ed4859438ca947d75e390e2938, State: Initialized, Role: FOLLOWER
I20260710 11:10:19.701498  2718 consensus_queue.cc:260] T 24d4da66a28d49678b8a80de4f629fdf P ff62e2ed4859438ca947d75e390e2938 [NON_LEADER]: Queue going to NON_LEADER mode. State: All replicated index: 0, Majority replicated index: 0, Committed index: 0, Last appended: 0.0, Last appended by leader: 0, Current term: 0, Majority size: -1, State: 0, Mode: NON_LEADER, active raft config: opid_index: -1 OBSOLETE_local: false peers { permanent_uuid: "81f1d899abc2451bb2b24534c88d104f" member_type: VOTER last_known_addr { host: "127.2.85.65" port: 40641 } } peers { permanent_uuid: "e5350472cef24d14af00b00aea14b528" member_type: VOTER last_known_addr { host: "127.2.85.66" port: 33093 } } peers { permanent_uuid: "ff62e2ed4859438ca947d75e390e2938" member_type: VOTER last_known_addr { host: "127.2.85.67" port: 34121 } }
I20260710 11:10:19.704704  2718 ts_tablet_manager.cc:1434] T 24d4da66a28d49678b8a80de4f629fdf P ff62e2ed4859438ca947d75e390e2938: Time spent starting tablet: real 0.008s	user 0.009s	sys 0.000s
I20260710 11:10:19.705888  2718 tablet_bootstrap.cc:492] T 1c912ea4ad2041afb60a080dc1c0cb6a P ff62e2ed4859438ca947d75e390e2938: Bootstrap starting.
I20260710 11:10:19.708695  2717 tablet_bootstrap.cc:654] T 2b70880915b8432ab230a3cd03972ac1 P 81f1d899abc2451bb2b24534c88d104f: Neither blocks nor log segments found. Creating new log.
I20260710 11:10:19.714159  2718 tablet_bootstrap.cc:654] T 1c912ea4ad2041afb60a080dc1c0cb6a P ff62e2ed4859438ca947d75e390e2938: Neither blocks nor log segments found. Creating new log.
I20260710 11:10:19.705406  2719 tablet_bootstrap.cc:654] T c64e9c77aab342b98ae441f0da13b61a P e5350472cef24d14af00b00aea14b528: Neither blocks nor log segments found. Creating new log.
I20260710 11:10:19.722112  2717 tablet_bootstrap.cc:492] T 2b70880915b8432ab230a3cd03972ac1 P 81f1d899abc2451bb2b24534c88d104f: No bootstrap required, opened a new log
I20260710 11:10:19.722536  2717 ts_tablet_manager.cc:1403] T 2b70880915b8432ab230a3cd03972ac1 P 81f1d899abc2451bb2b24534c88d104f: Time spent bootstrapping tablet: real 0.045s	user 0.012s	sys 0.000s
I20260710 11:10:19.724857  2717 raft_consensus.cc:359] T 2b70880915b8432ab230a3cd03972ac1 P 81f1d899abc2451bb2b24534c88d104f [term 0 FOLLOWER]: Replica starting. Triggering 0 pending ops. Active config: opid_index: -1 OBSOLETE_local: false peers { permanent_uuid: "81f1d899abc2451bb2b24534c88d104f" member_type: VOTER last_known_addr { host: "127.2.85.65" port: 40641 } } peers { permanent_uuid: "e5350472cef24d14af00b00aea14b528" member_type: VOTER last_known_addr { host: "127.2.85.66" port: 33093 } } peers { permanent_uuid: "ff62e2ed4859438ca947d75e390e2938" member_type: VOTER last_known_addr { host: "127.2.85.67" port: 34121 } }
I20260710 11:10:19.725441  2717 raft_consensus.cc:385] T 2b70880915b8432ab230a3cd03972ac1 P 81f1d899abc2451bb2b24534c88d104f [term 0 FOLLOWER]: Consensus starting up: Expiring failure detector timer to make a prompt election more likely
I20260710 11:10:19.725718  2717 raft_consensus.cc:740] T 2b70880915b8432ab230a3cd03972ac1 P 81f1d899abc2451bb2b24534c88d104f [term 0 FOLLOWER]: Becoming Follower/Learner. State: Replica: 81f1d899abc2451bb2b24534c88d104f, State: Initialized, Role: FOLLOWER
I20260710 11:10:19.730603  2724 raft_consensus.cc:493] T 2b70880915b8432ab230a3cd03972ac1 P e5350472cef24d14af00b00aea14b528 [term 0 FOLLOWER]: Starting pre-election (no leader contacted us within the election timeout)
I20260710 11:10:19.731058  2724 raft_consensus.cc:515] T 2b70880915b8432ab230a3cd03972ac1 P e5350472cef24d14af00b00aea14b528 [term 0 FOLLOWER]: Starting pre-election with config: opid_index: -1 OBSOLETE_local: false peers { permanent_uuid: "81f1d899abc2451bb2b24534c88d104f" member_type: VOTER last_known_addr { host: "127.2.85.65" port: 40641 } } peers { permanent_uuid: "e5350472cef24d14af00b00aea14b528" member_type: VOTER last_known_addr { host: "127.2.85.66" port: 33093 } } peers { permanent_uuid: "ff62e2ed4859438ca947d75e390e2938" member_type: VOTER last_known_addr { host: "127.2.85.67" port: 34121 } }
I20260710 11:10:19.732621  2718 tablet_bootstrap.cc:492] T 1c912ea4ad2041afb60a080dc1c0cb6a P ff62e2ed4859438ca947d75e390e2938: No bootstrap required, opened a new log
I20260710 11:10:19.733094  2724 leader_election.cc:290] T 2b70880915b8432ab230a3cd03972ac1 P e5350472cef24d14af00b00aea14b528 [CANDIDATE]: Term 1 pre-election: Requested pre-vote from peers 81f1d899abc2451bb2b24534c88d104f (127.2.85.65:40641), ff62e2ed4859438ca947d75e390e2938 (127.2.85.67:34121)
I20260710 11:10:19.730610  2725 raft_consensus.cc:493] T 1ef6fa5e48f246efb080f476180385f9 P ff62e2ed4859438ca947d75e390e2938 [term 0 FOLLOWER]: Starting pre-election (no leader contacted us within the election timeout)
I20260710 11:10:19.734021  2725 raft_consensus.cc:515] T 1ef6fa5e48f246efb080f476180385f9 P ff62e2ed4859438ca947d75e390e2938 [term 0 FOLLOWER]: Starting pre-election with config: opid_index: -1 OBSOLETE_local: false peers { permanent_uuid: "81f1d899abc2451bb2b24534c88d104f" member_type: VOTER last_known_addr { host: "127.2.85.65" port: 40641 } } peers { permanent_uuid: "e5350472cef24d14af00b00aea14b528" member_type: VOTER last_known_addr { host: "127.2.85.66" port: 33093 } } peers { permanent_uuid: "ff62e2ed4859438ca947d75e390e2938" member_type: VOTER last_known_addr { host: "127.2.85.67" port: 34121 } }
I20260710 11:10:19.735965  2725 leader_election.cc:290] T 1ef6fa5e48f246efb080f476180385f9 P ff62e2ed4859438ca947d75e390e2938 [CANDIDATE]: Term 1 pre-election: Requested pre-vote from peers 81f1d899abc2451bb2b24534c88d104f (127.2.85.65:40641), e5350472cef24d14af00b00aea14b528 (127.2.85.66:33093)
I20260710 11:10:19.733175  2718 ts_tablet_manager.cc:1403] T 1c912ea4ad2041afb60a080dc1c0cb6a P ff62e2ed4859438ca947d75e390e2938: Time spent bootstrapping tablet: real 0.028s	user 0.011s	sys 0.007s
I20260710 11:10:19.740038  2718 raft_consensus.cc:359] T 1c912ea4ad2041afb60a080dc1c0cb6a P ff62e2ed4859438ca947d75e390e2938 [term 0 FOLLOWER]: Replica starting. Triggering 0 pending ops. Active config: opid_index: -1 OBSOLETE_local: false peers { permanent_uuid: "81f1d899abc2451bb2b24534c88d104f" member_type: VOTER last_known_addr { host: "127.2.85.65" port: 40641 } } peers { permanent_uuid: "e5350472cef24d14af00b00aea14b528" member_type: VOTER last_known_addr { host: "127.2.85.66" port: 33093 } } peers { permanent_uuid: "ff62e2ed4859438ca947d75e390e2938" member_type: VOTER last_known_addr { host: "127.2.85.67" port: 34121 } }
I20260710 11:10:19.740974  2718 raft_consensus.cc:385] T 1c912ea4ad2041afb60a080dc1c0cb6a P ff62e2ed4859438ca947d75e390e2938 [term 0 FOLLOWER]: Consensus starting up: Expiring failure detector timer to make a prompt election more likely
I20260710 11:10:19.741357  2718 raft_consensus.cc:740] T 1c912ea4ad2041afb60a080dc1c0cb6a P ff62e2ed4859438ca947d75e390e2938 [term 0 FOLLOWER]: Becoming Follower/Learner. State: Replica: ff62e2ed4859438ca947d75e390e2938, State: Initialized, Role: FOLLOWER
I20260710 11:10:19.742295  2718 consensus_queue.cc:260] T 1c912ea4ad2041afb60a080dc1c0cb6a P ff62e2ed4859438ca947d75e390e2938 [NON_LEADER]: Queue going to NON_LEADER mode. State: All replicated index: 0, Majority replicated index: 0, Committed index: 0, Last appended: 0.0, Last appended by leader: 0, Current term: 0, Majority size: -1, State: 0, Mode: NON_LEADER, active raft config: opid_index: -1 OBSOLETE_local: false peers { permanent_uuid: "81f1d899abc2451bb2b24534c88d104f" member_type: VOTER last_known_addr { host: "127.2.85.65" port: 40641 } } peers { permanent_uuid: "e5350472cef24d14af00b00aea14b528" member_type: VOTER last_known_addr { host: "127.2.85.66" port: 33093 } } peers { permanent_uuid: "ff62e2ed4859438ca947d75e390e2938" member_type: VOTER last_known_addr { host: "127.2.85.67" port: 34121 } }
I20260710 11:10:19.745618  2718 ts_tablet_manager.cc:1434] T 1c912ea4ad2041afb60a080dc1c0cb6a P ff62e2ed4859438ca947d75e390e2938: Time spent starting tablet: real 0.009s	user 0.003s	sys 0.006s
I20260710 11:10:19.746640  2718 tablet_bootstrap.cc:492] T 2a82a2f77bd54d728900d31d03b27a01 P ff62e2ed4859438ca947d75e390e2938: Bootstrap starting.
I20260710 11:10:19.753099  2718 tablet_bootstrap.cc:654] T 2a82a2f77bd54d728900d31d03b27a01 P ff62e2ed4859438ca947d75e390e2938: Neither blocks nor log segments found. Creating new log.
I20260710 11:10:19.766475  2717 consensus_queue.cc:260] T 2b70880915b8432ab230a3cd03972ac1 P 81f1d899abc2451bb2b24534c88d104f [NON_LEADER]: Queue going to NON_LEADER mode. State: All replicated index: 0, Majority replicated index: 0, Committed index: 0, Last appended: 0.0, Last appended by leader: 0, Current term: 0, Majority size: -1, State: 0, Mode: NON_LEADER, active raft config: opid_index: -1 OBSOLETE_local: false peers { permanent_uuid: "81f1d899abc2451bb2b24534c88d104f" member_type: VOTER last_known_addr { host: "127.2.85.65" port: 40641 } } peers { permanent_uuid: "e5350472cef24d14af00b00aea14b528" member_type: VOTER last_known_addr { host: "127.2.85.66" port: 33093 } } peers { permanent_uuid: "ff62e2ed4859438ca947d75e390e2938" member_type: VOTER last_known_addr { host: "127.2.85.67" port: 34121 } }
I20260710 11:10:19.787616  2717 ts_tablet_manager.cc:1434] T 2b70880915b8432ab230a3cd03972ac1 P 81f1d899abc2451bb2b24534c88d104f: Time spent starting tablet: real 0.065s	user 0.006s	sys 0.000s
I20260710 11:10:19.793131  2725 raft_consensus.cc:493] T 4e8fb033924747568971bb348b12b22e P ff62e2ed4859438ca947d75e390e2938 [term 0 FOLLOWER]: Starting pre-election (no leader contacted us within the election timeout)
I20260710 11:10:19.797425  2725 raft_consensus.cc:515] T 4e8fb033924747568971bb348b12b22e P ff62e2ed4859438ca947d75e390e2938 [term 0 FOLLOWER]: Starting pre-election with config: opid_index: -1 OBSOLETE_local: false peers { permanent_uuid: "81f1d899abc2451bb2b24534c88d104f" member_type: VOTER last_known_addr { host: "127.2.85.65" port: 40641 } } peers { permanent_uuid: "e5350472cef24d14af00b00aea14b528" member_type: VOTER last_known_addr { host: "127.2.85.66" port: 33093 } } peers { permanent_uuid: "ff62e2ed4859438ca947d75e390e2938" member_type: VOTER last_known_addr { host: "127.2.85.67" port: 34121 } }
I20260710 11:10:19.799551  2725 leader_election.cc:290] T 4e8fb033924747568971bb348b12b22e P ff62e2ed4859438ca947d75e390e2938 [CANDIDATE]: Term 1 pre-election: Requested pre-vote from peers 81f1d899abc2451bb2b24534c88d104f (127.2.85.65:40641), e5350472cef24d14af00b00aea14b528 (127.2.85.66:33093)
I20260710 11:10:19.800561  2717 tablet_bootstrap.cc:492] T 819a8ba9beaf43819a3fc7aa318343e0 P 81f1d899abc2451bb2b24534c88d104f: Bootstrap starting.
I20260710 11:10:19.802099  2724 raft_consensus.cc:493] T 819a8ba9beaf43819a3fc7aa318343e0 P e5350472cef24d14af00b00aea14b528 [term 0 FOLLOWER]: Starting pre-election (no leader contacted us within the election timeout)
I20260710 11:10:19.809655  2719 tablet_bootstrap.cc:492] T c64e9c77aab342b98ae441f0da13b61a P e5350472cef24d14af00b00aea14b528: No bootstrap required, opened a new log
I20260710 11:10:19.809834  2723 raft_consensus.cc:493] T 1ef6fa5e48f246efb080f476180385f9 P 81f1d899abc2451bb2b24534c88d104f [term 0 FOLLOWER]: Starting pre-election (no leader contacted us within the election timeout)
I20260710 11:10:19.810182  2719 ts_tablet_manager.cc:1403] T c64e9c77aab342b98ae441f0da13b61a P e5350472cef24d14af00b00aea14b528: Time spent bootstrapping tablet: real 0.125s	user 0.042s	sys 0.040s
I20260710 11:10:19.810335  2723 raft_consensus.cc:515] T 1ef6fa5e48f246efb080f476180385f9 P 81f1d899abc2451bb2b24534c88d104f [term 0 FOLLOWER]: Starting pre-election with config: opid_index: -1 OBSOLETE_local: false peers { permanent_uuid: "81f1d899abc2451bb2b24534c88d104f" member_type: VOTER last_known_addr { host: "127.2.85.65" port: 40641 } } peers { permanent_uuid: "e5350472cef24d14af00b00aea14b528" member_type: VOTER last_known_addr { host: "127.2.85.66" port: 33093 } } peers { permanent_uuid: "ff62e2ed4859438ca947d75e390e2938" member_type: VOTER last_known_addr { host: "127.2.85.67" port: 34121 } }
I20260710 11:10:19.812357  2723 leader_election.cc:290] T 1ef6fa5e48f246efb080f476180385f9 P 81f1d899abc2451bb2b24534c88d104f [CANDIDATE]: Term 1 pre-election: Requested pre-vote from peers e5350472cef24d14af00b00aea14b528 (127.2.85.66:33093), ff62e2ed4859438ca947d75e390e2938 (127.2.85.67:34121)
I20260710 11:10:19.812913  2725 raft_consensus.cc:493] T 819a8ba9beaf43819a3fc7aa318343e0 P ff62e2ed4859438ca947d75e390e2938 [term 0 FOLLOWER]: Starting pre-election (no leader contacted us within the election timeout)
I20260710 11:10:19.809856  2724 raft_consensus.cc:515] T 819a8ba9beaf43819a3fc7aa318343e0 P e5350472cef24d14af00b00aea14b528 [term 0 FOLLOWER]: Starting pre-election with config: opid_index: -1 OBSOLETE_local: false peers { permanent_uuid: "81f1d899abc2451bb2b24534c88d104f" member_type: VOTER last_known_addr { host: "127.2.85.65" port: 40641 } } peers { permanent_uuid: "ff62e2ed4859438ca947d75e390e2938" member_type: VOTER last_known_addr { host: "127.2.85.67" port: 34121 } } peers { permanent_uuid: "e5350472cef24d14af00b00aea14b528" member_type: VOTER last_known_addr { host: "127.2.85.66" port: 33093 } }
I20260710 11:10:19.813225  2674 tablet_service.cc:1917] Received RequestConsensusVote() RPC: tablet_id: "2b70880915b8432ab230a3cd03972ac1" candidate_uuid: "e5350472cef24d14af00b00aea14b528" candidate_term: 1 candidate_status { last_received { term: 0 index: 0 } } ignore_live_leader: false dest_uuid: "ff62e2ed4859438ca947d75e390e2938" is_pre_election: true
I20260710 11:10:19.813436  2725 raft_consensus.cc:515] T 819a8ba9beaf43819a3fc7aa318343e0 P ff62e2ed4859438ca947d75e390e2938 [term 0 FOLLOWER]: Starting pre-election with config: opid_index: -1 OBSOLETE_local: false peers { permanent_uuid: "81f1d899abc2451bb2b24534c88d104f" member_type: VOTER last_known_addr { host: "127.2.85.65" port: 40641 } } peers { permanent_uuid: "ff62e2ed4859438ca947d75e390e2938" member_type: VOTER last_known_addr { host: "127.2.85.67" port: 34121 } } peers { permanent_uuid: "e5350472cef24d14af00b00aea14b528" member_type: VOTER last_known_addr { host: "127.2.85.66" port: 33093 } }
I20260710 11:10:19.814795  2724 leader_election.cc:290] T 819a8ba9beaf43819a3fc7aa318343e0 P e5350472cef24d14af00b00aea14b528 [CANDIDATE]: Term 1 pre-election: Requested pre-vote from peers 81f1d899abc2451bb2b24534c88d104f (127.2.85.65:40641), ff62e2ed4859438ca947d75e390e2938 (127.2.85.67:34121)
I20260710 11:10:19.809685  2718 tablet_bootstrap.cc:492] T 2a82a2f77bd54d728900d31d03b27a01 P ff62e2ed4859438ca947d75e390e2938: No bootstrap required, opened a new log
I20260710 11:10:19.815649  2718 ts_tablet_manager.cc:1403] T 2a82a2f77bd54d728900d31d03b27a01 P ff62e2ed4859438ca947d75e390e2938: Time spent bootstrapping tablet: real 0.069s	user 0.019s	sys 0.023s
I20260710 11:10:19.815958  2725 leader_election.cc:290] T 819a8ba9beaf43819a3fc7aa318343e0 P ff62e2ed4859438ca947d75e390e2938 [CANDIDATE]: Term 1 pre-election: Requested pre-vote from peers 81f1d899abc2451bb2b24534c88d104f (127.2.85.65:40641), e5350472cef24d14af00b00aea14b528 (127.2.85.66:33093)
W20260710 11:10:19.816200  2566 leader_election.cc:343] T 2b70880915b8432ab230a3cd03972ac1 P e5350472cef24d14af00b00aea14b528 [CANDIDATE]: Term 1 pre-election: Tablet error from VoteRequest() call to peer ff62e2ed4859438ca947d75e390e2938 (127.2.85.67:34121): Illegal state: must be running to vote when last-logged opid is not known
I20260710 11:10:19.816792  2719 raft_consensus.cc:359] T c64e9c77aab342b98ae441f0da13b61a P e5350472cef24d14af00b00aea14b528 [term 0 FOLLOWER]: Replica starting. Triggering 0 pending ops. Active config: opid_index: -1 OBSOLETE_local: false peers { permanent_uuid: "81f1d899abc2451bb2b24534c88d104f" member_type: VOTER last_known_addr { host: "127.2.85.65" port: 40641 } } peers { permanent_uuid: "e5350472cef24d14af00b00aea14b528" member_type: VOTER last_known_addr { host: "127.2.85.66" port: 33093 } } peers { permanent_uuid: "ff62e2ed4859438ca947d75e390e2938" member_type: VOTER last_known_addr { host: "127.2.85.67" port: 34121 } }
I20260710 11:10:19.817953  2674 tablet_service.cc:1917] Received RequestConsensusVote() RPC: tablet_id: "819a8ba9beaf43819a3fc7aa318343e0" candidate_uuid: "e5350472cef24d14af00b00aea14b528" candidate_term: 1 candidate_status { last_received { term: 0 index: 0 } } ignore_live_leader: false dest_uuid: "ff62e2ed4859438ca947d75e390e2938" is_pre_election: true
I20260710 11:10:19.818650  2674 raft_consensus.cc:2468] T 819a8ba9beaf43819a3fc7aa318343e0 P ff62e2ed4859438ca947d75e390e2938 [term 0 FOLLOWER]: Leader pre-election vote request: Granting yes vote for candidate e5350472cef24d14af00b00aea14b528 in term 0.
I20260710 11:10:19.818481  2718 raft_consensus.cc:359] T 2a82a2f77bd54d728900d31d03b27a01 P ff62e2ed4859438ca947d75e390e2938 [term 0 FOLLOWER]: Replica starting. Triggering 0 pending ops. Active config: opid_index: -1 OBSOLETE_local: false peers { permanent_uuid: "81f1d899abc2451bb2b24534c88d104f" member_type: VOTER last_known_addr { host: "127.2.85.65" port: 40641 } } peers { permanent_uuid: "e5350472cef24d14af00b00aea14b528" member_type: VOTER last_known_addr { host: "127.2.85.66" port: 33093 } } peers { permanent_uuid: "ff62e2ed4859438ca947d75e390e2938" member_type: VOTER last_known_addr { host: "127.2.85.67" port: 34121 } }
I20260710 11:10:19.819316  2718 raft_consensus.cc:385] T 2a82a2f77bd54d728900d31d03b27a01 P ff62e2ed4859438ca947d75e390e2938 [term 0 FOLLOWER]: Consensus starting up: Expiring failure detector timer to make a prompt election more likely
I20260710 11:10:19.819691  2718 raft_consensus.cc:740] T 2a82a2f77bd54d728900d31d03b27a01 P ff62e2ed4859438ca947d75e390e2938 [term 0 FOLLOWER]: Becoming Follower/Learner. State: Replica: ff62e2ed4859438ca947d75e390e2938, State: Initialized, Role: FOLLOWER
I20260710 11:10:19.820549  2718 consensus_queue.cc:260] T 2a82a2f77bd54d728900d31d03b27a01 P ff62e2ed4859438ca947d75e390e2938 [NON_LEADER]: Queue going to NON_LEADER mode. State: All replicated index: 0, Majority replicated index: 0, Committed index: 0, Last appended: 0.0, Last appended by leader: 0, Current term: 0, Majority size: -1, State: 0, Mode: NON_LEADER, active raft config: opid_index: -1 OBSOLETE_local: false peers { permanent_uuid: "81f1d899abc2451bb2b24534c88d104f" member_type: VOTER last_known_addr { host: "127.2.85.65" port: 40641 } } peers { permanent_uuid: "e5350472cef24d14af00b00aea14b528" member_type: VOTER last_known_addr { host: "127.2.85.66" port: 33093 } } peers { permanent_uuid: "ff62e2ed4859438ca947d75e390e2938" member_type: VOTER last_known_addr { host: "127.2.85.67" port: 34121 } }
I20260710 11:10:19.817520  2719 raft_consensus.cc:385] T c64e9c77aab342b98ae441f0da13b61a P e5350472cef24d14af00b00aea14b528 [term 0 FOLLOWER]: Consensus starting up: Expiring failure detector timer to make a prompt election more likely
I20260710 11:10:19.821364  2566 leader_election.cc:304] T 819a8ba9beaf43819a3fc7aa318343e0 P e5350472cef24d14af00b00aea14b528 [CANDIDATE]: Term 1 pre-election: Election decided. Result: candidate won. Election summary: received 2 responses out of 3 voters: 2 yes votes; 0 no votes. yes voters: e5350472cef24d14af00b00aea14b528, ff62e2ed4859438ca947d75e390e2938; no voters: 
I20260710 11:10:19.821391  2719 raft_consensus.cc:740] T c64e9c77aab342b98ae441f0da13b61a P e5350472cef24d14af00b00aea14b528 [term 0 FOLLOWER]: Becoming Follower/Learner. State: Replica: e5350472cef24d14af00b00aea14b528, State: Initialized, Role: FOLLOWER
I20260710 11:10:19.823987  2718 ts_tablet_manager.cc:1434] T 2a82a2f77bd54d728900d31d03b27a01 P ff62e2ed4859438ca947d75e390e2938: Time spent starting tablet: real 0.008s	user 0.003s	sys 0.004s
I20260710 11:10:19.823633  2719 consensus_queue.cc:260] T c64e9c77aab342b98ae441f0da13b61a P e5350472cef24d14af00b00aea14b528 [NON_LEADER]: Queue going to NON_LEADER mode. State: All replicated index: 0, Majority replicated index: 0, Committed index: 0, Last appended: 0.0, Last appended by leader: 0, Current term: 0, Majority size: -1, State: 0, Mode: NON_LEADER, active raft config: opid_index: -1 OBSOLETE_local: false peers { permanent_uuid: "81f1d899abc2451bb2b24534c88d104f" member_type: VOTER last_known_addr { host: "127.2.85.65" port: 40641 } } peers { permanent_uuid: "e5350472cef24d14af00b00aea14b528" member_type: VOTER last_known_addr { host: "127.2.85.66" port: 33093 } } peers { permanent_uuid: "ff62e2ed4859438ca947d75e390e2938" member_type: VOTER last_known_addr { host: "127.2.85.67" port: 34121 } }
I20260710 11:10:19.824416  2524 tablet_service.cc:1917] Received RequestConsensusVote() RPC: tablet_id: "2b70880915b8432ab230a3cd03972ac1" candidate_uuid: "e5350472cef24d14af00b00aea14b528" candidate_term: 1 candidate_status { last_received { term: 0 index: 0 } } ignore_live_leader: false dest_uuid: "81f1d899abc2451bb2b24534c88d104f" is_pre_election: true
I20260710 11:10:19.824841  2718 tablet_bootstrap.cc:492] T 2b70880915b8432ab230a3cd03972ac1 P ff62e2ed4859438ca947d75e390e2938: Bootstrap starting.
I20260710 11:10:19.825006  2524 raft_consensus.cc:2468] T 2b70880915b8432ab230a3cd03972ac1 P 81f1d899abc2451bb2b24534c88d104f [term 0 FOLLOWER]: Leader pre-election vote request: Granting yes vote for candidate e5350472cef24d14af00b00aea14b528 in term 0.
I20260710 11:10:19.826220  2525 tablet_service.cc:1917] Received RequestConsensusVote() RPC: tablet_id: "819a8ba9beaf43819a3fc7aa318343e0" candidate_uuid: "e5350472cef24d14af00b00aea14b528" candidate_term: 1 candidate_status { last_received { term: 0 index: 0 } } ignore_live_leader: false dest_uuid: "81f1d899abc2451bb2b24534c88d104f" is_pre_election: true
I20260710 11:10:19.826548  2717 tablet_bootstrap.cc:654] T 819a8ba9beaf43819a3fc7aa318343e0 P 81f1d899abc2451bb2b24534c88d104f: Neither blocks nor log segments found. Creating new log.
I20260710 11:10:19.828853  2564 leader_election.cc:304] T 2b70880915b8432ab230a3cd03972ac1 P e5350472cef24d14af00b00aea14b528 [CANDIDATE]: Term 1 pre-election: Election decided. Result: candidate won. Election summary: received 3 responses out of 3 voters: 2 yes votes; 1 no votes. yes voters: 81f1d899abc2451bb2b24534c88d104f, e5350472cef24d14af00b00aea14b528; no voters: ff62e2ed4859438ca947d75e390e2938
I20260710 11:10:19.828506  2724 raft_consensus.cc:2804] T 819a8ba9beaf43819a3fc7aa318343e0 P e5350472cef24d14af00b00aea14b528 [term 0 FOLLOWER]: Leader pre-election won for term 1
I20260710 11:10:19.829872  2724 raft_consensus.cc:493] T 819a8ba9beaf43819a3fc7aa318343e0 P e5350472cef24d14af00b00aea14b528 [term 0 FOLLOWER]: Starting leader election (no leader contacted us within the election timeout)
I20260710 11:10:19.830183  2724 raft_consensus.cc:3060] T 819a8ba9beaf43819a3fc7aa318343e0 P e5350472cef24d14af00b00aea14b528 [term 0 FOLLOWER]: Advancing to term 1
I20260710 11:10:19.830361  2738 raft_consensus.cc:2804] T 2b70880915b8432ab230a3cd03972ac1 P e5350472cef24d14af00b00aea14b528 [term 0 FOLLOWER]: Leader pre-election won for term 1
I20260710 11:10:19.830816  2738 raft_consensus.cc:493] T 2b70880915b8432ab230a3cd03972ac1 P e5350472cef24d14af00b00aea14b528 [term 0 FOLLOWER]: Starting leader election (no leader contacted us within the election timeout)
I20260710 11:10:19.831221  2738 raft_consensus.cc:3060] T 2b70880915b8432ab230a3cd03972ac1 P e5350472cef24d14af00b00aea14b528 [term 0 FOLLOWER]: Advancing to term 1
I20260710 11:10:19.829339  2719 ts_tablet_manager.cc:1434] T c64e9c77aab342b98ae441f0da13b61a P e5350472cef24d14af00b00aea14b528: Time spent starting tablet: real 0.019s	user 0.003s	sys 0.005s
I20260710 11:10:19.838603  2719 tablet_bootstrap.cc:492] T 1ef6fa5e48f246efb080f476180385f9 P e5350472cef24d14af00b00aea14b528: Bootstrap starting.
I20260710 11:10:19.837167  2724 raft_consensus.cc:515] T 819a8ba9beaf43819a3fc7aa318343e0 P e5350472cef24d14af00b00aea14b528 [term 1 FOLLOWER]: Starting leader election with config: opid_index: -1 OBSOLETE_local: false peers { permanent_uuid: "81f1d899abc2451bb2b24534c88d104f" member_type: VOTER last_known_addr { host: "127.2.85.65" port: 40641 } } peers { permanent_uuid: "ff62e2ed4859438ca947d75e390e2938" member_type: VOTER last_known_addr { host: "127.2.85.67" port: 34121 } } peers { permanent_uuid: "e5350472cef24d14af00b00aea14b528" member_type: VOTER last_known_addr { host: "127.2.85.66" port: 33093 } }
I20260710 11:10:19.844458  2674 tablet_service.cc:1917] Received RequestConsensusVote() RPC: tablet_id: "819a8ba9beaf43819a3fc7aa318343e0" candidate_uuid: "e5350472cef24d14af00b00aea14b528" candidate_term: 1 candidate_status { last_received { term: 0 index: 0 } } ignore_live_leader: false dest_uuid: "ff62e2ed4859438ca947d75e390e2938"
I20260710 11:10:19.845208  2674 raft_consensus.cc:3060] T 819a8ba9beaf43819a3fc7aa318343e0 P ff62e2ed4859438ca947d75e390e2938 [term 0 FOLLOWER]: Advancing to term 1
I20260710 11:10:19.842001  2724 leader_election.cc:290] T 819a8ba9beaf43819a3fc7aa318343e0 P e5350472cef24d14af00b00aea14b528 [CANDIDATE]: Term 1 election: Requested vote from peers 81f1d899abc2451bb2b24534c88d104f (127.2.85.65:40641), ff62e2ed4859438ca947d75e390e2938 (127.2.85.67:34121)
I20260710 11:10:19.855432  2600 tablet_service.cc:1917] Received RequestConsensusVote() RPC: tablet_id: "2a82a2f77bd54d728900d31d03b27a01" candidate_uuid: "81f1d899abc2451bb2b24534c88d104f" candidate_term: 1 candidate_status { last_received { term: 0 index: 0 } } ignore_live_leader: false dest_uuid: "e5350472cef24d14af00b00aea14b528" is_pre_election: true
W20260710 11:10:19.854755  2564 leader_election.cc:343] T 819a8ba9beaf43819a3fc7aa318343e0 P e5350472cef24d14af00b00aea14b528 [CANDIDATE]: Term 1 pre-election: Tablet error from VoteRequest() call to peer 81f1d899abc2451bb2b24534c88d104f (127.2.85.65:40641): Illegal state: must be running to vote when last-logged opid is not known
I20260710 11:10:19.854040  2599 tablet_service.cc:1917] Received RequestConsensusVote() RPC: tablet_id: "1ef6fa5e48f246efb080f476180385f9" candidate_uuid: "81f1d899abc2451bb2b24534c88d104f" candidate_term: 1 candidate_status { last_received { term: 0 index: 0 } } ignore_live_leader: false dest_uuid: "e5350472cef24d14af00b00aea14b528" is_pre_election: true
I20260710 11:10:19.857908  2525 tablet_service.cc:1917] Received RequestConsensusVote() RPC: tablet_id: "819a8ba9beaf43819a3fc7aa318343e0" candidate_uuid: "e5350472cef24d14af00b00aea14b528" candidate_term: 1 candidate_status { last_received { term: 0 index: 0 } } ignore_live_leader: false dest_uuid: "81f1d899abc2451bb2b24534c88d104f"
I20260710 11:10:19.859850  2598 tablet_service.cc:1917] Received RequestConsensusVote() RPC: tablet_id: "852c232a86504c0f9ae6a09a415e6e9d" candidate_uuid: "ff62e2ed4859438ca947d75e390e2938" candidate_term: 1 candidate_status { last_received { term: 0 index: 0 } } ignore_live_leader: false dest_uuid: "e5350472cef24d14af00b00aea14b528" is_pre_election: true
I20260710 11:10:19.860581  2597 tablet_service.cc:1917] Received RequestConsensusVote() RPC: tablet_id: "1ef6fa5e48f246efb080f476180385f9" candidate_uuid: "ff62e2ed4859438ca947d75e390e2938" candidate_term: 1 candidate_status { last_received { term: 0 index: 0 } } ignore_live_leader: false dest_uuid: "e5350472cef24d14af00b00aea14b528" is_pre_election: true
I20260710 11:10:19.866119  2596 tablet_service.cc:1917] Received RequestConsensusVote() RPC: tablet_id: "4e8fb033924747568971bb348b12b22e" candidate_uuid: "ff62e2ed4859438ca947d75e390e2938" candidate_term: 1 candidate_status { last_received { term: 0 index: 0 } } ignore_live_leader: false dest_uuid: "e5350472cef24d14af00b00aea14b528" is_pre_election: true
I20260710 11:10:19.866870  2596 raft_consensus.cc:2468] T 4e8fb033924747568971bb348b12b22e P e5350472cef24d14af00b00aea14b528 [term 0 FOLLOWER]: Leader pre-election vote request: Granting yes vote for candidate ff62e2ed4859438ca947d75e390e2938 in term 0.
I20260710 11:10:19.873862  2719 tablet_bootstrap.cc:654] T 1ef6fa5e48f246efb080f476180385f9 P e5350472cef24d14af00b00aea14b528: Neither blocks nor log segments found. Creating new log.
