I20260710 11:10:47.175454 24963 raft_consensus.cc:2955] T b0244f0225d54c4197f1f32b1fec4820 P 4908f238f06341e1b2c09a75218ac945 [term 1 FOLLOWER]: Committing config change with OpId 1.2: config changed from index -1 to 2, NON_VOTER 4443b1b3bf7947869cc0b5a36d0ace1b (127.23.66.196) added. New config: { opid_index: 2 OBSOLETE_local: false peers { permanent_uuid: "4908f238f06341e1b2c09a75218ac945" member_type: VOTER last_known_addr { host: "127.23.66.193" port: 45923 } attrs { replace: true } } peers { permanent_uuid: "b4990ef14aeb40468ffdd590c70078e2" member_type: VOTER last_known_addr { host: "127.23.66.194" port: 36675 } } peers { permanent_uuid: "2c62117051c04f6d9128c07a9344f436" member_type: VOTER last_known_addr { host: "127.23.66.195" port: 35485 } } peers { permanent_uuid: "4443b1b3bf7947869cc0b5a36d0ace1b" member_type: NON_VOTER last_known_addr { host: "127.23.66.196" port: 37137 } attrs { promote: true } } }
I20260710 11:10:47.176322 25110 raft_consensus.cc:2955] T b0244f0225d54c4197f1f32b1fec4820 P 2c62117051c04f6d9128c07a9344f436 [term 1 FOLLOWER]: Committing config change with OpId 1.2: config changed from index -1 to 2, NON_VOTER 4443b1b3bf7947869cc0b5a36d0ace1b (127.23.66.196) added. New config: { opid_index: 2 OBSOLETE_local: false peers { permanent_uuid: "4908f238f06341e1b2c09a75218ac945" member_type: VOTER last_known_addr { host: "127.23.66.193" port: 45923 } attrs { replace: true } } peers { permanent_uuid: "b4990ef14aeb40468ffdd590c70078e2" member_type: VOTER last_known_addr { host: "127.23.66.194" port: 36675 } } peers { permanent_uuid: "2c62117051c04f6d9128c07a9344f436" member_type: VOTER last_known_addr { host: "127.23.66.195" port: 35485 } } peers { permanent_uuid: "4443b1b3bf7947869cc0b5a36d0ace1b" member_type: NON_VOTER last_known_addr { host: "127.23.66.196" port: 37137 } attrs { promote: true } } }
I20260710 11:10:47.191285 24862 catalog_manager.cc:5697] T b0244f0225d54c4197f1f32b1fec4820 P 4908f238f06341e1b2c09a75218ac945 reported cstate change: config changed from index -1 to 2, NON_VOTER 4443b1b3bf7947869cc0b5a36d0ace1b (127.23.66.196) added. New cstate: current_term: 1 leader_uuid: "b4990ef14aeb40468ffdd590c70078e2" committed_config { opid_index: 2 OBSOLETE_local: false peers { permanent_uuid: "4908f238f06341e1b2c09a75218ac945" member_type: VOTER last_known_addr { host: "127.23.66.193" port: 45923 } attrs { replace: true } } peers { permanent_uuid: "b4990ef14aeb40468ffdd590c70078e2" member_type: VOTER last_known_addr { host: "127.23.66.194" port: 36675 } } peers { permanent_uuid: "2c62117051c04f6d9128c07a9344f436" member_type: VOTER last_known_addr { host: "127.23.66.195" port: 35485 } } peers { permanent_uuid: "4443b1b3bf7947869cc0b5a36d0ace1b" member_type: NON_VOTER last_known_addr { host: "127.23.66.196" port: 37137 } attrs { promote: true } } }
I20260710 11:10:47.194553 25110 consensus_queue.cc:237] T 5270427f870d457ea8a16ab553b0ccd4 P 2c62117051c04f6d9128c07a9344f436 [LEADER]: Queue going to LEADER mode. State: All replicated index: 0, Majority replicated index: 1, Committed index: 1, Last appended: 1.1, Last appended by leader: 0, Current term: 1, Majority size: 2, State: 0, Mode: LEADER, active raft config: opid_index: 2 OBSOLETE_local: false peers { permanent_uuid: "4908f238f06341e1b2c09a75218ac945" member_type: VOTER last_known_addr { host: "127.23.66.193" port: 45923 } } peers { permanent_uuid: "b4990ef14aeb40468ffdd590c70078e2" member_type: VOTER last_known_addr { host: "127.23.66.194" port: 36675 } attrs { replace: true } } peers { permanent_uuid: "2c62117051c04f6d9128c07a9344f436" member_type: VOTER last_known_addr { host: "127.23.66.195" port: 35485 } } peers { permanent_uuid: "4443b1b3bf7947869cc0b5a36d0ace1b" member_type: NON_VOTER last_known_addr { host: "127.23.66.196" port: 37137 } attrs { promote: true } }
W20260710 11:10:47.204102 25077 consensus_peers.cc:597] T 5270427f870d457ea8a16ab553b0ccd4 P 2c62117051c04f6d9128c07a9344f436 -> Peer 4443b1b3bf7947869cc0b5a36d0ace1b (127.23.66.196:37137): Couldn't send request to peer 4443b1b3bf7947869cc0b5a36d0ace1b. Error code: TABLET_NOT_FOUND (6). Status: Not found: Tablet not found: 5270427f870d457ea8a16ab553b0ccd4. This is attempt 1: this message will repeat every 5th retry.
I20260710 11:10:47.204613 24963 raft_consensus.cc:1275] T 5270427f870d457ea8a16ab553b0ccd4 P 4908f238f06341e1b2c09a75218ac945 [term 1 FOLLOWER]: Refusing update from remote peer 2c62117051c04f6d9128c07a9344f436: Log matching property violated. Preceding OpId in replica: term: 1 index: 1. Preceding OpId from leader: term: 1 index: 2. (index mismatch)
I20260710 11:10:47.206156 25033 raft_consensus.cc:1275] T 5270427f870d457ea8a16ab553b0ccd4 P b4990ef14aeb40468ffdd590c70078e2 [term 1 FOLLOWER]: Refusing update from remote peer 2c62117051c04f6d9128c07a9344f436: Log matching property violated. Preceding OpId in replica: term: 1 index: 1. Preceding OpId from leader: term: 1 index: 2. (index mismatch)
I20260710 11:10:47.206864 25465 consensus_queue.cc:1048] T 5270427f870d457ea8a16ab553b0ccd4 P 2c62117051c04f6d9128c07a9344f436 [LEADER]: Connected to new peer: Peer: permanent_uuid: "4908f238f06341e1b2c09a75218ac945" member_type: VOTER last_known_addr { host: "127.23.66.193" port: 45923 }, Status: LMP_MISMATCH, Last received: 0.0, Next index: 2, Last known committed idx: 1, Time since last communication: 0.000s
I20260710 11:10:47.208429 25502 consensus_queue.cc:1048] T 5270427f870d457ea8a16ab553b0ccd4 P 2c62117051c04f6d9128c07a9344f436 [LEADER]: Connected to new peer: Peer: permanent_uuid: "b4990ef14aeb40468ffdd590c70078e2" member_type: VOTER last_known_addr { host: "127.23.66.194" port: 36675 } attrs { replace: true }, Status: LMP_MISMATCH, Last received: 0.0, Next index: 2, Last known committed idx: 1, Time since last communication: 0.000s
I20260710 11:10:47.221887 25502 raft_consensus.cc:2955] T 5270427f870d457ea8a16ab553b0ccd4 P 2c62117051c04f6d9128c07a9344f436 [term 1 LEADER]: Committing config change with OpId 1.2: config changed from index -1 to 2, NON_VOTER 4443b1b3bf7947869cc0b5a36d0ace1b (127.23.66.196) added. New config: { opid_index: 2 OBSOLETE_local: false peers { permanent_uuid: "4908f238f06341e1b2c09a75218ac945" member_type: VOTER last_known_addr { host: "127.23.66.193" port: 45923 } } peers { permanent_uuid: "b4990ef14aeb40468ffdd590c70078e2" member_type: VOTER last_known_addr { host: "127.23.66.194" port: 36675 } attrs { replace: true } } peers { permanent_uuid: "2c62117051c04f6d9128c07a9344f436" member_type: VOTER last_known_addr { host: "127.23.66.195" port: 35485 } } peers { permanent_uuid: "4443b1b3bf7947869cc0b5a36d0ace1b" member_type: NON_VOTER last_known_addr { host: "127.23.66.196" port: 37137 } attrs { promote: true } } }
I20260710 11:10:47.223973 24963 raft_consensus.cc:2955] T 5270427f870d457ea8a16ab553b0ccd4 P 4908f238f06341e1b2c09a75218ac945 [term 1 FOLLOWER]: Committing config change with OpId 1.2: config changed from index -1 to 2, NON_VOTER 4443b1b3bf7947869cc0b5a36d0ace1b (127.23.66.196) added. New config: { opid_index: 2 OBSOLETE_local: false peers { permanent_uuid: "4908f238f06341e1b2c09a75218ac945" member_type: VOTER last_known_addr { host: "127.23.66.193" port: 45923 } } peers { permanent_uuid: "b4990ef14aeb40468ffdd590c70078e2" member_type: VOTER last_known_addr { host: "127.23.66.194" port: 36675 } attrs { replace: true } } peers { permanent_uuid: "2c62117051c04f6d9128c07a9344f436" member_type: VOTER last_known_addr { host: "127.23.66.195" port: 35485 } } peers { permanent_uuid: "4443b1b3bf7947869cc0b5a36d0ace1b" member_type: NON_VOTER last_known_addr { host: "127.23.66.196" port: 37137 } attrs { promote: true } } }
I20260710 11:10:47.225535 25038 raft_consensus.cc:2955] T 5270427f870d457ea8a16ab553b0ccd4 P b4990ef14aeb40468ffdd590c70078e2 [term 1 FOLLOWER]: Committing config change with OpId 1.2: config changed from index -1 to 2, NON_VOTER 4443b1b3bf7947869cc0b5a36d0ace1b (127.23.66.196) added. New config: { opid_index: 2 OBSOLETE_local: false peers { permanent_uuid: "4908f238f06341e1b2c09a75218ac945" member_type: VOTER last_known_addr { host: "127.23.66.193" port: 45923 } } peers { permanent_uuid: "b4990ef14aeb40468ffdd590c70078e2" member_type: VOTER last_known_addr { host: "127.23.66.194" port: 36675 } attrs { replace: true } } peers { permanent_uuid: "2c62117051c04f6d9128c07a9344f436" member_type: VOTER last_known_addr { host: "127.23.66.195" port: 35485 } } peers { permanent_uuid: "4443b1b3bf7947869cc0b5a36d0ace1b" member_type: NON_VOTER last_known_addr { host: "127.23.66.196" port: 37137 } attrs { promote: true } } }
I20260710 11:10:47.239518 24861 catalog_manager.cc:5697] T 5270427f870d457ea8a16ab553b0ccd4 P 4908f238f06341e1b2c09a75218ac945 reported cstate change: config changed from index -1 to 2, NON_VOTER 4443b1b3bf7947869cc0b5a36d0ace1b (127.23.66.196) added. New cstate: current_term: 1 leader_uuid: "2c62117051c04f6d9128c07a9344f436" committed_config { opid_index: 2 OBSOLETE_local: false peers { permanent_uuid: "4908f238f06341e1b2c09a75218ac945" member_type: VOTER last_known_addr { host: "127.23.66.193" port: 45923 } } peers { permanent_uuid: "b4990ef14aeb40468ffdd590c70078e2" member_type: VOTER last_known_addr { host: "127.23.66.194" port: 36675 } attrs { replace: true } } peers { permanent_uuid: "2c62117051c04f6d9128c07a9344f436" member_type: VOTER last_known_addr { host: "127.23.66.195" port: 35485 } } peers { permanent_uuid: "4443b1b3bf7947869cc0b5a36d0ace1b" member_type: NON_VOTER last_known_addr { host: "127.23.66.196" port: 37137 } attrs { promote: true } } }
I20260710 11:10:47.241153 24963 consensus_queue.cc:237] T fe4818ef0b8143889bd141a91313dea2 P 4908f238f06341e1b2c09a75218ac945 [LEADER]: Queue going to LEADER mode. State: All replicated index: 0, Majority replicated index: 1, Committed index: 1, Last appended: 1.1, Last appended by leader: 0, Current term: 1, Majority size: 2, State: 0, Mode: LEADER, active raft config: opid_index: 2 OBSOLETE_local: false peers { permanent_uuid: "4908f238f06341e1b2c09a75218ac945" member_type: VOTER last_known_addr { host: "127.23.66.193" port: 45923 } } peers { permanent_uuid: "b4990ef14aeb40468ffdd590c70078e2" member_type: VOTER last_known_addr { host: "127.23.66.194" port: 36675 } } peers { permanent_uuid: "2c62117051c04f6d9128c07a9344f436" member_type: VOTER last_known_addr { host: "127.23.66.195" port: 35485 } attrs { replace: true } } peers { permanent_uuid: "4443b1b3bf7947869cc0b5a36d0ace1b" member_type: NON_VOTER last_known_addr { host: "127.23.66.196" port: 37137 } attrs { promote: true } }
W20260710 11:10:47.252686 24928 consensus_peers.cc:597] T fe4818ef0b8143889bd141a91313dea2 P 4908f238f06341e1b2c09a75218ac945 -> Peer 4443b1b3bf7947869cc0b5a36d0ace1b (127.23.66.196:37137): Couldn't send request to peer 4443b1b3bf7947869cc0b5a36d0ace1b. Error code: TABLET_NOT_FOUND (6). Status: Not found: Tablet not found: fe4818ef0b8143889bd141a91313dea2. This is attempt 1: this message will repeat every 5th retry.
I20260710 11:10:47.252801 25110 raft_consensus.cc:1275] T fe4818ef0b8143889bd141a91313dea2 P 2c62117051c04f6d9128c07a9344f436 [term 1 FOLLOWER]: Refusing update from remote peer 4908f238f06341e1b2c09a75218ac945: Log matching property violated. Preceding OpId in replica: term: 1 index: 1. Preceding OpId from leader: term: 1 index: 2. (index mismatch)
I20260710 11:10:47.253029 25038 raft_consensus.cc:1275] T fe4818ef0b8143889bd141a91313dea2 P b4990ef14aeb40468ffdd590c70078e2 [term 1 FOLLOWER]: Refusing update from remote peer 4908f238f06341e1b2c09a75218ac945: Log matching property violated. Preceding OpId in replica: term: 1 index: 1. Preceding OpId from leader: term: 1 index: 2. (index mismatch)
I20260710 11:10:47.254988 25479 consensus_queue.cc:1048] T fe4818ef0b8143889bd141a91313dea2 P 4908f238f06341e1b2c09a75218ac945 [LEADER]: Connected to new peer: Peer: permanent_uuid: "2c62117051c04f6d9128c07a9344f436" member_type: VOTER last_known_addr { host: "127.23.66.195" port: 35485 } attrs { replace: true }, Status: LMP_MISMATCH, Last received: 0.0, Next index: 2, Last known committed idx: 1, Time since last communication: 0.000s
I20260710 11:10:47.257565 25479 consensus_queue.cc:1048] T fe4818ef0b8143889bd141a91313dea2 P 4908f238f06341e1b2c09a75218ac945 [LEADER]: Connected to new peer: Peer: permanent_uuid: "b4990ef14aeb40468ffdd590c70078e2" member_type: VOTER last_known_addr { host: "127.23.66.194" port: 36675 }, Status: LMP_MISMATCH, Last received: 0.0, Next index: 2, Last known committed idx: 1, Time since last communication: 0.000s
I20260710 11:10:47.268651 25462 raft_consensus.cc:2955] T fe4818ef0b8143889bd141a91313dea2 P 4908f238f06341e1b2c09a75218ac945 [term 1 LEADER]: Committing config change with OpId 1.2: config changed from index -1 to 2, NON_VOTER 4443b1b3bf7947869cc0b5a36d0ace1b (127.23.66.196) added. New config: { opid_index: 2 OBSOLETE_local: false peers { permanent_uuid: "4908f238f06341e1b2c09a75218ac945" member_type: VOTER last_known_addr { host: "127.23.66.193" port: 45923 } } peers { permanent_uuid: "b4990ef14aeb40468ffdd590c70078e2" member_type: VOTER last_known_addr { host: "127.23.66.194" port: 36675 } } peers { permanent_uuid: "2c62117051c04f6d9128c07a9344f436" member_type: VOTER last_known_addr { host: "127.23.66.195" port: 35485 } attrs { replace: true } } peers { permanent_uuid: "4443b1b3bf7947869cc0b5a36d0ace1b" member_type: NON_VOTER last_known_addr { host: "127.23.66.196" port: 37137 } attrs { promote: true } } }
I20260710 11:10:47.270439 25038 raft_consensus.cc:2955] T fe4818ef0b8143889bd141a91313dea2 P b4990ef14aeb40468ffdd590c70078e2 [term 1 FOLLOWER]: Committing config change with OpId 1.2: config changed from index -1 to 2, NON_VOTER 4443b1b3bf7947869cc0b5a36d0ace1b (127.23.66.196) added. New config: { opid_index: 2 OBSOLETE_local: false peers { permanent_uuid: "4908f238f06341e1b2c09a75218ac945" member_type: VOTER last_known_addr { host: "127.23.66.193" port: 45923 } } peers { permanent_uuid: "b4990ef14aeb40468ffdd590c70078e2" member_type: VOTER last_known_addr { host: "127.23.66.194" port: 36675 } } peers { permanent_uuid: "2c62117051c04f6d9128c07a9344f436" member_type: VOTER last_known_addr { host: "127.23.66.195" port: 35485 } attrs { replace: true } } peers { permanent_uuid: "4443b1b3bf7947869cc0b5a36d0ace1b" member_type: NON_VOTER last_known_addr { host: "127.23.66.196" port: 37137 } attrs { promote: true } } }
I20260710 11:10:47.276481 25110 raft_consensus.cc:2955] T fe4818ef0b8143889bd141a91313dea2 P 2c62117051c04f6d9128c07a9344f436 [term 1 FOLLOWER]: Committing config change with OpId 1.2: config changed from index -1 to 2, NON_VOTER 4443b1b3bf7947869cc0b5a36d0ace1b (127.23.66.196) added. New config: { opid_index: 2 OBSOLETE_local: false peers { permanent_uuid: "4908f238f06341e1b2c09a75218ac945" member_type: VOTER last_known_addr { host: "127.23.66.193" port: 45923 } } peers { permanent_uuid: "b4990ef14aeb40468ffdd590c70078e2" member_type: VOTER last_known_addr { host: "127.23.66.194" port: 36675 } } peers { permanent_uuid: "2c62117051c04f6d9128c07a9344f436" member_type: VOTER last_known_addr { host: "127.23.66.195" port: 35485 } attrs { replace: true } } peers { permanent_uuid: "4443b1b3bf7947869cc0b5a36d0ace1b" member_type: NON_VOTER last_known_addr { host: "127.23.66.196" port: 37137 } attrs { promote: true } } }
I20260710 11:10:47.283383 24862 catalog_manager.cc:5697] T fe4818ef0b8143889bd141a91313dea2 P b4990ef14aeb40468ffdd590c70078e2 reported cstate change: config changed from index -1 to 2, NON_VOTER 4443b1b3bf7947869cc0b5a36d0ace1b (127.23.66.196) added. New cstate: current_term: 1 leader_uuid: "4908f238f06341e1b2c09a75218ac945" committed_config { opid_index: 2 OBSOLETE_local: false peers { permanent_uuid: "4908f238f06341e1b2c09a75218ac945" member_type: VOTER last_known_addr { host: "127.23.66.193" port: 45923 } } peers { permanent_uuid: "b4990ef14aeb40468ffdd590c70078e2" member_type: VOTER last_known_addr { host: "127.23.66.194" port: 36675 } } peers { permanent_uuid: "2c62117051c04f6d9128c07a9344f436" member_type: VOTER last_known_addr { host: "127.23.66.195" port: 35485 } attrs { replace: true } } peers { permanent_uuid: "4443b1b3bf7947869cc0b5a36d0ace1b" member_type: NON_VOTER last_known_addr { host: "127.23.66.196" port: 37137 } attrs { promote: true } } }
I20260710 11:10:47.584685 25528 ts_tablet_manager.cc:933] T dace6cf8e4b44b30abb8bc0e116f06b8 P 4443b1b3bf7947869cc0b5a36d0ace1b: Initiating tablet copy from peer 4908f238f06341e1b2c09a75218ac945 (127.23.66.193:45923)
I20260710 11:10:47.587163 25528 tablet_copy_client.cc:323] T dace6cf8e4b44b30abb8bc0e116f06b8 P 4443b1b3bf7947869cc0b5a36d0ace1b: tablet copy: Beginning tablet copy session from remote peer at address 127.23.66.193:45923
I20260710 11:10:47.589186 24974 tablet_copy_service.cc:140] P 4908f238f06341e1b2c09a75218ac945: Received BeginTabletCopySession request for tablet dace6cf8e4b44b30abb8bc0e116f06b8 from peer 4443b1b3bf7947869cc0b5a36d0ace1b ({username='slave'} at 127.0.0.1:35830)
I20260710 11:10:47.589846 24974 tablet_copy_service.cc:161] P 4908f238f06341e1b2c09a75218ac945: Beginning new tablet copy session on tablet dace6cf8e4b44b30abb8bc0e116f06b8 from peer 4443b1b3bf7947869cc0b5a36d0ace1b at {username='slave'} at 127.0.0.1:35830: session id = 4443b1b3bf7947869cc0b5a36d0ace1b-dace6cf8e4b44b30abb8bc0e116f06b8
I20260710 11:10:47.596531 24974 tablet_copy_source_session.cc:215] T dace6cf8e4b44b30abb8bc0e116f06b8 P 4908f238f06341e1b2c09a75218ac945: Tablet Copy: opened 0 blocks and 1 log segments
I20260710 11:10:47.599663 25528 data_dirs.cc:400] Could only allocate 1 dirs of requested 3 for tablet dace6cf8e4b44b30abb8bc0e116f06b8. 1 dirs total, 0 dirs full, 0 dirs failed
I20260710 11:10:47.612843 25528 tablet_copy_client.cc:806] T dace6cf8e4b44b30abb8bc0e116f06b8 P 4443b1b3bf7947869cc0b5a36d0ace1b: tablet copy: Starting download of 0 data blocks...
I20260710 11:10:47.613535 25528 tablet_copy_client.cc:670] T dace6cf8e4b44b30abb8bc0e116f06b8 P 4443b1b3bf7947869cc0b5a36d0ace1b: tablet copy: Starting download of 1 WAL segments...
I20260710 11:10:47.618654 25528 tablet_copy_client.cc:538] T dace6cf8e4b44b30abb8bc0e116f06b8 P 4443b1b3bf7947869cc0b5a36d0ace1b: tablet copy: Tablet Copy complete. Replacing tablet superblock.
I20260710 11:10:47.627031 25528 tablet_bootstrap.cc:492] T dace6cf8e4b44b30abb8bc0e116f06b8 P 4443b1b3bf7947869cc0b5a36d0ace1b: Bootstrap starting.
I20260710 11:10:47.646085 25528 tablet_bootstrap.cc:492] T dace6cf8e4b44b30abb8bc0e116f06b8 P 4443b1b3bf7947869cc0b5a36d0ace1b: Bootstrap replayed 1/1 log segments. Stats: ops{read=2 overwritten=0 applied=2 ignored=0} inserts{seen=0 ignored=0} mutations{seen=0 ignored=0} orphaned_commits=0. Pending: 0 replicates
I20260710 11:10:47.647310 25528 tablet_bootstrap.cc:492] T dace6cf8e4b44b30abb8bc0e116f06b8 P 4443b1b3bf7947869cc0b5a36d0ace1b: Bootstrap complete.
I20260710 11:10:47.648140 25528 ts_tablet_manager.cc:1403] T dace6cf8e4b44b30abb8bc0e116f06b8 P 4443b1b3bf7947869cc0b5a36d0ace1b: Time spent bootstrapping tablet: real 0.021s	user 0.012s	sys 0.008s
I20260710 11:10:47.651043 25528 raft_consensus.cc:359] T dace6cf8e4b44b30abb8bc0e116f06b8 P 4443b1b3bf7947869cc0b5a36d0ace1b [term 1 LEARNER]: Replica starting. Triggering 0 pending ops. Active config: opid_index: 2 OBSOLETE_local: false peers { permanent_uuid: "4908f238f06341e1b2c09a75218ac945" member_type: VOTER last_known_addr { host: "127.23.66.193" port: 45923 } } peers { permanent_uuid: "b4990ef14aeb40468ffdd590c70078e2" member_type: VOTER last_known_addr { host: "127.23.66.194" port: 36675 } attrs { replace: true } } peers { permanent_uuid: "2c62117051c04f6d9128c07a9344f436" member_type: VOTER last_known_addr { host: "127.23.66.195" port: 35485 } } peers { permanent_uuid: "4443b1b3bf7947869cc0b5a36d0ace1b" member_type: NON_VOTER last_known_addr { host: "127.23.66.196" port: 37137 } attrs { promote: true } }
I20260710 11:10:47.652266 25528 raft_consensus.cc:740] T dace6cf8e4b44b30abb8bc0e116f06b8 P 4443b1b3bf7947869cc0b5a36d0ace1b [term 1 LEARNER]: Becoming Follower/Learner. State: Replica: 4443b1b3bf7947869cc0b5a36d0ace1b, State: Initialized, Role: LEARNER
I20260710 11:10:47.652973 25528 consensus_queue.cc:260] T dace6cf8e4b44b30abb8bc0e116f06b8 P 4443b1b3bf7947869cc0b5a36d0ace1b [NON_LEADER]: Queue going to NON_LEADER mode. State: All replicated index: 0, Majority replicated index: 0, Committed index: 2, Last appended: 1.2, Last appended by leader: 2, Current term: 0, Majority size: -1, State: 0, Mode: NON_LEADER, active raft config: opid_index: 2 OBSOLETE_local: false peers { permanent_uuid: "4908f238f06341e1b2c09a75218ac945" member_type: VOTER last_known_addr { host: "127.23.66.193" port: 45923 } } peers { permanent_uuid: "b4990ef14aeb40468ffdd590c70078e2" member_type: VOTER last_known_addr { host: "127.23.66.194" port: 36675 } attrs { replace: true } } peers { permanent_uuid: "2c62117051c04f6d9128c07a9344f436" member_type: VOTER last_known_addr { host: "127.23.66.195" port: 35485 } } peers { permanent_uuid: "4443b1b3bf7947869cc0b5a36d0ace1b" member_type: NON_VOTER last_known_addr { host: "127.23.66.196" port: 37137 } attrs { promote: true } }
I20260710 11:10:47.658047 25528 ts_tablet_manager.cc:1434] T dace6cf8e4b44b30abb8bc0e116f06b8 P 4443b1b3bf7947869cc0b5a36d0ace1b: Time spent starting tablet: real 0.009s	user 0.006s	sys 0.004s
I20260710 11:10:47.659834 24974 tablet_copy_service.cc:342] P 4908f238f06341e1b2c09a75218ac945: Request end of tablet copy session 4443b1b3bf7947869cc0b5a36d0ace1b-dace6cf8e4b44b30abb8bc0e116f06b8 received from {username='slave'} at 127.0.0.1:35830
I20260710 11:10:47.660321 24974 tablet_copy_service.cc:434] P 4908f238f06341e1b2c09a75218ac945: ending tablet copy session 4443b1b3bf7947869cc0b5a36d0ace1b-dace6cf8e4b44b30abb8bc0e116f06b8 on tablet dace6cf8e4b44b30abb8bc0e116f06b8 with peer 4443b1b3bf7947869cc0b5a36d0ace1b
I20260710 11:10:47.692899 25528 ts_tablet_manager.cc:933] T b0244f0225d54c4197f1f32b1fec4820 P 4443b1b3bf7947869cc0b5a36d0ace1b: Initiating tablet copy from peer b4990ef14aeb40468ffdd590c70078e2 (127.23.66.194:36675)
I20260710 11:10:47.694831 25528 tablet_copy_client.cc:323] T b0244f0225d54c4197f1f32b1fec4820 P 4443b1b3bf7947869cc0b5a36d0ace1b: tablet copy: Beginning tablet copy session from remote peer at address 127.23.66.194:36675
I20260710 11:10:47.695827 25533 ts_tablet_manager.cc:933] T 5270427f870d457ea8a16ab553b0ccd4 P 4443b1b3bf7947869cc0b5a36d0ace1b: Initiating tablet copy from peer 2c62117051c04f6d9128c07a9344f436 (127.23.66.195:35485)
I20260710 11:10:47.711347 25533 tablet_copy_client.cc:323] T 5270427f870d457ea8a16ab553b0ccd4 P 4443b1b3bf7947869cc0b5a36d0ace1b: tablet copy: Beginning tablet copy session from remote peer at address 127.23.66.195:35485
I20260710 11:10:47.713296 25123 tablet_copy_service.cc:140] P 2c62117051c04f6d9128c07a9344f436: Received BeginTabletCopySession request for tablet 5270427f870d457ea8a16ab553b0ccd4 from peer 4443b1b3bf7947869cc0b5a36d0ace1b ({username='slave'} at 127.0.0.1:50874)
I20260710 11:10:47.713913 25123 tablet_copy_service.cc:161] P 2c62117051c04f6d9128c07a9344f436: Beginning new tablet copy session on tablet 5270427f870d457ea8a16ab553b0ccd4 from peer 4443b1b3bf7947869cc0b5a36d0ace1b at {username='slave'} at 127.0.0.1:50874: session id = 4443b1b3bf7947869cc0b5a36d0ace1b-5270427f870d457ea8a16ab553b0ccd4
I20260710 11:10:47.722000 25123 tablet_copy_source_session.cc:215] T 5270427f870d457ea8a16ab553b0ccd4 P 2c62117051c04f6d9128c07a9344f436: Tablet Copy: opened 0 blocks and 1 log segments
I20260710 11:10:47.725476 25533 data_dirs.cc:400] Could only allocate 1 dirs of requested 3 for tablet 5270427f870d457ea8a16ab553b0ccd4. 1 dirs total, 0 dirs full, 0 dirs failed
I20260710 11:10:47.726395 25049 tablet_copy_service.cc:140] P b4990ef14aeb40468ffdd590c70078e2: Received BeginTabletCopySession request for tablet b0244f0225d54c4197f1f32b1fec4820 from peer 4443b1b3bf7947869cc0b5a36d0ace1b ({username='slave'} at 127.0.0.1:50360)
I20260710 11:10:47.727063 25049 tablet_copy_service.cc:161] P b4990ef14aeb40468ffdd590c70078e2: Beginning new tablet copy session on tablet b0244f0225d54c4197f1f32b1fec4820 from peer 4443b1b3bf7947869cc0b5a36d0ace1b at {username='slave'} at 127.0.0.1:50360: session id = 4443b1b3bf7947869cc0b5a36d0ace1b-b0244f0225d54c4197f1f32b1fec4820
I20260710 11:10:47.734812 25049 tablet_copy_source_session.cc:215] T b0244f0225d54c4197f1f32b1fec4820 P b4990ef14aeb40468ffdd590c70078e2: Tablet Copy: opened 0 blocks and 1 log segments
I20260710 11:10:47.738750 25528 data_dirs.cc:400] Could only allocate 1 dirs of requested 3 for tablet b0244f0225d54c4197f1f32b1fec4820. 1 dirs total, 0 dirs full, 0 dirs failed
I20260710 11:10:47.740319 25533 tablet_copy_client.cc:806] T 5270427f870d457ea8a16ab553b0ccd4 P 4443b1b3bf7947869cc0b5a36d0ace1b: tablet copy: Starting download of 0 data blocks...
I20260710 11:10:47.740943 25533 tablet_copy_client.cc:670] T 5270427f870d457ea8a16ab553b0ccd4 P 4443b1b3bf7947869cc0b5a36d0ace1b: tablet copy: Starting download of 1 WAL segments...
I20260710 11:10:47.745522 25533 tablet_copy_client.cc:538] T 5270427f870d457ea8a16ab553b0ccd4 P 4443b1b3bf7947869cc0b5a36d0ace1b: tablet copy: Tablet Copy complete. Replacing tablet superblock.
I20260710 11:10:47.755105 25533 tablet_bootstrap.cc:492] T 5270427f870d457ea8a16ab553b0ccd4 P 4443b1b3bf7947869cc0b5a36d0ace1b: Bootstrap starting.
I20260710 11:10:47.759681 25528 tablet_copy_client.cc:806] T b0244f0225d54c4197f1f32b1fec4820 P 4443b1b3bf7947869cc0b5a36d0ace1b: tablet copy: Starting download of 0 data blocks...
I20260710 11:10:47.760339 25528 tablet_copy_client.cc:670] T b0244f0225d54c4197f1f32b1fec4820 P 4443b1b3bf7947869cc0b5a36d0ace1b: tablet copy: Starting download of 1 WAL segments...
I20260710 11:10:47.764644 25528 tablet_copy_client.cc:538] T b0244f0225d54c4197f1f32b1fec4820 P 4443b1b3bf7947869cc0b5a36d0ace1b: tablet copy: Tablet Copy complete. Replacing tablet superblock.
I20260710 11:10:47.776153 25528 tablet_bootstrap.cc:492] T b0244f0225d54c4197f1f32b1fec4820 P 4443b1b3bf7947869cc0b5a36d0ace1b: Bootstrap starting.
I20260710 11:10:47.783003 25533 tablet_bootstrap.cc:492] T 5270427f870d457ea8a16ab553b0ccd4 P 4443b1b3bf7947869cc0b5a36d0ace1b: Bootstrap replayed 1/1 log segments. Stats: ops{read=2 overwritten=0 applied=2 ignored=0} inserts{seen=0 ignored=0} mutations{seen=0 ignored=0} orphaned_commits=0. Pending: 0 replicates
I20260710 11:10:47.782894 25537 ts_tablet_manager.cc:933] T fe4818ef0b8143889bd141a91313dea2 P 4443b1b3bf7947869cc0b5a36d0ace1b: Initiating tablet copy from peer 4908f238f06341e1b2c09a75218ac945 (127.23.66.193:45923)
I20260710 11:10:47.784049 25533 tablet_bootstrap.cc:492] T 5270427f870d457ea8a16ab553b0ccd4 P 4443b1b3bf7947869cc0b5a36d0ace1b: Bootstrap complete.
I20260710 11:10:47.784852 25533 ts_tablet_manager.cc:1403] T 5270427f870d457ea8a16ab553b0ccd4 P 4443b1b3bf7947869cc0b5a36d0ace1b: Time spent bootstrapping tablet: real 0.030s	user 0.028s	sys 0.000s
I20260710 11:10:47.787922 25533 raft_consensus.cc:359] T 5270427f870d457ea8a16ab553b0ccd4 P 4443b1b3bf7947869cc0b5a36d0ace1b [term 1 LEARNER]: Replica starting. Triggering 0 pending ops. Active config: opid_index: 2 OBSOLETE_local: false peers { permanent_uuid: "4908f238f06341e1b2c09a75218ac945" member_type: VOTER last_known_addr { host: "127.23.66.193" port: 45923 } } peers { permanent_uuid: "b4990ef14aeb40468ffdd590c70078e2" member_type: VOTER last_known_addr { host: "127.23.66.194" port: 36675 } attrs { replace: true } } peers { permanent_uuid: "2c62117051c04f6d9128c07a9344f436" member_type: VOTER last_known_addr { host: "127.23.66.195" port: 35485 } } peers { permanent_uuid: "4443b1b3bf7947869cc0b5a36d0ace1b" member_type: NON_VOTER last_known_addr { host: "127.23.66.196" port: 37137 } attrs { promote: true } }
I20260710 11:10:47.788776 25533 raft_consensus.cc:740] T 5270427f870d457ea8a16ab553b0ccd4 P 4443b1b3bf7947869cc0b5a36d0ace1b [term 1 LEARNER]: Becoming Follower/Learner. State: Replica: 4443b1b3bf7947869cc0b5a36d0ace1b, State: Initialized, Role: LEARNER
I20260710 11:10:47.790359 25533 consensus_queue.cc:260] T 5270427f870d457ea8a16ab553b0ccd4 P 4443b1b3bf7947869cc0b5a36d0ace1b [NON_LEADER]: Queue going to NON_LEADER mode. State: All replicated index: 0, Majority replicated index: 0, Committed index: 2, Last appended: 1.2, Last appended by leader: 2, Current term: 0, Majority size: -1, State: 0, Mode: NON_LEADER, active raft config: opid_index: 2 OBSOLETE_local: false peers { permanent_uuid: "4908f238f06341e1b2c09a75218ac945" member_type: VOTER last_known_addr { host: "127.23.66.193" port: 45923 } } peers { permanent_uuid: "b4990ef14aeb40468ffdd590c70078e2" member_type: VOTER last_known_addr { host: "127.23.66.194" port: 36675 } attrs { replace: true } } peers { permanent_uuid: "2c62117051c04f6d9128c07a9344f436" member_type: VOTER last_known_addr { host: "127.23.66.195" port: 35485 } } peers { permanent_uuid: "4443b1b3bf7947869cc0b5a36d0ace1b" member_type: NON_VOTER last_known_addr { host: "127.23.66.196" port: 37137 } attrs { promote: true } }
I20260710 11:10:47.793535 25533 ts_tablet_manager.cc:1434] T 5270427f870d457ea8a16ab553b0ccd4 P 4443b1b3bf7947869cc0b5a36d0ace1b: Time spent starting tablet: real 0.008s	user 0.007s	sys 0.000s
I20260710 11:10:47.798075 25123 tablet_copy_service.cc:342] P 2c62117051c04f6d9128c07a9344f436: Request end of tablet copy session 4443b1b3bf7947869cc0b5a36d0ace1b-5270427f870d457ea8a16ab553b0ccd4 received from {username='slave'} at 127.0.0.1:50874
I20260710 11:10:47.798544 25123 tablet_copy_service.cc:434] P 2c62117051c04f6d9128c07a9344f436: ending tablet copy session 4443b1b3bf7947869cc0b5a36d0ace1b-5270427f870d457ea8a16ab553b0ccd4 on tablet 5270427f870d457ea8a16ab553b0ccd4 with peer 4443b1b3bf7947869cc0b5a36d0ace1b
I20260710 11:10:47.812281 25537 tablet_copy_client.cc:323] T fe4818ef0b8143889bd141a91313dea2 P 4443b1b3bf7947869cc0b5a36d0ace1b: tablet copy: Beginning tablet copy session from remote peer at address 127.23.66.193:45923
I20260710 11:10:47.813939 24974 tablet_copy_service.cc:140] P 4908f238f06341e1b2c09a75218ac945: Received BeginTabletCopySession request for tablet fe4818ef0b8143889bd141a91313dea2 from peer 4443b1b3bf7947869cc0b5a36d0ace1b ({username='slave'} at 127.0.0.1:35830)
I20260710 11:10:47.814633 25528 tablet_bootstrap.cc:492] T b0244f0225d54c4197f1f32b1fec4820 P 4443b1b3bf7947869cc0b5a36d0ace1b: Bootstrap replayed 1/1 log segments. Stats: ops{read=2 overwritten=0 applied=2 ignored=0} inserts{seen=0 ignored=0} mutations{seen=0 ignored=0} orphaned_commits=0. Pending: 0 replicates
I20260710 11:10:47.814514 24974 tablet_copy_service.cc:161] P 4908f238f06341e1b2c09a75218ac945: Beginning new tablet copy session on tablet fe4818ef0b8143889bd141a91313dea2 from peer 4443b1b3bf7947869cc0b5a36d0ace1b at {username='slave'} at 127.0.0.1:35830: session id = 4443b1b3bf7947869cc0b5a36d0ace1b-fe4818ef0b8143889bd141a91313dea2
I20260710 11:10:47.815583 25528 tablet_bootstrap.cc:492] T b0244f0225d54c4197f1f32b1fec4820 P 4443b1b3bf7947869cc0b5a36d0ace1b: Bootstrap complete.
I20260710 11:10:47.816270 25528 ts_tablet_manager.cc:1403] T b0244f0225d54c4197f1f32b1fec4820 P 4443b1b3bf7947869cc0b5a36d0ace1b: Time spent bootstrapping tablet: real 0.040s	user 0.020s	sys 0.005s
I20260710 11:10:47.819715 25528 raft_consensus.cc:359] T b0244f0225d54c4197f1f32b1fec4820 P 4443b1b3bf7947869cc0b5a36d0ace1b [term 1 LEARNER]: Replica starting. Triggering 0 pending ops. Active config: opid_index: 2 OBSOLETE_local: false peers { permanent_uuid: "4908f238f06341e1b2c09a75218ac945" member_type: VOTER last_known_addr { host: "127.23.66.193" port: 45923 } attrs { replace: true } } peers { permanent_uuid: "b4990ef14aeb40468ffdd590c70078e2" member_type: VOTER last_known_addr { host: "127.23.66.194" port: 36675 } } peers { permanent_uuid: "2c62117051c04f6d9128c07a9344f436" member_type: VOTER last_known_addr { host: "127.23.66.195" port: 35485 } } peers { permanent_uuid: "4443b1b3bf7947869cc0b5a36d0ace1b" member_type: NON_VOTER last_known_addr { host: "127.23.66.196" port: 37137 } attrs { promote: true } }
I20260710 11:10:47.820506 25528 raft_consensus.cc:740] T b0244f0225d54c4197f1f32b1fec4820 P 4443b1b3bf7947869cc0b5a36d0ace1b [term 1 LEARNER]: Becoming Follower/Learner. State: Replica: 4443b1b3bf7947869cc0b5a36d0ace1b, State: Initialized, Role: LEARNER
I20260710 11:10:47.821152 25528 consensus_queue.cc:260] T b0244f0225d54c4197f1f32b1fec4820 P 4443b1b3bf7947869cc0b5a36d0ace1b [NON_LEADER]: Queue going to NON_LEADER mode. State: All replicated index: 0, Majority replicated index: 0, Committed index: 2, Last appended: 1.2, Last appended by leader: 2, Current term: 0, Majority size: -1, State: 0, Mode: NON_LEADER, active raft config: opid_index: 2 OBSOLETE_local: false peers { permanent_uuid: "4908f238f06341e1b2c09a75218ac945" member_type: VOTER last_known_addr { host: "127.23.66.193" port: 45923 } attrs { replace: true } } peers { permanent_uuid: "b4990ef14aeb40468ffdd590c70078e2" member_type: VOTER last_known_addr { host: "127.23.66.194" port: 36675 } } peers { permanent_uuid: "2c62117051c04f6d9128c07a9344f436" member_type: VOTER last_known_addr { host: "127.23.66.195" port: 35485 } } peers { permanent_uuid: "4443b1b3bf7947869cc0b5a36d0ace1b" member_type: NON_VOTER last_known_addr { host: "127.23.66.196" port: 37137 } attrs { promote: true } }
I20260710 11:10:47.822660 24974 tablet_copy_source_session.cc:215] T fe4818ef0b8143889bd141a91313dea2 P 4908f238f06341e1b2c09a75218ac945: Tablet Copy: opened 0 blocks and 1 log segments
I20260710 11:10:47.823555 25528 ts_tablet_manager.cc:1434] T b0244f0225d54c4197f1f32b1fec4820 P 4443b1b3bf7947869cc0b5a36d0ace1b: Time spent starting tablet: real 0.007s	user 0.008s	sys 0.000s
I20260710 11:10:47.825301 25049 tablet_copy_service.cc:342] P b4990ef14aeb40468ffdd590c70078e2: Request end of tablet copy session 4443b1b3bf7947869cc0b5a36d0ace1b-b0244f0225d54c4197f1f32b1fec4820 received from {username='slave'} at 127.0.0.1:50360
I20260710 11:10:47.825796 25049 tablet_copy_service.cc:434] P b4990ef14aeb40468ffdd590c70078e2: ending tablet copy session 4443b1b3bf7947869cc0b5a36d0ace1b-b0244f0225d54c4197f1f32b1fec4820 on tablet b0244f0225d54c4197f1f32b1fec4820 with peer 4443b1b3bf7947869cc0b5a36d0ace1b
I20260710 11:10:47.831622 25537 data_dirs.cc:400] Could only allocate 1 dirs of requested 3 for tablet fe4818ef0b8143889bd141a91313dea2. 1 dirs total, 0 dirs full, 0 dirs failed
I20260710 11:10:47.847363 25537 tablet_copy_client.cc:806] T fe4818ef0b8143889bd141a91313dea2 P 4443b1b3bf7947869cc0b5a36d0ace1b: tablet copy: Starting download of 0 data blocks...
I20260710 11:10:47.848096 25537 tablet_copy_client.cc:670] T fe4818ef0b8143889bd141a91313dea2 P 4443b1b3bf7947869cc0b5a36d0ace1b: tablet copy: Starting download of 1 WAL segments...
I20260710 11:10:47.852136 25537 tablet_copy_client.cc:538] T fe4818ef0b8143889bd141a91313dea2 P 4443b1b3bf7947869cc0b5a36d0ace1b: tablet copy: Tablet Copy complete. Replacing tablet superblock.
I20260710 11:10:47.859539 25537 tablet_bootstrap.cc:492] T fe4818ef0b8143889bd141a91313dea2 P 4443b1b3bf7947869cc0b5a36d0ace1b: Bootstrap starting.
I20260710 11:10:47.878103 25537 tablet_bootstrap.cc:492] T fe4818ef0b8143889bd141a91313dea2 P 4443b1b3bf7947869cc0b5a36d0ace1b: Bootstrap replayed 1/1 log segments. Stats: ops{read=2 overwritten=0 applied=2 ignored=0} inserts{seen=0 ignored=0} mutations{seen=0 ignored=0} orphaned_commits=0. Pending: 0 replicates
I20260710 11:10:47.879166 25537 tablet_bootstrap.cc:492] T fe4818ef0b8143889bd141a91313dea2 P 4443b1b3bf7947869cc0b5a36d0ace1b: Bootstrap complete.
I20260710 11:10:47.879827 25537 ts_tablet_manager.cc:1403] T fe4818ef0b8143889bd141a91313dea2 P 4443b1b3bf7947869cc0b5a36d0ace1b: Time spent bootstrapping tablet: real 0.020s	user 0.009s	sys 0.010s
I20260710 11:10:47.882622 25537 raft_consensus.cc:359] T fe4818ef0b8143889bd141a91313dea2 P 4443b1b3bf7947869cc0b5a36d0ace1b [term 1 LEARNER]: Replica starting. Triggering 0 pending ops. Active config: opid_index: 2 OBSOLETE_local: false peers { permanent_uuid: "4908f238f06341e1b2c09a75218ac945" member_type: VOTER last_known_addr { host: "127.23.66.193" port: 45923 } } peers { permanent_uuid: "b4990ef14aeb40468ffdd590c70078e2" member_type: VOTER last_known_addr { host: "127.23.66.194" port: 36675 } } peers { permanent_uuid: "2c62117051c04f6d9128c07a9344f436" member_type: VOTER last_known_addr { host: "127.23.66.195" port: 35485 } attrs { replace: true } } peers { permanent_uuid: "4443b1b3bf7947869cc0b5a36d0ace1b" member_type: NON_VOTER last_known_addr { host: "127.23.66.196" port: 37137 } attrs { promote: true } }
I20260710 11:10:47.883343 25537 raft_consensus.cc:740] T fe4818ef0b8143889bd141a91313dea2 P 4443b1b3bf7947869cc0b5a36d0ace1b [term 1 LEARNER]: Becoming Follower/Learner. State: Replica: 4443b1b3bf7947869cc0b5a36d0ace1b, State: Initialized, Role: LEARNER
I20260710 11:10:47.884089 25537 consensus_queue.cc:260] T fe4818ef0b8143889bd141a91313dea2 P 4443b1b3bf7947869cc0b5a36d0ace1b [NON_LEADER]: Queue going to NON_LEADER mode. State: All replicated index: 0, Majority replicated index: 0, Committed index: 2, Last appended: 1.2, Last appended by leader: 2, Current term: 0, Majority size: -1, State: 0, Mode: NON_LEADER, active raft config: opid_index: 2 OBSOLETE_local: false peers { permanent_uuid: "4908f238f06341e1b2c09a75218ac945" member_type: VOTER last_known_addr { host: "127.23.66.193" port: 45923 } } peers { permanent_uuid: "b4990ef14aeb40468ffdd590c70078e2" member_type: VOTER last_known_addr { host: "127.23.66.194" port: 36675 } } peers { permanent_uuid: "2c62117051c04f6d9128c07a9344f436" member_type: VOTER last_known_addr { host: "127.23.66.195" port: 35485 } attrs { replace: true } } peers { permanent_uuid: "4443b1b3bf7947869cc0b5a36d0ace1b" member_type: NON_VOTER last_known_addr { host: "127.23.66.196" port: 37137 } attrs { promote: true } }
I20260710 11:10:47.886618 25537 ts_tablet_manager.cc:1434] T fe4818ef0b8143889bd141a91313dea2 P 4443b1b3bf7947869cc0b5a36d0ace1b: Time spent starting tablet: real 0.006s	user 0.002s	sys 0.006s
I20260710 11:10:47.888659 24974 tablet_copy_service.cc:342] P 4908f238f06341e1b2c09a75218ac945: Request end of tablet copy session 4443b1b3bf7947869cc0b5a36d0ace1b-fe4818ef0b8143889bd141a91313dea2 received from {username='slave'} at 127.0.0.1:35830
I20260710 11:10:47.889178 24974 tablet_copy_service.cc:434] P 4908f238f06341e1b2c09a75218ac945: ending tablet copy session 4443b1b3bf7947869cc0b5a36d0ace1b-fe4818ef0b8143889bd141a91313dea2 on tablet fe4818ef0b8143889bd141a91313dea2 with peer 4443b1b3bf7947869cc0b5a36d0ace1b
I20260710 11:10:47.964597 25399 raft_consensus.cc:1217] T dace6cf8e4b44b30abb8bc0e116f06b8 P 4443b1b3bf7947869cc0b5a36d0ace1b [term 1 LEARNER]: Deduplicated request from leader. Original: 1.1->[1.2-1.2]   Dedup: 1.2->[]
I20260710 11:10:48.141732 25399 raft_consensus.cc:1217] T fe4818ef0b8143889bd141a91313dea2 P 4443b1b3bf7947869cc0b5a36d0ace1b [term 1 LEARNER]: Deduplicated request from leader. Original: 1.1->[1.2-1.2]   Dedup: 1.2->[]
I20260710 11:10:48.157291 25399 raft_consensus.cc:1217] T b0244f0225d54c4197f1f32b1fec4820 P 4443b1b3bf7947869cc0b5a36d0ace1b [term 1 LEARNER]: Deduplicated request from leader. Original: 1.1->[1.2-1.2]   Dedup: 1.2->[]
I20260710 11:10:48.318974 25399 raft_consensus.cc:1217] T 5270427f870d457ea8a16ab553b0ccd4 P 4443b1b3bf7947869cc0b5a36d0ace1b [term 1 LEARNER]: Deduplicated request from leader. Original: 1.1->[1.2-1.2]   Dedup: 1.2->[]
I20260710 11:10:48.542160 25504 raft_consensus.cc:1064] T dace6cf8e4b44b30abb8bc0e116f06b8 P 4908f238f06341e1b2c09a75218ac945: attempting to promote NON_VOTER 4443b1b3bf7947869cc0b5a36d0ace1b to VOTER
I20260710 11:10:48.544380 25504 consensus_queue.cc:237] T dace6cf8e4b44b30abb8bc0e116f06b8 P 4908f238f06341e1b2c09a75218ac945 [LEADER]: Queue going to LEADER mode. State: All replicated index: 0, Majority replicated index: 2, Committed index: 2, Last appended: 1.2, Last appended by leader: 0, Current term: 1, Majority size: 3, State: 0, Mode: LEADER, active raft config: opid_index: 3 OBSOLETE_local: false peers { permanent_uuid: "4908f238f06341e1b2c09a75218ac945" member_type: VOTER last_known_addr { host: "127.23.66.193" port: 45923 } } peers { permanent_uuid: "b4990ef14aeb40468ffdd590c70078e2" member_type: VOTER last_known_addr { host: "127.23.66.194" port: 36675 } attrs { replace: true } } peers { permanent_uuid: "2c62117051c04f6d9128c07a9344f436" member_type: VOTER last_known_addr { host: "127.23.66.195" port: 35485 } } peers { permanent_uuid: "4443b1b3bf7947869cc0b5a36d0ace1b" member_type: VOTER last_known_addr { host: "127.23.66.196" port: 37137 } attrs { promote: false } }
I20260710 11:10:48.552228 25399 raft_consensus.cc:1275] T dace6cf8e4b44b30abb8bc0e116f06b8 P 4443b1b3bf7947869cc0b5a36d0ace1b [term 1 LEARNER]: Refusing update from remote peer 4908f238f06341e1b2c09a75218ac945: Log matching property violated. Preceding OpId in replica: term: 1 index: 2. Preceding OpId from leader: term: 1 index: 3. (index mismatch)
I20260710 11:10:48.553007 25110 raft_consensus.cc:1275] T dace6cf8e4b44b30abb8bc0e116f06b8 P 2c62117051c04f6d9128c07a9344f436 [term 1 FOLLOWER]: Refusing update from remote peer 4908f238f06341e1b2c09a75218ac945: Log matching property violated. Preceding OpId in replica: term: 1 index: 2. Preceding OpId from leader: term: 1 index: 3. (index mismatch)
I20260710 11:10:48.553464 25038 raft_consensus.cc:1275] T dace6cf8e4b44b30abb8bc0e116f06b8 P b4990ef14aeb40468ffdd590c70078e2 [term 1 FOLLOWER]: Refusing update from remote peer 4908f238f06341e1b2c09a75218ac945: Log matching property violated. Preceding OpId in replica: term: 1 index: 2. Preceding OpId from leader: term: 1 index: 3. (index mismatch)
I20260710 11:10:48.554692 25462 consensus_queue.cc:1048] T dace6cf8e4b44b30abb8bc0e116f06b8 P 4908f238f06341e1b2c09a75218ac945 [LEADER]: Connected to new peer: Peer: permanent_uuid: "4443b1b3bf7947869cc0b5a36d0ace1b" member_type: VOTER last_known_addr { host: "127.23.66.196" port: 37137 } attrs { promote: false }, Status: LMP_MISMATCH, Last received: 0.0, Next index: 3, Last known committed idx: 2, Time since last communication: 0.000s
I20260710 11:10:48.555933 25504 consensus_queue.cc:1048] T dace6cf8e4b44b30abb8bc0e116f06b8 P 4908f238f06341e1b2c09a75218ac945 [LEADER]: Connected to new peer: Peer: permanent_uuid: "2c62117051c04f6d9128c07a9344f436" member_type: VOTER last_known_addr { host: "127.23.66.195" port: 35485 }, Status: LMP_MISMATCH, Last received: 0.0, Next index: 3, Last known committed idx: 2, Time since last communication: 0.000s
I20260710 11:10:48.557487 25542 consensus_queue.cc:1048] T dace6cf8e4b44b30abb8bc0e116f06b8 P 4908f238f06341e1b2c09a75218ac945 [LEADER]: Connected to new peer: Peer: permanent_uuid: "b4990ef14aeb40468ffdd590c70078e2" member_type: VOTER last_known_addr { host: "127.23.66.194" port: 36675 } attrs { replace: true }, Status: LMP_MISMATCH, Last received: 0.0, Next index: 3, Last known committed idx: 2, Time since last communication: 0.001s
I20260710 11:10:48.578850 25546 raft_consensus.cc:1064] T fe4818ef0b8143889bd141a91313dea2 P 4908f238f06341e1b2c09a75218ac945: attempting to promote NON_VOTER 4443b1b3bf7947869cc0b5a36d0ace1b to VOTER
I20260710 11:10:48.582724 25546 consensus_queue.cc:237] T fe4818ef0b8143889bd141a91313dea2 P 4908f238f06341e1b2c09a75218ac945 [LEADER]: Queue going to LEADER mode. State: All replicated index: 0, Majority replicated index: 2, Committed index: 2, Last appended: 1.2, Last appended by leader: 0, Current term: 1, Majority size: 3, State: 0, Mode: LEADER, active raft config: opid_index: 3 OBSOLETE_local: false peers { permanent_uuid: "4908f238f06341e1b2c09a75218ac945" member_type: VOTER last_known_addr { host: "127.23.66.193" port: 45923 } } peers { permanent_uuid: "b4990ef14aeb40468ffdd590c70078e2" member_type: VOTER last_known_addr { host: "127.23.66.194" port: 36675 } } peers { permanent_uuid: "2c62117051c04f6d9128c07a9344f436" member_type: VOTER last_known_addr { host: "127.23.66.195" port: 35485 } attrs { replace: true } } peers { permanent_uuid: "4443b1b3bf7947869cc0b5a36d0ace1b" member_type: VOTER last_known_addr { host: "127.23.66.196" port: 37137 } attrs { promote: false } }
I20260710 11:10:48.591328 25038 raft_consensus.cc:2955] T dace6cf8e4b44b30abb8bc0e116f06b8 P b4990ef14aeb40468ffdd590c70078e2 [term 1 FOLLOWER]: Committing config change with OpId 1.3: config changed from index 2 to 3, 4443b1b3bf7947869cc0b5a36d0ace1b (127.23.66.196) changed from NON_VOTER to VOTER. New config: { opid_index: 3 OBSOLETE_local: false peers { permanent_uuid: "4908f238f06341e1b2c09a75218ac945" member_type: VOTER last_known_addr { host: "127.23.66.193" port: 45923 } } peers { permanent_uuid: "b4990ef14aeb40468ffdd590c70078e2" member_type: VOTER last_known_addr { host: "127.23.66.194" port: 36675 } attrs { replace: true } } peers { permanent_uuid: "2c62117051c04f6d9128c07a9344f436" member_type: VOTER last_known_addr { host: "127.23.66.195" port: 35485 } } peers { permanent_uuid: "4443b1b3bf7947869cc0b5a36d0ace1b" member_type: VOTER last_known_addr { host: "127.23.66.196" port: 37137 } attrs { promote: false } } }
I20260710 11:10:48.589951 25542 raft_consensus.cc:2955] T dace6cf8e4b44b30abb8bc0e116f06b8 P 4908f238f06341e1b2c09a75218ac945 [term 1 LEADER]: Committing config change with OpId 1.3: config changed from index 2 to 3, 4443b1b3bf7947869cc0b5a36d0ace1b (127.23.66.196) changed from NON_VOTER to VOTER. New config: { opid_index: 3 OBSOLETE_local: false peers { permanent_uuid: "4908f238f06341e1b2c09a75218ac945" member_type: VOTER last_known_addr { host: "127.23.66.193" port: 45923 } } peers { permanent_uuid: "b4990ef14aeb40468ffdd590c70078e2" member_type: VOTER last_known_addr { host: "127.23.66.194" port: 36675 } attrs { replace: true } } peers { permanent_uuid: "2c62117051c04f6d9128c07a9344f436" member_type: VOTER last_known_addr { host: "127.23.66.195" port: 35485 } } peers { permanent_uuid: "4443b1b3bf7947869cc0b5a36d0ace1b" member_type: VOTER last_known_addr { host: "127.23.66.196" port: 37137 } attrs { promote: false } } }
I20260710 11:10:48.602291 25109 raft_consensus.cc:2955] T dace6cf8e4b44b30abb8bc0e116f06b8 P 2c62117051c04f6d9128c07a9344f436 [term 1 FOLLOWER]: Committing config change with OpId 1.3: config changed from index 2 to 3, 4443b1b3bf7947869cc0b5a36d0ace1b (127.23.66.196) changed from NON_VOTER to VOTER. New config: { opid_index: 3 OBSOLETE_local: false peers { permanent_uuid: "4908f238f06341e1b2c09a75218ac945" member_type: VOTER last_known_addr { host: "127.23.66.193" port: 45923 } } peers { permanent_uuid: "b4990ef14aeb40468ffdd590c70078e2" member_type: VOTER last_known_addr { host: "127.23.66.194" port: 36675 } attrs { replace: true } } peers { permanent_uuid: "2c62117051c04f6d9128c07a9344f436" member_type: VOTER last_known_addr { host: "127.23.66.195" port: 35485 } } peers { permanent_uuid: "4443b1b3bf7947869cc0b5a36d0ace1b" member_type: VOTER last_known_addr { host: "127.23.66.196" port: 37137 } attrs { promote: false } } }
I20260710 11:10:48.621919 25399 raft_consensus.cc:1275] T fe4818ef0b8143889bd141a91313dea2 P 4443b1b3bf7947869cc0b5a36d0ace1b [term 1 LEARNER]: Refusing update from remote peer 4908f238f06341e1b2c09a75218ac945: Log matching property violated. Preceding OpId in replica: term: 1 index: 2. Preceding OpId from leader: term: 1 index: 3. (index mismatch)
I20260710 11:10:48.621106 24861 catalog_manager.cc:5697] T dace6cf8e4b44b30abb8bc0e116f06b8 P b4990ef14aeb40468ffdd590c70078e2 reported cstate change: config changed from index 2 to 3, 4443b1b3bf7947869cc0b5a36d0ace1b (127.23.66.196) changed from NON_VOTER to VOTER. New cstate: current_term: 1 leader_uuid: "4908f238f06341e1b2c09a75218ac945" committed_config { opid_index: 3 OBSOLETE_local: false peers { permanent_uuid: "4908f238f06341e1b2c09a75218ac945" member_type: VOTER last_known_addr { host: "127.23.66.193" port: 45923 } } peers { permanent_uuid: "b4990ef14aeb40468ffdd590c70078e2" member_type: VOTER last_known_addr { host: "127.23.66.194" port: 36675 } attrs { replace: true } } peers { permanent_uuid: "2c62117051c04f6d9128c07a9344f436" member_type: VOTER last_known_addr { host: "127.23.66.195" port: 35485 } } peers { permanent_uuid: "4443b1b3bf7947869cc0b5a36d0ace1b" member_type: VOTER last_known_addr { host: "127.23.66.196" port: 37137 } attrs { promote: false } } }
I20260710 11:10:48.628963 25110 raft_consensus.cc:1275] T fe4818ef0b8143889bd141a91313dea2 P 2c62117051c04f6d9128c07a9344f436 [term 1 FOLLOWER]: Refusing update from remote peer 4908f238f06341e1b2c09a75218ac945: Log matching property violated. Preceding OpId in replica: term: 1 index: 2. Preceding OpId from leader: term: 1 index: 3. (index mismatch)
I20260710 11:10:48.628944 25462 consensus_queue.cc:1048] T fe4818ef0b8143889bd141a91313dea2 P 4908f238f06341e1b2c09a75218ac945 [LEADER]: Connected to new peer: Peer: permanent_uuid: "4443b1b3bf7947869cc0b5a36d0ace1b" member_type: VOTER last_known_addr { host: "127.23.66.196" port: 37137 } attrs { promote: false }, Status: LMP_MISMATCH, Last received: 0.0, Next index: 3, Last known committed idx: 2, Time since last communication: 0.001s
I20260710 11:10:48.630760 25504 consensus_queue.cc:1048] T fe4818ef0b8143889bd141a91313dea2 P 4908f238f06341e1b2c09a75218ac945 [LEADER]: Connected to new peer: Peer: permanent_uuid: "2c62117051c04f6d9128c07a9344f436" member_type: VOTER last_known_addr { host: "127.23.66.195" port: 35485 } attrs { replace: true }, Status: LMP_MISMATCH, Last received: 0.0, Next index: 3, Last known committed idx: 2, Time since last communication: 0.000s
I20260710 11:10:48.662832 25038 raft_consensus.cc:1275] T fe4818ef0b8143889bd141a91313dea2 P b4990ef14aeb40468ffdd590c70078e2 [term 1 FOLLOWER]: Refusing update from remote peer 4908f238f06341e1b2c09a75218ac945: Log matching property violated. Preceding OpId in replica: term: 1 index: 2. Preceding OpId from leader: term: 1 index: 3. (index mismatch)
