I20260710 11:10:25.347466 22890 raft_consensus.cc:2468] T 5e878ff57fd344c29bbb5988648ef869 P 560286e238784be8afd4f4a0d2ca4600 [term 3 FOLLOWER]: Leader election vote request: Granting yes vote for candidate 34710eeff2694f5da2f1712bf39d0124 in term 3.
I20260710 11:10:25.347849 23220 raft_consensus.cc:697] T 5e878ff57fd344c29bbb5988648ef869 P 34710eeff2694f5da2f1712bf39d0124 [term 3 LEADER]: Becoming Leader. State: Replica: 34710eeff2694f5da2f1712bf39d0124, State: Running, Role: LEADER
I20260710 11:10:25.348855 23220 consensus_queue.cc:237] T 5e878ff57fd344c29bbb5988648ef869 P 34710eeff2694f5da2f1712bf39d0124 [LEADER]: Queue going to LEADER mode. State: All replicated index: 0, Majority replicated index: 2, Committed index: 2, Last appended: 2.2, Last appended by leader: 2, Current term: 3, Majority size: 2, State: 0, Mode: LEADER, active raft config: opid_index: -1 OBSOLETE_local: false peers { permanent_uuid: "ac3e57e12d384e2c95d5cee27da4eb1e" member_type: VOTER last_known_addr { host: "127.21.188.2" port: 39885 } } peers { permanent_uuid: "560286e238784be8afd4f4a0d2ca4600" member_type: VOTER last_known_addr { host: "127.21.188.1" port: 42137 } } peers { permanent_uuid: "34710eeff2694f5da2f1712bf39d0124" member_type: VOTER last_known_addr { host: "127.21.188.3" port: 41383 } }
I20260710 11:10:25.357548 22785 catalog_manager.cc:5697] T 5e878ff57fd344c29bbb5988648ef869 P 34710eeff2694f5da2f1712bf39d0124 reported cstate change: term changed from 2 to 3, leader changed from 560286e238784be8afd4f4a0d2ca4600 (127.21.188.1) to 34710eeff2694f5da2f1712bf39d0124 (127.21.188.3). New cstate: current_term: 3 leader_uuid: "34710eeff2694f5da2f1712bf39d0124" committed_config { opid_index: -1 OBSOLETE_local: false peers { permanent_uuid: "ac3e57e12d384e2c95d5cee27da4eb1e" member_type: VOTER last_known_addr { host: "127.21.188.2" port: 39885 } health_report { overall_health: UNKNOWN } } peers { permanent_uuid: "560286e238784be8afd4f4a0d2ca4600" member_type: VOTER last_known_addr { host: "127.21.188.1" port: 42137 } health_report { overall_health: UNKNOWN } } peers { permanent_uuid: "34710eeff2694f5da2f1712bf39d0124" member_type: VOTER last_known_addr { host: "127.21.188.3" port: 41383 } health_report { overall_health: HEALTHY } } }
I20260710 11:10:25.435894 23208 raft_consensus.cc:993] T 11512c9fa57543d2bbeb7018a209b0b3 P 560286e238784be8afd4f4a0d2ca4600: : Instructing follower 34710eeff2694f5da2f1712bf39d0124 to start an election
I20260710 11:10:25.436429 23197 raft_consensus.cc:1081] T 11512c9fa57543d2bbeb7018a209b0b3 P 560286e238784be8afd4f4a0d2ca4600 [term 4 LEADER]: Signalling peer 34710eeff2694f5da2f1712bf39d0124 to start an election
I20260710 11:10:25.438057 23038 tablet_service.cc:2044] Received Run Leader Election RPC: tablet_id: "11512c9fa57543d2bbeb7018a209b0b3"
dest_uuid: "34710eeff2694f5da2f1712bf39d0124"
 from {username='slave'} at 127.0.0.1:40870
I20260710 11:10:25.438231 23037 raft_consensus.cc:1275] T 94be052631094de9bbe10699416b0865 P 34710eeff2694f5da2f1712bf39d0124 [term 3 FOLLOWER]: Refusing update from remote peer ac3e57e12d384e2c95d5cee27da4eb1e: Log matching property violated. Preceding OpId in replica: term: 2 index: 2. Preceding OpId from leader: term: 3 index: 3. (index mismatch)
I20260710 11:10:25.438503 23038 raft_consensus.cc:493] T 11512c9fa57543d2bbeb7018a209b0b3 P 34710eeff2694f5da2f1712bf39d0124 [term 4 FOLLOWER]: Starting forced leader election (received explicit request)
I20260710 11:10:25.438917 23038 raft_consensus.cc:3060] T 11512c9fa57543d2bbeb7018a209b0b3 P 34710eeff2694f5da2f1712bf39d0124 [term 4 FOLLOWER]: Advancing to term 5
I20260710 11:10:25.439729 23136 consensus_queue.cc:1048] T 94be052631094de9bbe10699416b0865 P ac3e57e12d384e2c95d5cee27da4eb1e [LEADER]: Connected to new peer: Peer: permanent_uuid: "34710eeff2694f5da2f1712bf39d0124" member_type: VOTER last_known_addr { host: "127.21.188.3" port: 41383 }, Status: LMP_MISMATCH, Last received: 0.0, Next index: 3, Last known committed idx: 2, Time since last communication: 0.000s
I20260710 11:10:25.443744 23038 raft_consensus.cc:515] T 11512c9fa57543d2bbeb7018a209b0b3 P 34710eeff2694f5da2f1712bf39d0124 [term 5 FOLLOWER]: Starting forced leader election with config: opid_index: -1 OBSOLETE_local: false peers { permanent_uuid: "560286e238784be8afd4f4a0d2ca4600" member_type: VOTER last_known_addr { host: "127.21.188.1" port: 42137 } } peers { permanent_uuid: "ac3e57e12d384e2c95d5cee27da4eb1e" member_type: VOTER last_known_addr { host: "127.21.188.2" port: 39885 } } peers { permanent_uuid: "34710eeff2694f5da2f1712bf39d0124" member_type: VOTER last_known_addr { host: "127.21.188.3" port: 41383 } }
I20260710 11:10:25.446589 22966 tablet_service.cc:1917] Received RequestConsensusVote() RPC: tablet_id: "11512c9fa57543d2bbeb7018a209b0b3" candidate_uuid: "34710eeff2694f5da2f1712bf39d0124" candidate_term: 5 candidate_status { last_received { term: 4 index: 4 } } ignore_live_leader: true dest_uuid: "ac3e57e12d384e2c95d5cee27da4eb1e"
I20260710 11:10:25.447271 22966 raft_consensus.cc:3060] T 11512c9fa57543d2bbeb7018a209b0b3 P ac3e57e12d384e2c95d5cee27da4eb1e [term 4 FOLLOWER]: Advancing to term 5
I20260710 11:10:25.447659 22890 tablet_service.cc:1917] Received RequestConsensusVote() RPC: tablet_id: "11512c9fa57543d2bbeb7018a209b0b3" candidate_uuid: "34710eeff2694f5da2f1712bf39d0124" candidate_term: 5 candidate_status { last_received { term: 4 index: 4 } } ignore_live_leader: true dest_uuid: "560286e238784be8afd4f4a0d2ca4600"
I20260710 11:10:25.448215 22890 raft_consensus.cc:3055] T 11512c9fa57543d2bbeb7018a209b0b3 P 560286e238784be8afd4f4a0d2ca4600 [term 4 LEADER]: Stepping down as leader of term 4
I20260710 11:10:25.448510 22890 raft_consensus.cc:740] T 11512c9fa57543d2bbeb7018a209b0b3 P 560286e238784be8afd4f4a0d2ca4600 [term 4 LEADER]: Becoming Follower/Learner. State: Replica: 560286e238784be8afd4f4a0d2ca4600, State: Running, Role: LEADER
I20260710 11:10:25.451126 23038 leader_election.cc:290] T 11512c9fa57543d2bbeb7018a209b0b3 P 34710eeff2694f5da2f1712bf39d0124 [CANDIDATE]: Term 5 election: Requested vote from peers 560286e238784be8afd4f4a0d2ca4600 (127.21.188.1:42137), ac3e57e12d384e2c95d5cee27da4eb1e (127.21.188.2:39885)
I20260710 11:10:25.451810 22891 raft_consensus.cc:1275] T 94be052631094de9bbe10699416b0865 P 560286e238784be8afd4f4a0d2ca4600 [term 3 FOLLOWER]: Refusing update from remote peer ac3e57e12d384e2c95d5cee27da4eb1e: Log matching property violated. Preceding OpId in replica: term: 2 index: 2. Preceding OpId from leader: term: 3 index: 3. (index mismatch)
I20260710 11:10:25.451233 22890 consensus_queue.cc:260] T 11512c9fa57543d2bbeb7018a209b0b3 P 560286e238784be8afd4f4a0d2ca4600 [NON_LEADER]: Queue going to NON_LEADER mode. State: All replicated index: 0, Majority replicated index: 4, Committed index: 4, Last appended: 4.4, Last appended by leader: 4, Current term: 4, Majority size: -1, State: 0, Mode: NON_LEADER, active raft config: opid_index: -1 OBSOLETE_local: false peers { permanent_uuid: "560286e238784be8afd4f4a0d2ca4600" member_type: VOTER last_known_addr { host: "127.21.188.1" port: 42137 } } peers { permanent_uuid: "ac3e57e12d384e2c95d5cee27da4eb1e" member_type: VOTER last_known_addr { host: "127.21.188.2" port: 39885 } } peers { permanent_uuid: "34710eeff2694f5da2f1712bf39d0124" member_type: VOTER last_known_addr { host: "127.21.188.3" port: 41383 } }
I20260710 11:10:25.453311 23136 consensus_queue.cc:1048] T 94be052631094de9bbe10699416b0865 P ac3e57e12d384e2c95d5cee27da4eb1e [LEADER]: Connected to new peer: Peer: permanent_uuid: "560286e238784be8afd4f4a0d2ca4600" member_type: VOTER last_known_addr { host: "127.21.188.1" port: 42137 }, Status: LMP_MISMATCH, Last received: 0.0, Next index: 3, Last known committed idx: 2, Time since last communication: 0.001s
I20260710 11:10:25.455862 22890 raft_consensus.cc:3060] T 11512c9fa57543d2bbeb7018a209b0b3 P 560286e238784be8afd4f4a0d2ca4600 [term 4 FOLLOWER]: Advancing to term 5
I20260710 11:10:25.464665 22966 raft_consensus.cc:2468] T 11512c9fa57543d2bbeb7018a209b0b3 P ac3e57e12d384e2c95d5cee27da4eb1e [term 5 FOLLOWER]: Leader election vote request: Granting yes vote for candidate 34710eeff2694f5da2f1712bf39d0124 in term 5.
I20260710 11:10:25.470324 22890 raft_consensus.cc:2468] T 11512c9fa57543d2bbeb7018a209b0b3 P 560286e238784be8afd4f4a0d2ca4600 [term 5 FOLLOWER]: Leader election vote request: Granting yes vote for candidate 34710eeff2694f5da2f1712bf39d0124 in term 5.
I20260710 11:10:25.473018 23004 leader_election.cc:304] T 11512c9fa57543d2bbeb7018a209b0b3 P 34710eeff2694f5da2f1712bf39d0124 [CANDIDATE]: Term 5 election: Election decided. Result: candidate won. Election summary: received 2 responses out of 3 voters: 2 yes votes; 0 no votes. yes voters: 34710eeff2694f5da2f1712bf39d0124, ac3e57e12d384e2c95d5cee27da4eb1e; no voters: 
I20260710 11:10:25.475102 23220 raft_consensus.cc:2804] T 11512c9fa57543d2bbeb7018a209b0b3 P 34710eeff2694f5da2f1712bf39d0124 [term 5 FOLLOWER]: Leader election won for term 5
I20260710 11:10:25.475670 23220 raft_consensus.cc:697] T 11512c9fa57543d2bbeb7018a209b0b3 P 34710eeff2694f5da2f1712bf39d0124 [term 5 LEADER]: Becoming Leader. State: Replica: 34710eeff2694f5da2f1712bf39d0124, State: Running, Role: LEADER
I20260710 11:10:25.476611 23220 consensus_queue.cc:237] T 11512c9fa57543d2bbeb7018a209b0b3 P 34710eeff2694f5da2f1712bf39d0124 [LEADER]: Queue going to LEADER mode. State: All replicated index: 0, Majority replicated index: 4, Committed index: 4, Last appended: 4.4, Last appended by leader: 4, Current term: 5, Majority size: 2, State: 0, Mode: LEADER, active raft config: opid_index: -1 OBSOLETE_local: false peers { permanent_uuid: "560286e238784be8afd4f4a0d2ca4600" member_type: VOTER last_known_addr { host: "127.21.188.1" port: 42137 } } peers { permanent_uuid: "ac3e57e12d384e2c95d5cee27da4eb1e" member_type: VOTER last_known_addr { host: "127.21.188.2" port: 39885 } } peers { permanent_uuid: "34710eeff2694f5da2f1712bf39d0124" member_type: VOTER last_known_addr { host: "127.21.188.3" port: 41383 } }
I20260710 11:10:25.487315 22785 catalog_manager.cc:5697] T 11512c9fa57543d2bbeb7018a209b0b3 P 34710eeff2694f5da2f1712bf39d0124 reported cstate change: term changed from 4 to 5, leader changed from 560286e238784be8afd4f4a0d2ca4600 (127.21.188.1) to 34710eeff2694f5da2f1712bf39d0124 (127.21.188.3). New cstate: current_term: 5 leader_uuid: "34710eeff2694f5da2f1712bf39d0124" committed_config { opid_index: -1 OBSOLETE_local: false peers { permanent_uuid: "560286e238784be8afd4f4a0d2ca4600" member_type: VOTER last_known_addr { host: "127.21.188.1" port: 42137 } health_report { overall_health: UNKNOWN } } peers { permanent_uuid: "ac3e57e12d384e2c95d5cee27da4eb1e" member_type: VOTER last_known_addr { host: "127.21.188.2" port: 39885 } health_report { overall_health: UNKNOWN } } peers { permanent_uuid: "34710eeff2694f5da2f1712bf39d0124" member_type: VOTER last_known_addr { host: "127.21.188.3" port: 41383 } health_report { overall_health: HEALTHY } } }
I20260710 11:10:25.493326 23208 raft_consensus.cc:993] T 6d57cdf260f1496f9654ee6e119d5e68 P 560286e238784be8afd4f4a0d2ca4600: : Instructing follower ac3e57e12d384e2c95d5cee27da4eb1e to start an election
I20260710 11:10:25.493852 23197 raft_consensus.cc:1081] T 6d57cdf260f1496f9654ee6e119d5e68 P 560286e238784be8afd4f4a0d2ca4600 [term 1 LEADER]: Signalling peer ac3e57e12d384e2c95d5cee27da4eb1e to start an election
I20260710 11:10:25.495741 22966 tablet_service.cc:2044] Received Run Leader Election RPC: tablet_id: "6d57cdf260f1496f9654ee6e119d5e68"
dest_uuid: "ac3e57e12d384e2c95d5cee27da4eb1e"
 from {username='slave'} at 127.0.0.1:53724
I20260710 11:10:25.496346 22966 raft_consensus.cc:493] T 6d57cdf260f1496f9654ee6e119d5e68 P ac3e57e12d384e2c95d5cee27da4eb1e [term 1 FOLLOWER]: Starting forced leader election (received explicit request)
I20260710 11:10:25.496654 22966 raft_consensus.cc:3060] T 6d57cdf260f1496f9654ee6e119d5e68 P ac3e57e12d384e2c95d5cee27da4eb1e [term 1 FOLLOWER]: Advancing to term 2
I20260710 11:10:25.501355 22966 raft_consensus.cc:515] T 6d57cdf260f1496f9654ee6e119d5e68 P ac3e57e12d384e2c95d5cee27da4eb1e [term 2 FOLLOWER]: Starting forced leader election with config: opid_index: -1 OBSOLETE_local: false peers { permanent_uuid: "560286e238784be8afd4f4a0d2ca4600" member_type: VOTER last_known_addr { host: "127.21.188.1" port: 42137 } } peers { permanent_uuid: "ac3e57e12d384e2c95d5cee27da4eb1e" member_type: VOTER last_known_addr { host: "127.21.188.2" port: 39885 } } peers { permanent_uuid: "34710eeff2694f5da2f1712bf39d0124" member_type: VOTER last_known_addr { host: "127.21.188.3" port: 41383 } }
I20260710 11:10:25.502887 22966 leader_election.cc:290] T 6d57cdf260f1496f9654ee6e119d5e68 P ac3e57e12d384e2c95d5cee27da4eb1e [CANDIDATE]: Term 2 election: Requested vote from peers 560286e238784be8afd4f4a0d2ca4600 (127.21.188.1:42137), 34710eeff2694f5da2f1712bf39d0124 (127.21.188.3:41383)
I20260710 11:10:25.503989 22891 tablet_service.cc:1917] Received RequestConsensusVote() RPC: tablet_id: "6d57cdf260f1496f9654ee6e119d5e68" candidate_uuid: "ac3e57e12d384e2c95d5cee27da4eb1e" candidate_term: 2 candidate_status { last_received { term: 1 index: 1 } } ignore_live_leader: true dest_uuid: "560286e238784be8afd4f4a0d2ca4600"
I20260710 11:10:25.504451 22891 raft_consensus.cc:3055] T 6d57cdf260f1496f9654ee6e119d5e68 P 560286e238784be8afd4f4a0d2ca4600 [term 1 LEADER]: Stepping down as leader of term 1
I20260710 11:10:25.504396 23039 tablet_service.cc:1917] Received RequestConsensusVote() RPC: tablet_id: "6d57cdf260f1496f9654ee6e119d5e68" candidate_uuid: "ac3e57e12d384e2c95d5cee27da4eb1e" candidate_term: 2 candidate_status { last_received { term: 1 index: 1 } } ignore_live_leader: true dest_uuid: "34710eeff2694f5da2f1712bf39d0124"
I20260710 11:10:25.504824 22891 raft_consensus.cc:740] T 6d57cdf260f1496f9654ee6e119d5e68 P 560286e238784be8afd4f4a0d2ca4600 [term 1 LEADER]: Becoming Follower/Learner. State: Replica: 560286e238784be8afd4f4a0d2ca4600, State: Running, Role: LEADER
I20260710 11:10:25.505313 23039 raft_consensus.cc:3060] T 6d57cdf260f1496f9654ee6e119d5e68 P 34710eeff2694f5da2f1712bf39d0124 [term 1 FOLLOWER]: Advancing to term 2
I20260710 11:10:25.505566 22891 consensus_queue.cc:260] T 6d57cdf260f1496f9654ee6e119d5e68 P 560286e238784be8afd4f4a0d2ca4600 [NON_LEADER]: Queue going to NON_LEADER mode. State: All replicated index: 0, Majority replicated index: 1, Committed index: 1, Last appended: 1.1, Last appended by leader: 1, Current term: 1, Majority size: -1, State: 0, Mode: NON_LEADER, active raft config: opid_index: -1 OBSOLETE_local: false peers { permanent_uuid: "560286e238784be8afd4f4a0d2ca4600" member_type: VOTER last_known_addr { host: "127.21.188.1" port: 42137 } } peers { permanent_uuid: "ac3e57e12d384e2c95d5cee27da4eb1e" member_type: VOTER last_known_addr { host: "127.21.188.2" port: 39885 } } peers { permanent_uuid: "34710eeff2694f5da2f1712bf39d0124" member_type: VOTER last_known_addr { host: "127.21.188.3" port: 41383 } }
I20260710 11:10:25.506448 22891 raft_consensus.cc:3060] T 6d57cdf260f1496f9654ee6e119d5e68 P 560286e238784be8afd4f4a0d2ca4600 [term 1 FOLLOWER]: Advancing to term 2
I20260710 11:10:25.510561 22891 raft_consensus.cc:2468] T 6d57cdf260f1496f9654ee6e119d5e68 P 560286e238784be8afd4f4a0d2ca4600 [term 2 FOLLOWER]: Leader election vote request: Granting yes vote for candidate ac3e57e12d384e2c95d5cee27da4eb1e in term 2.
I20260710 11:10:25.511018 23039 raft_consensus.cc:2468] T 6d57cdf260f1496f9654ee6e119d5e68 P 34710eeff2694f5da2f1712bf39d0124 [term 2 FOLLOWER]: Leader election vote request: Granting yes vote for candidate ac3e57e12d384e2c95d5cee27da4eb1e in term 2.
I20260710 11:10:25.511801 22929 leader_election.cc:304] T 6d57cdf260f1496f9654ee6e119d5e68 P ac3e57e12d384e2c95d5cee27da4eb1e [CANDIDATE]: Term 2 election: Election decided. Result: candidate won. Election summary: received 2 responses out of 3 voters: 2 yes votes; 0 no votes. yes voters: 560286e238784be8afd4f4a0d2ca4600, ac3e57e12d384e2c95d5cee27da4eb1e; no voters: 
I20260710 11:10:25.512816 23222 raft_consensus.cc:2804] T 6d57cdf260f1496f9654ee6e119d5e68 P ac3e57e12d384e2c95d5cee27da4eb1e [term 2 FOLLOWER]: Leader election won for term 2
I20260710 11:10:25.513590 23222 raft_consensus.cc:697] T 6d57cdf260f1496f9654ee6e119d5e68 P ac3e57e12d384e2c95d5cee27da4eb1e [term 2 LEADER]: Becoming Leader. State: Replica: ac3e57e12d384e2c95d5cee27da4eb1e, State: Running, Role: LEADER
I20260710 11:10:25.514513 23222 consensus_queue.cc:237] T 6d57cdf260f1496f9654ee6e119d5e68 P ac3e57e12d384e2c95d5cee27da4eb1e [LEADER]: Queue going to LEADER mode. State: All replicated index: 0, Majority replicated index: 1, Committed index: 1, Last appended: 1.1, Last appended by leader: 1, Current term: 2, Majority size: 2, State: 0, Mode: LEADER, active raft config: opid_index: -1 OBSOLETE_local: false peers { permanent_uuid: "560286e238784be8afd4f4a0d2ca4600" member_type: VOTER last_known_addr { host: "127.21.188.1" port: 42137 } } peers { permanent_uuid: "ac3e57e12d384e2c95d5cee27da4eb1e" member_type: VOTER last_known_addr { host: "127.21.188.2" port: 39885 } } peers { permanent_uuid: "34710eeff2694f5da2f1712bf39d0124" member_type: VOTER last_known_addr { host: "127.21.188.3" port: 41383 } }
I20260710 11:10:25.522807 22785 catalog_manager.cc:5697] T 6d57cdf260f1496f9654ee6e119d5e68 P ac3e57e12d384e2c95d5cee27da4eb1e reported cstate change: term changed from 1 to 2, leader changed from 560286e238784be8afd4f4a0d2ca4600 (127.21.188.1) to ac3e57e12d384e2c95d5cee27da4eb1e (127.21.188.2). New cstate: current_term: 2 leader_uuid: "ac3e57e12d384e2c95d5cee27da4eb1e" committed_config { opid_index: -1 OBSOLETE_local: false peers { permanent_uuid: "560286e238784be8afd4f4a0d2ca4600" member_type: VOTER last_known_addr { host: "127.21.188.1" port: 42137 } health_report { overall_health: UNKNOWN } } peers { permanent_uuid: "ac3e57e12d384e2c95d5cee27da4eb1e" member_type: VOTER last_known_addr { host: "127.21.188.2" port: 39885 } health_report { overall_health: HEALTHY } } peers { permanent_uuid: "34710eeff2694f5da2f1712bf39d0124" member_type: VOTER last_known_addr { host: "127.21.188.3" port: 41383 } health_report { overall_health: UNKNOWN } } }
I20260710 11:10:25.783249 22966 raft_consensus.cc:1275] T 5e878ff57fd344c29bbb5988648ef869 P ac3e57e12d384e2c95d5cee27da4eb1e [term 3 FOLLOWER]: Refusing update from remote peer 34710eeff2694f5da2f1712bf39d0124: Log matching property violated. Preceding OpId in replica: term: 2 index: 2. Preceding OpId from leader: term: 3 index: 3. (index mismatch)
I20260710 11:10:25.784490 23220 consensus_queue.cc:1048] T 5e878ff57fd344c29bbb5988648ef869 P 34710eeff2694f5da2f1712bf39d0124 [LEADER]: Connected to new peer: Peer: permanent_uuid: "ac3e57e12d384e2c95d5cee27da4eb1e" member_type: VOTER last_known_addr { host: "127.21.188.2" port: 39885 }, Status: LMP_MISMATCH, Last received: 0.0, Next index: 3, Last known committed idx: 2, Time since last communication: 0.000s
I20260710 11:10:25.798648 22891 raft_consensus.cc:1275] T 5e878ff57fd344c29bbb5988648ef869 P 560286e238784be8afd4f4a0d2ca4600 [term 3 FOLLOWER]: Refusing update from remote peer 34710eeff2694f5da2f1712bf39d0124: Log matching property violated. Preceding OpId in replica: term: 2 index: 2. Preceding OpId from leader: term: 3 index: 3. (index mismatch)
I20260710 11:10:25.800235 23228 consensus_queue.cc:1048] T 5e878ff57fd344c29bbb5988648ef869 P 34710eeff2694f5da2f1712bf39d0124 [LEADER]: Connected to new peer: Peer: permanent_uuid: "560286e238784be8afd4f4a0d2ca4600" member_type: VOTER last_known_addr { host: "127.21.188.1" port: 42137 }, Status: LMP_MISMATCH, Last received: 0.0, Next index: 3, Last known committed idx: 2, Time since last communication: 0.000s
I20260710 11:10:25.998307 22891 raft_consensus.cc:1275] T 11512c9fa57543d2bbeb7018a209b0b3 P 560286e238784be8afd4f4a0d2ca4600 [term 5 FOLLOWER]: Refusing update from remote peer 34710eeff2694f5da2f1712bf39d0124: Log matching property violated. Preceding OpId in replica: term: 4 index: 4. Preceding OpId from leader: term: 5 index: 5. (index mismatch)
I20260710 11:10:25.999871 23228 consensus_queue.cc:1048] T 11512c9fa57543d2bbeb7018a209b0b3 P 34710eeff2694f5da2f1712bf39d0124 [LEADER]: Connected to new peer: Peer: permanent_uuid: "560286e238784be8afd4f4a0d2ca4600" member_type: VOTER last_known_addr { host: "127.21.188.1" port: 42137 }, Status: LMP_MISMATCH, Last received: 0.0, Next index: 5, Last known committed idx: 4, Time since last communication: 0.000s
I20260710 11:10:26.011399 22256 auto_leader_rebalancer.cc:141] leader rebalance for table test-workload
I20260710 11:10:26.012588 22966 raft_consensus.cc:1275] T 11512c9fa57543d2bbeb7018a209b0b3 P ac3e57e12d384e2c95d5cee27da4eb1e [term 5 FOLLOWER]: Refusing update from remote peer 34710eeff2694f5da2f1712bf39d0124: Log matching property violated. Preceding OpId in replica: term: 4 index: 4. Preceding OpId from leader: term: 5 index: 5. (index mismatch)
I20260710 11:10:26.015393 23238 consensus_queue.cc:1048] T 11512c9fa57543d2bbeb7018a209b0b3 P 34710eeff2694f5da2f1712bf39d0124 [LEADER]: Connected to new peer: Peer: permanent_uuid: "ac3e57e12d384e2c95d5cee27da4eb1e" member_type: VOTER last_known_addr { host: "127.21.188.2" port: 39885 }, Status: LMP_MISMATCH, Last received: 0.0, Next index: 5, Last known committed idx: 4, Time since last communication: 0.000s
I20260710 11:10:26.021275 22256 tablet_server.cc:179] TabletServer@127.21.188.1:0 shutting down...
I20260710 11:10:26.053201 23039 raft_consensus.cc:1275] T 6d57cdf260f1496f9654ee6e119d5e68 P 34710eeff2694f5da2f1712bf39d0124 [term 2 FOLLOWER]: Refusing update from remote peer ac3e57e12d384e2c95d5cee27da4eb1e: Log matching property violated. Preceding OpId in replica: term: 1 index: 1. Preceding OpId from leader: term: 2 index: 2. (index mismatch)
I20260710 11:10:26.055361 23240 consensus_queue.cc:1048] T 6d57cdf260f1496f9654ee6e119d5e68 P ac3e57e12d384e2c95d5cee27da4eb1e [LEADER]: Connected to new peer: Peer: permanent_uuid: "34710eeff2694f5da2f1712bf39d0124" member_type: VOTER last_known_addr { host: "127.21.188.3" port: 41383 }, Status: LMP_MISMATCH, Last received: 0.0, Next index: 2, Last known committed idx: 1, Time since last communication: 0.000s
I20260710 11:10:26.059576 22256 ts_tablet_manager.cc:1507] Shutting down tablet manager...
I20260710 11:10:26.063473 22256 tablet_replica.cc:333] T 6f9f9c0e953f4b488f210f03285f08ac P 560286e238784be8afd4f4a0d2ca4600: stopping tablet replica
I20260710 11:10:26.064409 22256 raft_consensus.cc:2243] T 6f9f9c0e953f4b488f210f03285f08ac P 560286e238784be8afd4f4a0d2ca4600 [term 1 FOLLOWER]: Raft consensus shutting down.
I20260710 11:10:26.065024 22256 raft_consensus.cc:2272] T 6f9f9c0e953f4b488f210f03285f08ac P 560286e238784be8afd4f4a0d2ca4600 [term 1 FOLLOWER]: Raft consensus is shut down!
W20260710 11:10:26.067044 22929 proxy.cc:239] Call had error, refreshing address and retrying: Remote error: Service unavailable: service kudu.consensus.ConsensusService not registered on TabletServer [suppressed 4 similar messages]
I20260710 11:10:26.068069 22256 tablet_replica.cc:333] T 3ad42e7d4f654024bc1fce3dba0df30f P 560286e238784be8afd4f4a0d2ca4600: stopping tablet replica
I20260710 11:10:26.069309 22256 raft_consensus.cc:2243] T 3ad42e7d4f654024bc1fce3dba0df30f P 560286e238784be8afd4f4a0d2ca4600 [term 1 FOLLOWER]: Raft consensus shutting down.
I20260710 11:10:26.069845 22256 raft_consensus.cc:2272] T 3ad42e7d4f654024bc1fce3dba0df30f P 560286e238784be8afd4f4a0d2ca4600 [term 1 FOLLOWER]: Raft consensus is shut down!
I20260710 11:10:26.073216 22256 tablet_replica.cc:333] T 94be052631094de9bbe10699416b0865 P 560286e238784be8afd4f4a0d2ca4600: stopping tablet replica
I20260710 11:10:26.073989 22256 raft_consensus.cc:2243] T 94be052631094de9bbe10699416b0865 P 560286e238784be8afd4f4a0d2ca4600 [term 3 FOLLOWER]: Raft consensus shutting down.
I20260710 11:10:26.074493 22256 raft_consensus.cc:2272] T 94be052631094de9bbe10699416b0865 P 560286e238784be8afd4f4a0d2ca4600 [term 3 FOLLOWER]: Raft consensus is shut down!
I20260710 11:10:26.077742 22256 tablet_replica.cc:333] T 11512c9fa57543d2bbeb7018a209b0b3 P 560286e238784be8afd4f4a0d2ca4600: stopping tablet replica
I20260710 11:10:26.078544 22256 raft_consensus.cc:2243] T 11512c9fa57543d2bbeb7018a209b0b3 P 560286e238784be8afd4f4a0d2ca4600 [term 5 FOLLOWER]: Raft consensus shutting down.
I20260710 11:10:26.079018 22256 raft_consensus.cc:2272] T 11512c9fa57543d2bbeb7018a209b0b3 P 560286e238784be8afd4f4a0d2ca4600 [term 5 FOLLOWER]: Raft consensus is shut down!
W20260710 11:10:26.079417 22929 consensus_peers.cc:597] T 6d57cdf260f1496f9654ee6e119d5e68 P ac3e57e12d384e2c95d5cee27da4eb1e -> Peer 560286e238784be8afd4f4a0d2ca4600 (127.21.188.1:42137): Couldn't send request to peer 560286e238784be8afd4f4a0d2ca4600. Status: Remote error: Service unavailable: service kudu.consensus.ConsensusService not registered on TabletServer. This is attempt 1: this message will repeat every 5th retry.
I20260710 11:10:26.081569 22256 tablet_replica.cc:333] T 6d57cdf260f1496f9654ee6e119d5e68 P 560286e238784be8afd4f4a0d2ca4600: stopping tablet replica
I20260710 11:10:26.082212 22256 raft_consensus.cc:2243] T 6d57cdf260f1496f9654ee6e119d5e68 P 560286e238784be8afd4f4a0d2ca4600 [term 2 FOLLOWER]: Raft consensus shutting down.
I20260710 11:10:26.082610 22256 raft_consensus.cc:2272] T 6d57cdf260f1496f9654ee6e119d5e68 P 560286e238784be8afd4f4a0d2ca4600 [term 2 FOLLOWER]: Raft consensus is shut down!
I20260710 11:10:26.084473 22256 tablet_replica.cc:333] T 80e8b84d27f045a88f5334a6b06f8541 P 560286e238784be8afd4f4a0d2ca4600: stopping tablet replica
I20260710 11:10:26.084952 22256 raft_consensus.cc:2243] T 80e8b84d27f045a88f5334a6b06f8541 P 560286e238784be8afd4f4a0d2ca4600 [term 3 LEADER]: Raft consensus shutting down.
I20260710 11:10:26.085655 22256 raft_consensus.cc:2272] T 80e8b84d27f045a88f5334a6b06f8541 P 560286e238784be8afd4f4a0d2ca4600 [term 3 FOLLOWER]: Raft consensus is shut down!
I20260710 11:10:26.087385 22256 tablet_replica.cc:333] T a30551035db74937aba46840c58fa841 P 560286e238784be8afd4f4a0d2ca4600: stopping tablet replica
I20260710 11:10:26.087863 22256 raft_consensus.cc:2243] T a30551035db74937aba46840c58fa841 P 560286e238784be8afd4f4a0d2ca4600 [term 4 LEADER]: Raft consensus shutting down.
I20260710 11:10:26.088825 22256 raft_consensus.cc:2272] T a30551035db74937aba46840c58fa841 P 560286e238784be8afd4f4a0d2ca4600 [term 4 FOLLOWER]: Raft consensus is shut down!
I20260710 11:10:26.092504 22256 tablet_replica.cc:333] T d7f8cd32aa164bcda3337725ee211289 P 560286e238784be8afd4f4a0d2ca4600: stopping tablet replica
I20260710 11:10:26.093300 22256 raft_consensus.cc:2243] T d7f8cd32aa164bcda3337725ee211289 P 560286e238784be8afd4f4a0d2ca4600 [term 3 LEADER]: Raft consensus shutting down.
I20260710 11:10:26.094125 22256 raft_consensus.cc:2272] T d7f8cd32aa164bcda3337725ee211289 P 560286e238784be8afd4f4a0d2ca4600 [term 3 FOLLOWER]: Raft consensus is shut down!
I20260710 11:10:26.096298 22256 tablet_replica.cc:333] T 7dde335447cd4ddca53c597732b56722 P 560286e238784be8afd4f4a0d2ca4600: stopping tablet replica
I20260710 11:10:26.096843 22256 raft_consensus.cc:2243] T 7dde335447cd4ddca53c597732b56722 P 560286e238784be8afd4f4a0d2ca4600 [term 1 LEADER]: Raft consensus shutting down.
I20260710 11:10:26.097681 22256 raft_consensus.cc:2272] T 7dde335447cd4ddca53c597732b56722 P 560286e238784be8afd4f4a0d2ca4600 [term 1 FOLLOWER]: Raft consensus is shut down!
I20260710 11:10:26.101083 22256 tablet_replica.cc:333] T 5e878ff57fd344c29bbb5988648ef869 P 560286e238784be8afd4f4a0d2ca4600: stopping tablet replica
I20260710 11:10:26.101680 22256 raft_consensus.cc:2243] T 5e878ff57fd344c29bbb5988648ef869 P 560286e238784be8afd4f4a0d2ca4600 [term 3 FOLLOWER]: Raft consensus shutting down.
I20260710 11:10:26.102131 22256 raft_consensus.cc:2272] T 5e878ff57fd344c29bbb5988648ef869 P 560286e238784be8afd4f4a0d2ca4600 [term 3 FOLLOWER]: Raft consensus is shut down!
I20260710 11:10:26.124724 22256 tablet_server.cc:196] TabletServer@127.21.188.1:0 shutdown complete.
I20260710 11:10:26.148466 22256 tablet_server.cc:179] TabletServer@127.21.188.2:0 shutting down...
I20260710 11:10:26.181461 22256 ts_tablet_manager.cc:1507] Shutting down tablet manager...
I20260710 11:10:26.182643 22256 tablet_replica.cc:333] T 6f9f9c0e953f4b488f210f03285f08ac P ac3e57e12d384e2c95d5cee27da4eb1e: stopping tablet replica
I20260710 11:10:26.183389 22256 raft_consensus.cc:2243] T 6f9f9c0e953f4b488f210f03285f08ac P ac3e57e12d384e2c95d5cee27da4eb1e [term 1 FOLLOWER]: Raft consensus shutting down.
I20260710 11:10:26.183867 22256 raft_consensus.cc:2272] T 6f9f9c0e953f4b488f210f03285f08ac P ac3e57e12d384e2c95d5cee27da4eb1e [term 1 FOLLOWER]: Raft consensus is shut down!
I20260710 11:10:26.185746 22256 tablet_replica.cc:333] T 3ad42e7d4f654024bc1fce3dba0df30f P ac3e57e12d384e2c95d5cee27da4eb1e: stopping tablet replica
I20260710 11:10:26.186298 22256 raft_consensus.cc:2243] T 3ad42e7d4f654024bc1fce3dba0df30f P ac3e57e12d384e2c95d5cee27da4eb1e [term 1 LEADER]: Raft consensus shutting down.
I20260710 11:10:26.187248 22256 raft_consensus.cc:2272] T 3ad42e7d4f654024bc1fce3dba0df30f P ac3e57e12d384e2c95d5cee27da4eb1e [term 1 FOLLOWER]: Raft consensus is shut down!
I20260710 11:10:26.190538 22256 tablet_replica.cc:333] T 80e8b84d27f045a88f5334a6b06f8541 P ac3e57e12d384e2c95d5cee27da4eb1e: stopping tablet replica
I20260710 11:10:26.191298 22256 raft_consensus.cc:2243] T 80e8b84d27f045a88f5334a6b06f8541 P ac3e57e12d384e2c95d5cee27da4eb1e [term 3 FOLLOWER]: Raft consensus shutting down.
I20260710 11:10:26.191860 22256 raft_consensus.cc:2272] T 80e8b84d27f045a88f5334a6b06f8541 P ac3e57e12d384e2c95d5cee27da4eb1e [term 3 FOLLOWER]: Raft consensus is shut down!
W20260710 11:10:26.193692 23004 consensus_peers.cc:597] T 6f9f9c0e953f4b488f210f03285f08ac P 34710eeff2694f5da2f1712bf39d0124 -> Peer ac3e57e12d384e2c95d5cee27da4eb1e (127.21.188.2:39885): Couldn't send request to peer ac3e57e12d384e2c95d5cee27da4eb1e. Status: Remote error: Service unavailable: service kudu.consensus.ConsensusService not registered on TabletServer. This is attempt 1: this message will repeat every 5th retry.
I20260710 11:10:26.194504 22256 tablet_replica.cc:333] T a30551035db74937aba46840c58fa841 P ac3e57e12d384e2c95d5cee27da4eb1e: stopping tablet replica
I20260710 11:10:26.195462 22256 raft_consensus.cc:2243] T a30551035db74937aba46840c58fa841 P ac3e57e12d384e2c95d5cee27da4eb1e [term 4 FOLLOWER]: Raft consensus shutting down.
I20260710 11:10:26.196167 22256 raft_consensus.cc:2272] T a30551035db74937aba46840c58fa841 P ac3e57e12d384e2c95d5cee27da4eb1e [term 4 FOLLOWER]: Raft consensus is shut down!
I20260710 11:10:26.198350 22256 tablet_replica.cc:333] T 94be052631094de9bbe10699416b0865 P ac3e57e12d384e2c95d5cee27da4eb1e: stopping tablet replica
I20260710 11:10:26.199056 22256 raft_consensus.cc:2243] T 94be052631094de9bbe10699416b0865 P ac3e57e12d384e2c95d5cee27da4eb1e [term 3 LEADER]: Raft consensus shutting down.
I20260710 11:10:26.199807 22256 raft_consensus.cc:2272] T 94be052631094de9bbe10699416b0865 P ac3e57e12d384e2c95d5cee27da4eb1e [term 3 FOLLOWER]: Raft consensus is shut down!
I20260710 11:10:26.202570 22256 tablet_replica.cc:333] T d7f8cd32aa164bcda3337725ee211289 P ac3e57e12d384e2c95d5cee27da4eb1e: stopping tablet replica
I20260710 11:10:26.203202 22256 raft_consensus.cc:2243] T d7f8cd32aa164bcda3337725ee211289 P ac3e57e12d384e2c95d5cee27da4eb1e [term 3 FOLLOWER]: Raft consensus shutting down.
I20260710 11:10:26.203676 22256 raft_consensus.cc:2272] T d7f8cd32aa164bcda3337725ee211289 P ac3e57e12d384e2c95d5cee27da4eb1e [term 3 FOLLOWER]: Raft consensus is shut down!
I20260710 11:10:26.205303 22256 tablet_replica.cc:333] T 7dde335447cd4ddca53c597732b56722 P ac3e57e12d384e2c95d5cee27da4eb1e: stopping tablet replica
I20260710 11:10:26.205806 22256 raft_consensus.cc:2243] T 7dde335447cd4ddca53c597732b56722 P ac3e57e12d384e2c95d5cee27da4eb1e [term 1 FOLLOWER]: Raft consensus shutting down.
I20260710 11:10:26.206238 22256 raft_consensus.cc:2272] T 7dde335447cd4ddca53c597732b56722 P ac3e57e12d384e2c95d5cee27da4eb1e [term 1 FOLLOWER]: Raft consensus is shut down!
I20260710 11:10:26.207970 22256 tablet_replica.cc:333] T 6d57cdf260f1496f9654ee6e119d5e68 P ac3e57e12d384e2c95d5cee27da4eb1e: stopping tablet replica
I20260710 11:10:26.208474 22256 raft_consensus.cc:2243] T 6d57cdf260f1496f9654ee6e119d5e68 P ac3e57e12d384e2c95d5cee27da4eb1e [term 2 LEADER]: Raft consensus shutting down.
I20260710 11:10:26.209197 22256 raft_consensus.cc:2272] T 6d57cdf260f1496f9654ee6e119d5e68 P ac3e57e12d384e2c95d5cee27da4eb1e [term 2 FOLLOWER]: Raft consensus is shut down!
I20260710 11:10:26.211594 22256 tablet_replica.cc:333] T 11512c9fa57543d2bbeb7018a209b0b3 P ac3e57e12d384e2c95d5cee27da4eb1e: stopping tablet replica
I20260710 11:10:26.212204 22256 raft_consensus.cc:2243] T 11512c9fa57543d2bbeb7018a209b0b3 P ac3e57e12d384e2c95d5cee27da4eb1e [term 5 FOLLOWER]: Raft consensus shutting down.
I20260710 11:10:26.212752 22256 raft_consensus.cc:2272] T 11512c9fa57543d2bbeb7018a209b0b3 P ac3e57e12d384e2c95d5cee27da4eb1e [term 5 FOLLOWER]: Raft consensus is shut down!
I20260710 11:10:26.215143 22256 tablet_replica.cc:333] T 5e878ff57fd344c29bbb5988648ef869 P ac3e57e12d384e2c95d5cee27da4eb1e: stopping tablet replica
I20260710 11:10:26.215646 22256 raft_consensus.cc:2243] T 5e878ff57fd344c29bbb5988648ef869 P ac3e57e12d384e2c95d5cee27da4eb1e [term 3 FOLLOWER]: Raft consensus shutting down.
I20260710 11:10:26.216106 22256 raft_consensus.cc:2272] T 5e878ff57fd344c29bbb5988648ef869 P ac3e57e12d384e2c95d5cee27da4eb1e [term 3 FOLLOWER]: Raft consensus is shut down!
W20260710 11:10:26.228709 23004 consensus_peers.cc:597] T 5e878ff57fd344c29bbb5988648ef869 P 34710eeff2694f5da2f1712bf39d0124 -> Peer ac3e57e12d384e2c95d5cee27da4eb1e (127.21.188.2:39885): Couldn't send request to peer ac3e57e12d384e2c95d5cee27da4eb1e. Status: Remote error: Service unavailable: service kudu.consensus.ConsensusService not registered on TabletServer. This is attempt 1: this message will repeat every 5th retry.
I20260710 11:10:26.248323 22256 tablet_server.cc:196] TabletServer@127.21.188.2:0 shutdown complete.
I20260710 11:10:26.268548 22256 tablet_server.cc:179] TabletServer@127.21.188.3:0 shutting down...
I20260710 11:10:26.299827 22256 ts_tablet_manager.cc:1507] Shutting down tablet manager...
I20260710 11:10:26.300649 22256 tablet_replica.cc:333] T 6f9f9c0e953f4b488f210f03285f08ac P 34710eeff2694f5da2f1712bf39d0124: stopping tablet replica
I20260710 11:10:26.301798 22256 raft_consensus.cc:2243] T 6f9f9c0e953f4b488f210f03285f08ac P 34710eeff2694f5da2f1712bf39d0124 [term 1 LEADER]: Raft consensus shutting down.
I20260710 11:10:26.302950 22256 raft_consensus.cc:2272] T 6f9f9c0e953f4b488f210f03285f08ac P 34710eeff2694f5da2f1712bf39d0124 [term 1 FOLLOWER]: Raft consensus is shut down!
I20260710 11:10:26.305032 22256 tablet_replica.cc:333] T 3ad42e7d4f654024bc1fce3dba0df30f P 34710eeff2694f5da2f1712bf39d0124: stopping tablet replica
I20260710 11:10:26.305576 22256 raft_consensus.cc:2243] T 3ad42e7d4f654024bc1fce3dba0df30f P 34710eeff2694f5da2f1712bf39d0124 [term 1 FOLLOWER]: Raft consensus shutting down.
I20260710 11:10:26.305943 22256 raft_consensus.cc:2272] T 3ad42e7d4f654024bc1fce3dba0df30f P 34710eeff2694f5da2f1712bf39d0124 [term 1 FOLLOWER]: Raft consensus is shut down!
I20260710 11:10:26.307847 22256 tablet_replica.cc:333] T 94be052631094de9bbe10699416b0865 P 34710eeff2694f5da2f1712bf39d0124: stopping tablet replica
I20260710 11:10:26.308426 22256 raft_consensus.cc:2243] T 94be052631094de9bbe10699416b0865 P 34710eeff2694f5da2f1712bf39d0124 [term 3 FOLLOWER]: Raft consensus shutting down.
I20260710 11:10:26.308856 22256 raft_consensus.cc:2272] T 94be052631094de9bbe10699416b0865 P 34710eeff2694f5da2f1712bf39d0124 [term 3 FOLLOWER]: Raft consensus is shut down!
I20260710 11:10:26.311388 22256 tablet_replica.cc:333] T d7f8cd32aa164bcda3337725ee211289 P 34710eeff2694f5da2f1712bf39d0124: stopping tablet replica
I20260710 11:10:26.311893 22256 raft_consensus.cc:2243] T d7f8cd32aa164bcda3337725ee211289 P 34710eeff2694f5da2f1712bf39d0124 [term 3 FOLLOWER]: Raft consensus shutting down.
I20260710 11:10:26.312310 22256 raft_consensus.cc:2272] T d7f8cd32aa164bcda3337725ee211289 P 34710eeff2694f5da2f1712bf39d0124 [term 3 FOLLOWER]: Raft consensus is shut down!
I20260710 11:10:26.313930 22256 tablet_replica.cc:333] T 7dde335447cd4ddca53c597732b56722 P 34710eeff2694f5da2f1712bf39d0124: stopping tablet replica
I20260710 11:10:26.314397 22256 raft_consensus.cc:2243] T 7dde335447cd4ddca53c597732b56722 P 34710eeff2694f5da2f1712bf39d0124 [term 1 FOLLOWER]: Raft consensus shutting down.
I20260710 11:10:26.314805 22256 raft_consensus.cc:2272] T 7dde335447cd4ddca53c597732b56722 P 34710eeff2694f5da2f1712bf39d0124 [term 1 FOLLOWER]: Raft consensus is shut down!
I20260710 11:10:26.316893 22256 tablet_replica.cc:333] T 80e8b84d27f045a88f5334a6b06f8541 P 34710eeff2694f5da2f1712bf39d0124: stopping tablet replica
I20260710 11:10:26.317481 22256 raft_consensus.cc:2243] T 80e8b84d27f045a88f5334a6b06f8541 P 34710eeff2694f5da2f1712bf39d0124 [term 3 FOLLOWER]: Raft consensus shutting down.
I20260710 11:10:26.317862 22256 raft_consensus.cc:2272] T 80e8b84d27f045a88f5334a6b06f8541 P 34710eeff2694f5da2f1712bf39d0124 [term 3 FOLLOWER]: Raft consensus is shut down!
I20260710 11:10:26.319614 22256 tablet_replica.cc:333] T a30551035db74937aba46840c58fa841 P 34710eeff2694f5da2f1712bf39d0124: stopping tablet replica
I20260710 11:10:26.320066 22256 raft_consensus.cc:2243] T a30551035db74937aba46840c58fa841 P 34710eeff2694f5da2f1712bf39d0124 [term 4 FOLLOWER]: Raft consensus shutting down.
I20260710 11:10:26.320443 22256 raft_consensus.cc:2272] T a30551035db74937aba46840c58fa841 P 34710eeff2694f5da2f1712bf39d0124 [term 4 FOLLOWER]: Raft consensus is shut down!
I20260710 11:10:26.322149 22256 tablet_replica.cc:333] T 11512c9fa57543d2bbeb7018a209b0b3 P 34710eeff2694f5da2f1712bf39d0124: stopping tablet replica
I20260710 11:10:26.322636 22256 raft_consensus.cc:2243] T 11512c9fa57543d2bbeb7018a209b0b3 P 34710eeff2694f5da2f1712bf39d0124 [term 5 LEADER]: Raft consensus shutting down.
I20260710 11:10:26.323444 22256 raft_consensus.cc:2272] T 11512c9fa57543d2bbeb7018a209b0b3 P 34710eeff2694f5da2f1712bf39d0124 [term 5 FOLLOWER]: Raft consensus is shut down!
I20260710 11:10:26.325726 22256 tablet_replica.cc:333] T 6d57cdf260f1496f9654ee6e119d5e68 P 34710eeff2694f5da2f1712bf39d0124: stopping tablet replica
I20260710 11:10:26.326262 22256 raft_consensus.cc:2243] T 6d57cdf260f1496f9654ee6e119d5e68 P 34710eeff2694f5da2f1712bf39d0124 [term 2 FOLLOWER]: Raft consensus shutting down.
I20260710 11:10:26.326642 22256 raft_consensus.cc:2272] T 6d57cdf260f1496f9654ee6e119d5e68 P 34710eeff2694f5da2f1712bf39d0124 [term 2 FOLLOWER]: Raft consensus is shut down!
I20260710 11:10:26.329234 22256 tablet_replica.cc:333] T 5e878ff57fd344c29bbb5988648ef869 P 34710eeff2694f5da2f1712bf39d0124: stopping tablet replica
I20260710 11:10:26.329716 22256 raft_consensus.cc:2243] T 5e878ff57fd344c29bbb5988648ef869 P 34710eeff2694f5da2f1712bf39d0124 [term 3 LEADER]: Raft consensus shutting down.
I20260710 11:10:26.330531 22256 raft_consensus.cc:2272] T 5e878ff57fd344c29bbb5988648ef869 P 34710eeff2694f5da2f1712bf39d0124 [term 3 FOLLOWER]: Raft consensus is shut down!
I20260710 11:10:26.361572 22256 tablet_server.cc:196] TabletServer@127.21.188.3:0 shutdown complete.
I20260710 11:10:26.383181 22256 master.cc:562] Master@127.21.188.62:38035 shutting down...
I20260710 11:10:26.408030 22256 raft_consensus.cc:2243] T 00000000000000000000000000000000 P 60bc4ecb77dc447cba1fa165d41f2e10 [term 1 LEADER]: Raft consensus shutting down.
I20260710 11:10:26.408627 22256 raft_consensus.cc:2272] T 00000000000000000000000000000000 P 60bc4ecb77dc447cba1fa165d41f2e10 [term 1 FOLLOWER]: Raft consensus is shut down!
I20260710 11:10:26.409147 22256 tablet_replica.cc:333] T 00000000000000000000000000000000 P 60bc4ecb77dc447cba1fa165d41f2e10: stopping tablet replica
I20260710 11:10:26.431806 22256 master.cc:584] Master@127.21.188.62:38035 shutdown complete.
34710eeff2694f5da2f1712bf39d0124  1
560286e238784be8afd4f4a0d2ca4600  5
ac3e57e12d384e2c95d5cee27da4eb1e  4
[       OK ] LeaderRebalancerTest.FunctionalTestForNotDivided (10750 ms)
[ RUN      ] LeaderRebalancerTest.AddTserver
I20260710 11:10:26.484076 22256 internal_mini_cluster.cc:156] Creating distributed mini masters. Addrs: 127.21.188.62:36603
I20260710 11:10:26.485487 22256 file_cache.cc:504] Constructed file cache file cache with capacity 419430
W20260710 11:10:26.491864 23247 instance_detector.cc:116] could not retrieve Azure instance metadata: Network error: curl error: HTTP response code said error: The requested URL returned error: 404
W20260710 11:10:26.492908 23246 instance_detector.cc:116] could not retrieve AWS instance metadata: Network error: curl error: HTTP response code said error: The requested URL returned error: 404
W20260710 11:10:26.493850 23249 instance_detector.cc:116] could not retrieve OpenStack instance metadata: Network error: curl error: HTTP response code said error: The requested URL returned error: 404
I20260710 11:10:26.494472 22256 server_base.cc:1061] running on GCE node
I20260710 11:10:26.495383 22256 hybrid_clock.cc:584] initializing the hybrid clock with 'system_unsync' time source
W20260710 11:10:26.495572 22256 system_unsync_time.cc:38] NTP support is disabled. Clock error bounds will not be accurate. This configuration is not suitable for distributed clusters.
I20260710 11:10:26.495767 22256 hybrid_clock.cc:648] HybridClock initialized: now 1783681826495736 us; error 0 us; skew 500 ppm
I20260710 11:10:26.496321 22256 server_base.cc:861] Flag tcmalloc_max_total_thread_cache_bytes is not working since tcmalloc is not enabled.
I20260710 11:10:26.499364 22256 webserver.cc:533] Webserver started at http://127.21.188.62:43661/ using document root <none> and password file <none>
I20260710 11:10:26.499917 22256 fs_manager.cc:362] Metadata directory not provided
I20260710 11:10:26.500106 22256 fs_manager.cc:368] Using write-ahead log directory (fs_wal_dir) as metadata directory
I20260710 11:10:26.500448 22256 server_base.cc:909] This appears to be a new deployment of Kudu; creating new FS layout
I20260710 11:10:26.501673 22256 fs_manager.cc:1068] Generated new instance metadata in path /tmp/dist-test-taskQrjPRj/test-tmp/auto_leader_rebalancer-test.0.LeaderRebalancerTest.AddTserver.1783681802162455-22256-0/minicluster-data/master-0-root/instance:
uuid: "635e75be70234511af5895bd5144f497"
format_stamp: "Formatted at 2026-07-10 11:10:26 on dist-test-slave-3jtw"
I20260710 11:10:26.506788 22256 fs_manager.cc:696] Time spent creating directory manager: real 0.005s	user 0.000s	sys 0.007s
I20260710 11:10:26.511144 23254 log_block_manager.cc:4127] Time spent loading block containers with low live blocks: real 0.000s	user 0.000s	sys 0.000s
I20260710 11:10:26.512187 22256 fs_manager.cc:730] Time spent opening block manager: real 0.003s	user 0.004s	sys 0.000s
I20260710 11:10:26.512614 22256 fs_manager.cc:647] Opened local filesystem: /tmp/dist-test-taskQrjPRj/test-tmp/auto_leader_rebalancer-test.0.LeaderRebalancerTest.AddTserver.1783681802162455-22256-0/minicluster-data/master-0-root
uuid: "635e75be70234511af5895bd5144f497"
format_stamp: "Formatted at 2026-07-10 11:10:26 on dist-test-slave-3jtw"
I20260710 11:10:26.512961 22256 fs_report.cc:389] FS layout report
--------------------
wal directory: /tmp/dist-test-taskQrjPRj/test-tmp/auto_leader_rebalancer-test.0.LeaderRebalancerTest.AddTserver.1783681802162455-22256-0/minicluster-data/master-0-root
metadata directory: /tmp/dist-test-taskQrjPRj/test-tmp/auto_leader_rebalancer-test.0.LeaderRebalancerTest.AddTserver.1783681802162455-22256-0/minicluster-data/master-0-root
1 data directories: /tmp/dist-test-taskQrjPRj/test-tmp/auto_leader_rebalancer-test.0.LeaderRebalancerTest.AddTserver.1783681802162455-22256-0/minicluster-data/master-0-root/data
Total live blocks: 0
Total live bytes: 0
Total live bytes (after alignment): 0
Total number of LBM containers: 0 (0 full)
Did not check for missing blocks
Did not check for orphaned blocks
Total full LBM containers with extra space: 0 (0 repaired)
Total full LBM container extra space in bytes: 0 (0 repaired)
Total incomplete LBM containers: 0 (0 repaired)
Total LBM partial records: 0 (0 repaired)
Total corrupted LBM metadata records in RocksDB: 0 (0 repaired)
I20260710 11:10:26.528028 22256 rpc_server.cc:225] running with OpenSSL 1.1.1  11 Sep 2018
I20260710 11:10:26.529469 22256 kserver.cc:163] Server-wide thread pool size limit: 3276
I20260710 11:10:26.574666 22256 rpc_server.cc:307] RPC server started. Bound to: 127.21.188.62:36603
I20260710 11:10:26.574796 23305 acceptor_pool.cc:272] collecting diagnostics on the listening RPC socket 127.21.188.62:36603 every 8 connection(s)
I20260710 11:10:26.579200 23306 data_dirs.cc:400] Could only allocate 1 dirs of requested 3 for tablet 00000000000000000000000000000000. 1 dirs total, 0 dirs full, 0 dirs failed
I20260710 11:10:26.591001 23306 tablet_bootstrap.cc:492] T 00000000000000000000000000000000 P 635e75be70234511af5895bd5144f497: Bootstrap starting.
I20260710 11:10:26.595693 23306 tablet_bootstrap.cc:654] T 00000000000000000000000000000000 P 635e75be70234511af5895bd5144f497: Neither blocks nor log segments found. Creating new log.
I20260710 11:10:26.600116 23306 tablet_bootstrap.cc:492] T 00000000000000000000000000000000 P 635e75be70234511af5895bd5144f497: No bootstrap required, opened a new log
I20260710 11:10:26.602308 23306 raft_consensus.cc:359] T 00000000000000000000000000000000 P 635e75be70234511af5895bd5144f497 [term 0 FOLLOWER]: Replica starting. Triggering 0 pending ops. Active config: opid_index: -1 OBSOLETE_local: true peers { permanent_uuid: "635e75be70234511af5895bd5144f497" member_type: VOTER }
I20260710 11:10:26.602699 23306 raft_consensus.cc:385] T 00000000000000000000000000000000 P 635e75be70234511af5895bd5144f497 [term 0 FOLLOWER]: Consensus starting up: Expiring failure detector timer to make a prompt election more likely
I20260710 11:10:26.602928 23306 raft_consensus.cc:740] T 00000000000000000000000000000000 P 635e75be70234511af5895bd5144f497 [term 0 FOLLOWER]: Becoming Follower/Learner. State: Replica: 635e75be70234511af5895bd5144f497, State: Initialized, Role: FOLLOWER
I20260710 11:10:26.603509 23306 consensus_queue.cc:260] T 00000000000000000000000000000000 P 635e75be70234511af5895bd5144f497 [NON_LEADER]: Queue going to NON_LEADER mode. State: All replicated index: 0, Majority replicated index: 0, Committed index: 0, Last appended: 0.0, Last appended by leader: 0, Current term: 0, Majority size: -1, State: 0, Mode: NON_LEADER, active raft config: opid_index: -1 OBSOLETE_local: true peers { permanent_uuid: "635e75be70234511af5895bd5144f497" member_type: VOTER }
I20260710 11:10:26.603940 23306 raft_consensus.cc:399] T 00000000000000000000000000000000 P 635e75be70234511af5895bd5144f497 [term 0 FOLLOWER]: Only one voter in the Raft config. Triggering election immediately
I20260710 11:10:26.604126 23306 raft_consensus.cc:493] T 00000000000000000000000000000000 P 635e75be70234511af5895bd5144f497 [term 0 FOLLOWER]: Starting leader election (initial election of a single-replica configuration)
I20260710 11:10:26.604497 23306 raft_consensus.cc:3060] T 00000000000000000000000000000000 P 635e75be70234511af5895bd5144f497 [term 0 FOLLOWER]: Advancing to term 1
I20260710 11:10:26.608759 23306 raft_consensus.cc:515] T 00000000000000000000000000000000 P 635e75be70234511af5895bd5144f497 [term 1 FOLLOWER]: Starting leader election with config: opid_index: -1 OBSOLETE_local: true peers { permanent_uuid: "635e75be70234511af5895bd5144f497" member_type: VOTER }
I20260710 11:10:26.609302 23306 leader_election.cc:304] T 00000000000000000000000000000000 P 635e75be70234511af5895bd5144f497 [CANDIDATE]: Term 1 election: Election decided. Result: candidate won. Election summary: received 1 responses out of 1 voters: 1 yes votes; 0 no votes. yes voters: 635e75be70234511af5895bd5144f497; no voters: 
I20260710 11:10:26.610535 23306 leader_election.cc:290] T 00000000000000000000000000000000 P 635e75be70234511af5895bd5144f497 [CANDIDATE]: Term 1 election: Requested vote from peers 
I20260710 11:10:26.611166 23309 raft_consensus.cc:2804] T 00000000000000000000000000000000 P 635e75be70234511af5895bd5144f497 [term 1 FOLLOWER]: Leader election won for term 1
I20260710 11:10:26.612607 23309 raft_consensus.cc:697] T 00000000000000000000000000000000 P 635e75be70234511af5895bd5144f497 [term 1 LEADER]: Becoming Leader. State: Replica: 635e75be70234511af5895bd5144f497, State: Running, Role: LEADER
I20260710 11:10:26.613379 23309 consensus_queue.cc:237] T 00000000000000000000000000000000 P 635e75be70234511af5895bd5144f497 [LEADER]: Queue going to LEADER mode. State: All replicated index: 0, Majority replicated index: 0, Committed index: 0, Last appended: 0.0, Last appended by leader: 0, Current term: 1, Majority size: 1, State: 0, Mode: LEADER, active raft config: opid_index: -1 OBSOLETE_local: true peers { permanent_uuid: "635e75be70234511af5895bd5144f497" member_type: VOTER }
I20260710 11:10:26.614231 23306 sys_catalog.cc:565] T 00000000000000000000000000000000 P 635e75be70234511af5895bd5144f497 [sys.catalog]: configured and running, proceeding with master startup.
I20260710 11:10:26.619299 23310 sys_catalog.cc:455] T 00000000000000000000000000000000 P 635e75be70234511af5895bd5144f497 [sys.catalog]: SysCatalogTable state changed. Reason: RaftConsensus started. Latest consensus state: current_term: 1 leader_uuid: "635e75be70234511af5895bd5144f497" committed_config { opid_index: -1 OBSOLETE_local: true peers { permanent_uuid: "635e75be70234511af5895bd5144f497" member_type: VOTER } }
