I20260710 11:10:29.577761 17471 raft_consensus.cc:385] T d8826050632144feb9c088b5aefabf87 P 73ef3fc493d64d6f8879393eab5d7e9c [term 0 FOLLOWER]: Consensus starting up: Expiring failure detector timer to make a prompt election more likely
I20260710 11:10:29.578063 17471 raft_consensus.cc:740] T d8826050632144feb9c088b5aefabf87 P 73ef3fc493d64d6f8879393eab5d7e9c [term 0 FOLLOWER]: Becoming Follower/Learner. State: Replica: 73ef3fc493d64d6f8879393eab5d7e9c, State: Initialized, Role: FOLLOWER
W20260710 11:10:29.491611 17558 log.cc:927] Time spent T 50a170f09f0c4f8ebecc19485b65a2c0 P d4892570c2344b7ba8bba4105bb8fe6d: Append to log took a long time: real 0.079s	user 0.002s	sys 0.000s
I20260710 11:10:29.498783 17276 tablet_service.cc:1917] Received RequestConsensusVote() RPC: tablet_id: "6e3c516d47634546b52f110569cfcd72" candidate_uuid: "d4892570c2344b7ba8bba4105bb8fe6d" candidate_term: 1 candidate_status { last_received { term: 0 index: 0 } } ignore_live_leader: false dest_uuid: "ca056b31d13b4e3386a03bff5e6bbe9c" is_pre_election: true
W20260710 11:10:29.555666 17242 consensus_peers.cc:597] T 07ef45159bd94a02b85b1fdcfa342975 P ca056b31d13b4e3386a03bff5e6bbe9c -> Peer 73ef3fc493d64d6f8879393eab5d7e9c (127.15.202.67:39487): Couldn't send request to peer 73ef3fc493d64d6f8879393eab5d7e9c. Error code: TABLET_NOT_RUNNING (12). Status: Illegal state: Tablet not RUNNING: INITIALIZED. This is attempt 1: this message will repeat every 5th retry.
I20260710 11:10:29.579242 17471 consensus_queue.cc:260] T d8826050632144feb9c088b5aefabf87 P 73ef3fc493d64d6f8879393eab5d7e9c [NON_LEADER]: Queue going to NON_LEADER mode. State: All replicated index: 0, Majority replicated index: 0, Committed index: 0, Last appended: 0.0, Last appended by leader: 0, Current term: 0, Majority size: -1, State: 0, Mode: NON_LEADER, active raft config: opid_index: -1 OBSOLETE_local: false peers { permanent_uuid: "ca056b31d13b4e3386a03bff5e6bbe9c" member_type: VOTER last_known_addr { host: "127.15.202.65" port: 42203 } } peers { permanent_uuid: "d4892570c2344b7ba8bba4105bb8fe6d" member_type: VOTER last_known_addr { host: "127.15.202.66" port: 36953 } } peers { permanent_uuid: "73ef3fc493d64d6f8879393eab5d7e9c" member_type: VOTER last_known_addr { host: "127.15.202.67" port: 39487 } }
I20260710 11:10:29.587610 17465 tablet_bootstrap.cc:492] T 47c5eb25b1824859a2ccb784acd7ae91 P d4892570c2344b7ba8bba4105bb8fe6d: No bootstrap required, opened a new log
I20260710 11:10:29.588064 17465 ts_tablet_manager.cc:1403] T 47c5eb25b1824859a2ccb784acd7ae91 P d4892570c2344b7ba8bba4105bb8fe6d: Time spent bootstrapping tablet: real 0.368s	user 0.033s	sys 0.041s
W20260710 11:10:29.589789 17242 leader_election.cc:343] T 47c5eb25b1824859a2ccb784acd7ae91 P ca056b31d13b4e3386a03bff5e6bbe9c [CANDIDATE]: Term 1 pre-election: Tablet error from VoteRequest() call to peer 73ef3fc493d64d6f8879393eab5d7e9c (127.15.202.67:39487): Illegal state: must be running to vote when last-logged opid is not known
I20260710 11:10:29.590252 17242 leader_election.cc:304] T 47c5eb25b1824859a2ccb784acd7ae91 P ca056b31d13b4e3386a03bff5e6bbe9c [CANDIDATE]: Term 1 pre-election: Election decided. Result: candidate lost. Election summary: received 3 responses out of 3 voters: 1 yes votes; 2 no votes. yes voters: ca056b31d13b4e3386a03bff5e6bbe9c; no voters: 73ef3fc493d64d6f8879393eab5d7e9c, d4892570c2344b7ba8bba4105bb8fe6d
I20260710 11:10:29.591198 17557 raft_consensus.cc:2749] T f5181bcfbbe846c4af8f72ba23141481 P d4892570c2344b7ba8bba4105bb8fe6d [term 0 FOLLOWER]: Leader pre-election lost for term 1. Reason: could not achieve majority
I20260710 11:10:29.591476 17516 raft_consensus.cc:2749] T 47c5eb25b1824859a2ccb784acd7ae91 P ca056b31d13b4e3386a03bff5e6bbe9c [term 0 FOLLOWER]: Leader pre-election lost for term 1. Reason: could not achieve majority
I20260710 11:10:29.592296 17317 leader_election.cc:304] T 6e3c516d47634546b52f110569cfcd72 P d4892570c2344b7ba8bba4105bb8fe6d [CANDIDATE]: Term 1 pre-election: Election decided. Result: candidate lost. Election summary: received 3 responses out of 3 voters: 1 yes votes; 2 no votes. yes voters: d4892570c2344b7ba8bba4105bb8fe6d; no voters: 73ef3fc493d64d6f8879393eab5d7e9c, ca056b31d13b4e3386a03bff5e6bbe9c
I20260710 11:10:29.591030 17522 consensus_queue.cc:1048] T 6f0d9c2e5c034114916903ece68a35b5 P ca056b31d13b4e3386a03bff5e6bbe9c [LEADER]: Connected to new peer: Peer: permanent_uuid: "d4892570c2344b7ba8bba4105bb8fe6d" member_type: VOTER last_known_addr { host: "127.15.202.66" port: 36953 }, Status: LMP_MISMATCH, Last received: 0.0, Next index: 1, Last known committed idx: 0, Time since last communication: 0.000s
I20260710 11:10:29.594084 17276 tablet_service.cc:1917] Received RequestConsensusVote() RPC: tablet_id: "1d2a106e4a8b4700941c773586db46f7" candidate_uuid: "d4892570c2344b7ba8bba4105bb8fe6d" candidate_term: 1 candidate_status { last_received { term: 0 index: 0 } } ignore_live_leader: false dest_uuid: "ca056b31d13b4e3386a03bff5e6bbe9c"
I20260710 11:10:29.595454 17471 ts_tablet_manager.cc:1434] T d8826050632144feb9c088b5aefabf87 P 73ef3fc493d64d6f8879393eab5d7e9c: Time spent starting tablet: real 0.021s	user 0.006s	sys 0.007s
W20260710 11:10:29.595665 17317 leader_election.cc:343] T 1d2a106e4a8b4700941c773586db46f7 P d4892570c2344b7ba8bba4105bb8fe6d [CANDIDATE]: Term 1 election: Tablet error from VoteRequest() call to peer ca056b31d13b4e3386a03bff5e6bbe9c (127.15.202.65:42203): Illegal state: must be running to vote when last-logged opid is not known
I20260710 11:10:29.596475 17471 tablet_bootstrap.cc:492] T 0a2155ecdd5f48d895f7a2d02b578a16 P 73ef3fc493d64d6f8879393eab5d7e9c: Bootstrap starting.
I20260710 11:10:29.597397 17423 tablet_service.cc:1917] Received RequestConsensusVote() RPC: tablet_id: "1d2a106e4a8b4700941c773586db46f7" candidate_uuid: "d4892570c2344b7ba8bba4105bb8fe6d" candidate_term: 1 candidate_status { last_received { term: 0 index: 0 } } ignore_live_leader: false dest_uuid: "73ef3fc493d64d6f8879393eab5d7e9c"
I20260710 11:10:29.598019 17423 raft_consensus.cc:3060] T 1d2a106e4a8b4700941c773586db46f7 P 73ef3fc493d64d6f8879393eab5d7e9c [term 0 FOLLOWER]: Advancing to term 1
I20260710 11:10:29.598392 17517 leader_election.cc:290] T 1d2a106e4a8b4700941c773586db46f7 P d4892570c2344b7ba8bba4105bb8fe6d [CANDIDATE]: Term 1 election: Requested vote from peers ca056b31d13b4e3386a03bff5e6bbe9c (127.15.202.65:42203), 73ef3fc493d64d6f8879393eab5d7e9c (127.15.202.67:39487)
I20260710 11:10:29.597415 17468 raft_consensus.cc:359] T 1d2a106e4a8b4700941c773586db46f7 P ca056b31d13b4e3386a03bff5e6bbe9c [term 0 FOLLOWER]: Replica starting. Triggering 0 pending ops. Active config: opid_index: -1 OBSOLETE_local: false peers { permanent_uuid: "ca056b31d13b4e3386a03bff5e6bbe9c" member_type: VOTER last_known_addr { host: "127.15.202.65" port: 42203 } } peers { permanent_uuid: "d4892570c2344b7ba8bba4105bb8fe6d" member_type: VOTER last_known_addr { host: "127.15.202.66" port: 36953 } } peers { permanent_uuid: "73ef3fc493d64d6f8879393eab5d7e9c" member_type: VOTER last_known_addr { host: "127.15.202.67" port: 39487 } }
I20260710 11:10:29.599325 17468 raft_consensus.cc:385] T 1d2a106e4a8b4700941c773586db46f7 P ca056b31d13b4e3386a03bff5e6bbe9c [term 0 FOLLOWER]: Consensus starting up: Expiring failure detector timer to make a prompt election more likely
I20260710 11:10:29.599608 17468 raft_consensus.cc:740] T 1d2a106e4a8b4700941c773586db46f7 P ca056b31d13b4e3386a03bff5e6bbe9c [term 0 FOLLOWER]: Becoming Follower/Learner. State: Replica: ca056b31d13b4e3386a03bff5e6bbe9c, State: Initialized, Role: FOLLOWER
I20260710 11:10:29.600268 17468 consensus_queue.cc:260] T 1d2a106e4a8b4700941c773586db46f7 P ca056b31d13b4e3386a03bff5e6bbe9c [NON_LEADER]: Queue going to NON_LEADER mode. State: All replicated index: 0, Majority replicated index: 0, Committed index: 0, Last appended: 0.0, Last appended by leader: 0, Current term: 0, Majority size: -1, State: 0, Mode: NON_LEADER, active raft config: opid_index: -1 OBSOLETE_local: false peers { permanent_uuid: "ca056b31d13b4e3386a03bff5e6bbe9c" member_type: VOTER last_known_addr { host: "127.15.202.65" port: 42203 } } peers { permanent_uuid: "d4892570c2344b7ba8bba4105bb8fe6d" member_type: VOTER last_known_addr { host: "127.15.202.66" port: 36953 } } peers { permanent_uuid: "73ef3fc493d64d6f8879393eab5d7e9c" member_type: VOTER last_known_addr { host: "127.15.202.67" port: 39487 } }
I20260710 11:10:29.602311 17468 ts_tablet_manager.cc:1434] T 1d2a106e4a8b4700941c773586db46f7 P ca056b31d13b4e3386a03bff5e6bbe9c: Time spent starting tablet: real 0.024s	user 0.005s	sys 0.001s
I20260710 11:10:29.603030 17468 tablet_bootstrap.cc:492] T d508baf1cf4242b38f4a2e8dfecc8c7e P ca056b31d13b4e3386a03bff5e6bbe9c: Bootstrap starting.
I20260710 11:10:29.606690 17465 raft_consensus.cc:359] T 47c5eb25b1824859a2ccb784acd7ae91 P d4892570c2344b7ba8bba4105bb8fe6d [term 0 FOLLOWER]: Replica starting. Triggering 0 pending ops. Active config: opid_index: -1 OBSOLETE_local: false peers { permanent_uuid: "ca056b31d13b4e3386a03bff5e6bbe9c" member_type: VOTER last_known_addr { host: "127.15.202.65" port: 42203 } } peers { permanent_uuid: "d4892570c2344b7ba8bba4105bb8fe6d" member_type: VOTER last_known_addr { host: "127.15.202.66" port: 36953 } } peers { permanent_uuid: "73ef3fc493d64d6f8879393eab5d7e9c" member_type: VOTER last_known_addr { host: "127.15.202.67" port: 39487 } }
I20260710 11:10:29.607451 17465 raft_consensus.cc:385] T 47c5eb25b1824859a2ccb784acd7ae91 P d4892570c2344b7ba8bba4105bb8fe6d [term 0 FOLLOWER]: Consensus starting up: Expiring failure detector timer to make a prompt election more likely
I20260710 11:10:29.607725 17465 raft_consensus.cc:740] T 47c5eb25b1824859a2ccb784acd7ae91 P d4892570c2344b7ba8bba4105bb8fe6d [term 0 FOLLOWER]: Becoming Follower/Learner. State: Replica: d4892570c2344b7ba8bba4105bb8fe6d, State: Initialized, Role: FOLLOWER
I20260710 11:10:29.609474 17349 raft_consensus.cc:2468] T 6e3c516d47634546b52f110569cfcd72 P d4892570c2344b7ba8bba4105bb8fe6d [term 1 FOLLOWER]: Leader election vote request: Granting yes vote for candidate 73ef3fc493d64d6f8879393eab5d7e9c in term 1.
I20260710 11:10:29.610602 17557 raft_consensus.cc:2749] T 6e3c516d47634546b52f110569cfcd72 P d4892570c2344b7ba8bba4105bb8fe6d [term 1 FOLLOWER]: Leader pre-election lost for term 1. Reason: could not achieve majority
I20260710 11:10:29.610673 17390 leader_election.cc:304] T 6e3c516d47634546b52f110569cfcd72 P 73ef3fc493d64d6f8879393eab5d7e9c [CANDIDATE]: Term 1 election: Election decided. Result: candidate won. Election summary: received 2 responses out of 3 voters: 2 yes votes; 0 no votes. yes voters: 73ef3fc493d64d6f8879393eab5d7e9c, d4892570c2344b7ba8bba4105bb8fe6d; no voters: 
I20260710 11:10:29.611832 17506 raft_consensus.cc:2804] T 6e3c516d47634546b52f110569cfcd72 P 73ef3fc493d64d6f8879393eab5d7e9c [term 1 FOLLOWER]: Leader election won for term 1
I20260710 11:10:29.612344 17506 raft_consensus.cc:697] T 6e3c516d47634546b52f110569cfcd72 P 73ef3fc493d64d6f8879393eab5d7e9c [term 1 LEADER]: Becoming Leader. State: Replica: 73ef3fc493d64d6f8879393eab5d7e9c, State: Running, Role: LEADER
I20260710 11:10:29.613219 17506 consensus_queue.cc:237] T 6e3c516d47634546b52f110569cfcd72 P 73ef3fc493d64d6f8879393eab5d7e9c [LEADER]: Queue going to LEADER mode. State: All replicated index: 0, Majority replicated index: 0, Committed index: 0, Last appended: 0.0, Last appended by leader: 0, Current term: 1, Majority size: 2, State: 0, Mode: LEADER, active raft config: opid_index: -1 OBSOLETE_local: false peers { permanent_uuid: "ca056b31d13b4e3386a03bff5e6bbe9c" member_type: VOTER last_known_addr { host: "127.15.202.65" port: 42203 } } peers { permanent_uuid: "d4892570c2344b7ba8bba4105bb8fe6d" member_type: VOTER last_known_addr { host: "127.15.202.66" port: 36953 } } peers { permanent_uuid: "73ef3fc493d64d6f8879393eab5d7e9c" member_type: VOTER last_known_addr { host: "127.15.202.67" port: 39487 } }
I20260710 11:10:29.614609 17423 raft_consensus.cc:2468] T 1d2a106e4a8b4700941c773586db46f7 P 73ef3fc493d64d6f8879393eab5d7e9c [term 1 FOLLOWER]: Leader election vote request: Granting yes vote for candidate d4892570c2344b7ba8bba4105bb8fe6d in term 1.
I20260710 11:10:29.615828 17317 leader_election.cc:304] T 1d2a106e4a8b4700941c773586db46f7 P d4892570c2344b7ba8bba4105bb8fe6d [CANDIDATE]: Term 1 election: Election decided. Result: candidate won. Election summary: received 3 responses out of 3 voters: 2 yes votes; 1 no votes. yes voters: 73ef3fc493d64d6f8879393eab5d7e9c, d4892570c2344b7ba8bba4105bb8fe6d; no voters: ca056b31d13b4e3386a03bff5e6bbe9c
I20260710 11:10:29.616962 17557 raft_consensus.cc:2804] T 1d2a106e4a8b4700941c773586db46f7 P d4892570c2344b7ba8bba4105bb8fe6d [term 1 FOLLOWER]: Leader election won for term 1
I20260710 11:10:29.617434 17557 raft_consensus.cc:697] T 1d2a106e4a8b4700941c773586db46f7 P d4892570c2344b7ba8bba4105bb8fe6d [term 1 LEADER]: Becoming Leader. State: Replica: d4892570c2344b7ba8bba4105bb8fe6d, State: Running, Role: LEADER
I20260710 11:10:29.618273 17557 consensus_queue.cc:237] T 1d2a106e4a8b4700941c773586db46f7 P d4892570c2344b7ba8bba4105bb8fe6d [LEADER]: Queue going to LEADER mode. State: All replicated index: 0, Majority replicated index: 0, Committed index: 0, Last appended: 0.0, Last appended by leader: 0, Current term: 1, Majority size: 2, State: 0, Mode: LEADER, active raft config: opid_index: -1 OBSOLETE_local: false peers { permanent_uuid: "ca056b31d13b4e3386a03bff5e6bbe9c" member_type: VOTER last_known_addr { host: "127.15.202.65" port: 42203 } } peers { permanent_uuid: "d4892570c2344b7ba8bba4105bb8fe6d" member_type: VOTER last_known_addr { host: "127.15.202.66" port: 36953 } } peers { permanent_uuid: "73ef3fc493d64d6f8879393eab5d7e9c" member_type: VOTER last_known_addr { host: "127.15.202.67" port: 39487 } }
I20260710 11:10:29.625157 17465 consensus_queue.cc:260] T 47c5eb25b1824859a2ccb784acd7ae91 P d4892570c2344b7ba8bba4105bb8fe6d [NON_LEADER]: Queue going to NON_LEADER mode. State: All replicated index: 0, Majority replicated index: 0, Committed index: 0, Last appended: 0.0, Last appended by leader: 0, Current term: 0, Majority size: -1, State: 0, Mode: NON_LEADER, active raft config: opid_index: -1 OBSOLETE_local: false peers { permanent_uuid: "ca056b31d13b4e3386a03bff5e6bbe9c" member_type: VOTER last_known_addr { host: "127.15.202.65" port: 42203 } } peers { permanent_uuid: "d4892570c2344b7ba8bba4105bb8fe6d" member_type: VOTER last_known_addr { host: "127.15.202.66" port: 36953 } } peers { permanent_uuid: "73ef3fc493d64d6f8879393eab5d7e9c" member_type: VOTER last_known_addr { host: "127.15.202.67" port: 39487 } }
W20260710 11:10:29.627312 17242 consensus_peers.cc:597] T 6f0d9c2e5c034114916903ece68a35b5 P ca056b31d13b4e3386a03bff5e6bbe9c -> Peer 73ef3fc493d64d6f8879393eab5d7e9c (127.15.202.67:39487): Couldn't send request to peer 73ef3fc493d64d6f8879393eab5d7e9c. Error code: TABLET_NOT_RUNNING (12). Status: Illegal state: Tablet not RUNNING: INITIALIZED. This is attempt 1: this message will repeat every 5th retry.
I20260710 11:10:29.629879 17465 ts_tablet_manager.cc:1434] T 47c5eb25b1824859a2ccb784acd7ae91 P d4892570c2344b7ba8bba4105bb8fe6d: Time spent starting tablet: real 0.041s	user 0.006s	sys 0.001s
I20260710 11:10:29.634292 17468 tablet_bootstrap.cc:654] T d508baf1cf4242b38f4a2e8dfecc8c7e P ca056b31d13b4e3386a03bff5e6bbe9c: Neither blocks nor log segments found. Creating new log.
I20260710 11:10:29.640127 17471 tablet_bootstrap.cc:654] T 0a2155ecdd5f48d895f7a2d02b578a16 P 73ef3fc493d64d6f8879393eab5d7e9c: Neither blocks nor log segments found. Creating new log.
I20260710 11:10:29.641485 17277 raft_consensus.cc:2468] T 6e3c516d47634546b52f110569cfcd72 P ca056b31d13b4e3386a03bff5e6bbe9c [term 1 FOLLOWER]: Leader election vote request: Granting yes vote for candidate 73ef3fc493d64d6f8879393eab5d7e9c in term 1.
I20260710 11:10:29.648553 17465 tablet_bootstrap.cc:492] T 578433b87f194e478be4bc986f9b8471 P d4892570c2344b7ba8bba4105bb8fe6d: Bootstrap starting.
I20260710 11:10:29.657481 17172 catalog_manager.cc:5697] T 6e3c516d47634546b52f110569cfcd72 P 73ef3fc493d64d6f8879393eab5d7e9c reported cstate change: term changed from 0 to 1, leader changed from <none> to 73ef3fc493d64d6f8879393eab5d7e9c (127.15.202.67). New cstate: current_term: 1 leader_uuid: "73ef3fc493d64d6f8879393eab5d7e9c" committed_config { opid_index: -1 OBSOLETE_local: false peers { permanent_uuid: "ca056b31d13b4e3386a03bff5e6bbe9c" member_type: VOTER last_known_addr { host: "127.15.202.65" port: 42203 } health_report { overall_health: UNKNOWN } } peers { permanent_uuid: "d4892570c2344b7ba8bba4105bb8fe6d" member_type: VOTER last_known_addr { host: "127.15.202.66" port: 36953 } health_report { overall_health: UNKNOWN } } peers { permanent_uuid: "73ef3fc493d64d6f8879393eab5d7e9c" member_type: VOTER last_known_addr { host: "127.15.202.67" port: 39487 } health_report { overall_health: HEALTHY } } }
I20260710 11:10:29.671378 17465 tablet_bootstrap.cc:654] T 578433b87f194e478be4bc986f9b8471 P d4892570c2344b7ba8bba4105bb8fe6d: Neither blocks nor log segments found. Creating new log.
I20260710 11:10:29.674078 17468 tablet_bootstrap.cc:492] T d508baf1cf4242b38f4a2e8dfecc8c7e P ca056b31d13b4e3386a03bff5e6bbe9c: No bootstrap required, opened a new log
I20260710 11:10:29.674678 17468 ts_tablet_manager.cc:1403] T d508baf1cf4242b38f4a2e8dfecc8c7e P ca056b31d13b4e3386a03bff5e6bbe9c: Time spent bootstrapping tablet: real 0.072s	user 0.005s	sys 0.005s
I20260710 11:10:29.678289 17468 raft_consensus.cc:359] T d508baf1cf4242b38f4a2e8dfecc8c7e P ca056b31d13b4e3386a03bff5e6bbe9c [term 0 FOLLOWER]: Replica starting. Triggering 0 pending ops. Active config: opid_index: -1 OBSOLETE_local: false peers { permanent_uuid: "ca056b31d13b4e3386a03bff5e6bbe9c" member_type: VOTER last_known_addr { host: "127.15.202.65" port: 42203 } } peers { permanent_uuid: "d4892570c2344b7ba8bba4105bb8fe6d" member_type: VOTER last_known_addr { host: "127.15.202.66" port: 36953 } } peers { permanent_uuid: "73ef3fc493d64d6f8879393eab5d7e9c" member_type: VOTER last_known_addr { host: "127.15.202.67" port: 39487 } }
I20260710 11:10:29.682420 17465 tablet_bootstrap.cc:492] T 578433b87f194e478be4bc986f9b8471 P d4892570c2344b7ba8bba4105bb8fe6d: No bootstrap required, opened a new log
I20260710 11:10:29.690176 17468 raft_consensus.cc:385] T d508baf1cf4242b38f4a2e8dfecc8c7e P ca056b31d13b4e3386a03bff5e6bbe9c [term 0 FOLLOWER]: Consensus starting up: Expiring failure detector timer to make a prompt election more likely
I20260710 11:10:29.690511 17468 raft_consensus.cc:740] T d508baf1cf4242b38f4a2e8dfecc8c7e P ca056b31d13b4e3386a03bff5e6bbe9c [term 0 FOLLOWER]: Becoming Follower/Learner. State: Replica: ca056b31d13b4e3386a03bff5e6bbe9c, State: Initialized, Role: FOLLOWER
I20260710 11:10:29.690582 17465 ts_tablet_manager.cc:1403] T 578433b87f194e478be4bc986f9b8471 P d4892570c2344b7ba8bba4105bb8fe6d: Time spent bootstrapping tablet: real 0.042s	user 0.009s	sys 0.005s
I20260710 11:10:29.691352 17468 consensus_queue.cc:260] T d508baf1cf4242b38f4a2e8dfecc8c7e P ca056b31d13b4e3386a03bff5e6bbe9c [NON_LEADER]: Queue going to NON_LEADER mode. State: All replicated index: 0, Majority replicated index: 0, Committed index: 0, Last appended: 0.0, Last appended by leader: 0, Current term: 0, Majority size: -1, State: 0, Mode: NON_LEADER, active raft config: opid_index: -1 OBSOLETE_local: false peers { permanent_uuid: "ca056b31d13b4e3386a03bff5e6bbe9c" member_type: VOTER last_known_addr { host: "127.15.202.65" port: 42203 } } peers { permanent_uuid: "d4892570c2344b7ba8bba4105bb8fe6d" member_type: VOTER last_known_addr { host: "127.15.202.66" port: 36953 } } peers { permanent_uuid: "73ef3fc493d64d6f8879393eab5d7e9c" member_type: VOTER last_known_addr { host: "127.15.202.67" port: 39487 } }
I20260710 11:10:29.693252 17468 ts_tablet_manager.cc:1434] T d508baf1cf4242b38f4a2e8dfecc8c7e P ca056b31d13b4e3386a03bff5e6bbe9c: Time spent starting tablet: real 0.018s	user 0.007s	sys 0.002s
I20260710 11:10:29.693353 17465 raft_consensus.cc:359] T 578433b87f194e478be4bc986f9b8471 P d4892570c2344b7ba8bba4105bb8fe6d [term 0 FOLLOWER]: Replica starting. Triggering 0 pending ops. Active config: opid_index: -1 OBSOLETE_local: false peers { permanent_uuid: "ca056b31d13b4e3386a03bff5e6bbe9c" member_type: VOTER last_known_addr { host: "127.15.202.65" port: 42203 } } peers { permanent_uuid: "d4892570c2344b7ba8bba4105bb8fe6d" member_type: VOTER last_known_addr { host: "127.15.202.66" port: 36953 } } peers { permanent_uuid: "73ef3fc493d64d6f8879393eab5d7e9c" member_type: VOTER last_known_addr { host: "127.15.202.67" port: 39487 } }
I20260710 11:10:29.693665 17482 consensus_queue.cc:1048] T 69cd4d38b19e448d8d92abc213a9cd74 P ca056b31d13b4e3386a03bff5e6bbe9c [LEADER]: Connected to new peer: Peer: permanent_uuid: "d4892570c2344b7ba8bba4105bb8fe6d" member_type: VOTER last_known_addr { host: "127.15.202.66" port: 36953 }, Status: LMP_MISMATCH, Last received: 0.0, Next index: 1, Last known committed idx: 0, Time since last communication: 0.000s
I20260710 11:10:29.694135 17465 raft_consensus.cc:385] T 578433b87f194e478be4bc986f9b8471 P d4892570c2344b7ba8bba4105bb8fe6d [term 0 FOLLOWER]: Consensus starting up: Expiring failure detector timer to make a prompt election more likely
I20260710 11:10:29.694561 17465 raft_consensus.cc:740] T 578433b87f194e478be4bc986f9b8471 P d4892570c2344b7ba8bba4105bb8fe6d [term 0 FOLLOWER]: Becoming Follower/Learner. State: Replica: d4892570c2344b7ba8bba4105bb8fe6d, State: Initialized, Role: FOLLOWER
I20260710 11:10:29.695448 17465 consensus_queue.cc:260] T 578433b87f194e478be4bc986f9b8471 P d4892570c2344b7ba8bba4105bb8fe6d [NON_LEADER]: Queue going to NON_LEADER mode. State: All replicated index: 0, Majority replicated index: 0, Committed index: 0, Last appended: 0.0, Last appended by leader: 0, Current term: 0, Majority size: -1, State: 0, Mode: NON_LEADER, active raft config: opid_index: -1 OBSOLETE_local: false peers { permanent_uuid: "ca056b31d13b4e3386a03bff5e6bbe9c" member_type: VOTER last_known_addr { host: "127.15.202.65" port: 42203 } } peers { permanent_uuid: "d4892570c2344b7ba8bba4105bb8fe6d" member_type: VOTER last_known_addr { host: "127.15.202.66" port: 36953 } } peers { permanent_uuid: "73ef3fc493d64d6f8879393eab5d7e9c" member_type: VOTER last_known_addr { host: "127.15.202.67" port: 39487 } }
I20260710 11:10:29.697446 17465 ts_tablet_manager.cc:1434] T 578433b87f194e478be4bc986f9b8471 P d4892570c2344b7ba8bba4105bb8fe6d: Time spent starting tablet: real 0.006s	user 0.005s	sys 0.000s
I20260710 11:10:29.698199 17465 tablet_bootstrap.cc:492] T 405705287e844f19865de26bbbad78b7 P d4892570c2344b7ba8bba4105bb8fe6d: Bootstrap starting.
I20260710 11:10:29.694161 17468 tablet_bootstrap.cc:492] T 9e324ad286c04cd1b0bd1da9f10e6de4 P ca056b31d13b4e3386a03bff5e6bbe9c: Bootstrap starting.
I20260710 11:10:29.706703 17471 tablet_bootstrap.cc:492] T 0a2155ecdd5f48d895f7a2d02b578a16 P 73ef3fc493d64d6f8879393eab5d7e9c: No bootstrap required, opened a new log
I20260710 11:10:29.707216 17471 ts_tablet_manager.cc:1403] T 0a2155ecdd5f48d895f7a2d02b578a16 P 73ef3fc493d64d6f8879393eab5d7e9c: Time spent bootstrapping tablet: real 0.111s	user 0.014s	sys 0.014s
I20260710 11:10:29.710206 17468 tablet_bootstrap.cc:654] T 9e324ad286c04cd1b0bd1da9f10e6de4 P ca056b31d13b4e3386a03bff5e6bbe9c: Neither blocks nor log segments found. Creating new log.
I20260710 11:10:29.711948 17465 tablet_bootstrap.cc:654] T 405705287e844f19865de26bbbad78b7 P d4892570c2344b7ba8bba4105bb8fe6d: Neither blocks nor log segments found. Creating new log.
I20260710 11:10:29.712990 17471 raft_consensus.cc:359] T 0a2155ecdd5f48d895f7a2d02b578a16 P 73ef3fc493d64d6f8879393eab5d7e9c [term 0 FOLLOWER]: Replica starting. Triggering 0 pending ops. Active config: opid_index: -1 OBSOLETE_local: false peers { permanent_uuid: "ca056b31d13b4e3386a03bff5e6bbe9c" member_type: VOTER last_known_addr { host: "127.15.202.65" port: 42203 } } peers { permanent_uuid: "d4892570c2344b7ba8bba4105bb8fe6d" member_type: VOTER last_known_addr { host: "127.15.202.66" port: 36953 } } peers { permanent_uuid: "73ef3fc493d64d6f8879393eab5d7e9c" member_type: VOTER last_known_addr { host: "127.15.202.67" port: 39487 } }
I20260710 11:10:29.713694 17471 raft_consensus.cc:385] T 0a2155ecdd5f48d895f7a2d02b578a16 P 73ef3fc493d64d6f8879393eab5d7e9c [term 0 FOLLOWER]: Consensus starting up: Expiring failure detector timer to make a prompt election more likely
I20260710 11:10:29.713944 17471 raft_consensus.cc:740] T 0a2155ecdd5f48d895f7a2d02b578a16 P 73ef3fc493d64d6f8879393eab5d7e9c [term 0 FOLLOWER]: Becoming Follower/Learner. State: Replica: 73ef3fc493d64d6f8879393eab5d7e9c, State: Initialized, Role: FOLLOWER
I20260710 11:10:29.714597 17471 consensus_queue.cc:260] T 0a2155ecdd5f48d895f7a2d02b578a16 P 73ef3fc493d64d6f8879393eab5d7e9c [NON_LEADER]: Queue going to NON_LEADER mode. State: All replicated index: 0, Majority replicated index: 0, Committed index: 0, Last appended: 0.0, Last appended by leader: 0, Current term: 0, Majority size: -1, State: 0, Mode: NON_LEADER, active raft config: opid_index: -1 OBSOLETE_local: false peers { permanent_uuid: "ca056b31d13b4e3386a03bff5e6bbe9c" member_type: VOTER last_known_addr { host: "127.15.202.65" port: 42203 } } peers { permanent_uuid: "d4892570c2344b7ba8bba4105bb8fe6d" member_type: VOTER last_known_addr { host: "127.15.202.66" port: 36953 } } peers { permanent_uuid: "73ef3fc493d64d6f8879393eab5d7e9c" member_type: VOTER last_known_addr { host: "127.15.202.67" port: 39487 } }
I20260710 11:10:29.719887 17172 catalog_manager.cc:5697] T 1d2a106e4a8b4700941c773586db46f7 P d4892570c2344b7ba8bba4105bb8fe6d reported cstate change: term changed from 0 to 1, leader changed from <none> to d4892570c2344b7ba8bba4105bb8fe6d (127.15.202.66). New cstate: current_term: 1 leader_uuid: "d4892570c2344b7ba8bba4105bb8fe6d" committed_config { opid_index: -1 OBSOLETE_local: false peers { permanent_uuid: "ca056b31d13b4e3386a03bff5e6bbe9c" member_type: VOTER last_known_addr { host: "127.15.202.65" port: 42203 } health_report { overall_health: UNKNOWN } } peers { permanent_uuid: "d4892570c2344b7ba8bba4105bb8fe6d" member_type: VOTER last_known_addr { host: "127.15.202.66" port: 36953 } health_report { overall_health: HEALTHY } } peers { permanent_uuid: "73ef3fc493d64d6f8879393eab5d7e9c" member_type: VOTER last_known_addr { host: "127.15.202.67" port: 39487 } health_report { overall_health: UNKNOWN } } }
I20260710 11:10:29.737138 17523 consensus_queue.cc:1048] T 69cd4d38b19e448d8d92abc213a9cd74 P ca056b31d13b4e3386a03bff5e6bbe9c [LEADER]: Connected to new peer: Peer: permanent_uuid: "73ef3fc493d64d6f8879393eab5d7e9c" member_type: VOTER last_known_addr { host: "127.15.202.67" port: 39487 }, Status: LMP_MISMATCH, Last received: 0.0, Next index: 1, Last known committed idx: 0, Time since last communication: 0.001s
I20260710 11:10:29.748373 17471 ts_tablet_manager.cc:1434] T 0a2155ecdd5f48d895f7a2d02b578a16 P 73ef3fc493d64d6f8879393eab5d7e9c: Time spent starting tablet: real 0.041s	user 0.007s	sys 0.000s
I20260710 11:10:29.749548 17471 tablet_bootstrap.cc:492] T 47c5eb25b1824859a2ccb784acd7ae91 P 73ef3fc493d64d6f8879393eab5d7e9c: Bootstrap starting.
I20260710 11:10:29.762327 17468 tablet_bootstrap.cc:492] T 9e324ad286c04cd1b0bd1da9f10e6de4 P ca056b31d13b4e3386a03bff5e6bbe9c: No bootstrap required, opened a new log
I20260710 11:10:29.762876 17468 ts_tablet_manager.cc:1403] T 9e324ad286c04cd1b0bd1da9f10e6de4 P ca056b31d13b4e3386a03bff5e6bbe9c: Time spent bootstrapping tablet: real 0.069s	user 0.033s	sys 0.015s
I20260710 11:10:29.769738 17471 tablet_bootstrap.cc:654] T 47c5eb25b1824859a2ccb784acd7ae91 P 73ef3fc493d64d6f8879393eab5d7e9c: Neither blocks nor log segments found. Creating new log.
I20260710 11:10:29.769768 17516 raft_consensus.cc:493] T d508baf1cf4242b38f4a2e8dfecc8c7e P ca056b31d13b4e3386a03bff5e6bbe9c [term 0 FOLLOWER]: Starting pre-election (no leader contacted us within the election timeout)
I20260710 11:10:29.772743 17516 raft_consensus.cc:515] T d508baf1cf4242b38f4a2e8dfecc8c7e P ca056b31d13b4e3386a03bff5e6bbe9c [term 0 FOLLOWER]: Starting pre-election with config: opid_index: -1 OBSOLETE_local: false peers { permanent_uuid: "ca056b31d13b4e3386a03bff5e6bbe9c" member_type: VOTER last_known_addr { host: "127.15.202.65" port: 42203 } } peers { permanent_uuid: "d4892570c2344b7ba8bba4105bb8fe6d" member_type: VOTER last_known_addr { host: "127.15.202.66" port: 36953 } } peers { permanent_uuid: "73ef3fc493d64d6f8879393eab5d7e9c" member_type: VOTER last_known_addr { host: "127.15.202.67" port: 39487 } }
I20260710 11:10:29.775054 17468 raft_consensus.cc:359] T 9e324ad286c04cd1b0bd1da9f10e6de4 P ca056b31d13b4e3386a03bff5e6bbe9c [term 0 FOLLOWER]: Replica starting. Triggering 0 pending ops. Active config: opid_index: -1 OBSOLETE_local: false peers { permanent_uuid: "ca056b31d13b4e3386a03bff5e6bbe9c" member_type: VOTER last_known_addr { host: "127.15.202.65" port: 42203 } } peers { permanent_uuid: "d4892570c2344b7ba8bba4105bb8fe6d" member_type: VOTER last_known_addr { host: "127.15.202.66" port: 36953 } } peers { permanent_uuid: "73ef3fc493d64d6f8879393eab5d7e9c" member_type: VOTER last_known_addr { host: "127.15.202.67" port: 39487 } }
I20260710 11:10:29.775930 17468 raft_consensus.cc:385] T 9e324ad286c04cd1b0bd1da9f10e6de4 P ca056b31d13b4e3386a03bff5e6bbe9c [term 0 FOLLOWER]: Consensus starting up: Expiring failure detector timer to make a prompt election more likely
I20260710 11:10:29.776262 17468 raft_consensus.cc:740] T 9e324ad286c04cd1b0bd1da9f10e6de4 P ca056b31d13b4e3386a03bff5e6bbe9c [term 0 FOLLOWER]: Becoming Follower/Learner. State: Replica: ca056b31d13b4e3386a03bff5e6bbe9c, State: Initialized, Role: FOLLOWER
I20260710 11:10:29.777256 17468 consensus_queue.cc:260] T 9e324ad286c04cd1b0bd1da9f10e6de4 P ca056b31d13b4e3386a03bff5e6bbe9c [NON_LEADER]: Queue going to NON_LEADER mode. State: All replicated index: 0, Majority replicated index: 0, Committed index: 0, Last appended: 0.0, Last appended by leader: 0, Current term: 0, Majority size: -1, State: 0, Mode: NON_LEADER, active raft config: opid_index: -1 OBSOLETE_local: false peers { permanent_uuid: "ca056b31d13b4e3386a03bff5e6bbe9c" member_type: VOTER last_known_addr { host: "127.15.202.65" port: 42203 } } peers { permanent_uuid: "d4892570c2344b7ba8bba4105bb8fe6d" member_type: VOTER last_known_addr { host: "127.15.202.66" port: 36953 } } peers { permanent_uuid: "73ef3fc493d64d6f8879393eab5d7e9c" member_type: VOTER last_known_addr { host: "127.15.202.67" port: 39487 } }
I20260710 11:10:29.779042 17482 raft_consensus.cc:493] T 1d2a106e4a8b4700941c773586db46f7 P ca056b31d13b4e3386a03bff5e6bbe9c [term 0 FOLLOWER]: Starting pre-election (no leader contacted us within the election timeout)
I20260710 11:10:29.779532 17482 raft_consensus.cc:515] T 1d2a106e4a8b4700941c773586db46f7 P ca056b31d13b4e3386a03bff5e6bbe9c [term 0 FOLLOWER]: Starting pre-election with config: opid_index: -1 OBSOLETE_local: false peers { permanent_uuid: "ca056b31d13b4e3386a03bff5e6bbe9c" member_type: VOTER last_known_addr { host: "127.15.202.65" port: 42203 } } peers { permanent_uuid: "d4892570c2344b7ba8bba4105bb8fe6d" member_type: VOTER last_known_addr { host: "127.15.202.66" port: 36953 } } peers { permanent_uuid: "73ef3fc493d64d6f8879393eab5d7e9c" member_type: VOTER last_known_addr { host: "127.15.202.67" port: 39487 } }
I20260710 11:10:29.781838 17482 leader_election.cc:290] T 1d2a106e4a8b4700941c773586db46f7 P ca056b31d13b4e3386a03bff5e6bbe9c [CANDIDATE]: Term 1 pre-election: Requested pre-vote from peers d4892570c2344b7ba8bba4105bb8fe6d (127.15.202.66:36953), 73ef3fc493d64d6f8879393eab5d7e9c (127.15.202.67:39487)
I20260710 11:10:29.783496 17351 tablet_service.cc:1917] Received RequestConsensusVote() RPC: tablet_id: "1d2a106e4a8b4700941c773586db46f7" candidate_uuid: "ca056b31d13b4e3386a03bff5e6bbe9c" candidate_term: 1 candidate_status { last_received { term: 0 index: 0 } } ignore_live_leader: false dest_uuid: "d4892570c2344b7ba8bba4105bb8fe6d" is_pre_election: true
I20260710 11:10:29.784003 17425 tablet_service.cc:1917] Received RequestConsensusVote() RPC: tablet_id: "1d2a106e4a8b4700941c773586db46f7" candidate_uuid: "ca056b31d13b4e3386a03bff5e6bbe9c" candidate_term: 1 candidate_status { last_received { term: 0 index: 0 } } ignore_live_leader: false dest_uuid: "73ef3fc493d64d6f8879393eab5d7e9c" is_pre_election: true
I20260710 11:10:29.784848 17425 raft_consensus.cc:2393] T 1d2a106e4a8b4700941c773586db46f7 P 73ef3fc493d64d6f8879393eab5d7e9c [term 1 FOLLOWER]: Leader pre-election vote request: Denying vote to candidate ca056b31d13b4e3386a03bff5e6bbe9c in current term 1: Already voted for candidate d4892570c2344b7ba8bba4105bb8fe6d in this term.
I20260710 11:10:29.786326 17468 ts_tablet_manager.cc:1434] T 9e324ad286c04cd1b0bd1da9f10e6de4 P ca056b31d13b4e3386a03bff5e6bbe9c: Time spent starting tablet: real 0.023s	user 0.006s	sys 0.002s
I20260710 11:10:29.787577 17468 tablet_bootstrap.cc:492] T d8826050632144feb9c088b5aefabf87 P ca056b31d13b4e3386a03bff5e6bbe9c: Bootstrap starting.
I20260710 11:10:29.789951 17242 leader_election.cc:304] T 1d2a106e4a8b4700941c773586db46f7 P ca056b31d13b4e3386a03bff5e6bbe9c [CANDIDATE]: Term 1 pre-election: Election decided. Result: candidate lost. Election summary: received 3 responses out of 3 voters: 1 yes votes; 2 no votes. yes voters: ca056b31d13b4e3386a03bff5e6bbe9c; no voters: 73ef3fc493d64d6f8879393eab5d7e9c, d4892570c2344b7ba8bba4105bb8fe6d
I20260710 11:10:29.792073 17351 tablet_service.cc:1917] Received RequestConsensusVote() RPC: tablet_id: "d508baf1cf4242b38f4a2e8dfecc8c7e" candidate_uuid: "ca056b31d13b4e3386a03bff5e6bbe9c" candidate_term: 1 candidate_status { last_received { term: 0 index: 0 } } ignore_live_leader: false dest_uuid: "d4892570c2344b7ba8bba4105bb8fe6d" is_pre_election: true
I20260710 11:10:29.792389 17516 leader_election.cc:290] T d508baf1cf4242b38f4a2e8dfecc8c7e P ca056b31d13b4e3386a03bff5e6bbe9c [CANDIDATE]: Term 1 pre-election: Requested pre-vote from peers d4892570c2344b7ba8bba4105bb8fe6d (127.15.202.66:36953), 73ef3fc493d64d6f8879393eab5d7e9c (127.15.202.67:39487)
I20260710 11:10:29.794200 17468 tablet_bootstrap.cc:654] T d8826050632144feb9c088b5aefabf87 P ca056b31d13b4e3386a03bff5e6bbe9c: Neither blocks nor log segments found. Creating new log.
W20260710 11:10:29.794153 17241 leader_election.cc:343] T d508baf1cf4242b38f4a2e8dfecc8c7e P ca056b31d13b4e3386a03bff5e6bbe9c [CANDIDATE]: Term 1 pre-election: Tablet error from VoteRequest() call to peer d4892570c2344b7ba8bba4105bb8fe6d (127.15.202.66:36953): Illegal state: must be running to vote when last-logged opid is not known
I20260710 11:10:29.797173 17482 raft_consensus.cc:3060] T 1d2a106e4a8b4700941c773586db46f7 P ca056b31d13b4e3386a03bff5e6bbe9c [term 0 FOLLOWER]: Advancing to term 1
I20260710 11:10:29.803494 17425 tablet_service.cc:1917] Received RequestConsensusVote() RPC: tablet_id: "d508baf1cf4242b38f4a2e8dfecc8c7e" candidate_uuid: "ca056b31d13b4e3386a03bff5e6bbe9c" candidate_term: 1 candidate_status { last_received { term: 0 index: 0 } } ignore_live_leader: false dest_uuid: "73ef3fc493d64d6f8879393eab5d7e9c" is_pre_election: true
W20260710 11:10:29.808779 17242 leader_election.cc:343] T d508baf1cf4242b38f4a2e8dfecc8c7e P ca056b31d13b4e3386a03bff5e6bbe9c [CANDIDATE]: Term 1 pre-election: Tablet error from VoteRequest() call to peer 73ef3fc493d64d6f8879393eab5d7e9c (127.15.202.67:39487): Illegal state: must be running to vote when last-logged opid is not known
I20260710 11:10:29.809262 17242 leader_election.cc:304] T d508baf1cf4242b38f4a2e8dfecc8c7e P ca056b31d13b4e3386a03bff5e6bbe9c [CANDIDATE]: Term 1 pre-election: Election decided. Result: candidate lost. Election summary: received 3 responses out of 3 voters: 1 yes votes; 2 no votes. yes voters: ca056b31d13b4e3386a03bff5e6bbe9c; no voters: 73ef3fc493d64d6f8879393eab5d7e9c, d4892570c2344b7ba8bba4105bb8fe6d
I20260710 11:10:29.810351 17523 raft_consensus.cc:2749] T d508baf1cf4242b38f4a2e8dfecc8c7e P ca056b31d13b4e3386a03bff5e6bbe9c [term 0 FOLLOWER]: Leader pre-election lost for term 1. Reason: could not achieve majority
I20260710 11:10:29.820197 17557 raft_consensus.cc:493] T 578433b87f194e478be4bc986f9b8471 P d4892570c2344b7ba8bba4105bb8fe6d [term 0 FOLLOWER]: Starting pre-election (no leader contacted us within the election timeout)
I20260710 11:10:29.820914 17557 raft_consensus.cc:515] T 578433b87f194e478be4bc986f9b8471 P d4892570c2344b7ba8bba4105bb8fe6d [term 0 FOLLOWER]: Starting pre-election with config: opid_index: -1 OBSOLETE_local: false peers { permanent_uuid: "ca056b31d13b4e3386a03bff5e6bbe9c" member_type: VOTER last_known_addr { host: "127.15.202.65" port: 42203 } } peers { permanent_uuid: "d4892570c2344b7ba8bba4105bb8fe6d" member_type: VOTER last_known_addr { host: "127.15.202.66" port: 36953 } } peers { permanent_uuid: "73ef3fc493d64d6f8879393eab5d7e9c" member_type: VOTER last_known_addr { host: "127.15.202.67" port: 39487 } }
I20260710 11:10:29.823801 17557 leader_election.cc:290] T 578433b87f194e478be4bc986f9b8471 P d4892570c2344b7ba8bba4105bb8fe6d [CANDIDATE]: Term 1 pre-election: Requested pre-vote from peers ca056b31d13b4e3386a03bff5e6bbe9c (127.15.202.65:42203), 73ef3fc493d64d6f8879393eab5d7e9c (127.15.202.67:39487)
I20260710 11:10:29.825260 17425 tablet_service.cc:1917] Received RequestConsensusVote() RPC: tablet_id: "578433b87f194e478be4bc986f9b8471" candidate_uuid: "d4892570c2344b7ba8bba4105bb8fe6d" candidate_term: 1 candidate_status { last_received { term: 0 index: 0 } } ignore_live_leader: false dest_uuid: "73ef3fc493d64d6f8879393eab5d7e9c" is_pre_election: true
I20260710 11:10:29.825655 17277 tablet_service.cc:1917] Received RequestConsensusVote() RPC: tablet_id: "578433b87f194e478be4bc986f9b8471" candidate_uuid: "d4892570c2344b7ba8bba4105bb8fe6d" candidate_term: 1 candidate_status { last_received { term: 0 index: 0 } } ignore_live_leader: false dest_uuid: "ca056b31d13b4e3386a03bff5e6bbe9c" is_pre_election: true
I20260710 11:10:29.825603 17482 raft_consensus.cc:2749] T 1d2a106e4a8b4700941c773586db46f7 P ca056b31d13b4e3386a03bff5e6bbe9c [term 1 FOLLOWER]: Leader pre-election lost for term 1. Reason: could not achieve majority
I20260710 11:10:29.827500 17277 raft_consensus.cc:2468] T 578433b87f194e478be4bc986f9b8471 P ca056b31d13b4e3386a03bff5e6bbe9c [term 0 FOLLOWER]: Leader pre-election vote request: Granting yes vote for candidate d4892570c2344b7ba8bba4105bb8fe6d in term 0.
I20260710 11:10:29.828647 17317 leader_election.cc:304] T 578433b87f194e478be4bc986f9b8471 P d4892570c2344b7ba8bba4105bb8fe6d [CANDIDATE]: Term 1 pre-election: Election decided. Result: candidate won. Election summary: received 2 responses out of 3 voters: 2 yes votes; 0 no votes. yes voters: ca056b31d13b4e3386a03bff5e6bbe9c, d4892570c2344b7ba8bba4105bb8fe6d; no voters: 
I20260710 11:10:29.829447 17557 raft_consensus.cc:2804] T 578433b87f194e478be4bc986f9b8471 P d4892570c2344b7ba8bba4105bb8fe6d [term 0 FOLLOWER]: Leader pre-election won for term 1
W20260710 11:10:29.829608 17317 leader_election.cc:343] T 578433b87f194e478be4bc986f9b8471 P d4892570c2344b7ba8bba4105bb8fe6d [CANDIDATE]: Term 1 pre-election: Tablet error from VoteRequest() call to peer 73ef3fc493d64d6f8879393eab5d7e9c (127.15.202.67:39487): Illegal state: must be running to vote when last-logged opid is not known
I20260710 11:10:29.829818 17557 raft_consensus.cc:493] T 578433b87f194e478be4bc986f9b8471 P d4892570c2344b7ba8bba4105bb8fe6d [term 0 FOLLOWER]: Starting leader election (no leader contacted us within the election timeout)
I20260710 11:10:29.830192 17557 raft_consensus.cc:3060] T 578433b87f194e478be4bc986f9b8471 P d4892570c2344b7ba8bba4105bb8fe6d [term 0 FOLLOWER]: Advancing to term 1
I20260710 11:10:29.830721 17471 tablet_bootstrap.cc:492] T 47c5eb25b1824859a2ccb784acd7ae91 P 73ef3fc493d64d6f8879393eab5d7e9c: No bootstrap required, opened a new log
I20260710 11:10:29.831219 17471 ts_tablet_manager.cc:1403] T 47c5eb25b1824859a2ccb784acd7ae91 P 73ef3fc493d64d6f8879393eab5d7e9c: Time spent bootstrapping tablet: real 0.082s	user 0.014s	sys 0.007s
I20260710 11:10:29.832562 17468 tablet_bootstrap.cc:492] T d8826050632144feb9c088b5aefabf87 P ca056b31d13b4e3386a03bff5e6bbe9c: No bootstrap required, opened a new log
I20260710 11:10:29.833050 17468 ts_tablet_manager.cc:1403] T d8826050632144feb9c088b5aefabf87 P ca056b31d13b4e3386a03bff5e6bbe9c: Time spent bootstrapping tablet: real 0.046s	user 0.023s	sys 0.005s
I20260710 11:10:29.833786 17465 tablet_bootstrap.cc:492] T 405705287e844f19865de26bbbad78b7 P d4892570c2344b7ba8bba4105bb8fe6d: No bootstrap required, opened a new log
I20260710 11:10:29.834214 17465 ts_tablet_manager.cc:1403] T 405705287e844f19865de26bbbad78b7 P d4892570c2344b7ba8bba4105bb8fe6d: Time spent bootstrapping tablet: real 0.136s	user 0.019s	sys 0.002s
I20260710 11:10:29.839301 17557 raft_consensus.cc:515] T 578433b87f194e478be4bc986f9b8471 P d4892570c2344b7ba8bba4105bb8fe6d [term 1 FOLLOWER]: Starting leader election with config: opid_index: -1 OBSOLETE_local: false peers { permanent_uuid: "ca056b31d13b4e3386a03bff5e6bbe9c" member_type: VOTER last_known_addr { host: "127.15.202.65" port: 42203 } } peers { permanent_uuid: "d4892570c2344b7ba8bba4105bb8fe6d" member_type: VOTER last_known_addr { host: "127.15.202.66" port: 36953 } } peers { permanent_uuid: "73ef3fc493d64d6f8879393eab5d7e9c" member_type: VOTER last_known_addr { host: "127.15.202.67" port: 39487 } }
I20260710 11:10:29.842641 17465 raft_consensus.cc:359] T 405705287e844f19865de26bbbad78b7 P d4892570c2344b7ba8bba4105bb8fe6d [term 0 FOLLOWER]: Replica starting. Triggering 0 pending ops. Active config: opid_index: -1 OBSOLETE_local: false peers { permanent_uuid: "ca056b31d13b4e3386a03bff5e6bbe9c" member_type: VOTER last_known_addr { host: "127.15.202.65" port: 42203 } } peers { permanent_uuid: "d4892570c2344b7ba8bba4105bb8fe6d" member_type: VOTER last_known_addr { host: "127.15.202.66" port: 36953 } } peers { permanent_uuid: "73ef3fc493d64d6f8879393eab5d7e9c" member_type: VOTER last_known_addr { host: "127.15.202.67" port: 39487 } }
I20260710 11:10:29.844694 17465 raft_consensus.cc:385] T 405705287e844f19865de26bbbad78b7 P d4892570c2344b7ba8bba4105bb8fe6d [term 0 FOLLOWER]: Consensus starting up: Expiring failure detector timer to make a prompt election more likely
I20260710 11:10:29.845011 17465 raft_consensus.cc:740] T 405705287e844f19865de26bbbad78b7 P d4892570c2344b7ba8bba4105bb8fe6d [term 0 FOLLOWER]: Becoming Follower/Learner. State: Replica: d4892570c2344b7ba8bba4105bb8fe6d, State: Initialized, Role: FOLLOWER
I20260710 11:10:29.844883 17471 raft_consensus.cc:359] T 47c5eb25b1824859a2ccb784acd7ae91 P 73ef3fc493d64d6f8879393eab5d7e9c [term 0 FOLLOWER]: Replica starting. Triggering 0 pending ops. Active config: opid_index: -1 OBSOLETE_local: false peers { permanent_uuid: "ca056b31d13b4e3386a03bff5e6bbe9c" member_type: VOTER last_known_addr { host: "127.15.202.65" port: 42203 } } peers { permanent_uuid: "d4892570c2344b7ba8bba4105bb8fe6d" member_type: VOTER last_known_addr { host: "127.15.202.66" port: 36953 } } peers { permanent_uuid: "73ef3fc493d64d6f8879393eab5d7e9c" member_type: VOTER last_known_addr { host: "127.15.202.67" port: 39487 } }
I20260710 11:10:29.845492 17506 raft_consensus.cc:493] T 0a2155ecdd5f48d895f7a2d02b578a16 P 73ef3fc493d64d6f8879393eab5d7e9c [term 0 FOLLOWER]: Starting pre-election (no leader contacted us within the election timeout)
I20260710 11:10:29.852236 17471 raft_consensus.cc:385] T 47c5eb25b1824859a2ccb784acd7ae91 P 73ef3fc493d64d6f8879393eab5d7e9c [term 0 FOLLOWER]: Consensus starting up: Expiring failure detector timer to make a prompt election more likely
I20260710 11:10:29.852710 17471 raft_consensus.cc:740] T 47c5eb25b1824859a2ccb784acd7ae91 P 73ef3fc493d64d6f8879393eab5d7e9c [term 0 FOLLOWER]: Becoming Follower/Learner. State: Replica: 73ef3fc493d64d6f8879393eab5d7e9c, State: Initialized, Role: FOLLOWER
I20260710 11:10:29.852517 17506 raft_consensus.cc:515] T 0a2155ecdd5f48d895f7a2d02b578a16 P 73ef3fc493d64d6f8879393eab5d7e9c [term 0 FOLLOWER]: Starting pre-election with config: opid_index: -1 OBSOLETE_local: false peers { permanent_uuid: "ca056b31d13b4e3386a03bff5e6bbe9c" member_type: VOTER last_known_addr { host: "127.15.202.65" port: 42203 } } peers { permanent_uuid: "d4892570c2344b7ba8bba4105bb8fe6d" member_type: VOTER last_known_addr { host: "127.15.202.66" port: 36953 } } peers { permanent_uuid: "73ef3fc493d64d6f8879393eab5d7e9c" member_type: VOTER last_known_addr { host: "127.15.202.67" port: 39487 } }
I20260710 11:10:29.847566 17277 tablet_service.cc:1917] Received RequestConsensusVote() RPC: tablet_id: "578433b87f194e478be4bc986f9b8471" candidate_uuid: "d4892570c2344b7ba8bba4105bb8fe6d" candidate_term: 1 candidate_status { last_received { term: 0 index: 0 } } ignore_live_leader: false dest_uuid: "ca056b31d13b4e3386a03bff5e6bbe9c"
I20260710 11:10:29.853700 17277 raft_consensus.cc:3060] T 578433b87f194e478be4bc986f9b8471 P ca056b31d13b4e3386a03bff5e6bbe9c [term 0 FOLLOWER]: Advancing to term 1
I20260710 11:10:29.853824 17471 consensus_queue.cc:260] T 47c5eb25b1824859a2ccb784acd7ae91 P 73ef3fc493d64d6f8879393eab5d7e9c [NON_LEADER]: Queue going to NON_LEADER mode. State: All replicated index: 0, Majority replicated index: 0, Committed index: 0, Last appended: 0.0, Last appended by leader: 0, Current term: 0, Majority size: -1, State: 0, Mode: NON_LEADER, active raft config: opid_index: -1 OBSOLETE_local: false peers { permanent_uuid: "ca056b31d13b4e3386a03bff5e6bbe9c" member_type: VOTER last_known_addr { host: "127.15.202.65" port: 42203 } } peers { permanent_uuid: "d4892570c2344b7ba8bba4105bb8fe6d" member_type: VOTER last_known_addr { host: "127.15.202.66" port: 36953 } } peers { permanent_uuid: "73ef3fc493d64d6f8879393eab5d7e9c" member_type: VOTER last_known_addr { host: "127.15.202.67" port: 39487 } }
I20260710 11:10:29.856155 17471 ts_tablet_manager.cc:1434] T 47c5eb25b1824859a2ccb784acd7ae91 P 73ef3fc493d64d6f8879393eab5d7e9c: Time spent starting tablet: real 0.025s	user 0.012s	sys 0.000s
I20260710 11:10:29.856478 17351 tablet_service.cc:1917] Received RequestConsensusVote() RPC: tablet_id: "0a2155ecdd5f48d895f7a2d02b578a16" candidate_uuid: "73ef3fc493d64d6f8879393eab5d7e9c" candidate_term: 1 candidate_status { last_received { term: 0 index: 0 } } ignore_live_leader: false dest_uuid: "d4892570c2344b7ba8bba4105bb8fe6d" is_pre_election: true
I20260710 11:10:29.856777 17276 tablet_service.cc:1917] Received RequestConsensusVote() RPC: tablet_id: "0a2155ecdd5f48d895f7a2d02b578a16" candidate_uuid: "73ef3fc493d64d6f8879393eab5d7e9c" candidate_term: 1 candidate_status { last_received { term: 0 index: 0 } } ignore_live_leader: false dest_uuid: "ca056b31d13b4e3386a03bff5e6bbe9c" is_pre_election: true
I20260710 11:10:29.857302 17506 leader_election.cc:290] T 0a2155ecdd5f48d895f7a2d02b578a16 P 73ef3fc493d64d6f8879393eab5d7e9c [CANDIDATE]: Term 1 pre-election: Requested pre-vote from peers ca056b31d13b4e3386a03bff5e6bbe9c (127.15.202.65:42203), d4892570c2344b7ba8bba4105bb8fe6d (127.15.202.66:36953)
W20260710 11:10:29.857782 17390 leader_election.cc:343] T 0a2155ecdd5f48d895f7a2d02b578a16 P 73ef3fc493d64d6f8879393eab5d7e9c [CANDIDATE]: Term 1 pre-election: Tablet error from VoteRequest() call to peer d4892570c2344b7ba8bba4105bb8fe6d (127.15.202.66:36953): Illegal state: must be running to vote when last-logged opid is not known
I20260710 11:10:29.843922 17468 raft_consensus.cc:359] T d8826050632144feb9c088b5aefabf87 P ca056b31d13b4e3386a03bff5e6bbe9c [term 0 FOLLOWER]: Replica starting. Triggering 0 pending ops. Active config: opid_index: -1 OBSOLETE_local: false peers { permanent_uuid: "ca056b31d13b4e3386a03bff5e6bbe9c" member_type: VOTER last_known_addr { host: "127.15.202.65" port: 42203 } } peers { permanent_uuid: "d4892570c2344b7ba8bba4105bb8fe6d" member_type: VOTER last_known_addr { host: "127.15.202.66" port: 36953 } } peers { permanent_uuid: "73ef3fc493d64d6f8879393eab5d7e9c" member_type: VOTER last_known_addr { host: "127.15.202.67" port: 39487 } }
W20260710 11:10:29.858284 17391 leader_election.cc:343] T 0a2155ecdd5f48d895f7a2d02b578a16 P 73ef3fc493d64d6f8879393eab5d7e9c [CANDIDATE]: Term 1 pre-election: Tablet error from VoteRequest() call to peer ca056b31d13b4e3386a03bff5e6bbe9c (127.15.202.65:42203): Illegal state: must be running to vote when last-logged opid is not known
I20260710 11:10:29.858605 17468 raft_consensus.cc:385] T d8826050632144feb9c088b5aefabf87 P ca056b31d13b4e3386a03bff5e6bbe9c [term 0 FOLLOWER]: Consensus starting up: Expiring failure detector timer to make a prompt election more likely
I20260710 11:10:29.858757 17391 leader_election.cc:304] T 0a2155ecdd5f48d895f7a2d02b578a16 P 73ef3fc493d64d6f8879393eab5d7e9c [CANDIDATE]: Term 1 pre-election: Election decided. Result: candidate lost. Election summary: received 3 responses out of 3 voters: 1 yes votes; 2 no votes. yes voters: 73ef3fc493d64d6f8879393eab5d7e9c; no voters: ca056b31d13b4e3386a03bff5e6bbe9c, d4892570c2344b7ba8bba4105bb8fe6d
I20260710 11:10:29.857954 17465 consensus_queue.cc:260] T 405705287e844f19865de26bbbad78b7 P d4892570c2344b7ba8bba4105bb8fe6d [NON_LEADER]: Queue going to NON_LEADER mode. State: All replicated index: 0, Majority replicated index: 0, Committed index: 0, Last appended: 0.0, Last appended by leader: 0, Current term: 0, Majority size: -1, State: 0, Mode: NON_LEADER, active raft config: opid_index: -1 OBSOLETE_local: false peers { permanent_uuid: "ca056b31d13b4e3386a03bff5e6bbe9c" member_type: VOTER last_known_addr { host: "127.15.202.65" port: 42203 } } peers { permanent_uuid: "d4892570c2344b7ba8bba4105bb8fe6d" member_type: VOTER last_known_addr { host: "127.15.202.66" port: 36953 } } peers { permanent_uuid: "73ef3fc493d64d6f8879393eab5d7e9c" member_type: VOTER last_known_addr { host: "127.15.202.67" port: 39487 } }
