I20260710 11:10:50.686599 19709 catalog_manager.cc:5697] T 6bcd70fde1f541e19a4ddc54871b0c67 P f5a1eb32cf8b4670b5afb264cc18c61f reported cstate change: term changed from 1 to 2, leader changed from 0d8971448c794b0ab610bfbe803fd6b1 (127.18.66.66) to f5a1eb32cf8b4670b5afb264cc18c61f (127.18.66.68). New cstate: current_term: 2 leader_uuid: "f5a1eb32cf8b4670b5afb264cc18c61f" committed_config { opid_index: 4 OBSOLETE_local: false peers { permanent_uuid: "0d8971448c794b0ab610bfbe803fd6b1" member_type: VOTER last_known_addr { host: "127.18.66.66" port: 46201 } health_report { overall_health: UNKNOWN } } peers { permanent_uuid: "1684789207b7419b8a168f8f543a9c85" member_type: VOTER last_known_addr { host: "127.18.66.67" port: 44157 } health_report { overall_health: UNKNOWN } } peers { permanent_uuid: "f5a1eb32cf8b4670b5afb264cc18c61f" member_type: VOTER last_known_addr { host: "127.18.66.68" port: 36035 } attrs { promote: false } health_report { overall_health: HEALTHY } } }
I20260710 11:10:50.702951 20592 raft_consensus.cc:993] T e90068b78275487ab556b035cb6417c3 P 0d8971448c794b0ab610bfbe803fd6b1: : Instructing follower f5a1eb32cf8b4670b5afb264cc18c61f to start an election
I20260710 11:10:50.703536 20592 raft_consensus.cc:1081] T e90068b78275487ab556b035cb6417c3 P 0d8971448c794b0ab610bfbe803fd6b1 [term 1 LEADER]: Signalling peer f5a1eb32cf8b4670b5afb264cc18c61f to start an election
I20260710 11:10:50.705265 20232 tablet_service.cc:2044] Received Run Leader Election RPC: tablet_id: "e90068b78275487ab556b035cb6417c3"
dest_uuid: "f5a1eb32cf8b4670b5afb264cc18c61f"
 from {username='slave'} at 127.0.0.1:58302
I20260710 11:10:50.705792 20232 raft_consensus.cc:493] T e90068b78275487ab556b035cb6417c3 P f5a1eb32cf8b4670b5afb264cc18c61f [term 1 FOLLOWER]: Starting forced leader election (received explicit request)
I20260710 11:10:50.706202 20232 raft_consensus.cc:3060] T e90068b78275487ab556b035cb6417c3 P f5a1eb32cf8b4670b5afb264cc18c61f [term 1 FOLLOWER]: Advancing to term 2
I20260710 11:10:50.710963 20232 raft_consensus.cc:515] T e90068b78275487ab556b035cb6417c3 P f5a1eb32cf8b4670b5afb264cc18c61f [term 2 FOLLOWER]: Starting forced leader election with config: opid_index: 4 OBSOLETE_local: false peers { permanent_uuid: "0d8971448c794b0ab610bfbe803fd6b1" member_type: VOTER last_known_addr { host: "127.18.66.66" port: 46201 } } peers { permanent_uuid: "1684789207b7419b8a168f8f543a9c85" member_type: VOTER last_known_addr { host: "127.18.66.67" port: 44157 } } peers { permanent_uuid: "f5a1eb32cf8b4670b5afb264cc18c61f" member_type: VOTER last_known_addr { host: "127.18.66.68" port: 36035 } attrs { promote: false } }
I20260710 11:10:50.712754 20232 leader_election.cc:290] T e90068b78275487ab556b035cb6417c3 P f5a1eb32cf8b4670b5afb264cc18c61f [CANDIDATE]: Term 2 election: Requested vote from peers 0d8971448c794b0ab610bfbe803fd6b1 (127.18.66.66:46201), 1684789207b7419b8a168f8f543a9c85 (127.18.66.67:44157)
I20260710 11:10:50.713590 19887 tablet_service.cc:1917] Received RequestConsensusVote() RPC: tablet_id: "e90068b78275487ab556b035cb6417c3" candidate_uuid: "f5a1eb32cf8b4670b5afb264cc18c61f" candidate_term: 2 candidate_status { last_received { term: 1 index: 4 } } ignore_live_leader: true dest_uuid: "0d8971448c794b0ab610bfbe803fd6b1"
I20260710 11:10:50.714035 19956 tablet_service.cc:1917] Received RequestConsensusVote() RPC: tablet_id: "e90068b78275487ab556b035cb6417c3" candidate_uuid: "f5a1eb32cf8b4670b5afb264cc18c61f" candidate_term: 2 candidate_status { last_received { term: 1 index: 4 } } ignore_live_leader: true dest_uuid: "1684789207b7419b8a168f8f543a9c85"
I20260710 11:10:50.714311 19887 raft_consensus.cc:3055] T e90068b78275487ab556b035cb6417c3 P 0d8971448c794b0ab610bfbe803fd6b1 [term 1 LEADER]: Stepping down as leader of term 1
I20260710 11:10:50.714617 19956 raft_consensus.cc:3060] T e90068b78275487ab556b035cb6417c3 P 1684789207b7419b8a168f8f543a9c85 [term 1 FOLLOWER]: Advancing to term 2
I20260710 11:10:50.714679 19887 raft_consensus.cc:740] T e90068b78275487ab556b035cb6417c3 P 0d8971448c794b0ab610bfbe803fd6b1 [term 1 LEADER]: Becoming Follower/Learner. State: Replica: 0d8971448c794b0ab610bfbe803fd6b1, State: Running, Role: LEADER
I20260710 11:10:50.715659 19887 consensus_queue.cc:260] T e90068b78275487ab556b035cb6417c3 P 0d8971448c794b0ab610bfbe803fd6b1 [NON_LEADER]: Queue going to NON_LEADER mode. State: All replicated index: 0, Majority replicated index: 4, Committed index: 4, Last appended: 1.4, Last appended by leader: 4, Current term: 1, Majority size: -1, State: 0, Mode: NON_LEADER, active raft config: opid_index: 4 OBSOLETE_local: false peers { permanent_uuid: "0d8971448c794b0ab610bfbe803fd6b1" member_type: VOTER last_known_addr { host: "127.18.66.66" port: 46201 } } peers { permanent_uuid: "1684789207b7419b8a168f8f543a9c85" member_type: VOTER last_known_addr { host: "127.18.66.67" port: 44157 } } peers { permanent_uuid: "f5a1eb32cf8b4670b5afb264cc18c61f" member_type: VOTER last_known_addr { host: "127.18.66.68" port: 36035 } attrs { promote: false } }
I20260710 11:10:50.717048 19887 raft_consensus.cc:3060] T e90068b78275487ab556b035cb6417c3 P 0d8971448c794b0ab610bfbe803fd6b1 [term 1 FOLLOWER]: Advancing to term 2
I20260710 11:10:50.720124 19956 raft_consensus.cc:2468] T e90068b78275487ab556b035cb6417c3 P 1684789207b7419b8a168f8f543a9c85 [term 2 FOLLOWER]: Leader election vote request: Granting yes vote for candidate f5a1eb32cf8b4670b5afb264cc18c61f in term 2.
I20260710 11:10:50.721325 20196 leader_election.cc:304] T e90068b78275487ab556b035cb6417c3 P f5a1eb32cf8b4670b5afb264cc18c61f [CANDIDATE]: Term 2 election: Election decided. Result: candidate won. Election summary: received 2 responses out of 3 voters: 2 yes votes; 0 no votes. yes voters: 1684789207b7419b8a168f8f543a9c85, f5a1eb32cf8b4670b5afb264cc18c61f; no voters: 
I20260710 11:10:50.722173 20598 raft_consensus.cc:2804] T e90068b78275487ab556b035cb6417c3 P f5a1eb32cf8b4670b5afb264cc18c61f [term 2 FOLLOWER]: Leader election won for term 2
I20260710 11:10:50.722628 20598 raft_consensus.cc:697] T e90068b78275487ab556b035cb6417c3 P f5a1eb32cf8b4670b5afb264cc18c61f [term 2 LEADER]: Becoming Leader. State: Replica: f5a1eb32cf8b4670b5afb264cc18c61f, State: Running, Role: LEADER
I20260710 11:10:50.723572 20598 consensus_queue.cc:237] T e90068b78275487ab556b035cb6417c3 P f5a1eb32cf8b4670b5afb264cc18c61f [LEADER]: Queue going to LEADER mode. State: All replicated index: 0, Majority replicated index: 4, Committed index: 4, Last appended: 1.4, Last appended by leader: 4, Current term: 2, Majority size: 2, State: 0, Mode: LEADER, active raft config: opid_index: 4 OBSOLETE_local: false peers { permanent_uuid: "0d8971448c794b0ab610bfbe803fd6b1" member_type: VOTER last_known_addr { host: "127.18.66.66" port: 46201 } } peers { permanent_uuid: "1684789207b7419b8a168f8f543a9c85" member_type: VOTER last_known_addr { host: "127.18.66.67" port: 44157 } } peers { permanent_uuid: "f5a1eb32cf8b4670b5afb264cc18c61f" member_type: VOTER last_known_addr { host: "127.18.66.68" port: 36035 } attrs { promote: false } }
I20260710 11:10:50.724148 19887 raft_consensus.cc:2468] T e90068b78275487ab556b035cb6417c3 P 0d8971448c794b0ab610bfbe803fd6b1 [term 2 FOLLOWER]: Leader election vote request: Granting yes vote for candidate f5a1eb32cf8b4670b5afb264cc18c61f in term 2.
I20260710 11:10:50.732221 19709 catalog_manager.cc:5697] T e90068b78275487ab556b035cb6417c3 P f5a1eb32cf8b4670b5afb264cc18c61f reported cstate change: term changed from 1 to 2, leader changed from 0d8971448c794b0ab610bfbe803fd6b1 (127.18.66.66) to f5a1eb32cf8b4670b5afb264cc18c61f (127.18.66.68). New cstate: current_term: 2 leader_uuid: "f5a1eb32cf8b4670b5afb264cc18c61f" committed_config { opid_index: 4 OBSOLETE_local: false peers { permanent_uuid: "0d8971448c794b0ab610bfbe803fd6b1" member_type: VOTER last_known_addr { host: "127.18.66.66" port: 46201 } health_report { overall_health: UNKNOWN } } peers { permanent_uuid: "1684789207b7419b8a168f8f543a9c85" member_type: VOTER last_known_addr { host: "127.18.66.67" port: 44157 } health_report { overall_health: UNKNOWN } } peers { permanent_uuid: "f5a1eb32cf8b4670b5afb264cc18c61f" member_type: VOTER last_known_addr { host: "127.18.66.68" port: 36035 } attrs { promote: false } health_report { overall_health: HEALTHY } } }
I20260710 11:10:50.776839 20580 raft_consensus.cc:993] T ffff4b9494c941b892c9ab5788025407 P f7344458634b40efb0ebf7847b59e2d9: : Instructing follower f5a1eb32cf8b4670b5afb264cc18c61f to start an election
I20260710 11:10:50.777516 20580 raft_consensus.cc:1081] T ffff4b9494c941b892c9ab5788025407 P f7344458634b40efb0ebf7847b59e2d9 [term 1 LEADER]: Signalling peer f5a1eb32cf8b4670b5afb264cc18c61f to start an election
I20260710 11:10:50.779522 20232 tablet_service.cc:2044] Received Run Leader Election RPC: tablet_id: "ffff4b9494c941b892c9ab5788025407"
dest_uuid: "f5a1eb32cf8b4670b5afb264cc18c61f"
 from {username='slave'} at 127.0.0.1:35278
I20260710 11:10:50.780221 20232 raft_consensus.cc:493] T ffff4b9494c941b892c9ab5788025407 P f5a1eb32cf8b4670b5afb264cc18c61f [term 1 FOLLOWER]: Starting forced leader election (received explicit request)
I20260710 11:10:50.780584 20232 raft_consensus.cc:3060] T ffff4b9494c941b892c9ab5788025407 P f5a1eb32cf8b4670b5afb264cc18c61f [term 1 FOLLOWER]: Advancing to term 2
I20260710 11:10:50.785490 20232 raft_consensus.cc:515] T ffff4b9494c941b892c9ab5788025407 P f5a1eb32cf8b4670b5afb264cc18c61f [term 2 FOLLOWER]: Starting forced leader election with config: opid_index: 4 OBSOLETE_local: false peers { permanent_uuid: "f7344458634b40efb0ebf7847b59e2d9" member_type: VOTER last_known_addr { host: "127.18.66.65" port: 42137 } } peers { permanent_uuid: "1684789207b7419b8a168f8f543a9c85" member_type: VOTER last_known_addr { host: "127.18.66.67" port: 44157 } } peers { permanent_uuid: "f5a1eb32cf8b4670b5afb264cc18c61f" member_type: VOTER last_known_addr { host: "127.18.66.68" port: 36035 } attrs { promote: false } }
I20260710 11:10:50.787087 20232 leader_election.cc:290] T ffff4b9494c941b892c9ab5788025407 P f5a1eb32cf8b4670b5afb264cc18c61f [CANDIDATE]: Term 2 election: Requested vote from peers f7344458634b40efb0ebf7847b59e2d9 (127.18.66.65:42137), 1684789207b7419b8a168f8f543a9c85 (127.18.66.67:44157)
I20260710 11:10:50.788093 19812 tablet_service.cc:1917] Received RequestConsensusVote() RPC: tablet_id: "ffff4b9494c941b892c9ab5788025407" candidate_uuid: "f5a1eb32cf8b4670b5afb264cc18c61f" candidate_term: 2 candidate_status { last_received { term: 1 index: 4 } } ignore_live_leader: true dest_uuid: "f7344458634b40efb0ebf7847b59e2d9"
I20260710 11:10:50.788678 19812 raft_consensus.cc:3055] T ffff4b9494c941b892c9ab5788025407 P f7344458634b40efb0ebf7847b59e2d9 [term 1 LEADER]: Stepping down as leader of term 1
I20260710 11:10:50.788599 19956 tablet_service.cc:1917] Received RequestConsensusVote() RPC: tablet_id: "ffff4b9494c941b892c9ab5788025407" candidate_uuid: "f5a1eb32cf8b4670b5afb264cc18c61f" candidate_term: 2 candidate_status { last_received { term: 1 index: 4 } } ignore_live_leader: true dest_uuid: "1684789207b7419b8a168f8f543a9c85"
I20260710 11:10:50.789088 19812 raft_consensus.cc:740] T ffff4b9494c941b892c9ab5788025407 P f7344458634b40efb0ebf7847b59e2d9 [term 1 LEADER]: Becoming Follower/Learner. State: Replica: f7344458634b40efb0ebf7847b59e2d9, State: Running, Role: LEADER
I20260710 11:10:50.789348 19956 raft_consensus.cc:3060] T ffff4b9494c941b892c9ab5788025407 P 1684789207b7419b8a168f8f543a9c85 [term 1 FOLLOWER]: Advancing to term 2
I20260710 11:10:50.790098 19812 consensus_queue.cc:260] T ffff4b9494c941b892c9ab5788025407 P f7344458634b40efb0ebf7847b59e2d9 [NON_LEADER]: Queue going to NON_LEADER mode. State: All replicated index: 0, Majority replicated index: 4, Committed index: 4, Last appended: 1.4, Last appended by leader: 4, Current term: 1, Majority size: -1, State: 0, Mode: NON_LEADER, active raft config: opid_index: 4 OBSOLETE_local: false peers { permanent_uuid: "f7344458634b40efb0ebf7847b59e2d9" member_type: VOTER last_known_addr { host: "127.18.66.65" port: 42137 } } peers { permanent_uuid: "1684789207b7419b8a168f8f543a9c85" member_type: VOTER last_known_addr { host: "127.18.66.67" port: 44157 } } peers { permanent_uuid: "f5a1eb32cf8b4670b5afb264cc18c61f" member_type: VOTER last_known_addr { host: "127.18.66.68" port: 36035 } attrs { promote: false } }
I20260710 11:10:50.791326 19812 raft_consensus.cc:3060] T ffff4b9494c941b892c9ab5788025407 P f7344458634b40efb0ebf7847b59e2d9 [term 1 FOLLOWER]: Advancing to term 2
I20260710 11:10:50.797077 19956 raft_consensus.cc:2468] T ffff4b9494c941b892c9ab5788025407 P 1684789207b7419b8a168f8f543a9c85 [term 2 FOLLOWER]: Leader election vote request: Granting yes vote for candidate f5a1eb32cf8b4670b5afb264cc18c61f in term 2.
I20260710 11:10:50.798012 19812 raft_consensus.cc:2468] T ffff4b9494c941b892c9ab5788025407 P f7344458634b40efb0ebf7847b59e2d9 [term 2 FOLLOWER]: Leader election vote request: Granting yes vote for candidate f5a1eb32cf8b4670b5afb264cc18c61f in term 2.
I20260710 11:10:50.798233 20196 leader_election.cc:304] T ffff4b9494c941b892c9ab5788025407 P f5a1eb32cf8b4670b5afb264cc18c61f [CANDIDATE]: Term 2 election: Election decided. Result: candidate won. Election summary: received 2 responses out of 3 voters: 2 yes votes; 0 no votes. yes voters: 1684789207b7419b8a168f8f543a9c85, f5a1eb32cf8b4670b5afb264cc18c61f; no voters: 
I20260710 11:10:50.799230 20598 raft_consensus.cc:2804] T ffff4b9494c941b892c9ab5788025407 P f5a1eb32cf8b4670b5afb264cc18c61f [term 2 FOLLOWER]: Leader election won for term 2
I20260710 11:10:50.799726 20598 raft_consensus.cc:697] T ffff4b9494c941b892c9ab5788025407 P f5a1eb32cf8b4670b5afb264cc18c61f [term 2 LEADER]: Becoming Leader. State: Replica: f5a1eb32cf8b4670b5afb264cc18c61f, State: Running, Role: LEADER
I20260710 11:10:50.800521 20598 consensus_queue.cc:237] T ffff4b9494c941b892c9ab5788025407 P f5a1eb32cf8b4670b5afb264cc18c61f [LEADER]: Queue going to LEADER mode. State: All replicated index: 0, Majority replicated index: 4, Committed index: 4, Last appended: 1.4, Last appended by leader: 4, Current term: 2, Majority size: 2, State: 0, Mode: LEADER, active raft config: opid_index: 4 OBSOLETE_local: false peers { permanent_uuid: "f7344458634b40efb0ebf7847b59e2d9" member_type: VOTER last_known_addr { host: "127.18.66.65" port: 42137 } } peers { permanent_uuid: "1684789207b7419b8a168f8f543a9c85" member_type: VOTER last_known_addr { host: "127.18.66.67" port: 44157 } } peers { permanent_uuid: "f5a1eb32cf8b4670b5afb264cc18c61f" member_type: VOTER last_known_addr { host: "127.18.66.68" port: 36035 } attrs { promote: false } }
I20260710 11:10:50.808809 19709 catalog_manager.cc:5697] T ffff4b9494c941b892c9ab5788025407 P f5a1eb32cf8b4670b5afb264cc18c61f reported cstate change: term changed from 1 to 2, leader changed from f7344458634b40efb0ebf7847b59e2d9 (127.18.66.65) to f5a1eb32cf8b4670b5afb264cc18c61f (127.18.66.68). New cstate: current_term: 2 leader_uuid: "f5a1eb32cf8b4670b5afb264cc18c61f" committed_config { opid_index: 4 OBSOLETE_local: false peers { permanent_uuid: "f7344458634b40efb0ebf7847b59e2d9" member_type: VOTER last_known_addr { host: "127.18.66.65" port: 42137 } health_report { overall_health: UNKNOWN } } peers { permanent_uuid: "1684789207b7419b8a168f8f543a9c85" member_type: VOTER last_known_addr { host: "127.18.66.67" port: 44157 } health_report { overall_health: UNKNOWN } } peers { permanent_uuid: "f5a1eb32cf8b4670b5afb264cc18c61f" member_type: VOTER last_known_addr { host: "127.18.66.68" port: 36035 } attrs { promote: false } health_report { overall_health: HEALTHY } } }
I20260710 11:10:50.813503 20609 raft_consensus.cc:993] T 3b246a134c434bd79088f9c790352d22 P 1684789207b7419b8a168f8f543a9c85: : Instructing follower f5a1eb32cf8b4670b5afb264cc18c61f to start an election
I20260710 11:10:50.814220 20587 raft_consensus.cc:1081] T 3b246a134c434bd79088f9c790352d22 P 1684789207b7419b8a168f8f543a9c85 [term 1 LEADER]: Signalling peer f5a1eb32cf8b4670b5afb264cc18c61f to start an election
I20260710 11:10:50.815912 20232 tablet_service.cc:2044] Received Run Leader Election RPC: tablet_id: "3b246a134c434bd79088f9c790352d22"
dest_uuid: "f5a1eb32cf8b4670b5afb264cc18c61f"
 from {username='slave'} at 127.0.0.1:58312
I20260710 11:10:50.816448 20232 raft_consensus.cc:493] T 3b246a134c434bd79088f9c790352d22 P f5a1eb32cf8b4670b5afb264cc18c61f [term 1 FOLLOWER]: Starting forced leader election (received explicit request)
I20260710 11:10:50.816784 20232 raft_consensus.cc:3060] T 3b246a134c434bd79088f9c790352d22 P f5a1eb32cf8b4670b5afb264cc18c61f [term 1 FOLLOWER]: Advancing to term 2
I20260710 11:10:50.821355 20232 raft_consensus.cc:515] T 3b246a134c434bd79088f9c790352d22 P f5a1eb32cf8b4670b5afb264cc18c61f [term 2 FOLLOWER]: Starting forced leader election with config: opid_index: 4 OBSOLETE_local: false peers { permanent_uuid: "f7344458634b40efb0ebf7847b59e2d9" member_type: VOTER last_known_addr { host: "127.18.66.65" port: 42137 } } peers { permanent_uuid: "1684789207b7419b8a168f8f543a9c85" member_type: VOTER last_known_addr { host: "127.18.66.67" port: 44157 } } peers { permanent_uuid: "f5a1eb32cf8b4670b5afb264cc18c61f" member_type: VOTER last_known_addr { host: "127.18.66.68" port: 36035 } attrs { promote: false } }
I20260710 11:10:50.822813 20232 leader_election.cc:290] T 3b246a134c434bd79088f9c790352d22 P f5a1eb32cf8b4670b5afb264cc18c61f [CANDIDATE]: Term 2 election: Requested vote from peers f7344458634b40efb0ebf7847b59e2d9 (127.18.66.65:42137), 1684789207b7419b8a168f8f543a9c85 (127.18.66.67:44157)
I20260710 11:10:50.823784 19812 tablet_service.cc:1917] Received RequestConsensusVote() RPC: tablet_id: "3b246a134c434bd79088f9c790352d22" candidate_uuid: "f5a1eb32cf8b4670b5afb264cc18c61f" candidate_term: 2 candidate_status { last_received { term: 1 index: 4 } } ignore_live_leader: true dest_uuid: "f7344458634b40efb0ebf7847b59e2d9"
I20260710 11:10:50.824393 19812 raft_consensus.cc:3060] T 3b246a134c434bd79088f9c790352d22 P f7344458634b40efb0ebf7847b59e2d9 [term 1 FOLLOWER]: Advancing to term 2
I20260710 11:10:50.824280 19956 tablet_service.cc:1917] Received RequestConsensusVote() RPC: tablet_id: "3b246a134c434bd79088f9c790352d22" candidate_uuid: "f5a1eb32cf8b4670b5afb264cc18c61f" candidate_term: 2 candidate_status { last_received { term: 1 index: 4 } } ignore_live_leader: true dest_uuid: "1684789207b7419b8a168f8f543a9c85"
I20260710 11:10:50.825168 19956 raft_consensus.cc:3055] T 3b246a134c434bd79088f9c790352d22 P 1684789207b7419b8a168f8f543a9c85 [term 1 LEADER]: Stepping down as leader of term 1
I20260710 11:10:50.825582 19956 raft_consensus.cc:740] T 3b246a134c434bd79088f9c790352d22 P 1684789207b7419b8a168f8f543a9c85 [term 1 LEADER]: Becoming Follower/Learner. State: Replica: 1684789207b7419b8a168f8f543a9c85, State: Running, Role: LEADER
I20260710 11:10:50.826598 19956 consensus_queue.cc:260] T 3b246a134c434bd79088f9c790352d22 P 1684789207b7419b8a168f8f543a9c85 [NON_LEADER]: Queue going to NON_LEADER mode. State: All replicated index: 0, Majority replicated index: 4, Committed index: 4, Last appended: 1.4, Last appended by leader: 4, Current term: 1, Majority size: -1, State: 0, Mode: NON_LEADER, active raft config: opid_index: 4 OBSOLETE_local: false peers { permanent_uuid: "f7344458634b40efb0ebf7847b59e2d9" member_type: VOTER last_known_addr { host: "127.18.66.65" port: 42137 } } peers { permanent_uuid: "1684789207b7419b8a168f8f543a9c85" member_type: VOTER last_known_addr { host: "127.18.66.67" port: 44157 } } peers { permanent_uuid: "f5a1eb32cf8b4670b5afb264cc18c61f" member_type: VOTER last_known_addr { host: "127.18.66.68" port: 36035 } attrs { promote: false } }
I20260710 11:10:50.828271 19956 raft_consensus.cc:3060] T 3b246a134c434bd79088f9c790352d22 P 1684789207b7419b8a168f8f543a9c85 [term 1 FOLLOWER]: Advancing to term 2
I20260710 11:10:50.830471 19812 raft_consensus.cc:2468] T 3b246a134c434bd79088f9c790352d22 P f7344458634b40efb0ebf7847b59e2d9 [term 2 FOLLOWER]: Leader election vote request: Granting yes vote for candidate f5a1eb32cf8b4670b5afb264cc18c61f in term 2.
I20260710 11:10:50.831607 20196 leader_election.cc:304] T 3b246a134c434bd79088f9c790352d22 P f5a1eb32cf8b4670b5afb264cc18c61f [CANDIDATE]: Term 2 election: Election decided. Result: candidate won. Election summary: received 2 responses out of 3 voters: 2 yes votes; 0 no votes. yes voters: f5a1eb32cf8b4670b5afb264cc18c61f, f7344458634b40efb0ebf7847b59e2d9; no voters: 
I20260710 11:10:50.832492 20598 raft_consensus.cc:2804] T 3b246a134c434bd79088f9c790352d22 P f5a1eb32cf8b4670b5afb264cc18c61f [term 2 FOLLOWER]: Leader election won for term 2
I20260710 11:10:50.832959 20598 raft_consensus.cc:697] T 3b246a134c434bd79088f9c790352d22 P f5a1eb32cf8b4670b5afb264cc18c61f [term 2 LEADER]: Becoming Leader. State: Replica: f5a1eb32cf8b4670b5afb264cc18c61f, State: Running, Role: LEADER
I20260710 11:10:50.834875 20598 consensus_queue.cc:237] T 3b246a134c434bd79088f9c790352d22 P f5a1eb32cf8b4670b5afb264cc18c61f [LEADER]: Queue going to LEADER mode. State: All replicated index: 0, Majority replicated index: 4, Committed index: 4, Last appended: 1.4, Last appended by leader: 4, Current term: 2, Majority size: 2, State: 0, Mode: LEADER, active raft config: opid_index: 4 OBSOLETE_local: false peers { permanent_uuid: "f7344458634b40efb0ebf7847b59e2d9" member_type: VOTER last_known_addr { host: "127.18.66.65" port: 42137 } } peers { permanent_uuid: "1684789207b7419b8a168f8f543a9c85" member_type: VOTER last_known_addr { host: "127.18.66.67" port: 44157 } } peers { permanent_uuid: "f5a1eb32cf8b4670b5afb264cc18c61f" member_type: VOTER last_known_addr { host: "127.18.66.68" port: 36035 } attrs { promote: false } }
I20260710 11:10:50.838374 19956 raft_consensus.cc:2468] T 3b246a134c434bd79088f9c790352d22 P 1684789207b7419b8a168f8f543a9c85 [term 2 FOLLOWER]: Leader election vote request: Granting yes vote for candidate f5a1eb32cf8b4670b5afb264cc18c61f in term 2.
I20260710 11:10:50.851768 19709 catalog_manager.cc:5697] T 3b246a134c434bd79088f9c790352d22 P f5a1eb32cf8b4670b5afb264cc18c61f reported cstate change: term changed from 1 to 2, leader changed from 1684789207b7419b8a168f8f543a9c85 (127.18.66.67) to f5a1eb32cf8b4670b5afb264cc18c61f (127.18.66.68). New cstate: current_term: 2 leader_uuid: "f5a1eb32cf8b4670b5afb264cc18c61f" committed_config { opid_index: 4 OBSOLETE_local: false peers { permanent_uuid: "f7344458634b40efb0ebf7847b59e2d9" member_type: VOTER last_known_addr { host: "127.18.66.65" port: 42137 } health_report { overall_health: UNKNOWN } } peers { permanent_uuid: "1684789207b7419b8a168f8f543a9c85" member_type: VOTER last_known_addr { host: "127.18.66.67" port: 44157 } health_report { overall_health: UNKNOWN } } peers { permanent_uuid: "f5a1eb32cf8b4670b5afb264cc18c61f" member_type: VOTER last_known_addr { host: "127.18.66.68" port: 36035 } attrs { promote: false } health_report { overall_health: HEALTHY } } }
I20260710 11:10:51.050522 19887 raft_consensus.cc:1275] T 698b7410de6e45be90af5841c3256309 P 0d8971448c794b0ab610bfbe803fd6b1 [term 2 FOLLOWER]: Refusing update from remote peer f5a1eb32cf8b4670b5afb264cc18c61f: Log matching property violated. Preceding OpId in replica: term: 1 index: 4. Preceding OpId from leader: term: 2 index: 5. (index mismatch)
I20260710 11:10:51.051741 20598 consensus_queue.cc:1048] T 698b7410de6e45be90af5841c3256309 P f5a1eb32cf8b4670b5afb264cc18c61f [LEADER]: Connected to new peer: Peer: permanent_uuid: "0d8971448c794b0ab610bfbe803fd6b1" member_type: VOTER last_known_addr { host: "127.18.66.66" port: 46201 }, Status: LMP_MISMATCH, Last received: 0.0, Next index: 5, Last known committed idx: 4, Time since last communication: 0.000s
I20260710 11:10:51.078233 19812 raft_consensus.cc:1275] T 698b7410de6e45be90af5841c3256309 P f7344458634b40efb0ebf7847b59e2d9 [term 2 FOLLOWER]: Refusing update from remote peer f5a1eb32cf8b4670b5afb264cc18c61f: Log matching property violated. Preceding OpId in replica: term: 1 index: 4. Preceding OpId from leader: term: 2 index: 5. (index mismatch)
I20260710 11:10:51.079970 20598 consensus_queue.cc:1048] T 698b7410de6e45be90af5841c3256309 P f5a1eb32cf8b4670b5afb264cc18c61f [LEADER]: Connected to new peer: Peer: permanent_uuid: "f7344458634b40efb0ebf7847b59e2d9" member_type: VOTER last_known_addr { host: "127.18.66.65" port: 42137 }, Status: LMP_MISMATCH, Last received: 0.0, Next index: 5, Last known committed idx: 4, Time since last communication: 0.000s
I20260710 11:10:51.262158 19956 raft_consensus.cc:1275] T 6bcd70fde1f541e19a4ddc54871b0c67 P 1684789207b7419b8a168f8f543a9c85 [term 2 FOLLOWER]: Refusing update from remote peer f5a1eb32cf8b4670b5afb264cc18c61f: Log matching property violated. Preceding OpId in replica: term: 1 index: 4. Preceding OpId from leader: term: 2 index: 5. (index mismatch)
I20260710 11:10:51.263538 20598 consensus_queue.cc:1048] T 6bcd70fde1f541e19a4ddc54871b0c67 P f5a1eb32cf8b4670b5afb264cc18c61f [LEADER]: Connected to new peer: Peer: permanent_uuid: "1684789207b7419b8a168f8f543a9c85" member_type: VOTER last_known_addr { host: "127.18.66.67" port: 44157 }, Status: LMP_MISMATCH, Last received: 0.0, Next index: 5, Last known committed idx: 4, Time since last communication: 0.000s
I20260710 11:10:51.278620 19957 raft_consensus.cc:1275] T 3b246a134c434bd79088f9c790352d22 P 1684789207b7419b8a168f8f543a9c85 [term 2 FOLLOWER]: Refusing update from remote peer f5a1eb32cf8b4670b5afb264cc18c61f: Log matching property violated. Preceding OpId in replica: term: 1 index: 4. Preceding OpId from leader: term: 2 index: 5. (index mismatch)
I20260710 11:10:51.281172 19887 raft_consensus.cc:1275] T 6bcd70fde1f541e19a4ddc54871b0c67 P 0d8971448c794b0ab610bfbe803fd6b1 [term 2 FOLLOWER]: Refusing update from remote peer f5a1eb32cf8b4670b5afb264cc18c61f: Log matching property violated. Preceding OpId in replica: term: 1 index: 4. Preceding OpId from leader: term: 2 index: 5. (index mismatch)
I20260710 11:10:51.283748 20598 consensus_queue.cc:1048] T 3b246a134c434bd79088f9c790352d22 P f5a1eb32cf8b4670b5afb264cc18c61f [LEADER]: Connected to new peer: Peer: permanent_uuid: "1684789207b7419b8a168f8f543a9c85" member_type: VOTER last_known_addr { host: "127.18.66.67" port: 44157 }, Status: LMP_MISMATCH, Last received: 0.0, Next index: 5, Last known committed idx: 4, Time since last communication: 0.000s
I20260710 11:10:51.284296 19956 raft_consensus.cc:1275] T e90068b78275487ab556b035cb6417c3 P 1684789207b7419b8a168f8f543a9c85 [term 2 FOLLOWER]: Refusing update from remote peer f5a1eb32cf8b4670b5afb264cc18c61f: Log matching property violated. Preceding OpId in replica: term: 1 index: 4. Preceding OpId from leader: term: 2 index: 5. (index mismatch)
I20260710 11:10:51.285313 20598 consensus_queue.cc:1048] T 6bcd70fde1f541e19a4ddc54871b0c67 P f5a1eb32cf8b4670b5afb264cc18c61f [LEADER]: Connected to new peer: Peer: permanent_uuid: "0d8971448c794b0ab610bfbe803fd6b1" member_type: VOTER last_known_addr { host: "127.18.66.66" port: 46201 }, Status: LMP_MISMATCH, Last received: 0.0, Next index: 5, Last known committed idx: 4, Time since last communication: 0.000s
I20260710 11:10:51.296412 20598 consensus_queue.cc:1048] T e90068b78275487ab556b035cb6417c3 P f5a1eb32cf8b4670b5afb264cc18c61f [LEADER]: Connected to new peer: Peer: permanent_uuid: "1684789207b7419b8a168f8f543a9c85" member_type: VOTER last_known_addr { host: "127.18.66.67" port: 44157 }, Status: LMP_MISMATCH, Last received: 0.0, Next index: 5, Last known committed idx: 4, Time since last communication: 0.000s
I20260710 11:10:51.319890 19812 raft_consensus.cc:1275] T 3b246a134c434bd79088f9c790352d22 P f7344458634b40efb0ebf7847b59e2d9 [term 2 FOLLOWER]: Refusing update from remote peer f5a1eb32cf8b4670b5afb264cc18c61f: Log matching property violated. Preceding OpId in replica: term: 1 index: 4. Preceding OpId from leader: term: 2 index: 5. (index mismatch)
I20260710 11:10:51.326607 20617 consensus_queue.cc:1048] T 3b246a134c434bd79088f9c790352d22 P f5a1eb32cf8b4670b5afb264cc18c61f [LEADER]: Connected to new peer: Peer: permanent_uuid: "f7344458634b40efb0ebf7847b59e2d9" member_type: VOTER last_known_addr { host: "127.18.66.65" port: 42137 }, Status: LMP_MISMATCH, Last received: 0.0, Next index: 5, Last known committed idx: 4, Time since last communication: 0.001s
I20260710 11:10:51.331710 19960 raft_consensus.cc:1275] T ffff4b9494c941b892c9ab5788025407 P 1684789207b7419b8a168f8f543a9c85 [term 2 FOLLOWER]: Refusing update from remote peer f5a1eb32cf8b4670b5afb264cc18c61f: Log matching property violated. Preceding OpId in replica: term: 1 index: 4. Preceding OpId from leader: term: 2 index: 5. (index mismatch)
I20260710 11:10:51.342103 20598 consensus_queue.cc:1048] T ffff4b9494c941b892c9ab5788025407 P f5a1eb32cf8b4670b5afb264cc18c61f [LEADER]: Connected to new peer: Peer: permanent_uuid: "1684789207b7419b8a168f8f543a9c85" member_type: VOTER last_known_addr { host: "127.18.66.67" port: 44157 }, Status: LMP_MISMATCH, Last received: 0.0, Next index: 5, Last known committed idx: 4, Time since last communication: 0.001s
I20260710 11:10:51.345937 19884 raft_consensus.cc:1275] T e90068b78275487ab556b035cb6417c3 P 0d8971448c794b0ab610bfbe803fd6b1 [term 2 FOLLOWER]: Refusing update from remote peer f5a1eb32cf8b4670b5afb264cc18c61f: Log matching property violated. Preceding OpId in replica: term: 1 index: 4. Preceding OpId from leader: term: 2 index: 5. (index mismatch)
I20260710 11:10:51.346871 19811 raft_consensus.cc:1275] T ffff4b9494c941b892c9ab5788025407 P f7344458634b40efb0ebf7847b59e2d9 [term 2 FOLLOWER]: Refusing update from remote peer f5a1eb32cf8b4670b5afb264cc18c61f: Log matching property violated. Preceding OpId in replica: term: 1 index: 4. Preceding OpId from leader: term: 2 index: 5. (index mismatch)
I20260710 11:10:51.358326 20598 consensus_queue.cc:1048] T e90068b78275487ab556b035cb6417c3 P f5a1eb32cf8b4670b5afb264cc18c61f [LEADER]: Connected to new peer: Peer: permanent_uuid: "0d8971448c794b0ab610bfbe803fd6b1" member_type: VOTER last_known_addr { host: "127.18.66.66" port: 46201 }, Status: LMP_MISMATCH, Last received: 0.0, Next index: 5, Last known committed idx: 4, Time since last communication: 0.000s
I20260710 11:10:51.360368 20598 consensus_queue.cc:1048] T ffff4b9494c941b892c9ab5788025407 P f5a1eb32cf8b4670b5afb264cc18c61f [LEADER]: Connected to new peer: Peer: permanent_uuid: "f7344458634b40efb0ebf7847b59e2d9" member_type: VOTER last_known_addr { host: "127.18.66.65" port: 42137 }, Status: LMP_MISMATCH, Last received: 0.0, Next index: 5, Last known committed idx: 4, Time since last communication: 0.000s
I20260710 11:10:51.524645 18697 auto_leader_rebalancer.cc:141] leader rebalance for table test-workload
I20260710 11:10:51.546466 18697 auto_leader_rebalancer.cc:141] leader rebalance for table test-workload
I20260710 11:10:51.565187 19812 tablet_service.cc:2072] Received LeaderStepDown RPC: tablet_id: "e67afbc5f2834d2b9fc2f1828feabd42"
dest_uuid: "f7344458634b40efb0ebf7847b59e2d9"
mode: GRACEFUL
new_leader_uuid: "f5a1eb32cf8b4670b5afb264cc18c61f"
 from {username='slave'} at 127.0.0.1:38472
I20260710 11:10:51.565805 19812 raft_consensus.cc:606] T e67afbc5f2834d2b9fc2f1828feabd42 P f7344458634b40efb0ebf7847b59e2d9 [term 1 LEADER]: Received request to transfer leadership to TS f5a1eb32cf8b4670b5afb264cc18c61f
I20260710 11:10:51.567134 18697 auto_leader_rebalancer.cc:452] table: test-workload, leader rebalance finish, leader transfer count: 1
I20260710 11:10:51.568023 18697 auto_leader_rebalancer.cc:527] All tables' leader rebalancing finished this round
I20260710 11:10:51.862264 20607 raft_consensus.cc:993] T e67afbc5f2834d2b9fc2f1828feabd42 P f7344458634b40efb0ebf7847b59e2d9: : Instructing follower f5a1eb32cf8b4670b5afb264cc18c61f to start an election
I20260710 11:10:51.862859 20607 raft_consensus.cc:1081] T e67afbc5f2834d2b9fc2f1828feabd42 P f7344458634b40efb0ebf7847b59e2d9 [term 1 LEADER]: Signalling peer f5a1eb32cf8b4670b5afb264cc18c61f to start an election
I20260710 11:10:51.864444 20232 tablet_service.cc:2044] Received Run Leader Election RPC: tablet_id: "e67afbc5f2834d2b9fc2f1828feabd42"
dest_uuid: "f5a1eb32cf8b4670b5afb264cc18c61f"
 from {username='slave'} at 127.0.0.1:35278
I20260710 11:10:51.864925 20232 raft_consensus.cc:493] T e67afbc5f2834d2b9fc2f1828feabd42 P f5a1eb32cf8b4670b5afb264cc18c61f [term 1 FOLLOWER]: Starting forced leader election (received explicit request)
I20260710 11:10:51.865226 20232 raft_consensus.cc:3060] T e67afbc5f2834d2b9fc2f1828feabd42 P f5a1eb32cf8b4670b5afb264cc18c61f [term 1 FOLLOWER]: Advancing to term 2
I20260710 11:10:51.870344 20232 raft_consensus.cc:515] T e67afbc5f2834d2b9fc2f1828feabd42 P f5a1eb32cf8b4670b5afb264cc18c61f [term 2 FOLLOWER]: Starting forced leader election with config: opid_index: 4 OBSOLETE_local: false peers { permanent_uuid: "f7344458634b40efb0ebf7847b59e2d9" member_type: VOTER last_known_addr { host: "127.18.66.65" port: 42137 } } peers { permanent_uuid: "1684789207b7419b8a168f8f543a9c85" member_type: VOTER last_known_addr { host: "127.18.66.67" port: 44157 } } peers { permanent_uuid: "f5a1eb32cf8b4670b5afb264cc18c61f" member_type: VOTER last_known_addr { host: "127.18.66.68" port: 36035 } attrs { promote: false } }
I20260710 11:10:51.872017 20232 leader_election.cc:290] T e67afbc5f2834d2b9fc2f1828feabd42 P f5a1eb32cf8b4670b5afb264cc18c61f [CANDIDATE]: Term 2 election: Requested vote from peers f7344458634b40efb0ebf7847b59e2d9 (127.18.66.65:42137), 1684789207b7419b8a168f8f543a9c85 (127.18.66.67:44157)
I20260710 11:10:51.872967 19812 tablet_service.cc:1917] Received RequestConsensusVote() RPC: tablet_id: "e67afbc5f2834d2b9fc2f1828feabd42" candidate_uuid: "f5a1eb32cf8b4670b5afb264cc18c61f" candidate_term: 2 candidate_status { last_received { term: 1 index: 4 } } ignore_live_leader: true dest_uuid: "f7344458634b40efb0ebf7847b59e2d9"
I20260710 11:10:51.873164 19956 tablet_service.cc:1917] Received RequestConsensusVote() RPC: tablet_id: "e67afbc5f2834d2b9fc2f1828feabd42" candidate_uuid: "f5a1eb32cf8b4670b5afb264cc18c61f" candidate_term: 2 candidate_status { last_received { term: 1 index: 4 } } ignore_live_leader: true dest_uuid: "1684789207b7419b8a168f8f543a9c85"
I20260710 11:10:51.874114 19956 raft_consensus.cc:3060] T e67afbc5f2834d2b9fc2f1828feabd42 P 1684789207b7419b8a168f8f543a9c85 [term 1 FOLLOWER]: Advancing to term 2
I20260710 11:10:51.876900 19812 raft_consensus.cc:3055] T e67afbc5f2834d2b9fc2f1828feabd42 P f7344458634b40efb0ebf7847b59e2d9 [term 1 LEADER]: Stepping down as leader of term 1
I20260710 11:10:51.877280 19812 raft_consensus.cc:740] T e67afbc5f2834d2b9fc2f1828feabd42 P f7344458634b40efb0ebf7847b59e2d9 [term 1 LEADER]: Becoming Follower/Learner. State: Replica: f7344458634b40efb0ebf7847b59e2d9, State: Running, Role: LEADER
I20260710 11:10:51.878067 19812 consensus_queue.cc:260] T e67afbc5f2834d2b9fc2f1828feabd42 P f7344458634b40efb0ebf7847b59e2d9 [NON_LEADER]: Queue going to NON_LEADER mode. State: All replicated index: 0, Majority replicated index: 4, Committed index: 4, Last appended: 1.4, Last appended by leader: 4, Current term: 1, Majority size: -1, State: 0, Mode: NON_LEADER, active raft config: opid_index: 4 OBSOLETE_local: false peers { permanent_uuid: "f7344458634b40efb0ebf7847b59e2d9" member_type: VOTER last_known_addr { host: "127.18.66.65" port: 42137 } } peers { permanent_uuid: "1684789207b7419b8a168f8f543a9c85" member_type: VOTER last_known_addr { host: "127.18.66.67" port: 44157 } } peers { permanent_uuid: "f5a1eb32cf8b4670b5afb264cc18c61f" member_type: VOTER last_known_addr { host: "127.18.66.68" port: 36035 } attrs { promote: false } }
I20260710 11:10:51.879381 19812 raft_consensus.cc:3060] T e67afbc5f2834d2b9fc2f1828feabd42 P f7344458634b40efb0ebf7847b59e2d9 [term 1 FOLLOWER]: Advancing to term 2
I20260710 11:10:51.883556 19956 raft_consensus.cc:2468] T e67afbc5f2834d2b9fc2f1828feabd42 P 1684789207b7419b8a168f8f543a9c85 [term 2 FOLLOWER]: Leader election vote request: Granting yes vote for candidate f5a1eb32cf8b4670b5afb264cc18c61f in term 2.
I20260710 11:10:51.885917 19812 raft_consensus.cc:2468] T e67afbc5f2834d2b9fc2f1828feabd42 P f7344458634b40efb0ebf7847b59e2d9 [term 2 FOLLOWER]: Leader election vote request: Granting yes vote for candidate f5a1eb32cf8b4670b5afb264cc18c61f in term 2.
I20260710 11:10:51.887429 20196 leader_election.cc:304] T e67afbc5f2834d2b9fc2f1828feabd42 P f5a1eb32cf8b4670b5afb264cc18c61f [CANDIDATE]: Term 2 election: Election decided. Result: candidate won. Election summary: received 2 responses out of 3 voters: 2 yes votes; 0 no votes. yes voters: f5a1eb32cf8b4670b5afb264cc18c61f, f7344458634b40efb0ebf7847b59e2d9; no voters: 
I20260710 11:10:51.890970 20598 raft_consensus.cc:2804] T e67afbc5f2834d2b9fc2f1828feabd42 P f5a1eb32cf8b4670b5afb264cc18c61f [term 2 FOLLOWER]: Leader election won for term 2
I20260710 11:10:51.892452 20598 raft_consensus.cc:697] T e67afbc5f2834d2b9fc2f1828feabd42 P f5a1eb32cf8b4670b5afb264cc18c61f [term 2 LEADER]: Becoming Leader. State: Replica: f5a1eb32cf8b4670b5afb264cc18c61f, State: Running, Role: LEADER
I20260710 11:10:51.893491 20598 consensus_queue.cc:237] T e67afbc5f2834d2b9fc2f1828feabd42 P f5a1eb32cf8b4670b5afb264cc18c61f [LEADER]: Queue going to LEADER mode. State: All replicated index: 0, Majority replicated index: 4, Committed index: 4, Last appended: 1.4, Last appended by leader: 4, Current term: 2, Majority size: 2, State: 0, Mode: LEADER, active raft config: opid_index: 4 OBSOLETE_local: false peers { permanent_uuid: "f7344458634b40efb0ebf7847b59e2d9" member_type: VOTER last_known_addr { host: "127.18.66.65" port: 42137 } } peers { permanent_uuid: "1684789207b7419b8a168f8f543a9c85" member_type: VOTER last_known_addr { host: "127.18.66.67" port: 44157 } } peers { permanent_uuid: "f5a1eb32cf8b4670b5afb264cc18c61f" member_type: VOTER last_known_addr { host: "127.18.66.68" port: 36035 } attrs { promote: false } }
I20260710 11:10:51.902110 19709 catalog_manager.cc:5697] T e67afbc5f2834d2b9fc2f1828feabd42 P f5a1eb32cf8b4670b5afb264cc18c61f reported cstate change: term changed from 1 to 2, leader changed from f7344458634b40efb0ebf7847b59e2d9 (127.18.66.65) to f5a1eb32cf8b4670b5afb264cc18c61f (127.18.66.68). New cstate: current_term: 2 leader_uuid: "f5a1eb32cf8b4670b5afb264cc18c61f" committed_config { opid_index: 4 OBSOLETE_local: false peers { permanent_uuid: "f7344458634b40efb0ebf7847b59e2d9" member_type: VOTER last_known_addr { host: "127.18.66.65" port: 42137 } health_report { overall_health: UNKNOWN } } peers { permanent_uuid: "1684789207b7419b8a168f8f543a9c85" member_type: VOTER last_known_addr { host: "127.18.66.67" port: 44157 } health_report { overall_health: UNKNOWN } } peers { permanent_uuid: "f5a1eb32cf8b4670b5afb264cc18c61f" member_type: VOTER last_known_addr { host: "127.18.66.68" port: 36035 } attrs { promote: false } health_report { overall_health: HEALTHY } } }
I20260710 11:10:52.291389 19960 raft_consensus.cc:1275] T e67afbc5f2834d2b9fc2f1828feabd42 P 1684789207b7419b8a168f8f543a9c85 [term 2 FOLLOWER]: Refusing update from remote peer f5a1eb32cf8b4670b5afb264cc18c61f: Log matching property violated. Preceding OpId in replica: term: 1 index: 4. Preceding OpId from leader: term: 2 index: 5. (index mismatch)
I20260710 11:10:52.293150 20599 consensus_queue.cc:1048] T e67afbc5f2834d2b9fc2f1828feabd42 P f5a1eb32cf8b4670b5afb264cc18c61f [LEADER]: Connected to new peer: Peer: permanent_uuid: "1684789207b7419b8a168f8f543a9c85" member_type: VOTER last_known_addr { host: "127.18.66.67" port: 44157 }, Status: LMP_MISMATCH, Last received: 0.0, Next index: 5, Last known committed idx: 4, Time since last communication: 0.001s
I20260710 11:10:52.323931 19811 raft_consensus.cc:1275] T e67afbc5f2834d2b9fc2f1828feabd42 P f7344458634b40efb0ebf7847b59e2d9 [term 2 FOLLOWER]: Refusing update from remote peer f5a1eb32cf8b4670b5afb264cc18c61f: Log matching property violated. Preceding OpId in replica: term: 1 index: 4. Preceding OpId from leader: term: 2 index: 5. (index mismatch)
I20260710 11:10:52.325685 20624 consensus_queue.cc:1048] T e67afbc5f2834d2b9fc2f1828feabd42 P f5a1eb32cf8b4670b5afb264cc18c61f [LEADER]: Connected to new peer: Peer: permanent_uuid: "f7344458634b40efb0ebf7847b59e2d9" member_type: VOTER last_known_addr { host: "127.18.66.65" port: 42137 }, Status: LMP_MISMATCH, Last received: 0.0, Next index: 5, Last known committed idx: 4, Time since last communication: 0.001s
I20260710 11:10:52.569222 18697 auto_leader_rebalancer.cc:141] leader rebalance for table test-workload
I20260710 11:10:52.587097 18697 tablet_server.cc:179] TabletServer@127.18.66.65:0 shutting down...
W20260710 11:10:52.616807 19850 proxy.cc:239] Call had error, refreshing address and retrying: Remote error: Service unavailable: service kudu.consensus.ConsensusService not registered on TabletServer [suppressed 4 similar messages]
I20260710 11:10:52.619277 18697 ts_tablet_manager.cc:1507] Shutting down tablet manager...
I20260710 11:10:52.620702 18697 tablet_replica.cc:333] T ffff4b9494c941b892c9ab5788025407 P f7344458634b40efb0ebf7847b59e2d9: stopping tablet replica
I20260710 11:10:52.621901 18697 raft_consensus.cc:2243] T ffff4b9494c941b892c9ab5788025407 P f7344458634b40efb0ebf7847b59e2d9 [term 2 FOLLOWER]: Raft consensus shutting down.
I20260710 11:10:52.622601 18697 raft_consensus.cc:2272] T ffff4b9494c941b892c9ab5788025407 P f7344458634b40efb0ebf7847b59e2d9 [term 2 FOLLOWER]: Raft consensus is shut down!
W20260710 11:10:52.622807 19850 consensus_peers.cc:597] T e14fb3b803de4289980a3778b52dc209 P 0d8971448c794b0ab610bfbe803fd6b1 -> Peer f7344458634b40efb0ebf7847b59e2d9 (127.18.66.65:42137): Couldn't send request to peer f7344458634b40efb0ebf7847b59e2d9. Status: Remote error: Service unavailable: service kudu.consensus.ConsensusService not registered on TabletServer. This is attempt 1: this message will repeat every 5th retry.
I20260710 11:10:52.624915 18697 tablet_replica.cc:333] T 6bed714001854d8fb72c7a7b717a979f P f7344458634b40efb0ebf7847b59e2d9: stopping tablet replica
I20260710 11:10:52.625556 18697 raft_consensus.cc:2243] T 6bed714001854d8fb72c7a7b717a979f P f7344458634b40efb0ebf7847b59e2d9 [term 1 LEADER]: Raft consensus shutting down.
I20260710 11:10:52.626487 18697 raft_consensus.cc:2272] T 6bed714001854d8fb72c7a7b717a979f P f7344458634b40efb0ebf7847b59e2d9 [term 1 FOLLOWER]: Raft consensus is shut down!
I20260710 11:10:52.628613 18697 tablet_replica.cc:333] T 3b246a134c434bd79088f9c790352d22 P f7344458634b40efb0ebf7847b59e2d9: stopping tablet replica
I20260710 11:10:52.629199 18697 raft_consensus.cc:2243] T 3b246a134c434bd79088f9c790352d22 P f7344458634b40efb0ebf7847b59e2d9 [term 2 FOLLOWER]: Raft consensus shutting down.
I20260710 11:10:52.630105 18697 raft_consensus.cc:2272] T 3b246a134c434bd79088f9c790352d22 P f7344458634b40efb0ebf7847b59e2d9 [term 2 FOLLOWER]: Raft consensus is shut down!
I20260710 11:10:52.632416 18697 tablet_replica.cc:333] T 14e5c2dcef854ef8934a933df91c87c3 P f7344458634b40efb0ebf7847b59e2d9: stopping tablet replica
I20260710 11:10:52.633194 18697 raft_consensus.cc:2243] T 14e5c2dcef854ef8934a933df91c87c3 P f7344458634b40efb0ebf7847b59e2d9 [term 1 FOLLOWER]: Raft consensus shutting down.
I20260710 11:10:52.633632 18697 raft_consensus.cc:2272] T 14e5c2dcef854ef8934a933df91c87c3 P f7344458634b40efb0ebf7847b59e2d9 [term 1 FOLLOWER]: Raft consensus is shut down!
I20260710 11:10:52.635883 18697 tablet_replica.cc:333] T b1c8688c54174d4793de6230f7b2d5db P f7344458634b40efb0ebf7847b59e2d9: stopping tablet replica
I20260710 11:10:52.636511 18697 raft_consensus.cc:2243] T b1c8688c54174d4793de6230f7b2d5db P f7344458634b40efb0ebf7847b59e2d9 [term 1 LEADER]: Raft consensus shutting down.
I20260710 11:10:52.637319 18697 raft_consensus.cc:2272] T b1c8688c54174d4793de6230f7b2d5db P f7344458634b40efb0ebf7847b59e2d9 [term 1 FOLLOWER]: Raft consensus is shut down!
I20260710 11:10:52.639390 18697 tablet_replica.cc:333] T 698b7410de6e45be90af5841c3256309 P f7344458634b40efb0ebf7847b59e2d9: stopping tablet replica
I20260710 11:10:52.640041 18697 raft_consensus.cc:2243] T 698b7410de6e45be90af5841c3256309 P f7344458634b40efb0ebf7847b59e2d9 [term 2 FOLLOWER]: Raft consensus shutting down.
I20260710 11:10:52.640547 18697 raft_consensus.cc:2272] T 698b7410de6e45be90af5841c3256309 P f7344458634b40efb0ebf7847b59e2d9 [term 2 FOLLOWER]: Raft consensus is shut down!
I20260710 11:10:52.643642 18697 tablet_replica.cc:333] T 52d6fec42d4a48a796607ab0e6a51a9e P f7344458634b40efb0ebf7847b59e2d9: stopping tablet replica
I20260710 11:10:52.644227 18697 raft_consensus.cc:2243] T 52d6fec42d4a48a796607ab0e6a51a9e P f7344458634b40efb0ebf7847b59e2d9 [term 1 FOLLOWER]: Raft consensus shutting down.
I20260710 11:10:52.645308 18697 raft_consensus.cc:2272] T 52d6fec42d4a48a796607ab0e6a51a9e P f7344458634b40efb0ebf7847b59e2d9 [term 1 FOLLOWER]: Raft consensus is shut down!
I20260710 11:10:52.647845 18697 tablet_replica.cc:333] T b208f9495ec24491b6b8dc02f4137703 P f7344458634b40efb0ebf7847b59e2d9: stopping tablet replica
I20260710 11:10:52.648423 18697 raft_consensus.cc:2243] T b208f9495ec24491b6b8dc02f4137703 P f7344458634b40efb0ebf7847b59e2d9 [term 2 FOLLOWER]: Raft consensus shutting down.
I20260710 11:10:52.649220 18697 raft_consensus.cc:2272] T b208f9495ec24491b6b8dc02f4137703 P f7344458634b40efb0ebf7847b59e2d9 [term 2 FOLLOWER]: Raft consensus is shut down!
I20260710 11:10:52.651221 18697 tablet_replica.cc:333] T 94b36d19b89f4317a7534fc77ea1188b P f7344458634b40efb0ebf7847b59e2d9: stopping tablet replica
I20260710 11:10:52.651777 18697 raft_consensus.cc:2243] T 94b36d19b89f4317a7534fc77ea1188b P f7344458634b40efb0ebf7847b59e2d9 [term 1 LEADER]: Raft consensus shutting down.
I20260710 11:10:52.652629 18697 raft_consensus.cc:2272] T 94b36d19b89f4317a7534fc77ea1188b P f7344458634b40efb0ebf7847b59e2d9 [term 1 FOLLOWER]: Raft consensus is shut down!
I20260710 11:10:52.654706 18697 tablet_replica.cc:333] T e14fb3b803de4289980a3778b52dc209 P f7344458634b40efb0ebf7847b59e2d9: stopping tablet replica
I20260710 11:10:52.655318 18697 raft_consensus.cc:2243] T e14fb3b803de4289980a3778b52dc209 P f7344458634b40efb0ebf7847b59e2d9 [term 1 FOLLOWER]: Raft consensus shutting down.
I20260710 11:10:52.655761 18697 raft_consensus.cc:2272] T e14fb3b803de4289980a3778b52dc209 P f7344458634b40efb0ebf7847b59e2d9 [term 1 FOLLOWER]: Raft consensus is shut down!
I20260710 11:10:52.658675 18697 tablet_replica.cc:333] T 9b8e4a13f0974360b6a49bf81acd7b69 P f7344458634b40efb0ebf7847b59e2d9: stopping tablet replica
I20260710 11:10:52.659453 18697 raft_consensus.cc:2243] T 9b8e4a13f0974360b6a49bf81acd7b69 P f7344458634b40efb0ebf7847b59e2d9 [term 1 FOLLOWER]: Raft consensus shutting down.
I20260710 11:10:52.660037 18697 raft_consensus.cc:2272] T 9b8e4a13f0974360b6a49bf81acd7b69 P f7344458634b40efb0ebf7847b59e2d9 [term 1 FOLLOWER]: Raft consensus is shut down!
W20260710 11:10:52.662068 19924 consensus_peers.cc:597] T e152cd46dc0840b083702c5578f2d7bb P 1684789207b7419b8a168f8f543a9c85 -> Peer f7344458634b40efb0ebf7847b59e2d9 (127.18.66.65:42137): Couldn't send request to peer f7344458634b40efb0ebf7847b59e2d9. Status: Remote error: Service unavailable: service kudu.consensus.ConsensusService not registered on TabletServer. This is attempt 1: this message will repeat every 5th retry.
I20260710 11:10:52.662571 18697 tablet_replica.cc:333] T 6d27ae16f9034474adf354688ab16074 P f7344458634b40efb0ebf7847b59e2d9: stopping tablet replica
I20260710 11:10:52.663194 18697 raft_consensus.cc:2243] T 6d27ae16f9034474adf354688ab16074 P f7344458634b40efb0ebf7847b59e2d9 [term 1 LEADER]: Raft consensus shutting down.
I20260710 11:10:52.664055 18697 raft_consensus.cc:2272] T 6d27ae16f9034474adf354688ab16074 P f7344458634b40efb0ebf7847b59e2d9 [term 1 FOLLOWER]: Raft consensus is shut down!
I20260710 11:10:52.666183 18697 tablet_replica.cc:333] T e152cd46dc0840b083702c5578f2d7bb P f7344458634b40efb0ebf7847b59e2d9: stopping tablet replica
I20260710 11:10:52.666685 18697 raft_consensus.cc:2243] T e152cd46dc0840b083702c5578f2d7bb P f7344458634b40efb0ebf7847b59e2d9 [term 1 FOLLOWER]: Raft consensus shutting down.
I20260710 11:10:52.667344 18697 raft_consensus.cc:2272] T e152cd46dc0840b083702c5578f2d7bb P f7344458634b40efb0ebf7847b59e2d9 [term 1 FOLLOWER]: Raft consensus is shut down!
I20260710 11:10:52.669351 18697 tablet_replica.cc:333] T a0b9ab9d37ec480bbfc7f515b186e56f P f7344458634b40efb0ebf7847b59e2d9: stopping tablet replica
I20260710 11:10:52.669848 18697 raft_consensus.cc:2243] T a0b9ab9d37ec480bbfc7f515b186e56f P f7344458634b40efb0ebf7847b59e2d9 [term 1 LEADER]: Raft consensus shutting down.
I20260710 11:10:52.670758 18697 raft_consensus.cc:2272] T a0b9ab9d37ec480bbfc7f515b186e56f P f7344458634b40efb0ebf7847b59e2d9 [term 1 FOLLOWER]: Raft consensus is shut down!
I20260710 11:10:52.672765 18697 tablet_replica.cc:333] T 758d99f3f4474ff38c18f6adb32e3b62 P f7344458634b40efb0ebf7847b59e2d9: stopping tablet replica
I20260710 11:10:52.673231 18697 raft_consensus.cc:2243] T 758d99f3f4474ff38c18f6adb32e3b62 P f7344458634b40efb0ebf7847b59e2d9 [term 1 LEADER]: Raft consensus shutting down.
I20260710 11:10:52.674305 18697 raft_consensus.cc:2272] T 758d99f3f4474ff38c18f6adb32e3b62 P f7344458634b40efb0ebf7847b59e2d9 [term 1 FOLLOWER]: Raft consensus is shut down!
I20260710 11:10:52.676272 18697 tablet_replica.cc:333] T f4abbb8ebc524e4aa43b8b95b4e091cd P f7344458634b40efb0ebf7847b59e2d9: stopping tablet replica
I20260710 11:10:52.676724 18697 raft_consensus.cc:2243] T f4abbb8ebc524e4aa43b8b95b4e091cd P f7344458634b40efb0ebf7847b59e2d9 [term 1 FOLLOWER]: Raft consensus shutting down.
I20260710 11:10:52.677495 18697 raft_consensus.cc:2272] T f4abbb8ebc524e4aa43b8b95b4e091cd P f7344458634b40efb0ebf7847b59e2d9 [term 1 FOLLOWER]: Raft consensus is shut down!
I20260710 11:10:52.679636 18697 tablet_replica.cc:333] T 95a4dc12863f4c86ad55d83808c531cb P f7344458634b40efb0ebf7847b59e2d9: stopping tablet replica
