I20260710 11:10:36.564654 11566 consensus_queue.cc:1048] T 1a552359dc6f4ea894e801f1b7afa66b P b07951bf9087464fa560dee8c35181ea [LEADER]: Connected to new peer: Peer: permanent_uuid: "ee75cd5bd999415bbac4dbc44e111d9a" member_type: VOTER last_known_addr { host: "127.9.161.65" port: 33315 }, Status: LMP_MISMATCH, Last received: 0.0, Next index: 3, Last known committed idx: 2, Time since last communication: 0.001s
I20260710 11:10:36.565584 11515 consensus_queue.cc:1048] T 1a552359dc6f4ea894e801f1b7afa66b P b07951bf9087464fa560dee8c35181ea [LEADER]: Connected to new peer: Peer: permanent_uuid: "3095cbc29ec54efcb9f7be8547eb5827" member_type: VOTER last_known_addr { host: "127.9.161.68" port: 35051 } attrs { promote: false }, Status: LMP_MISMATCH, Last received: 0.0, Next index: 3, Last known committed idx: 2, Time since last communication: 0.000s
I20260710 11:10:36.566461 11549 consensus_queue.cc:1048] T 1a552359dc6f4ea894e801f1b7afa66b P b07951bf9087464fa560dee8c35181ea [LEADER]: Connected to new peer: Peer: permanent_uuid: "60945de839644265b8cb48ab544cc129" member_type: VOTER last_known_addr { host: "127.9.161.66" port: 36247 } attrs { replace: true }, Status: LMP_MISMATCH, Last received: 0.0, Next index: 3, Last known committed idx: 2, Time since last communication: 0.000s
I20260710 11:10:36.587626 11515 raft_consensus.cc:2955] T 1a552359dc6f4ea894e801f1b7afa66b P b07951bf9087464fa560dee8c35181ea [term 1 LEADER]: Committing config change with OpId 1.3: config changed from index 2 to 3, 3095cbc29ec54efcb9f7be8547eb5827 (127.9.161.68) changed from NON_VOTER to VOTER. New config: { opid_index: 3 OBSOLETE_local: false peers { permanent_uuid: "ee75cd5bd999415bbac4dbc44e111d9a" member_type: VOTER last_known_addr { host: "127.9.161.65" port: 33315 } } peers { permanent_uuid: "60945de839644265b8cb48ab544cc129" member_type: VOTER last_known_addr { host: "127.9.161.66" port: 36247 } attrs { replace: true } } peers { permanent_uuid: "b07951bf9087464fa560dee8c35181ea" member_type: VOTER last_known_addr { host: "127.9.161.67" port: 40883 } } peers { permanent_uuid: "3095cbc29ec54efcb9f7be8547eb5827" member_type: VOTER last_known_addr { host: "127.9.161.68" port: 35051 } attrs { promote: false } } }
I20260710 11:10:36.594147 11406 raft_consensus.cc:2955] T 1a552359dc6f4ea894e801f1b7afa66b P 3095cbc29ec54efcb9f7be8547eb5827 [term 1 FOLLOWER]: Committing config change with OpId 1.3: config changed from index 2 to 3, 3095cbc29ec54efcb9f7be8547eb5827 (127.9.161.68) changed from NON_VOTER to VOTER. New config: { opid_index: 3 OBSOLETE_local: false peers { permanent_uuid: "ee75cd5bd999415bbac4dbc44e111d9a" member_type: VOTER last_known_addr { host: "127.9.161.65" port: 33315 } } peers { permanent_uuid: "60945de839644265b8cb48ab544cc129" member_type: VOTER last_known_addr { host: "127.9.161.66" port: 36247 } attrs { replace: true } } peers { permanent_uuid: "b07951bf9087464fa560dee8c35181ea" member_type: VOTER last_known_addr { host: "127.9.161.67" port: 40883 } } peers { permanent_uuid: "3095cbc29ec54efcb9f7be8547eb5827" member_type: VOTER last_known_addr { host: "127.9.161.68" port: 35051 } attrs { promote: false } } }
I20260710 11:10:36.595614 10976 raft_consensus.cc:2955] T 1a552359dc6f4ea894e801f1b7afa66b P ee75cd5bd999415bbac4dbc44e111d9a [term 1 FOLLOWER]: Committing config change with OpId 1.3: config changed from index 2 to 3, 3095cbc29ec54efcb9f7be8547eb5827 (127.9.161.68) changed from NON_VOTER to VOTER. New config: { opid_index: 3 OBSOLETE_local: false peers { permanent_uuid: "ee75cd5bd999415bbac4dbc44e111d9a" member_type: VOTER last_known_addr { host: "127.9.161.65" port: 33315 } } peers { permanent_uuid: "60945de839644265b8cb48ab544cc129" member_type: VOTER last_known_addr { host: "127.9.161.66" port: 36247 } attrs { replace: true } } peers { permanent_uuid: "b07951bf9087464fa560dee8c35181ea" member_type: VOTER last_known_addr { host: "127.9.161.67" port: 40883 } } peers { permanent_uuid: "3095cbc29ec54efcb9f7be8547eb5827" member_type: VOTER last_known_addr { host: "127.9.161.68" port: 35051 } attrs { promote: false } } }
I20260710 11:10:36.607165 11052 raft_consensus.cc:2955] T 1a552359dc6f4ea894e801f1b7afa66b P 60945de839644265b8cb48ab544cc129 [term 1 FOLLOWER]: Committing config change with OpId 1.3: config changed from index 2 to 3, 3095cbc29ec54efcb9f7be8547eb5827 (127.9.161.68) changed from NON_VOTER to VOTER. New config: { opid_index: 3 OBSOLETE_local: false peers { permanent_uuid: "ee75cd5bd999415bbac4dbc44e111d9a" member_type: VOTER last_known_addr { host: "127.9.161.65" port: 33315 } } peers { permanent_uuid: "60945de839644265b8cb48ab544cc129" member_type: VOTER last_known_addr { host: "127.9.161.66" port: 36247 } attrs { replace: true } } peers { permanent_uuid: "b07951bf9087464fa560dee8c35181ea" member_type: VOTER last_known_addr { host: "127.9.161.67" port: 40883 } } peers { permanent_uuid: "3095cbc29ec54efcb9f7be8547eb5827" member_type: VOTER last_known_addr { host: "127.9.161.68" port: 35051 } attrs { promote: false } } }
I20260710 11:10:36.615226 10873 catalog_manager.cc:5697] T 1a552359dc6f4ea894e801f1b7afa66b P 3095cbc29ec54efcb9f7be8547eb5827 reported cstate change: config changed from index 2 to 3, 3095cbc29ec54efcb9f7be8547eb5827 (127.9.161.68) changed from NON_VOTER to VOTER. New cstate: current_term: 1 leader_uuid: "b07951bf9087464fa560dee8c35181ea" committed_config { opid_index: 3 OBSOLETE_local: false peers { permanent_uuid: "ee75cd5bd999415bbac4dbc44e111d9a" member_type: VOTER last_known_addr { host: "127.9.161.65" port: 33315 } } peers { permanent_uuid: "60945de839644265b8cb48ab544cc129" member_type: VOTER last_known_addr { host: "127.9.161.66" port: 36247 } attrs { replace: true } } peers { permanent_uuid: "b07951bf9087464fa560dee8c35181ea" member_type: VOTER last_known_addr { host: "127.9.161.67" port: 40883 } } peers { permanent_uuid: "3095cbc29ec54efcb9f7be8547eb5827" member_type: VOTER last_known_addr { host: "127.9.161.68" port: 35051 } attrs { promote: false } } }
I20260710 11:10:36.634135 11126 consensus_queue.cc:237] T 1a552359dc6f4ea894e801f1b7afa66b P b07951bf9087464fa560dee8c35181ea [LEADER]: Queue going to LEADER mode. State: All replicated index: 0, Majority replicated index: 3, Committed index: 3, Last appended: 1.3, Last appended by leader: 0, Current term: 1, Majority size: 2, State: 0, Mode: LEADER, active raft config: opid_index: 4 OBSOLETE_local: false peers { permanent_uuid: "ee75cd5bd999415bbac4dbc44e111d9a" member_type: VOTER last_known_addr { host: "127.9.161.65" port: 33315 } } peers { permanent_uuid: "b07951bf9087464fa560dee8c35181ea" member_type: VOTER last_known_addr { host: "127.9.161.67" port: 40883 } } peers { permanent_uuid: "3095cbc29ec54efcb9f7be8547eb5827" member_type: VOTER last_known_addr { host: "127.9.161.68" port: 35051 } attrs { promote: false } }
I20260710 11:10:36.643075 11406 raft_consensus.cc:1275] T 1a552359dc6f4ea894e801f1b7afa66b P 3095cbc29ec54efcb9f7be8547eb5827 [term 1 FOLLOWER]: Refusing update from remote peer b07951bf9087464fa560dee8c35181ea: Log matching property violated. Preceding OpId in replica: term: 1 index: 3. Preceding OpId from leader: term: 1 index: 4. (index mismatch)
I20260710 11:10:36.644444 11515 consensus_queue.cc:1048] T 1a552359dc6f4ea894e801f1b7afa66b P b07951bf9087464fa560dee8c35181ea [LEADER]: Connected to new peer: Peer: permanent_uuid: "3095cbc29ec54efcb9f7be8547eb5827" member_type: VOTER last_known_addr { host: "127.9.161.68" port: 35051 } attrs { promote: false }, Status: LMP_MISMATCH, Last received: 0.0, Next index: 4, Last known committed idx: 3, Time since last communication: 0.000s
I20260710 11:10:36.646337 10976 raft_consensus.cc:1275] T 1a552359dc6f4ea894e801f1b7afa66b P ee75cd5bd999415bbac4dbc44e111d9a [term 1 FOLLOWER]: Refusing update from remote peer b07951bf9087464fa560dee8c35181ea: Log matching property violated. Preceding OpId in replica: term: 1 index: 3. Preceding OpId from leader: term: 1 index: 4. (index mismatch)
I20260710 11:10:36.647850 11515 consensus_queue.cc:1048] T 1a552359dc6f4ea894e801f1b7afa66b P b07951bf9087464fa560dee8c35181ea [LEADER]: Connected to new peer: Peer: permanent_uuid: "ee75cd5bd999415bbac4dbc44e111d9a" member_type: VOTER last_known_addr { host: "127.9.161.65" port: 33315 }, Status: LMP_MISMATCH, Last received: 0.0, Next index: 4, Last known committed idx: 3, Time since last communication: 0.001s
I20260710 11:10:36.651153 11549 raft_consensus.cc:2955] T 1a552359dc6f4ea894e801f1b7afa66b P b07951bf9087464fa560dee8c35181ea [term 1 LEADER]: Committing config change with OpId 1.4: config changed from index 3 to 4, VOTER 60945de839644265b8cb48ab544cc129 (127.9.161.66) evicted. New config: { opid_index: 4 OBSOLETE_local: false peers { permanent_uuid: "ee75cd5bd999415bbac4dbc44e111d9a" member_type: VOTER last_known_addr { host: "127.9.161.65" port: 33315 } } peers { permanent_uuid: "b07951bf9087464fa560dee8c35181ea" member_type: VOTER last_known_addr { host: "127.9.161.67" port: 40883 } } peers { permanent_uuid: "3095cbc29ec54efcb9f7be8547eb5827" member_type: VOTER last_known_addr { host: "127.9.161.68" port: 35051 } attrs { promote: false } } }
I20260710 11:10:36.654716 11406 raft_consensus.cc:2955] T 1a552359dc6f4ea894e801f1b7afa66b P 3095cbc29ec54efcb9f7be8547eb5827 [term 1 FOLLOWER]: Committing config change with OpId 1.4: config changed from index 3 to 4, VOTER 60945de839644265b8cb48ab544cc129 (127.9.161.66) evicted. New config: { opid_index: 4 OBSOLETE_local: false peers { permanent_uuid: "ee75cd5bd999415bbac4dbc44e111d9a" member_type: VOTER last_known_addr { host: "127.9.161.65" port: 33315 } } peers { permanent_uuid: "b07951bf9087464fa560dee8c35181ea" member_type: VOTER last_known_addr { host: "127.9.161.67" port: 40883 } } peers { permanent_uuid: "3095cbc29ec54efcb9f7be8547eb5827" member_type: VOTER last_known_addr { host: "127.9.161.68" port: 35051 } attrs { promote: false } } }
I20260710 11:10:36.656710 10976 raft_consensus.cc:2955] T 1a552359dc6f4ea894e801f1b7afa66b P ee75cd5bd999415bbac4dbc44e111d9a [term 1 FOLLOWER]: Committing config change with OpId 1.4: config changed from index 3 to 4, VOTER 60945de839644265b8cb48ab544cc129 (127.9.161.66) evicted. New config: { opid_index: 4 OBSOLETE_local: false peers { permanent_uuid: "ee75cd5bd999415bbac4dbc44e111d9a" member_type: VOTER last_known_addr { host: "127.9.161.65" port: 33315 } } peers { permanent_uuid: "b07951bf9087464fa560dee8c35181ea" member_type: VOTER last_known_addr { host: "127.9.161.67" port: 40883 } } peers { permanent_uuid: "3095cbc29ec54efcb9f7be8547eb5827" member_type: VOTER last_known_addr { host: "127.9.161.68" port: 35051 } attrs { promote: false } } }
I20260710 11:10:36.666291 10861 catalog_manager.cc:5210] ChangeConfig:REMOVE_PEER RPC for tablet 1a552359dc6f4ea894e801f1b7afa66b with cas_config_opid_index 3: ChangeConfig:REMOVE_PEER succeeded (attempt 1)
I20260710 11:10:36.671101 10875 catalog_manager.cc:5697] T 1a552359dc6f4ea894e801f1b7afa66b P ee75cd5bd999415bbac4dbc44e111d9a reported cstate change: config changed from index 3 to 4, VOTER 60945de839644265b8cb48ab544cc129 (127.9.161.66) evicted. New cstate: current_term: 1 leader_uuid: "b07951bf9087464fa560dee8c35181ea" committed_config { opid_index: 4 OBSOLETE_local: false peers { permanent_uuid: "ee75cd5bd999415bbac4dbc44e111d9a" member_type: VOTER last_known_addr { host: "127.9.161.65" port: 33315 } } peers { permanent_uuid: "b07951bf9087464fa560dee8c35181ea" member_type: VOTER last_known_addr { host: "127.9.161.67" port: 40883 } } peers { permanent_uuid: "3095cbc29ec54efcb9f7be8547eb5827" member_type: VOTER last_known_addr { host: "127.9.161.68" port: 35051 } attrs { promote: false } } }
I20260710 11:10:36.683210 11035 tablet_service.cc:1558] Processing DeleteTablet for tablet 1a552359dc6f4ea894e801f1b7afa66b with delete_type TABLET_DATA_TOMBSTONED (TS 60945de839644265b8cb48ab544cc129 not found in new config with opid_index 4) from {username='slave'} at 127.0.0.1:54248
I20260710 11:10:36.684453 11572 tablet_replica.cc:333] T 1a552359dc6f4ea894e801f1b7afa66b P 60945de839644265b8cb48ab544cc129: stopping tablet replica
I20260710 11:10:36.685390 11572 raft_consensus.cc:2243] T 1a552359dc6f4ea894e801f1b7afa66b P 60945de839644265b8cb48ab544cc129 [term 1 FOLLOWER]: Raft consensus shutting down.
I20260710 11:10:36.686066 11572 raft_consensus.cc:2272] T 1a552359dc6f4ea894e801f1b7afa66b P 60945de839644265b8cb48ab544cc129 [term 1 FOLLOWER]: Raft consensus is shut down!
I20260710 11:10:36.689435 11572 ts_tablet_manager.cc:1916] T 1a552359dc6f4ea894e801f1b7afa66b P 60945de839644265b8cb48ab544cc129: Deleting tablet data with delete state TABLET_DATA_TOMBSTONED
I20260710 11:10:36.701815 11572 ts_tablet_manager.cc:1929] T 1a552359dc6f4ea894e801f1b7afa66b P 60945de839644265b8cb48ab544cc129: tablet deleted with delete type TABLET_DATA_TOMBSTONED: last-logged OpId 1.3
I20260710 11:10:36.702241 11572 log.cc:1199] T 1a552359dc6f4ea894e801f1b7afa66b P 60945de839644265b8cb48ab544cc129: Deleting WAL directory at /tmp/dist-test-task7eHZYM/test-tmp/auto_leader_rebalancer-test.0.LeaderRebalancerTest.AddTserver.1783681800737189-9861-0/minicluster-data/ts-1-root/wals/1a552359dc6f4ea894e801f1b7afa66b
I20260710 11:10:36.703962 10861 catalog_manager.cc:5028] TS 60945de839644265b8cb48ab544cc129 (127.9.161.66:36247): tablet 1a552359dc6f4ea894e801f1b7afa66b (table test-workload [id=26a507a864384d00ae04ae0c972a7723]) successfully deleted
I20260710 11:10:37.721454 11052 consensus_queue.cc:237] T c52833dd4fab4b9d9f2abc3eb92b3ed6 P 60945de839644265b8cb48ab544cc129 [LEADER]: Queue going to LEADER mode. State: All replicated index: 0, Majority replicated index: 1, Committed index: 1, Last appended: 1.1, Last appended by leader: 0, Current term: 1, Majority size: 2, State: 0, Mode: LEADER, active raft config: opid_index: 2 OBSOLETE_local: false peers { permanent_uuid: "ee75cd5bd999415bbac4dbc44e111d9a" member_type: VOTER last_known_addr { host: "127.9.161.65" port: 33315 } } peers { permanent_uuid: "60945de839644265b8cb48ab544cc129" member_type: VOTER last_known_addr { host: "127.9.161.66" port: 36247 } } peers { permanent_uuid: "b07951bf9087464fa560dee8c35181ea" member_type: VOTER last_known_addr { host: "127.9.161.67" port: 40883 } attrs { replace: true } } peers { permanent_uuid: "3095cbc29ec54efcb9f7be8547eb5827" member_type: NON_VOTER last_known_addr { host: "127.9.161.68" port: 35051 } attrs { promote: true } }
W20260710 11:10:37.727808 11019 consensus_peers.cc:597] T c52833dd4fab4b9d9f2abc3eb92b3ed6 P 60945de839644265b8cb48ab544cc129 -> Peer 3095cbc29ec54efcb9f7be8547eb5827 (127.9.161.68:35051): Couldn't send request to peer 3095cbc29ec54efcb9f7be8547eb5827. Error code: TABLET_NOT_FOUND (6). Status: Not found: Tablet not found: c52833dd4fab4b9d9f2abc3eb92b3ed6. This is attempt 1: this message will repeat every 5th retry.
I20260710 11:10:37.728238 11126 raft_consensus.cc:1275] T c52833dd4fab4b9d9f2abc3eb92b3ed6 P b07951bf9087464fa560dee8c35181ea [term 1 FOLLOWER]: Refusing update from remote peer 60945de839644265b8cb48ab544cc129: Log matching property violated. Preceding OpId in replica: term: 1 index: 1. Preceding OpId from leader: term: 1 index: 2. (index mismatch)
I20260710 11:10:37.729707 10977 raft_consensus.cc:1275] T c52833dd4fab4b9d9f2abc3eb92b3ed6 P ee75cd5bd999415bbac4dbc44e111d9a [term 1 FOLLOWER]: Refusing update from remote peer 60945de839644265b8cb48ab544cc129: Log matching property violated. Preceding OpId in replica: term: 1 index: 1. Preceding OpId from leader: term: 1 index: 2. (index mismatch)
I20260710 11:10:37.729648 11579 consensus_queue.cc:1048] T c52833dd4fab4b9d9f2abc3eb92b3ed6 P 60945de839644265b8cb48ab544cc129 [LEADER]: Connected to new peer: Peer: permanent_uuid: "b07951bf9087464fa560dee8c35181ea" member_type: VOTER last_known_addr { host: "127.9.161.67" port: 40883 } attrs { replace: true }, Status: LMP_MISMATCH, Last received: 0.0, Next index: 2, Last known committed idx: 1, Time since last communication: 0.001s
I20260710 11:10:37.731415 11360 consensus_queue.cc:1048] T c52833dd4fab4b9d9f2abc3eb92b3ed6 P 60945de839644265b8cb48ab544cc129 [LEADER]: Connected to new peer: Peer: permanent_uuid: "ee75cd5bd999415bbac4dbc44e111d9a" member_type: VOTER last_known_addr { host: "127.9.161.65" port: 33315 }, Status: LMP_MISMATCH, Last received: 0.0, Next index: 2, Last known committed idx: 1, Time since last communication: 0.000s
I20260710 11:10:37.738745 11527 raft_consensus.cc:2955] T c52833dd4fab4b9d9f2abc3eb92b3ed6 P 60945de839644265b8cb48ab544cc129 [term 1 LEADER]: Committing config change with OpId 1.2: config changed from index -1 to 2, NON_VOTER 3095cbc29ec54efcb9f7be8547eb5827 (127.9.161.68) added. New config: { opid_index: 2 OBSOLETE_local: false peers { permanent_uuid: "ee75cd5bd999415bbac4dbc44e111d9a" member_type: VOTER last_known_addr { host: "127.9.161.65" port: 33315 } } peers { permanent_uuid: "60945de839644265b8cb48ab544cc129" member_type: VOTER last_known_addr { host: "127.9.161.66" port: 36247 } } peers { permanent_uuid: "b07951bf9087464fa560dee8c35181ea" member_type: VOTER last_known_addr { host: "127.9.161.67" port: 40883 } attrs { replace: true } } peers { permanent_uuid: "3095cbc29ec54efcb9f7be8547eb5827" member_type: NON_VOTER last_known_addr { host: "127.9.161.68" port: 35051 } attrs { promote: true } } }
I20260710 11:10:37.740456 11126 raft_consensus.cc:2955] T c52833dd4fab4b9d9f2abc3eb92b3ed6 P b07951bf9087464fa560dee8c35181ea [term 1 FOLLOWER]: Committing config change with OpId 1.2: config changed from index -1 to 2, NON_VOTER 3095cbc29ec54efcb9f7be8547eb5827 (127.9.161.68) added. New config: { opid_index: 2 OBSOLETE_local: false peers { permanent_uuid: "ee75cd5bd999415bbac4dbc44e111d9a" member_type: VOTER last_known_addr { host: "127.9.161.65" port: 33315 } } peers { permanent_uuid: "60945de839644265b8cb48ab544cc129" member_type: VOTER last_known_addr { host: "127.9.161.66" port: 36247 } } peers { permanent_uuid: "b07951bf9087464fa560dee8c35181ea" member_type: VOTER last_known_addr { host: "127.9.161.67" port: 40883 } attrs { replace: true } } peers { permanent_uuid: "3095cbc29ec54efcb9f7be8547eb5827" member_type: NON_VOTER last_known_addr { host: "127.9.161.68" port: 35051 } attrs { promote: true } } }
I20260710 11:10:37.743266 10976 raft_consensus.cc:2955] T c52833dd4fab4b9d9f2abc3eb92b3ed6 P ee75cd5bd999415bbac4dbc44e111d9a [term 1 FOLLOWER]: Committing config change with OpId 1.2: config changed from index -1 to 2, NON_VOTER 3095cbc29ec54efcb9f7be8547eb5827 (127.9.161.68) added. New config: { opid_index: 2 OBSOLETE_local: false peers { permanent_uuid: "ee75cd5bd999415bbac4dbc44e111d9a" member_type: VOTER last_known_addr { host: "127.9.161.65" port: 33315 } } peers { permanent_uuid: "60945de839644265b8cb48ab544cc129" member_type: VOTER last_known_addr { host: "127.9.161.66" port: 36247 } } peers { permanent_uuid: "b07951bf9087464fa560dee8c35181ea" member_type: VOTER last_known_addr { host: "127.9.161.67" port: 40883 } attrs { replace: true } } peers { permanent_uuid: "3095cbc29ec54efcb9f7be8547eb5827" member_type: NON_VOTER last_known_addr { host: "127.9.161.68" port: 35051 } attrs { promote: true } } }
I20260710 11:10:37.755446 10876 catalog_manager.cc:5697] T c52833dd4fab4b9d9f2abc3eb92b3ed6 P 60945de839644265b8cb48ab544cc129 reported cstate change: config changed from index -1 to 2, NON_VOTER 3095cbc29ec54efcb9f7be8547eb5827 (127.9.161.68) added. New cstate: current_term: 1 leader_uuid: "60945de839644265b8cb48ab544cc129" committed_config { opid_index: 2 OBSOLETE_local: false peers { permanent_uuid: "ee75cd5bd999415bbac4dbc44e111d9a" member_type: VOTER last_known_addr { host: "127.9.161.65" port: 33315 } health_report { overall_health: HEALTHY } } peers { permanent_uuid: "60945de839644265b8cb48ab544cc129" member_type: VOTER last_known_addr { host: "127.9.161.66" port: 36247 } health_report { overall_health: HEALTHY } } peers { permanent_uuid: "b07951bf9087464fa560dee8c35181ea" member_type: VOTER last_known_addr { host: "127.9.161.67" port: 40883 } attrs { replace: true } health_report { overall_health: HEALTHY } } peers { permanent_uuid: "3095cbc29ec54efcb9f7be8547eb5827" member_type: NON_VOTER last_known_addr { host: "127.9.161.68" port: 35051 } attrs { promote: true } health_report { overall_health: UNKNOWN } } }
I20260710 11:10:37.758226 11052 consensus_queue.cc:237] T 24329eb86c994ded803101fd730a9d68 P 60945de839644265b8cb48ab544cc129 [LEADER]: Queue going to LEADER mode. State: All replicated index: 0, Majority replicated index: 1, Committed index: 1, Last appended: 1.1, Last appended by leader: 0, Current term: 1, Majority size: 2, State: 0, Mode: LEADER, active raft config: opid_index: 2 OBSOLETE_local: false peers { permanent_uuid: "ee75cd5bd999415bbac4dbc44e111d9a" member_type: VOTER last_known_addr { host: "127.9.161.65" port: 33315 } } peers { permanent_uuid: "60945de839644265b8cb48ab544cc129" member_type: VOTER last_known_addr { host: "127.9.161.66" port: 36247 } } peers { permanent_uuid: "b07951bf9087464fa560dee8c35181ea" member_type: VOTER last_known_addr { host: "127.9.161.67" port: 40883 } attrs { replace: true } } peers { permanent_uuid: "3095cbc29ec54efcb9f7be8547eb5827" member_type: NON_VOTER last_known_addr { host: "127.9.161.68" port: 35051 } attrs { promote: true } }
I20260710 11:10:37.767050 11126 raft_consensus.cc:1275] T 24329eb86c994ded803101fd730a9d68 P b07951bf9087464fa560dee8c35181ea [term 1 FOLLOWER]: Refusing update from remote peer 60945de839644265b8cb48ab544cc129: Log matching property violated. Preceding OpId in replica: term: 1 index: 1. Preceding OpId from leader: term: 1 index: 2. (index mismatch)
I20260710 11:10:37.767607 10976 raft_consensus.cc:1275] T 24329eb86c994ded803101fd730a9d68 P ee75cd5bd999415bbac4dbc44e111d9a [term 1 FOLLOWER]: Refusing update from remote peer 60945de839644265b8cb48ab544cc129: Log matching property violated. Preceding OpId in replica: term: 1 index: 1. Preceding OpId from leader: term: 1 index: 2. (index mismatch)
I20260710 11:10:37.768747 11527 consensus_queue.cc:1048] T 24329eb86c994ded803101fd730a9d68 P 60945de839644265b8cb48ab544cc129 [LEADER]: Connected to new peer: Peer: permanent_uuid: "b07951bf9087464fa560dee8c35181ea" member_type: VOTER last_known_addr { host: "127.9.161.67" port: 40883 } attrs { replace: true }, Status: LMP_MISMATCH, Last received: 0.0, Next index: 2, Last known committed idx: 1, Time since last communication: 0.000s
I20260710 11:10:37.769647 11360 consensus_queue.cc:1048] T 24329eb86c994ded803101fd730a9d68 P 60945de839644265b8cb48ab544cc129 [LEADER]: Connected to new peer: Peer: permanent_uuid: "ee75cd5bd999415bbac4dbc44e111d9a" member_type: VOTER last_known_addr { host: "127.9.161.65" port: 33315 }, Status: LMP_MISMATCH, Last received: 0.0, Next index: 2, Last known committed idx: 1, Time since last communication: 0.000s
W20260710 11:10:37.771924 11019 consensus_peers.cc:597] T 24329eb86c994ded803101fd730a9d68 P 60945de839644265b8cb48ab544cc129 -> Peer 3095cbc29ec54efcb9f7be8547eb5827 (127.9.161.68:35051): Couldn't send request to peer 3095cbc29ec54efcb9f7be8547eb5827. Error code: TABLET_NOT_FOUND (6). Status: Not found: Tablet not found: 24329eb86c994ded803101fd730a9d68. This is attempt 1: this message will repeat every 5th retry.
I20260710 11:10:37.783572 11527 raft_consensus.cc:2955] T 24329eb86c994ded803101fd730a9d68 P 60945de839644265b8cb48ab544cc129 [term 1 LEADER]: Committing config change with OpId 1.2: config changed from index -1 to 2, NON_VOTER 3095cbc29ec54efcb9f7be8547eb5827 (127.9.161.68) added. New config: { opid_index: 2 OBSOLETE_local: false peers { permanent_uuid: "ee75cd5bd999415bbac4dbc44e111d9a" member_type: VOTER last_known_addr { host: "127.9.161.65" port: 33315 } } peers { permanent_uuid: "60945de839644265b8cb48ab544cc129" member_type: VOTER last_known_addr { host: "127.9.161.66" port: 36247 } } peers { permanent_uuid: "b07951bf9087464fa560dee8c35181ea" member_type: VOTER last_known_addr { host: "127.9.161.67" port: 40883 } attrs { replace: true } } peers { permanent_uuid: "3095cbc29ec54efcb9f7be8547eb5827" member_type: NON_VOTER last_known_addr { host: "127.9.161.68" port: 35051 } attrs { promote: true } } }
I20260710 11:10:37.784530 10977 raft_consensus.cc:2955] T 24329eb86c994ded803101fd730a9d68 P ee75cd5bd999415bbac4dbc44e111d9a [term 1 FOLLOWER]: Committing config change with OpId 1.2: config changed from index -1 to 2, NON_VOTER 3095cbc29ec54efcb9f7be8547eb5827 (127.9.161.68) added. New config: { opid_index: 2 OBSOLETE_local: false peers { permanent_uuid: "ee75cd5bd999415bbac4dbc44e111d9a" member_type: VOTER last_known_addr { host: "127.9.161.65" port: 33315 } } peers { permanent_uuid: "60945de839644265b8cb48ab544cc129" member_type: VOTER last_known_addr { host: "127.9.161.66" port: 36247 } } peers { permanent_uuid: "b07951bf9087464fa560dee8c35181ea" member_type: VOTER last_known_addr { host: "127.9.161.67" port: 40883 } attrs { replace: true } } peers { permanent_uuid: "3095cbc29ec54efcb9f7be8547eb5827" member_type: NON_VOTER last_known_addr { host: "127.9.161.68" port: 35051 } attrs { promote: true } } }
I20260710 11:10:37.793642 11126 raft_consensus.cc:2955] T 24329eb86c994ded803101fd730a9d68 P b07951bf9087464fa560dee8c35181ea [term 1 FOLLOWER]: Committing config change with OpId 1.2: config changed from index -1 to 2, NON_VOTER 3095cbc29ec54efcb9f7be8547eb5827 (127.9.161.68) added. New config: { opid_index: 2 OBSOLETE_local: false peers { permanent_uuid: "ee75cd5bd999415bbac4dbc44e111d9a" member_type: VOTER last_known_addr { host: "127.9.161.65" port: 33315 } } peers { permanent_uuid: "60945de839644265b8cb48ab544cc129" member_type: VOTER last_known_addr { host: "127.9.161.66" port: 36247 } } peers { permanent_uuid: "b07951bf9087464fa560dee8c35181ea" member_type: VOTER last_known_addr { host: "127.9.161.67" port: 40883 } attrs { replace: true } } peers { permanent_uuid: "3095cbc29ec54efcb9f7be8547eb5827" member_type: NON_VOTER last_known_addr { host: "127.9.161.68" port: 35051 } attrs { promote: true } } }
I20260710 11:10:37.799823 11127 consensus_queue.cc:237] T a6ab99e349934207adbf5d6bc3187286 P b07951bf9087464fa560dee8c35181ea [LEADER]: Queue going to LEADER mode. State: All replicated index: 0, Majority replicated index: 1, Committed index: 1, Last appended: 1.1, Last appended by leader: 0, Current term: 1, Majority size: 2, State: 0, Mode: LEADER, active raft config: opid_index: 2 OBSOLETE_local: false peers { permanent_uuid: "ee75cd5bd999415bbac4dbc44e111d9a" member_type: VOTER last_known_addr { host: "127.9.161.65" port: 33315 } } peers { permanent_uuid: "60945de839644265b8cb48ab544cc129" member_type: VOTER last_known_addr { host: "127.9.161.66" port: 36247 } attrs { replace: true } } peers { permanent_uuid: "b07951bf9087464fa560dee8c35181ea" member_type: VOTER last_known_addr { host: "127.9.161.67" port: 40883 } } peers { permanent_uuid: "3095cbc29ec54efcb9f7be8547eb5827" member_type: NON_VOTER last_known_addr { host: "127.9.161.68" port: 35051 } attrs { promote: true } }
I20260710 11:10:37.801258 10876 catalog_manager.cc:5697] T 24329eb86c994ded803101fd730a9d68 P ee75cd5bd999415bbac4dbc44e111d9a reported cstate change: config changed from index -1 to 2, NON_VOTER 3095cbc29ec54efcb9f7be8547eb5827 (127.9.161.68) added. New cstate: current_term: 1 leader_uuid: "60945de839644265b8cb48ab544cc129" committed_config { opid_index: 2 OBSOLETE_local: false peers { permanent_uuid: "ee75cd5bd999415bbac4dbc44e111d9a" member_type: VOTER last_known_addr { host: "127.9.161.65" port: 33315 } } peers { permanent_uuid: "60945de839644265b8cb48ab544cc129" member_type: VOTER last_known_addr { host: "127.9.161.66" port: 36247 } } peers { permanent_uuid: "b07951bf9087464fa560dee8c35181ea" member_type: VOTER last_known_addr { host: "127.9.161.67" port: 40883 } attrs { replace: true } } peers { permanent_uuid: "3095cbc29ec54efcb9f7be8547eb5827" member_type: NON_VOTER last_known_addr { host: "127.9.161.68" port: 35051 } attrs { promote: true } } }
I20260710 11:10:37.823843 10977 raft_consensus.cc:1275] T a6ab99e349934207adbf5d6bc3187286 P ee75cd5bd999415bbac4dbc44e111d9a [term 1 FOLLOWER]: Refusing update from remote peer b07951bf9087464fa560dee8c35181ea: Log matching property violated. Preceding OpId in replica: term: 1 index: 1. Preceding OpId from leader: term: 1 index: 2. (index mismatch)
W20260710 11:10:37.825142 11093 consensus_peers.cc:597] T a6ab99e349934207adbf5d6bc3187286 P b07951bf9087464fa560dee8c35181ea -> Peer 3095cbc29ec54efcb9f7be8547eb5827 (127.9.161.68:35051): Couldn't send request to peer 3095cbc29ec54efcb9f7be8547eb5827. Error code: TABLET_NOT_FOUND (6). Status: Not found: Tablet not found: a6ab99e349934207adbf5d6bc3187286. This is attempt 1: this message will repeat every 5th retry.
I20260710 11:10:37.825493 11549 consensus_queue.cc:1048] T a6ab99e349934207adbf5d6bc3187286 P b07951bf9087464fa560dee8c35181ea [LEADER]: Connected to new peer: Peer: permanent_uuid: "ee75cd5bd999415bbac4dbc44e111d9a" member_type: VOTER last_known_addr { host: "127.9.161.65" port: 33315 }, Status: LMP_MISMATCH, Last received: 0.0, Next index: 2, Last known committed idx: 1, Time since last communication: 0.001s
I20260710 11:10:37.826459 11052 raft_consensus.cc:1275] T a6ab99e349934207adbf5d6bc3187286 P 60945de839644265b8cb48ab544cc129 [term 1 FOLLOWER]: Refusing update from remote peer b07951bf9087464fa560dee8c35181ea: Log matching property violated. Preceding OpId in replica: term: 1 index: 1. Preceding OpId from leader: term: 1 index: 2. (index mismatch)
I20260710 11:10:37.828315 11592 consensus_queue.cc:1048] T a6ab99e349934207adbf5d6bc3187286 P b07951bf9087464fa560dee8c35181ea [LEADER]: Connected to new peer: Peer: permanent_uuid: "60945de839644265b8cb48ab544cc129" member_type: VOTER last_known_addr { host: "127.9.161.66" port: 36247 } attrs { replace: true }, Status: LMP_MISMATCH, Last received: 0.0, Next index: 2, Last known committed idx: 1, Time since last communication: 0.000s
I20260710 11:10:37.837673 11549 raft_consensus.cc:2955] T a6ab99e349934207adbf5d6bc3187286 P b07951bf9087464fa560dee8c35181ea [term 1 LEADER]: Committing config change with OpId 1.2: config changed from index -1 to 2, NON_VOTER 3095cbc29ec54efcb9f7be8547eb5827 (127.9.161.68) added. New config: { opid_index: 2 OBSOLETE_local: false peers { permanent_uuid: "ee75cd5bd999415bbac4dbc44e111d9a" member_type: VOTER last_known_addr { host: "127.9.161.65" port: 33315 } } peers { permanent_uuid: "60945de839644265b8cb48ab544cc129" member_type: VOTER last_known_addr { host: "127.9.161.66" port: 36247 } attrs { replace: true } } peers { permanent_uuid: "b07951bf9087464fa560dee8c35181ea" member_type: VOTER last_known_addr { host: "127.9.161.67" port: 40883 } } peers { permanent_uuid: "3095cbc29ec54efcb9f7be8547eb5827" member_type: NON_VOTER last_known_addr { host: "127.9.161.68" port: 35051 } attrs { promote: true } } }
I20260710 11:10:37.840464 11049 raft_consensus.cc:2955] T a6ab99e349934207adbf5d6bc3187286 P 60945de839644265b8cb48ab544cc129 [term 1 FOLLOWER]: Committing config change with OpId 1.2: config changed from index -1 to 2, NON_VOTER 3095cbc29ec54efcb9f7be8547eb5827 (127.9.161.68) added. New config: { opid_index: 2 OBSOLETE_local: false peers { permanent_uuid: "ee75cd5bd999415bbac4dbc44e111d9a" member_type: VOTER last_known_addr { host: "127.9.161.65" port: 33315 } } peers { permanent_uuid: "60945de839644265b8cb48ab544cc129" member_type: VOTER last_known_addr { host: "127.9.161.66" port: 36247 } attrs { replace: true } } peers { permanent_uuid: "b07951bf9087464fa560dee8c35181ea" member_type: VOTER last_known_addr { host: "127.9.161.67" port: 40883 } } peers { permanent_uuid: "3095cbc29ec54efcb9f7be8547eb5827" member_type: NON_VOTER last_known_addr { host: "127.9.161.68" port: 35051 } attrs { promote: true } } }
I20260710 11:10:37.840533 10977 raft_consensus.cc:2955] T a6ab99e349934207adbf5d6bc3187286 P ee75cd5bd999415bbac4dbc44e111d9a [term 1 FOLLOWER]: Committing config change with OpId 1.2: config changed from index -1 to 2, NON_VOTER 3095cbc29ec54efcb9f7be8547eb5827 (127.9.161.68) added. New config: { opid_index: 2 OBSOLETE_local: false peers { permanent_uuid: "ee75cd5bd999415bbac4dbc44e111d9a" member_type: VOTER last_known_addr { host: "127.9.161.65" port: 33315 } } peers { permanent_uuid: "60945de839644265b8cb48ab544cc129" member_type: VOTER last_known_addr { host: "127.9.161.66" port: 36247 } attrs { replace: true } } peers { permanent_uuid: "b07951bf9087464fa560dee8c35181ea" member_type: VOTER last_known_addr { host: "127.9.161.67" port: 40883 } } peers { permanent_uuid: "3095cbc29ec54efcb9f7be8547eb5827" member_type: NON_VOTER last_known_addr { host: "127.9.161.68" port: 35051 } attrs { promote: true } } }
I20260710 11:10:37.854773 10876 catalog_manager.cc:5697] T a6ab99e349934207adbf5d6bc3187286 P 60945de839644265b8cb48ab544cc129 reported cstate change: config changed from index -1 to 2, NON_VOTER 3095cbc29ec54efcb9f7be8547eb5827 (127.9.161.68) added. New cstate: current_term: 1 leader_uuid: "b07951bf9087464fa560dee8c35181ea" committed_config { opid_index: 2 OBSOLETE_local: false peers { permanent_uuid: "ee75cd5bd999415bbac4dbc44e111d9a" member_type: VOTER last_known_addr { host: "127.9.161.65" port: 33315 } } peers { permanent_uuid: "60945de839644265b8cb48ab544cc129" member_type: VOTER last_known_addr { host: "127.9.161.66" port: 36247 } attrs { replace: true } } peers { permanent_uuid: "b07951bf9087464fa560dee8c35181ea" member_type: VOTER last_known_addr { host: "127.9.161.67" port: 40883 } } peers { permanent_uuid: "3095cbc29ec54efcb9f7be8547eb5827" member_type: NON_VOTER last_known_addr { host: "127.9.161.68" port: 35051 } attrs { promote: true } } }
I20260710 11:10:37.855713 11049 consensus_queue.cc:237] T 64f52930673d4b299ec1eb6e3fe995d1 P 60945de839644265b8cb48ab544cc129 [LEADER]: Queue going to LEADER mode. State: All replicated index: 0, Majority replicated index: 1, Committed index: 1, Last appended: 1.1, Last appended by leader: 0, Current term: 1, Majority size: 2, State: 0, Mode: LEADER, active raft config: opid_index: 2 OBSOLETE_local: false peers { permanent_uuid: "ee75cd5bd999415bbac4dbc44e111d9a" member_type: VOTER last_known_addr { host: "127.9.161.65" port: 33315 } attrs { replace: true } } peers { permanent_uuid: "60945de839644265b8cb48ab544cc129" member_type: VOTER last_known_addr { host: "127.9.161.66" port: 36247 } } peers { permanent_uuid: "b07951bf9087464fa560dee8c35181ea" member_type: VOTER last_known_addr { host: "127.9.161.67" port: 40883 } } peers { permanent_uuid: "3095cbc29ec54efcb9f7be8547eb5827" member_type: NON_VOTER last_known_addr { host: "127.9.161.68" port: 35051 } attrs { promote: true } }
I20260710 11:10:37.863128 11127 raft_consensus.cc:1275] T 64f52930673d4b299ec1eb6e3fe995d1 P b07951bf9087464fa560dee8c35181ea [term 1 FOLLOWER]: Refusing update from remote peer 60945de839644265b8cb48ab544cc129: Log matching property violated. Preceding OpId in replica: term: 1 index: 1. Preceding OpId from leader: term: 1 index: 2. (index mismatch)
I20260710 11:10:37.864720 11589 consensus_queue.cc:1048] T 64f52930673d4b299ec1eb6e3fe995d1 P 60945de839644265b8cb48ab544cc129 [LEADER]: Connected to new peer: Peer: permanent_uuid: "b07951bf9087464fa560dee8c35181ea" member_type: VOTER last_known_addr { host: "127.9.161.67" port: 40883 }, Status: LMP_MISMATCH, Last received: 0.0, Next index: 2, Last known committed idx: 1, Time since last communication: 0.001s
W20260710 11:10:37.865660 11019 consensus_peers.cc:597] T 64f52930673d4b299ec1eb6e3fe995d1 P 60945de839644265b8cb48ab544cc129 -> Peer 3095cbc29ec54efcb9f7be8547eb5827 (127.9.161.68:35051): Couldn't send request to peer 3095cbc29ec54efcb9f7be8547eb5827. Error code: TABLET_NOT_FOUND (6). Status: Not found: Tablet not found: 64f52930673d4b299ec1eb6e3fe995d1. This is attempt 1: this message will repeat every 5th retry.
I20260710 11:10:37.867210 10977 raft_consensus.cc:1275] T 64f52930673d4b299ec1eb6e3fe995d1 P ee75cd5bd999415bbac4dbc44e111d9a [term 1 FOLLOWER]: Refusing update from remote peer 60945de839644265b8cb48ab544cc129: Log matching property violated. Preceding OpId in replica: term: 1 index: 1. Preceding OpId from leader: term: 1 index: 2. (index mismatch)
I20260710 11:10:37.869750 11589 consensus_queue.cc:1048] T 64f52930673d4b299ec1eb6e3fe995d1 P 60945de839644265b8cb48ab544cc129 [LEADER]: Connected to new peer: Peer: permanent_uuid: "ee75cd5bd999415bbac4dbc44e111d9a" member_type: VOTER last_known_addr { host: "127.9.161.65" port: 33315 } attrs { replace: true }, Status: LMP_MISMATCH, Last received: 0.0, Next index: 2, Last known committed idx: 1, Time since last communication: 0.000s
I20260710 11:10:37.876312 11579 raft_consensus.cc:2955] T 64f52930673d4b299ec1eb6e3fe995d1 P 60945de839644265b8cb48ab544cc129 [term 1 LEADER]: Committing config change with OpId 1.2: config changed from index -1 to 2, NON_VOTER 3095cbc29ec54efcb9f7be8547eb5827 (127.9.161.68) added. New config: { opid_index: 2 OBSOLETE_local: false peers { permanent_uuid: "ee75cd5bd999415bbac4dbc44e111d9a" member_type: VOTER last_known_addr { host: "127.9.161.65" port: 33315 } attrs { replace: true } } peers { permanent_uuid: "60945de839644265b8cb48ab544cc129" member_type: VOTER last_known_addr { host: "127.9.161.66" port: 36247 } } peers { permanent_uuid: "b07951bf9087464fa560dee8c35181ea" member_type: VOTER last_known_addr { host: "127.9.161.67" port: 40883 } } peers { permanent_uuid: "3095cbc29ec54efcb9f7be8547eb5827" member_type: NON_VOTER last_known_addr { host: "127.9.161.68" port: 35051 } attrs { promote: true } } }
I20260710 11:10:37.879894 11127 raft_consensus.cc:2955] T 64f52930673d4b299ec1eb6e3fe995d1 P b07951bf9087464fa560dee8c35181ea [term 1 FOLLOWER]: Committing config change with OpId 1.2: config changed from index -1 to 2, NON_VOTER 3095cbc29ec54efcb9f7be8547eb5827 (127.9.161.68) added. New config: { opid_index: 2 OBSOLETE_local: false peers { permanent_uuid: "ee75cd5bd999415bbac4dbc44e111d9a" member_type: VOTER last_known_addr { host: "127.9.161.65" port: 33315 } attrs { replace: true } } peers { permanent_uuid: "60945de839644265b8cb48ab544cc129" member_type: VOTER last_known_addr { host: "127.9.161.66" port: 36247 } } peers { permanent_uuid: "b07951bf9087464fa560dee8c35181ea" member_type: VOTER last_known_addr { host: "127.9.161.67" port: 40883 } } peers { permanent_uuid: "3095cbc29ec54efcb9f7be8547eb5827" member_type: NON_VOTER last_known_addr { host: "127.9.161.68" port: 35051 } attrs { promote: true } } }
I20260710 11:10:37.885413 10977 raft_consensus.cc:2955] T 64f52930673d4b299ec1eb6e3fe995d1 P ee75cd5bd999415bbac4dbc44e111d9a [term 1 FOLLOWER]: Committing config change with OpId 1.2: config changed from index -1 to 2, NON_VOTER 3095cbc29ec54efcb9f7be8547eb5827 (127.9.161.68) added. New config: { opid_index: 2 OBSOLETE_local: false peers { permanent_uuid: "ee75cd5bd999415bbac4dbc44e111d9a" member_type: VOTER last_known_addr { host: "127.9.161.65" port: 33315 } attrs { replace: true } } peers { permanent_uuid: "60945de839644265b8cb48ab544cc129" member_type: VOTER last_known_addr { host: "127.9.161.66" port: 36247 } } peers { permanent_uuid: "b07951bf9087464fa560dee8c35181ea" member_type: VOTER last_known_addr { host: "127.9.161.67" port: 40883 } } peers { permanent_uuid: "3095cbc29ec54efcb9f7be8547eb5827" member_type: NON_VOTER last_known_addr { host: "127.9.161.68" port: 35051 } attrs { promote: true } } }
I20260710 11:10:37.896904 10875 catalog_manager.cc:5697] T 64f52930673d4b299ec1eb6e3fe995d1 P b07951bf9087464fa560dee8c35181ea reported cstate change: config changed from index -1 to 2, NON_VOTER 3095cbc29ec54efcb9f7be8547eb5827 (127.9.161.68) added. New cstate: current_term: 1 leader_uuid: "60945de839644265b8cb48ab544cc129" committed_config { opid_index: 2 OBSOLETE_local: false peers { permanent_uuid: "ee75cd5bd999415bbac4dbc44e111d9a" member_type: VOTER last_known_addr { host: "127.9.161.65" port: 33315 } attrs { replace: true } } peers { permanent_uuid: "60945de839644265b8cb48ab544cc129" member_type: VOTER last_known_addr { host: "127.9.161.66" port: 36247 } } peers { permanent_uuid: "b07951bf9087464fa560dee8c35181ea" member_type: VOTER last_known_addr { host: "127.9.161.67" port: 40883 } } peers { permanent_uuid: "3095cbc29ec54efcb9f7be8547eb5827" member_type: NON_VOTER last_known_addr { host: "127.9.161.68" port: 35051 } attrs { promote: true } } }
I20260710 11:10:38.248198 11598 ts_tablet_manager.cc:933] T 24329eb86c994ded803101fd730a9d68 P 3095cbc29ec54efcb9f7be8547eb5827: Initiating tablet copy from peer 60945de839644265b8cb48ab544cc129 (127.9.161.66:36247)
I20260710 11:10:38.250560 11598 tablet_copy_client.cc:323] T 24329eb86c994ded803101fd730a9d68 P 3095cbc29ec54efcb9f7be8547eb5827: tablet copy: Beginning tablet copy session from remote peer at address 127.9.161.66:36247
I20260710 11:10:38.252399 11063 tablet_copy_service.cc:140] P 60945de839644265b8cb48ab544cc129: Received BeginTabletCopySession request for tablet 24329eb86c994ded803101fd730a9d68 from peer 3095cbc29ec54efcb9f7be8547eb5827 ({username='slave'} at 127.0.0.1:54296)
I20260710 11:10:38.252979 11063 tablet_copy_service.cc:161] P 60945de839644265b8cb48ab544cc129: Beginning new tablet copy session on tablet 24329eb86c994ded803101fd730a9d68 from peer 3095cbc29ec54efcb9f7be8547eb5827 at {username='slave'} at 127.0.0.1:54296: session id = 3095cbc29ec54efcb9f7be8547eb5827-24329eb86c994ded803101fd730a9d68
I20260710 11:10:38.264868 11063 tablet_copy_source_session.cc:215] T 24329eb86c994ded803101fd730a9d68 P 60945de839644265b8cb48ab544cc129: Tablet Copy: opened 0 blocks and 1 log segments
I20260710 11:10:38.269243 11598 data_dirs.cc:400] Could only allocate 1 dirs of requested 3 for tablet 24329eb86c994ded803101fd730a9d68. 1 dirs total, 0 dirs full, 0 dirs failed
I20260710 11:10:38.287518 11598 tablet_copy_client.cc:806] T 24329eb86c994ded803101fd730a9d68 P 3095cbc29ec54efcb9f7be8547eb5827: tablet copy: Starting download of 0 data blocks...
I20260710 11:10:38.288323 11598 tablet_copy_client.cc:670] T 24329eb86c994ded803101fd730a9d68 P 3095cbc29ec54efcb9f7be8547eb5827: tablet copy: Starting download of 1 WAL segments...
I20260710 11:10:38.293164 11598 tablet_copy_client.cc:538] T 24329eb86c994ded803101fd730a9d68 P 3095cbc29ec54efcb9f7be8547eb5827: tablet copy: Tablet Copy complete. Replacing tablet superblock.
I20260710 11:10:38.302855 11598 tablet_bootstrap.cc:492] T 24329eb86c994ded803101fd730a9d68 P 3095cbc29ec54efcb9f7be8547eb5827: Bootstrap starting.
I20260710 11:10:38.324438 11598 tablet_bootstrap.cc:492] T 24329eb86c994ded803101fd730a9d68 P 3095cbc29ec54efcb9f7be8547eb5827: Bootstrap replayed 1/1 log segments. Stats: ops{read=2 overwritten=0 applied=2 ignored=0} inserts{seen=0 ignored=0} mutations{seen=0 ignored=0} orphaned_commits=0. Pending: 0 replicates
I20260710 11:10:38.325446 11598 tablet_bootstrap.cc:492] T 24329eb86c994ded803101fd730a9d68 P 3095cbc29ec54efcb9f7be8547eb5827: Bootstrap complete.
I20260710 11:10:38.326609 11598 ts_tablet_manager.cc:1403] T 24329eb86c994ded803101fd730a9d68 P 3095cbc29ec54efcb9f7be8547eb5827: Time spent bootstrapping tablet: real 0.024s	user 0.021s	sys 0.004s
I20260710 11:10:38.329982 11598 raft_consensus.cc:359] T 24329eb86c994ded803101fd730a9d68 P 3095cbc29ec54efcb9f7be8547eb5827 [term 1 LEARNER]: Replica starting. Triggering 0 pending ops. Active config: opid_index: 2 OBSOLETE_local: false peers { permanent_uuid: "ee75cd5bd999415bbac4dbc44e111d9a" member_type: VOTER last_known_addr { host: "127.9.161.65" port: 33315 } } peers { permanent_uuid: "60945de839644265b8cb48ab544cc129" member_type: VOTER last_known_addr { host: "127.9.161.66" port: 36247 } } peers { permanent_uuid: "b07951bf9087464fa560dee8c35181ea" member_type: VOTER last_known_addr { host: "127.9.161.67" port: 40883 } attrs { replace: true } } peers { permanent_uuid: "3095cbc29ec54efcb9f7be8547eb5827" member_type: NON_VOTER last_known_addr { host: "127.9.161.68" port: 35051 } attrs { promote: true } }
I20260710 11:10:38.330951 11598 raft_consensus.cc:740] T 24329eb86c994ded803101fd730a9d68 P 3095cbc29ec54efcb9f7be8547eb5827 [term 1 LEARNER]: Becoming Follower/Learner. State: Replica: 3095cbc29ec54efcb9f7be8547eb5827, State: Initialized, Role: LEARNER
I20260710 11:10:38.332060 11598 consensus_queue.cc:260] T 24329eb86c994ded803101fd730a9d68 P 3095cbc29ec54efcb9f7be8547eb5827 [NON_LEADER]: Queue going to NON_LEADER mode. State: All replicated index: 0, Majority replicated index: 0, Committed index: 2, Last appended: 1.2, Last appended by leader: 2, Current term: 0, Majority size: -1, State: 0, Mode: NON_LEADER, active raft config: opid_index: 2 OBSOLETE_local: false peers { permanent_uuid: "ee75cd5bd999415bbac4dbc44e111d9a" member_type: VOTER last_known_addr { host: "127.9.161.65" port: 33315 } } peers { permanent_uuid: "60945de839644265b8cb48ab544cc129" member_type: VOTER last_known_addr { host: "127.9.161.66" port: 36247 } } peers { permanent_uuid: "b07951bf9087464fa560dee8c35181ea" member_type: VOTER last_known_addr { host: "127.9.161.67" port: 40883 } attrs { replace: true } } peers { permanent_uuid: "3095cbc29ec54efcb9f7be8547eb5827" member_type: NON_VOTER last_known_addr { host: "127.9.161.68" port: 35051 } attrs { promote: true } }
I20260710 11:10:38.337188 11598 ts_tablet_manager.cc:1434] T 24329eb86c994ded803101fd730a9d68 P 3095cbc29ec54efcb9f7be8547eb5827: Time spent starting tablet: real 0.010s	user 0.008s	sys 0.000s
I20260710 11:10:38.339264 11063 tablet_copy_service.cc:342] P 60945de839644265b8cb48ab544cc129: Request end of tablet copy session 3095cbc29ec54efcb9f7be8547eb5827-24329eb86c994ded803101fd730a9d68 received from {username='slave'} at 127.0.0.1:54296
I20260710 11:10:38.339787 11063 tablet_copy_service.cc:434] P 60945de839644265b8cb48ab544cc129: ending tablet copy session 3095cbc29ec54efcb9f7be8547eb5827-24329eb86c994ded803101fd730a9d68 on tablet 24329eb86c994ded803101fd730a9d68 with peer 3095cbc29ec54efcb9f7be8547eb5827
I20260710 11:10:38.347929 11598 ts_tablet_manager.cc:933] T c52833dd4fab4b9d9f2abc3eb92b3ed6 P 3095cbc29ec54efcb9f7be8547eb5827: Initiating tablet copy from peer 60945de839644265b8cb48ab544cc129 (127.9.161.66:36247)
I20260710 11:10:38.356717 11598 tablet_copy_client.cc:323] T c52833dd4fab4b9d9f2abc3eb92b3ed6 P 3095cbc29ec54efcb9f7be8547eb5827: tablet copy: Beginning tablet copy session from remote peer at address 127.9.161.66:36247
I20260710 11:10:38.358400 11063 tablet_copy_service.cc:140] P 60945de839644265b8cb48ab544cc129: Received BeginTabletCopySession request for tablet c52833dd4fab4b9d9f2abc3eb92b3ed6 from peer 3095cbc29ec54efcb9f7be8547eb5827 ({username='slave'} at 127.0.0.1:54296)
I20260710 11:10:38.358950 11063 tablet_copy_service.cc:161] P 60945de839644265b8cb48ab544cc129: Beginning new tablet copy session on tablet c52833dd4fab4b9d9f2abc3eb92b3ed6 from peer 3095cbc29ec54efcb9f7be8547eb5827 at {username='slave'} at 127.0.0.1:54296: session id = 3095cbc29ec54efcb9f7be8547eb5827-c52833dd4fab4b9d9f2abc3eb92b3ed6
I20260710 11:10:38.364432 11063 tablet_copy_source_session.cc:215] T c52833dd4fab4b9d9f2abc3eb92b3ed6 P 60945de839644265b8cb48ab544cc129: Tablet Copy: opened 0 blocks and 1 log segments
I20260710 11:10:38.367178 11598 data_dirs.cc:400] Could only allocate 1 dirs of requested 3 for tablet c52833dd4fab4b9d9f2abc3eb92b3ed6. 1 dirs total, 0 dirs full, 0 dirs failed
I20260710 11:10:38.379144 11598 tablet_copy_client.cc:806] T c52833dd4fab4b9d9f2abc3eb92b3ed6 P 3095cbc29ec54efcb9f7be8547eb5827: tablet copy: Starting download of 0 data blocks...
I20260710 11:10:38.379803 11598 tablet_copy_client.cc:670] T c52833dd4fab4b9d9f2abc3eb92b3ed6 P 3095cbc29ec54efcb9f7be8547eb5827: tablet copy: Starting download of 1 WAL segments...
I20260710 11:10:38.383651 11598 tablet_copy_client.cc:538] T c52833dd4fab4b9d9f2abc3eb92b3ed6 P 3095cbc29ec54efcb9f7be8547eb5827: tablet copy: Tablet Copy complete. Replacing tablet superblock.
I20260710 11:10:38.393175 11598 tablet_bootstrap.cc:492] T c52833dd4fab4b9d9f2abc3eb92b3ed6 P 3095cbc29ec54efcb9f7be8547eb5827: Bootstrap starting.
I20260710 11:10:38.414530 11598 tablet_bootstrap.cc:492] T c52833dd4fab4b9d9f2abc3eb92b3ed6 P 3095cbc29ec54efcb9f7be8547eb5827: Bootstrap replayed 1/1 log segments. Stats: ops{read=2 overwritten=0 applied=2 ignored=0} inserts{seen=0 ignored=0} mutations{seen=0 ignored=0} orphaned_commits=0. Pending: 0 replicates
I20260710 11:10:38.415493 11598 tablet_bootstrap.cc:492] T c52833dd4fab4b9d9f2abc3eb92b3ed6 P 3095cbc29ec54efcb9f7be8547eb5827: Bootstrap complete.
I20260710 11:10:38.416288 11598 ts_tablet_manager.cc:1403] T c52833dd4fab4b9d9f2abc3eb92b3ed6 P 3095cbc29ec54efcb9f7be8547eb5827: Time spent bootstrapping tablet: real 0.023s	user 0.018s	sys 0.005s
I20260710 11:10:38.418749 11598 raft_consensus.cc:359] T c52833dd4fab4b9d9f2abc3eb92b3ed6 P 3095cbc29ec54efcb9f7be8547eb5827 [term 1 LEARNER]: Replica starting. Triggering 0 pending ops. Active config: opid_index: 2 OBSOLETE_local: false peers { permanent_uuid: "ee75cd5bd999415bbac4dbc44e111d9a" member_type: VOTER last_known_addr { host: "127.9.161.65" port: 33315 } } peers { permanent_uuid: "60945de839644265b8cb48ab544cc129" member_type: VOTER last_known_addr { host: "127.9.161.66" port: 36247 } } peers { permanent_uuid: "b07951bf9087464fa560dee8c35181ea" member_type: VOTER last_known_addr { host: "127.9.161.67" port: 40883 } attrs { replace: true } } peers { permanent_uuid: "3095cbc29ec54efcb9f7be8547eb5827" member_type: NON_VOTER last_known_addr { host: "127.9.161.68" port: 35051 } attrs { promote: true } }
I20260710 11:10:38.419427 11598 raft_consensus.cc:740] T c52833dd4fab4b9d9f2abc3eb92b3ed6 P 3095cbc29ec54efcb9f7be8547eb5827 [term 1 LEARNER]: Becoming Follower/Learner. State: Replica: 3095cbc29ec54efcb9f7be8547eb5827, State: Initialized, Role: LEARNER
