I20260710 11:10:22.949411  4132 raft_consensus.cc:1275] T 824017b7f7ae4c42bdf3d5447c089c3a P cc6304dfaf884c5a8388a62ca9f4e5cd [term 3 FOLLOWER]: Refusing update from remote peer 91f168800a4647679d7ce948f0719c57: Log matching property violated. Preceding OpId in replica: term: 2 index: 2. Preceding OpId from leader: term: 3 index: 3. (index mismatch)
I20260710 11:10:22.950740  4057 raft_consensus.cc:1275] T 824017b7f7ae4c42bdf3d5447c089c3a P 6f863a8a6d5842398f5209196d9ceb59 [term 3 FOLLOWER]: Refusing update from remote peer 91f168800a4647679d7ce948f0719c57: Log matching property violated. Preceding OpId in replica: term: 2 index: 2. Preceding OpId from leader: term: 3 index: 3. (index mismatch)
I20260710 11:10:22.951001  4299 consensus_queue.cc:1048] T 824017b7f7ae4c42bdf3d5447c089c3a P 91f168800a4647679d7ce948f0719c57 [LEADER]: Connected to new peer: Peer: permanent_uuid: "cc6304dfaf884c5a8388a62ca9f4e5cd" member_type: VOTER last_known_addr { host: "127.3.63.67" port: 32993 }, Status: LMP_MISMATCH, Last received: 0.0, Next index: 3, Last known committed idx: 2, Time since last communication: 0.000s
I20260710 11:10:22.952273  4303 consensus_queue.cc:1048] T 824017b7f7ae4c42bdf3d5447c089c3a P 91f168800a4647679d7ce948f0719c57 [LEADER]: Connected to new peer: Peer: permanent_uuid: "6f863a8a6d5842398f5209196d9ceb59" member_type: VOTER last_known_addr { host: "127.3.63.66" port: 42437 }, Status: LMP_MISMATCH, Last received: 0.0, Next index: 3, Last known committed idx: 2, Time since last communication: 0.000s
I20260710 11:10:23.249496  4132 raft_consensus.cc:1275] T 2fffa5d738234442a4688e2a639bd772 P cc6304dfaf884c5a8388a62ca9f4e5cd [term 2 FOLLOWER]: Refusing update from remote peer 91f168800a4647679d7ce948f0719c57: Log matching property violated. Preceding OpId in replica: term: 1 index: 1. Preceding OpId from leader: term: 2 index: 2. (index mismatch)
I20260710 11:10:23.251348  4290 consensus_queue.cc:1048] T 2fffa5d738234442a4688e2a639bd772 P 91f168800a4647679d7ce948f0719c57 [LEADER]: Connected to new peer: Peer: permanent_uuid: "cc6304dfaf884c5a8388a62ca9f4e5cd" member_type: VOTER last_known_addr { host: "127.3.63.67" port: 32993 }, Status: LMP_MISMATCH, Last received: 0.0, Next index: 2, Last known committed idx: 1, Time since last communication: 0.000s
I20260710 11:10:23.262743  4057 raft_consensus.cc:1275] T 2fffa5d738234442a4688e2a639bd772 P 6f863a8a6d5842398f5209196d9ceb59 [term 2 FOLLOWER]: Refusing update from remote peer 91f168800a4647679d7ce948f0719c57: Log matching property violated. Preceding OpId in replica: term: 1 index: 1. Preceding OpId from leader: term: 2 index: 2. (index mismatch)
I20260710 11:10:23.264634  4303 consensus_queue.cc:1048] T 2fffa5d738234442a4688e2a639bd772 P 91f168800a4647679d7ce948f0719c57 [LEADER]: Connected to new peer: Peer: permanent_uuid: "6f863a8a6d5842398f5209196d9ceb59" member_type: VOTER last_known_addr { host: "127.3.63.66" port: 42437 }, Status: LMP_MISMATCH, Last received: 0.0, Next index: 2, Last known committed idx: 1, Time since last communication: 0.000s
I20260710 11:10:25.127900  3325 auto_leader_rebalancer.cc:141] leader rebalance for table test-workload
I20260710 11:10:25.137498  3981 tablet_service.cc:2072] Received LeaderStepDown RPC: tablet_id: "2fffa5d738234442a4688e2a639bd772"
dest_uuid: "91f168800a4647679d7ce948f0719c57"
mode: GRACEFUL
new_leader_uuid: "6f863a8a6d5842398f5209196d9ceb59"
 from {username='slave'} at 127.0.0.1:56604
I20260710 11:10:25.138139  3981 raft_consensus.cc:606] T 2fffa5d738234442a4688e2a639bd772 P 91f168800a4647679d7ce948f0719c57 [term 2 LEADER]: Received request to transfer leadership to TS 6f863a8a6d5842398f5209196d9ceb59
I20260710 11:10:25.141495  3981 tablet_service.cc:2072] Received LeaderStepDown RPC: tablet_id: "6e5a81c54948446c991ab77a783705ca"
dest_uuid: "91f168800a4647679d7ce948f0719c57"
mode: GRACEFUL
new_leader_uuid: "6f863a8a6d5842398f5209196d9ceb59"
 from {username='slave'} at 127.0.0.1:56604
I20260710 11:10:25.142063  3981 raft_consensus.cc:606] T 6e5a81c54948446c991ab77a783705ca P 91f168800a4647679d7ce948f0719c57 [term 2 LEADER]: Received request to transfer leadership to TS 6f863a8a6d5842398f5209196d9ceb59
I20260710 11:10:25.144657  3981 tablet_service.cc:2072] Received LeaderStepDown RPC: tablet_id: "8ed5e14c42384e0781fd5cf0b45449d3"
dest_uuid: "91f168800a4647679d7ce948f0719c57"
mode: GRACEFUL
new_leader_uuid: "cc6304dfaf884c5a8388a62ca9f4e5cd"
 from {username='slave'} at 127.0.0.1:56604
I20260710 11:10:25.145169  3981 raft_consensus.cc:606] T 8ed5e14c42384e0781fd5cf0b45449d3 P 91f168800a4647679d7ce948f0719c57 [term 4 LEADER]: Received request to transfer leadership to TS cc6304dfaf884c5a8388a62ca9f4e5cd
I20260710 11:10:25.147856  3981 tablet_service.cc:2072] Received LeaderStepDown RPC: tablet_id: "ae4dfda5bb8c4004a90a1026352b443a"
dest_uuid: "91f168800a4647679d7ce948f0719c57"
mode: GRACEFUL
new_leader_uuid: "cc6304dfaf884c5a8388a62ca9f4e5cd"
 from {username='slave'} at 127.0.0.1:56604
I20260710 11:10:25.148397  3981 raft_consensus.cc:606] T ae4dfda5bb8c4004a90a1026352b443a P 91f168800a4647679d7ce948f0719c57 [term 3 LEADER]: Received request to transfer leadership to TS cc6304dfaf884c5a8388a62ca9f4e5cd
I20260710 11:10:25.149574  3325 auto_leader_rebalancer.cc:452] table: test-workload, leader rebalance finish, leader transfer count: 4
I20260710 11:10:25.150134  3325 auto_leader_rebalancer.cc:527] All tables' leader rebalancing finished this round
I20260710 11:10:25.211630  4309 raft_consensus.cc:993] T ae4dfda5bb8c4004a90a1026352b443a P 91f168800a4647679d7ce948f0719c57: : Instructing follower cc6304dfaf884c5a8388a62ca9f4e5cd to start an election
I20260710 11:10:25.212199  4299 raft_consensus.cc:1081] T ae4dfda5bb8c4004a90a1026352b443a P 91f168800a4647679d7ce948f0719c57 [term 3 LEADER]: Signalling peer cc6304dfaf884c5a8388a62ca9f4e5cd to start an election
I20260710 11:10:25.214404  4131 tablet_service.cc:2044] Received Run Leader Election RPC: tablet_id: "ae4dfda5bb8c4004a90a1026352b443a"
dest_uuid: "cc6304dfaf884c5a8388a62ca9f4e5cd"
 from {username='slave'} at 127.0.0.1:52004
I20260710 11:10:25.215005  4131 raft_consensus.cc:493] T ae4dfda5bb8c4004a90a1026352b443a P cc6304dfaf884c5a8388a62ca9f4e5cd [term 3 FOLLOWER]: Starting forced leader election (received explicit request)
I20260710 11:10:25.215309  4131 raft_consensus.cc:3060] T ae4dfda5bb8c4004a90a1026352b443a P cc6304dfaf884c5a8388a62ca9f4e5cd [term 3 FOLLOWER]: Advancing to term 4
I20260710 11:10:25.220458  4131 raft_consensus.cc:515] T ae4dfda5bb8c4004a90a1026352b443a P cc6304dfaf884c5a8388a62ca9f4e5cd [term 4 FOLLOWER]: Starting forced leader election with config: opid_index: -1 OBSOLETE_local: false peers { permanent_uuid: "91f168800a4647679d7ce948f0719c57" member_type: VOTER last_known_addr { host: "127.3.63.65" port: 38533 } } peers { permanent_uuid: "6f863a8a6d5842398f5209196d9ceb59" member_type: VOTER last_known_addr { host: "127.3.63.66" port: 42437 } } peers { permanent_uuid: "cc6304dfaf884c5a8388a62ca9f4e5cd" member_type: VOTER last_known_addr { host: "127.3.63.67" port: 32993 } }
I20260710 11:10:25.222193  4131 leader_election.cc:290] T ae4dfda5bb8c4004a90a1026352b443a P cc6304dfaf884c5a8388a62ca9f4e5cd [CANDIDATE]: Term 4 election: Requested vote from peers 91f168800a4647679d7ce948f0719c57 (127.3.63.65:38533), 6f863a8a6d5842398f5209196d9ceb59 (127.3.63.66:42437)
I20260710 11:10:25.223356  4057 tablet_service.cc:1917] Received RequestConsensusVote() RPC: tablet_id: "ae4dfda5bb8c4004a90a1026352b443a" candidate_uuid: "cc6304dfaf884c5a8388a62ca9f4e5cd" candidate_term: 4 candidate_status { last_received { term: 3 index: 3 } } ignore_live_leader: true dest_uuid: "6f863a8a6d5842398f5209196d9ceb59"
I20260710 11:10:25.223366  3981 tablet_service.cc:1917] Received RequestConsensusVote() RPC: tablet_id: "ae4dfda5bb8c4004a90a1026352b443a" candidate_uuid: "cc6304dfaf884c5a8388a62ca9f4e5cd" candidate_term: 4 candidate_status { last_received { term: 3 index: 3 } } ignore_live_leader: true dest_uuid: "91f168800a4647679d7ce948f0719c57"
I20260710 11:10:25.224159  4057 raft_consensus.cc:3060] T ae4dfda5bb8c4004a90a1026352b443a P 6f863a8a6d5842398f5209196d9ceb59 [term 3 FOLLOWER]: Advancing to term 4
I20260710 11:10:25.224313  3981 raft_consensus.cc:3055] T ae4dfda5bb8c4004a90a1026352b443a P 91f168800a4647679d7ce948f0719c57 [term 3 LEADER]: Stepping down as leader of term 3
I20260710 11:10:25.225055  3981 raft_consensus.cc:740] T ae4dfda5bb8c4004a90a1026352b443a P 91f168800a4647679d7ce948f0719c57 [term 3 LEADER]: Becoming Follower/Learner. State: Replica: 91f168800a4647679d7ce948f0719c57, State: Running, Role: LEADER
I20260710 11:10:25.225728  3981 consensus_queue.cc:260] T ae4dfda5bb8c4004a90a1026352b443a P 91f168800a4647679d7ce948f0719c57 [NON_LEADER]: Queue going to NON_LEADER mode. State: All replicated index: 0, Majority replicated index: 3, Committed index: 3, Last appended: 3.3, Last appended by leader: 3, Current term: 3, Majority size: -1, State: 0, Mode: NON_LEADER, active raft config: opid_index: -1 OBSOLETE_local: false peers { permanent_uuid: "91f168800a4647679d7ce948f0719c57" member_type: VOTER last_known_addr { host: "127.3.63.65" port: 38533 } } peers { permanent_uuid: "6f863a8a6d5842398f5209196d9ceb59" member_type: VOTER last_known_addr { host: "127.3.63.66" port: 42437 } } peers { permanent_uuid: "cc6304dfaf884c5a8388a62ca9f4e5cd" member_type: VOTER last_known_addr { host: "127.3.63.67" port: 32993 } }
I20260710 11:10:25.226783  3981 raft_consensus.cc:3060] T ae4dfda5bb8c4004a90a1026352b443a P 91f168800a4647679d7ce948f0719c57 [term 3 FOLLOWER]: Advancing to term 4
I20260710 11:10:25.229602  4057 raft_consensus.cc:2468] T ae4dfda5bb8c4004a90a1026352b443a P 6f863a8a6d5842398f5209196d9ceb59 [term 4 FOLLOWER]: Leader election vote request: Granting yes vote for candidate cc6304dfaf884c5a8388a62ca9f4e5cd in term 4.
I20260710 11:10:25.230887  4098 leader_election.cc:304] T ae4dfda5bb8c4004a90a1026352b443a P cc6304dfaf884c5a8388a62ca9f4e5cd [CANDIDATE]: Term 4 election: Election decided. Result: candidate won. Election summary: received 2 responses out of 3 voters: 2 yes votes; 0 no votes. yes voters: 6f863a8a6d5842398f5209196d9ceb59, cc6304dfaf884c5a8388a62ca9f4e5cd; no voters: 
I20260710 11:10:25.231763  4268 raft_consensus.cc:2804] T ae4dfda5bb8c4004a90a1026352b443a P cc6304dfaf884c5a8388a62ca9f4e5cd [term 4 FOLLOWER]: Leader election won for term 4
I20260710 11:10:25.231830  3981 raft_consensus.cc:2468] T ae4dfda5bb8c4004a90a1026352b443a P 91f168800a4647679d7ce948f0719c57 [term 4 FOLLOWER]: Leader election vote request: Granting yes vote for candidate cc6304dfaf884c5a8388a62ca9f4e5cd in term 4.
I20260710 11:10:25.233047  4268 raft_consensus.cc:697] T ae4dfda5bb8c4004a90a1026352b443a P cc6304dfaf884c5a8388a62ca9f4e5cd [term 4 LEADER]: Becoming Leader. State: Replica: cc6304dfaf884c5a8388a62ca9f4e5cd, State: Running, Role: LEADER
I20260710 11:10:25.234334  4268 consensus_queue.cc:237] T ae4dfda5bb8c4004a90a1026352b443a P cc6304dfaf884c5a8388a62ca9f4e5cd [LEADER]: Queue going to LEADER mode. State: All replicated index: 0, Majority replicated index: 3, Committed index: 3, Last appended: 3.3, Last appended by leader: 3, Current term: 4, Majority size: 2, State: 0, Mode: LEADER, active raft config: opid_index: -1 OBSOLETE_local: false peers { permanent_uuid: "91f168800a4647679d7ce948f0719c57" member_type: VOTER last_known_addr { host: "127.3.63.65" port: 38533 } } peers { permanent_uuid: "6f863a8a6d5842398f5209196d9ceb59" member_type: VOTER last_known_addr { host: "127.3.63.66" port: 42437 } } peers { permanent_uuid: "cc6304dfaf884c5a8388a62ca9f4e5cd" member_type: VOTER last_known_addr { host: "127.3.63.67" port: 32993 } }
I20260710 11:10:25.241990  3880 catalog_manager.cc:5697] T ae4dfda5bb8c4004a90a1026352b443a P cc6304dfaf884c5a8388a62ca9f4e5cd reported cstate change: term changed from 3 to 4, leader changed from 91f168800a4647679d7ce948f0719c57 (127.3.63.65) to cc6304dfaf884c5a8388a62ca9f4e5cd (127.3.63.67). New cstate: current_term: 4 leader_uuid: "cc6304dfaf884c5a8388a62ca9f4e5cd" committed_config { opid_index: -1 OBSOLETE_local: false peers { permanent_uuid: "91f168800a4647679d7ce948f0719c57" member_type: VOTER last_known_addr { host: "127.3.63.65" port: 38533 } health_report { overall_health: UNKNOWN } } peers { permanent_uuid: "6f863a8a6d5842398f5209196d9ceb59" member_type: VOTER last_known_addr { host: "127.3.63.66" port: 42437 } health_report { overall_health: UNKNOWN } } peers { permanent_uuid: "cc6304dfaf884c5a8388a62ca9f4e5cd" member_type: VOTER last_known_addr { host: "127.3.63.67" port: 32993 } health_report { overall_health: HEALTHY } } }
I20260710 11:10:25.359992  4309 raft_consensus.cc:993] T 2fffa5d738234442a4688e2a639bd772 P 91f168800a4647679d7ce948f0719c57: : Instructing follower 6f863a8a6d5842398f5209196d9ceb59 to start an election
I20260710 11:10:25.360435  4309 raft_consensus.cc:1081] T 2fffa5d738234442a4688e2a639bd772 P 91f168800a4647679d7ce948f0719c57 [term 2 LEADER]: Signalling peer 6f863a8a6d5842398f5209196d9ceb59 to start an election
I20260710 11:10:25.361963  4057 tablet_service.cc:2044] Received Run Leader Election RPC: tablet_id: "2fffa5d738234442a4688e2a639bd772"
dest_uuid: "6f863a8a6d5842398f5209196d9ceb59"
 from {username='slave'} at 127.0.0.1:52446
I20260710 11:10:25.362376  4057 raft_consensus.cc:493] T 2fffa5d738234442a4688e2a639bd772 P 6f863a8a6d5842398f5209196d9ceb59 [term 2 FOLLOWER]: Starting forced leader election (received explicit request)
I20260710 11:10:25.362596  4057 raft_consensus.cc:3060] T 2fffa5d738234442a4688e2a639bd772 P 6f863a8a6d5842398f5209196d9ceb59 [term 2 FOLLOWER]: Advancing to term 3
I20260710 11:10:25.368580  4057 raft_consensus.cc:515] T 2fffa5d738234442a4688e2a639bd772 P 6f863a8a6d5842398f5209196d9ceb59 [term 3 FOLLOWER]: Starting forced leader election with config: opid_index: -1 OBSOLETE_local: false peers { permanent_uuid: "91f168800a4647679d7ce948f0719c57" member_type: VOTER last_known_addr { host: "127.3.63.65" port: 38533 } } peers { permanent_uuid: "6f863a8a6d5842398f5209196d9ceb59" member_type: VOTER last_known_addr { host: "127.3.63.66" port: 42437 } } peers { permanent_uuid: "cc6304dfaf884c5a8388a62ca9f4e5cd" member_type: VOTER last_known_addr { host: "127.3.63.67" port: 32993 } }
I20260710 11:10:25.369997  4057 leader_election.cc:290] T 2fffa5d738234442a4688e2a639bd772 P 6f863a8a6d5842398f5209196d9ceb59 [CANDIDATE]: Term 3 election: Requested vote from peers 91f168800a4647679d7ce948f0719c57 (127.3.63.65:38533), cc6304dfaf884c5a8388a62ca9f4e5cd (127.3.63.67:32993)
I20260710 11:10:25.371076  3981 tablet_service.cc:1917] Received RequestConsensusVote() RPC: tablet_id: "2fffa5d738234442a4688e2a639bd772" candidate_uuid: "6f863a8a6d5842398f5209196d9ceb59" candidate_term: 3 candidate_status { last_received { term: 2 index: 2 } } ignore_live_leader: true dest_uuid: "91f168800a4647679d7ce948f0719c57"
I20260710 11:10:25.371309  4131 tablet_service.cc:1917] Received RequestConsensusVote() RPC: tablet_id: "2fffa5d738234442a4688e2a639bd772" candidate_uuid: "6f863a8a6d5842398f5209196d9ceb59" candidate_term: 3 candidate_status { last_received { term: 2 index: 2 } } ignore_live_leader: true dest_uuid: "cc6304dfaf884c5a8388a62ca9f4e5cd"
I20260710 11:10:25.371584  3981 raft_consensus.cc:3055] T 2fffa5d738234442a4688e2a639bd772 P 91f168800a4647679d7ce948f0719c57 [term 2 LEADER]: Stepping down as leader of term 2
I20260710 11:10:25.371857  4131 raft_consensus.cc:3060] T 2fffa5d738234442a4688e2a639bd772 P cc6304dfaf884c5a8388a62ca9f4e5cd [term 2 FOLLOWER]: Advancing to term 3
I20260710 11:10:25.371953  3981 raft_consensus.cc:740] T 2fffa5d738234442a4688e2a639bd772 P 91f168800a4647679d7ce948f0719c57 [term 2 LEADER]: Becoming Follower/Learner. State: Replica: 91f168800a4647679d7ce948f0719c57, State: Running, Role: LEADER
I20260710 11:10:25.372706  3981 consensus_queue.cc:260] T 2fffa5d738234442a4688e2a639bd772 P 91f168800a4647679d7ce948f0719c57 [NON_LEADER]: Queue going to NON_LEADER mode. State: All replicated index: 0, Majority replicated index: 2, Committed index: 2, Last appended: 2.2, Last appended by leader: 2, Current term: 2, Majority size: -1, State: 0, Mode: NON_LEADER, active raft config: opid_index: -1 OBSOLETE_local: false peers { permanent_uuid: "91f168800a4647679d7ce948f0719c57" member_type: VOTER last_known_addr { host: "127.3.63.65" port: 38533 } } peers { permanent_uuid: "6f863a8a6d5842398f5209196d9ceb59" member_type: VOTER last_known_addr { host: "127.3.63.66" port: 42437 } } peers { permanent_uuid: "cc6304dfaf884c5a8388a62ca9f4e5cd" member_type: VOTER last_known_addr { host: "127.3.63.67" port: 32993 } }
I20260710 11:10:25.373558  3981 raft_consensus.cc:3060] T 2fffa5d738234442a4688e2a639bd772 P 91f168800a4647679d7ce948f0719c57 [term 2 FOLLOWER]: Advancing to term 3
I20260710 11:10:25.377133  4131 raft_consensus.cc:2468] T 2fffa5d738234442a4688e2a639bd772 P cc6304dfaf884c5a8388a62ca9f4e5cd [term 3 FOLLOWER]: Leader election vote request: Granting yes vote for candidate 6f863a8a6d5842398f5209196d9ceb59 in term 3.
I20260710 11:10:25.378131  3981 raft_consensus.cc:2468] T 2fffa5d738234442a4688e2a639bd772 P 91f168800a4647679d7ce948f0719c57 [term 3 FOLLOWER]: Leader election vote request: Granting yes vote for candidate 6f863a8a6d5842398f5209196d9ceb59 in term 3.
I20260710 11:10:25.378866  4022 leader_election.cc:304] T 2fffa5d738234442a4688e2a639bd772 P 6f863a8a6d5842398f5209196d9ceb59 [CANDIDATE]: Term 3 election: Election decided. Result: candidate won. Election summary: received 2 responses out of 3 voters: 2 yes votes; 0 no votes. yes voters: 6f863a8a6d5842398f5209196d9ceb59, cc6304dfaf884c5a8388a62ca9f4e5cd; no voters: 
I20260710 11:10:25.379798  4289 raft_consensus.cc:2804] T 2fffa5d738234442a4688e2a639bd772 P 6f863a8a6d5842398f5209196d9ceb59 [term 3 FOLLOWER]: Leader election won for term 3
I20260710 11:10:25.381214  4289 raft_consensus.cc:697] T 2fffa5d738234442a4688e2a639bd772 P 6f863a8a6d5842398f5209196d9ceb59 [term 3 LEADER]: Becoming Leader. State: Replica: 6f863a8a6d5842398f5209196d9ceb59, State: Running, Role: LEADER
I20260710 11:10:25.382251  4289 consensus_queue.cc:237] T 2fffa5d738234442a4688e2a639bd772 P 6f863a8a6d5842398f5209196d9ceb59 [LEADER]: Queue going to LEADER mode. State: All replicated index: 0, Majority replicated index: 2, Committed index: 2, Last appended: 2.2, Last appended by leader: 2, Current term: 3, Majority size: 2, State: 0, Mode: LEADER, active raft config: opid_index: -1 OBSOLETE_local: false peers { permanent_uuid: "91f168800a4647679d7ce948f0719c57" member_type: VOTER last_known_addr { host: "127.3.63.65" port: 38533 } } peers { permanent_uuid: "6f863a8a6d5842398f5209196d9ceb59" member_type: VOTER last_known_addr { host: "127.3.63.66" port: 42437 } } peers { permanent_uuid: "cc6304dfaf884c5a8388a62ca9f4e5cd" member_type: VOTER last_known_addr { host: "127.3.63.67" port: 32993 } }
I20260710 11:10:25.390480  3880 catalog_manager.cc:5697] T 2fffa5d738234442a4688e2a639bd772 P 6f863a8a6d5842398f5209196d9ceb59 reported cstate change: term changed from 2 to 3, leader changed from 91f168800a4647679d7ce948f0719c57 (127.3.63.65) to 6f863a8a6d5842398f5209196d9ceb59 (127.3.63.66). New cstate: current_term: 3 leader_uuid: "6f863a8a6d5842398f5209196d9ceb59" committed_config { opid_index: -1 OBSOLETE_local: false peers { permanent_uuid: "91f168800a4647679d7ce948f0719c57" member_type: VOTER last_known_addr { host: "127.3.63.65" port: 38533 } health_report { overall_health: UNKNOWN } } peers { permanent_uuid: "6f863a8a6d5842398f5209196d9ceb59" member_type: VOTER last_known_addr { host: "127.3.63.66" port: 42437 } health_report { overall_health: HEALTHY } } peers { permanent_uuid: "cc6304dfaf884c5a8388a62ca9f4e5cd" member_type: VOTER last_known_addr { host: "127.3.63.67" port: 32993 } health_report { overall_health: UNKNOWN } } }
I20260710 11:10:25.573941  4309 raft_consensus.cc:993] T 8ed5e14c42384e0781fd5cf0b45449d3 P 91f168800a4647679d7ce948f0719c57: : Instructing follower cc6304dfaf884c5a8388a62ca9f4e5cd to start an election
I20260710 11:10:25.574970  4309 raft_consensus.cc:1081] T 8ed5e14c42384e0781fd5cf0b45449d3 P 91f168800a4647679d7ce948f0719c57 [term 4 LEADER]: Signalling peer cc6304dfaf884c5a8388a62ca9f4e5cd to start an election
I20260710 11:10:25.575933  4309 raft_consensus.cc:993] T 6e5a81c54948446c991ab77a783705ca P 91f168800a4647679d7ce948f0719c57: : Instructing follower 6f863a8a6d5842398f5209196d9ceb59 to start an election
I20260710 11:10:25.576512  4299 raft_consensus.cc:1081] T 6e5a81c54948446c991ab77a783705ca P 91f168800a4647679d7ce948f0719c57 [term 2 LEADER]: Signalling peer 6f863a8a6d5842398f5209196d9ceb59 to start an election
I20260710 11:10:25.576704  4131 tablet_service.cc:2044] Received Run Leader Election RPC: tablet_id: "8ed5e14c42384e0781fd5cf0b45449d3"
dest_uuid: "cc6304dfaf884c5a8388a62ca9f4e5cd"
 from {username='slave'} at 127.0.0.1:52004
I20260710 11:10:25.577286  4131 raft_consensus.cc:493] T 8ed5e14c42384e0781fd5cf0b45449d3 P cc6304dfaf884c5a8388a62ca9f4e5cd [term 4 FOLLOWER]: Starting forced leader election (received explicit request)
I20260710 11:10:25.577580  4131 raft_consensus.cc:3060] T 8ed5e14c42384e0781fd5cf0b45449d3 P cc6304dfaf884c5a8388a62ca9f4e5cd [term 4 FOLLOWER]: Advancing to term 5
I20260710 11:10:25.578128  4057 tablet_service.cc:2044] Received Run Leader Election RPC: tablet_id: "6e5a81c54948446c991ab77a783705ca"
dest_uuid: "6f863a8a6d5842398f5209196d9ceb59"
 from {username='slave'} at 127.0.0.1:52446
I20260710 11:10:25.578589  4057 raft_consensus.cc:493] T 6e5a81c54948446c991ab77a783705ca P 6f863a8a6d5842398f5209196d9ceb59 [term 2 FOLLOWER]: Starting forced leader election (received explicit request)
I20260710 11:10:25.578927  4057 raft_consensus.cc:3060] T 6e5a81c54948446c991ab77a783705ca P 6f863a8a6d5842398f5209196d9ceb59 [term 2 FOLLOWER]: Advancing to term 3
I20260710 11:10:25.582877  4131 raft_consensus.cc:515] T 8ed5e14c42384e0781fd5cf0b45449d3 P cc6304dfaf884c5a8388a62ca9f4e5cd [term 5 FOLLOWER]: Starting forced leader election with config: opid_index: -1 OBSOLETE_local: false peers { permanent_uuid: "91f168800a4647679d7ce948f0719c57" member_type: VOTER last_known_addr { host: "127.3.63.65" port: 38533 } } peers { permanent_uuid: "6f863a8a6d5842398f5209196d9ceb59" member_type: VOTER last_known_addr { host: "127.3.63.66" port: 42437 } } peers { permanent_uuid: "cc6304dfaf884c5a8388a62ca9f4e5cd" member_type: VOTER last_known_addr { host: "127.3.63.67" port: 32993 } }
I20260710 11:10:25.584584  4131 leader_election.cc:290] T 8ed5e14c42384e0781fd5cf0b45449d3 P cc6304dfaf884c5a8388a62ca9f4e5cd [CANDIDATE]: Term 5 election: Requested vote from peers 91f168800a4647679d7ce948f0719c57 (127.3.63.65:38533), 6f863a8a6d5842398f5209196d9ceb59 (127.3.63.66:42437)
I20260710 11:10:25.585567  3981 tablet_service.cc:1917] Received RequestConsensusVote() RPC: tablet_id: "8ed5e14c42384e0781fd5cf0b45449d3" candidate_uuid: "cc6304dfaf884c5a8388a62ca9f4e5cd" candidate_term: 5 candidate_status { last_received { term: 4 index: 4 } } ignore_live_leader: true dest_uuid: "91f168800a4647679d7ce948f0719c57"
I20260710 11:10:25.585753  4056 tablet_service.cc:1917] Received RequestConsensusVote() RPC: tablet_id: "8ed5e14c42384e0781fd5cf0b45449d3" candidate_uuid: "cc6304dfaf884c5a8388a62ca9f4e5cd" candidate_term: 5 candidate_status { last_received { term: 4 index: 4 } } ignore_live_leader: true dest_uuid: "6f863a8a6d5842398f5209196d9ceb59"
I20260710 11:10:25.586165  3981 raft_consensus.cc:3055] T 8ed5e14c42384e0781fd5cf0b45449d3 P 91f168800a4647679d7ce948f0719c57 [term 4 LEADER]: Stepping down as leader of term 4
I20260710 11:10:25.586413  4056 raft_consensus.cc:3060] T 8ed5e14c42384e0781fd5cf0b45449d3 P 6f863a8a6d5842398f5209196d9ceb59 [term 4 FOLLOWER]: Advancing to term 5
I20260710 11:10:25.586535  3981 raft_consensus.cc:740] T 8ed5e14c42384e0781fd5cf0b45449d3 P 91f168800a4647679d7ce948f0719c57 [term 4 LEADER]: Becoming Follower/Learner. State: Replica: 91f168800a4647679d7ce948f0719c57, State: Running, Role: LEADER
I20260710 11:10:25.587384  3981 consensus_queue.cc:260] T 8ed5e14c42384e0781fd5cf0b45449d3 P 91f168800a4647679d7ce948f0719c57 [NON_LEADER]: Queue going to NON_LEADER mode. State: All replicated index: 0, Majority replicated index: 4, Committed index: 4, Last appended: 4.4, Last appended by leader: 4, Current term: 4, Majority size: -1, State: 0, Mode: NON_LEADER, active raft config: opid_index: -1 OBSOLETE_local: false peers { permanent_uuid: "91f168800a4647679d7ce948f0719c57" member_type: VOTER last_known_addr { host: "127.3.63.65" port: 38533 } } peers { permanent_uuid: "6f863a8a6d5842398f5209196d9ceb59" member_type: VOTER last_known_addr { host: "127.3.63.66" port: 42437 } } peers { permanent_uuid: "cc6304dfaf884c5a8388a62ca9f4e5cd" member_type: VOTER last_known_addr { host: "127.3.63.67" port: 32993 } }
I20260710 11:10:25.588537  3981 raft_consensus.cc:3060] T 8ed5e14c42384e0781fd5cf0b45449d3 P 91f168800a4647679d7ce948f0719c57 [term 4 FOLLOWER]: Advancing to term 5
I20260710 11:10:25.593709  3981 raft_consensus.cc:2468] T 8ed5e14c42384e0781fd5cf0b45449d3 P 91f168800a4647679d7ce948f0719c57 [term 5 FOLLOWER]: Leader election vote request: Granting yes vote for candidate cc6304dfaf884c5a8388a62ca9f4e5cd in term 5.
I20260710 11:10:25.593709  4056 raft_consensus.cc:2468] T 8ed5e14c42384e0781fd5cf0b45449d3 P 6f863a8a6d5842398f5209196d9ceb59 [term 5 FOLLOWER]: Leader election vote request: Granting yes vote for candidate cc6304dfaf884c5a8388a62ca9f4e5cd in term 5.
I20260710 11:10:25.584640  4057 raft_consensus.cc:515] T 6e5a81c54948446c991ab77a783705ca P 6f863a8a6d5842398f5209196d9ceb59 [term 3 FOLLOWER]: Starting forced leader election with config: opid_index: -1 OBSOLETE_local: false peers { permanent_uuid: "91f168800a4647679d7ce948f0719c57" member_type: VOTER last_known_addr { host: "127.3.63.65" port: 38533 } } peers { permanent_uuid: "6f863a8a6d5842398f5209196d9ceb59" member_type: VOTER last_known_addr { host: "127.3.63.66" port: 42437 } } peers { permanent_uuid: "cc6304dfaf884c5a8388a62ca9f4e5cd" member_type: VOTER last_known_addr { host: "127.3.63.67" port: 32993 } }
I20260710 11:10:25.595000  4095 leader_election.cc:304] T 8ed5e14c42384e0781fd5cf0b45449d3 P cc6304dfaf884c5a8388a62ca9f4e5cd [CANDIDATE]: Term 5 election: Election decided. Result: candidate won. Election summary: received 2 responses out of 3 voters: 2 yes votes; 0 no votes. yes voters: 91f168800a4647679d7ce948f0719c57, cc6304dfaf884c5a8388a62ca9f4e5cd; no voters: 
I20260710 11:10:25.595916  4268 raft_consensus.cc:2804] T 8ed5e14c42384e0781fd5cf0b45449d3 P cc6304dfaf884c5a8388a62ca9f4e5cd [term 5 FOLLOWER]: Leader election won for term 5
I20260710 11:10:25.596475  4268 raft_consensus.cc:697] T 8ed5e14c42384e0781fd5cf0b45449d3 P cc6304dfaf884c5a8388a62ca9f4e5cd [term 5 LEADER]: Becoming Leader. State: Replica: cc6304dfaf884c5a8388a62ca9f4e5cd, State: Running, Role: LEADER
I20260710 11:10:25.597436  3981 tablet_service.cc:1917] Received RequestConsensusVote() RPC: tablet_id: "6e5a81c54948446c991ab77a783705ca" candidate_uuid: "6f863a8a6d5842398f5209196d9ceb59" candidate_term: 3 candidate_status { last_received { term: 2 index: 2 } } ignore_live_leader: true dest_uuid: "91f168800a4647679d7ce948f0719c57"
I20260710 11:10:25.597780  4131 tablet_service.cc:1917] Received RequestConsensusVote() RPC: tablet_id: "6e5a81c54948446c991ab77a783705ca" candidate_uuid: "6f863a8a6d5842398f5209196d9ceb59" candidate_term: 3 candidate_status { last_received { term: 2 index: 2 } } ignore_live_leader: true dest_uuid: "cc6304dfaf884c5a8388a62ca9f4e5cd"
I20260710 11:10:25.597397  4268 consensus_queue.cc:237] T 8ed5e14c42384e0781fd5cf0b45449d3 P cc6304dfaf884c5a8388a62ca9f4e5cd [LEADER]: Queue going to LEADER mode. State: All replicated index: 0, Majority replicated index: 4, Committed index: 4, Last appended: 4.4, Last appended by leader: 4, Current term: 5, Majority size: 2, State: 0, Mode: LEADER, active raft config: opid_index: -1 OBSOLETE_local: false peers { permanent_uuid: "91f168800a4647679d7ce948f0719c57" member_type: VOTER last_known_addr { host: "127.3.63.65" port: 38533 } } peers { permanent_uuid: "6f863a8a6d5842398f5209196d9ceb59" member_type: VOTER last_known_addr { host: "127.3.63.66" port: 42437 } } peers { permanent_uuid: "cc6304dfaf884c5a8388a62ca9f4e5cd" member_type: VOTER last_known_addr { host: "127.3.63.67" port: 32993 } }
I20260710 11:10:25.598151  3981 raft_consensus.cc:3055] T 6e5a81c54948446c991ab77a783705ca P 91f168800a4647679d7ce948f0719c57 [term 2 LEADER]: Stepping down as leader of term 2
I20260710 11:10:25.596426  4057 leader_election.cc:290] T 6e5a81c54948446c991ab77a783705ca P 6f863a8a6d5842398f5209196d9ceb59 [CANDIDATE]: Term 3 election: Requested vote from peers 91f168800a4647679d7ce948f0719c57 (127.3.63.65:38533), cc6304dfaf884c5a8388a62ca9f4e5cd (127.3.63.67:32993)
I20260710 11:10:25.598708  3981 raft_consensus.cc:740] T 6e5a81c54948446c991ab77a783705ca P 91f168800a4647679d7ce948f0719c57 [term 2 LEADER]: Becoming Follower/Learner. State: Replica: 91f168800a4647679d7ce948f0719c57, State: Running, Role: LEADER
I20260710 11:10:25.599628  3981 consensus_queue.cc:260] T 6e5a81c54948446c991ab77a783705ca P 91f168800a4647679d7ce948f0719c57 [NON_LEADER]: Queue going to NON_LEADER mode. State: All replicated index: 0, Majority replicated index: 2, Committed index: 2, Last appended: 2.2, Last appended by leader: 2, Current term: 2, Majority size: -1, State: 0, Mode: NON_LEADER, active raft config: opid_index: -1 OBSOLETE_local: false peers { permanent_uuid: "91f168800a4647679d7ce948f0719c57" member_type: VOTER last_known_addr { host: "127.3.63.65" port: 38533 } } peers { permanent_uuid: "6f863a8a6d5842398f5209196d9ceb59" member_type: VOTER last_known_addr { host: "127.3.63.66" port: 42437 } } peers { permanent_uuid: "cc6304dfaf884c5a8388a62ca9f4e5cd" member_type: VOTER last_known_addr { host: "127.3.63.67" port: 32993 } }
I20260710 11:10:25.600869  3981 raft_consensus.cc:3060] T 6e5a81c54948446c991ab77a783705ca P 91f168800a4647679d7ce948f0719c57 [term 2 FOLLOWER]: Advancing to term 3
I20260710 11:10:25.601388  4131 raft_consensus.cc:3060] T 6e5a81c54948446c991ab77a783705ca P cc6304dfaf884c5a8388a62ca9f4e5cd [term 2 FOLLOWER]: Advancing to term 3
I20260710 11:10:25.607807  3981 raft_consensus.cc:2468] T 6e5a81c54948446c991ab77a783705ca P 91f168800a4647679d7ce948f0719c57 [term 3 FOLLOWER]: Leader election vote request: Granting yes vote for candidate 6f863a8a6d5842398f5209196d9ceb59 in term 3.
I20260710 11:10:25.608021  3880 catalog_manager.cc:5697] T 8ed5e14c42384e0781fd5cf0b45449d3 P cc6304dfaf884c5a8388a62ca9f4e5cd reported cstate change: term changed from 4 to 5, leader changed from 91f168800a4647679d7ce948f0719c57 (127.3.63.65) to cc6304dfaf884c5a8388a62ca9f4e5cd (127.3.63.67). New cstate: current_term: 5 leader_uuid: "cc6304dfaf884c5a8388a62ca9f4e5cd" committed_config { opid_index: -1 OBSOLETE_local: false peers { permanent_uuid: "91f168800a4647679d7ce948f0719c57" member_type: VOTER last_known_addr { host: "127.3.63.65" port: 38533 } health_report { overall_health: UNKNOWN } } peers { permanent_uuid: "6f863a8a6d5842398f5209196d9ceb59" member_type: VOTER last_known_addr { host: "127.3.63.66" port: 42437 } health_report { overall_health: UNKNOWN } } peers { permanent_uuid: "cc6304dfaf884c5a8388a62ca9f4e5cd" member_type: VOTER last_known_addr { host: "127.3.63.67" port: 32993 } health_report { overall_health: HEALTHY } } }
I20260710 11:10:25.609769  4021 leader_election.cc:304] T 6e5a81c54948446c991ab77a783705ca P 6f863a8a6d5842398f5209196d9ceb59 [CANDIDATE]: Term 3 election: Election decided. Result: candidate won. Election summary: received 2 responses out of 3 voters: 2 yes votes; 0 no votes. yes voters: 6f863a8a6d5842398f5209196d9ceb59, 91f168800a4647679d7ce948f0719c57; no voters: 
I20260710 11:10:25.610199  4131 raft_consensus.cc:2468] T 6e5a81c54948446c991ab77a783705ca P cc6304dfaf884c5a8388a62ca9f4e5cd [term 3 FOLLOWER]: Leader election vote request: Granting yes vote for candidate 6f863a8a6d5842398f5209196d9ceb59 in term 3.
I20260710 11:10:25.610898  4289 raft_consensus.cc:2804] T 6e5a81c54948446c991ab77a783705ca P 6f863a8a6d5842398f5209196d9ceb59 [term 3 FOLLOWER]: Leader election won for term 3
I20260710 11:10:25.613287  4289 raft_consensus.cc:697] T 6e5a81c54948446c991ab77a783705ca P 6f863a8a6d5842398f5209196d9ceb59 [term 3 LEADER]: Becoming Leader. State: Replica: 6f863a8a6d5842398f5209196d9ceb59, State: Running, Role: LEADER
I20260710 11:10:25.614063  4289 consensus_queue.cc:237] T 6e5a81c54948446c991ab77a783705ca P 6f863a8a6d5842398f5209196d9ceb59 [LEADER]: Queue going to LEADER mode. State: All replicated index: 0, Majority replicated index: 2, Committed index: 2, Last appended: 2.2, Last appended by leader: 2, Current term: 3, Majority size: 2, State: 0, Mode: LEADER, active raft config: opid_index: -1 OBSOLETE_local: false peers { permanent_uuid: "91f168800a4647679d7ce948f0719c57" member_type: VOTER last_known_addr { host: "127.3.63.65" port: 38533 } } peers { permanent_uuid: "6f863a8a6d5842398f5209196d9ceb59" member_type: VOTER last_known_addr { host: "127.3.63.66" port: 42437 } } peers { permanent_uuid: "cc6304dfaf884c5a8388a62ca9f4e5cd" member_type: VOTER last_known_addr { host: "127.3.63.67" port: 32993 } }
I20260710 11:10:25.621671  3880 catalog_manager.cc:5697] T 6e5a81c54948446c991ab77a783705ca P 6f863a8a6d5842398f5209196d9ceb59 reported cstate change: term changed from 2 to 3, leader changed from 91f168800a4647679d7ce948f0719c57 (127.3.63.65) to 6f863a8a6d5842398f5209196d9ceb59 (127.3.63.66). New cstate: current_term: 3 leader_uuid: "6f863a8a6d5842398f5209196d9ceb59" committed_config { opid_index: -1 OBSOLETE_local: false peers { permanent_uuid: "91f168800a4647679d7ce948f0719c57" member_type: VOTER last_known_addr { host: "127.3.63.65" port: 38533 } health_report { overall_health: UNKNOWN } } peers { permanent_uuid: "6f863a8a6d5842398f5209196d9ceb59" member_type: VOTER last_known_addr { host: "127.3.63.66" port: 42437 } health_report { overall_health: HEALTHY } } peers { permanent_uuid: "cc6304dfaf884c5a8388a62ca9f4e5cd" member_type: VOTER last_known_addr { host: "127.3.63.67" port: 32993 } health_report { overall_health: UNKNOWN } } }
I20260710 11:10:25.636813  4057 raft_consensus.cc:1275] T ae4dfda5bb8c4004a90a1026352b443a P 6f863a8a6d5842398f5209196d9ceb59 [term 4 FOLLOWER]: Refusing update from remote peer cc6304dfaf884c5a8388a62ca9f4e5cd: Log matching property violated. Preceding OpId in replica: term: 3 index: 3. Preceding OpId from leader: term: 4 index: 4. (index mismatch)
I20260710 11:10:25.638422  4268 consensus_queue.cc:1048] T ae4dfda5bb8c4004a90a1026352b443a P cc6304dfaf884c5a8388a62ca9f4e5cd [LEADER]: Connected to new peer: Peer: permanent_uuid: "6f863a8a6d5842398f5209196d9ceb59" member_type: VOTER last_known_addr { host: "127.3.63.66" port: 42437 }, Status: LMP_MISMATCH, Last received: 0.0, Next index: 4, Last known committed idx: 3, Time since last communication: 0.000s
I20260710 11:10:25.649413  3981 raft_consensus.cc:1275] T ae4dfda5bb8c4004a90a1026352b443a P 91f168800a4647679d7ce948f0719c57 [term 4 FOLLOWER]: Refusing update from remote peer cc6304dfaf884c5a8388a62ca9f4e5cd: Log matching property violated. Preceding OpId in replica: term: 3 index: 3. Preceding OpId from leader: term: 4 index: 4. (index mismatch)
I20260710 11:10:25.650926  4325 consensus_queue.cc:1048] T ae4dfda5bb8c4004a90a1026352b443a P cc6304dfaf884c5a8388a62ca9f4e5cd [LEADER]: Connected to new peer: Peer: permanent_uuid: "91f168800a4647679d7ce948f0719c57" member_type: VOTER last_known_addr { host: "127.3.63.65" port: 38533 }, Status: LMP_MISMATCH, Last received: 0.0, Next index: 4, Last known committed idx: 3, Time since last communication: 0.001s
I20260710 11:10:25.844363  3981 raft_consensus.cc:1275] T 2fffa5d738234442a4688e2a639bd772 P 91f168800a4647679d7ce948f0719c57 [term 3 FOLLOWER]: Refusing update from remote peer 6f863a8a6d5842398f5209196d9ceb59: Log matching property violated. Preceding OpId in replica: term: 2 index: 2. Preceding OpId from leader: term: 3 index: 3. (index mismatch)
I20260710 11:10:25.845662  4289 consensus_queue.cc:1048] T 2fffa5d738234442a4688e2a639bd772 P 6f863a8a6d5842398f5209196d9ceb59 [LEADER]: Connected to new peer: Peer: permanent_uuid: "91f168800a4647679d7ce948f0719c57" member_type: VOTER last_known_addr { host: "127.3.63.65" port: 38533 }, Status: LMP_MISMATCH, Last received: 0.0, Next index: 3, Last known committed idx: 2, Time since last communication: 0.000s
I20260710 11:10:25.855465  4131 raft_consensus.cc:1275] T 2fffa5d738234442a4688e2a639bd772 P cc6304dfaf884c5a8388a62ca9f4e5cd [term 3 FOLLOWER]: Refusing update from remote peer 6f863a8a6d5842398f5209196d9ceb59: Log matching property violated. Preceding OpId in replica: term: 2 index: 2. Preceding OpId from leader: term: 3 index: 3. (index mismatch)
I20260710 11:10:25.857334  4289 consensus_queue.cc:1048] T 2fffa5d738234442a4688e2a639bd772 P 6f863a8a6d5842398f5209196d9ceb59 [LEADER]: Connected to new peer: Peer: permanent_uuid: "cc6304dfaf884c5a8388a62ca9f4e5cd" member_type: VOTER last_known_addr { host: "127.3.63.67" port: 32993 }, Status: LMP_MISMATCH, Last received: 0.0, Next index: 3, Last known committed idx: 2, Time since last communication: 0.000s
I20260710 11:10:26.049744  4131 raft_consensus.cc:1275] T 6e5a81c54948446c991ab77a783705ca P cc6304dfaf884c5a8388a62ca9f4e5cd [term 3 FOLLOWER]: Refusing update from remote peer 6f863a8a6d5842398f5209196d9ceb59: Log matching property violated. Preceding OpId in replica: term: 2 index: 2. Preceding OpId from leader: term: 3 index: 3. (index mismatch)
I20260710 11:10:26.051076  4289 consensus_queue.cc:1048] T 6e5a81c54948446c991ab77a783705ca P 6f863a8a6d5842398f5209196d9ceb59 [LEADER]: Connected to new peer: Peer: permanent_uuid: "cc6304dfaf884c5a8388a62ca9f4e5cd" member_type: VOTER last_known_addr { host: "127.3.63.67" port: 32993 }, Status: LMP_MISMATCH, Last received: 0.0, Next index: 3, Last known committed idx: 2, Time since last communication: 0.000s
I20260710 11:10:26.060673  3981 raft_consensus.cc:1275] T 6e5a81c54948446c991ab77a783705ca P 91f168800a4647679d7ce948f0719c57 [term 3 FOLLOWER]: Refusing update from remote peer 6f863a8a6d5842398f5209196d9ceb59: Log matching property violated. Preceding OpId in replica: term: 2 index: 2. Preceding OpId from leader: term: 3 index: 3. (index mismatch)
I20260710 11:10:26.062619  4317 consensus_queue.cc:1048] T 6e5a81c54948446c991ab77a783705ca P 6f863a8a6d5842398f5209196d9ceb59 [LEADER]: Connected to new peer: Peer: permanent_uuid: "91f168800a4647679d7ce948f0719c57" member_type: VOTER last_known_addr { host: "127.3.63.65" port: 38533 }, Status: LMP_MISMATCH, Last received: 0.0, Next index: 3, Last known committed idx: 2, Time since last communication: 0.000s
I20260710 11:10:26.084671  3981 raft_consensus.cc:1275] T 8ed5e14c42384e0781fd5cf0b45449d3 P 91f168800a4647679d7ce948f0719c57 [term 5 FOLLOWER]: Refusing update from remote peer cc6304dfaf884c5a8388a62ca9f4e5cd: Log matching property violated. Preceding OpId in replica: term: 4 index: 4. Preceding OpId from leader: term: 5 index: 5. (index mismatch)
I20260710 11:10:26.086093  4268 consensus_queue.cc:1048] T 8ed5e14c42384e0781fd5cf0b45449d3 P cc6304dfaf884c5a8388a62ca9f4e5cd [LEADER]: Connected to new peer: Peer: permanent_uuid: "91f168800a4647679d7ce948f0719c57" member_type: VOTER last_known_addr { host: "127.3.63.65" port: 38533 }, Status: LMP_MISMATCH, Last received: 0.0, Next index: 5, Last known committed idx: 4, Time since last communication: 0.000s
I20260710 11:10:26.097074  4057 raft_consensus.cc:1275] T 8ed5e14c42384e0781fd5cf0b45449d3 P 6f863a8a6d5842398f5209196d9ceb59 [term 5 FOLLOWER]: Refusing update from remote peer cc6304dfaf884c5a8388a62ca9f4e5cd: Log matching property violated. Preceding OpId in replica: term: 4 index: 4. Preceding OpId from leader: term: 5 index: 5. (index mismatch)
I20260710 11:10:26.098902  4268 consensus_queue.cc:1048] T 8ed5e14c42384e0781fd5cf0b45449d3 P cc6304dfaf884c5a8388a62ca9f4e5cd [LEADER]: Connected to new peer: Peer: permanent_uuid: "6f863a8a6d5842398f5209196d9ceb59" member_type: VOTER last_known_addr { host: "127.3.63.66" port: 42437 }, Status: LMP_MISMATCH, Last received: 0.0, Next index: 5, Last known committed idx: 4, Time since last communication: 0.000s
I20260710 11:10:26.151129  3325 auto_leader_rebalancer.cc:141] leader rebalance for table test-workload
I20260710 11:10:26.158236  3325 tablet_server.cc:179] TabletServer@127.3.63.65:0 shutting down...
I20260710 11:10:26.187013  3325 ts_tablet_manager.cc:1507] Shutting down tablet manager...
I20260710 11:10:26.188037  3325 tablet_replica.cc:333] T 824017b7f7ae4c42bdf3d5447c089c3a P 91f168800a4647679d7ce948f0719c57: stopping tablet replica
I20260710 11:10:26.189181  3325 raft_consensus.cc:2243] T 824017b7f7ae4c42bdf3d5447c089c3a P 91f168800a4647679d7ce948f0719c57 [term 3 LEADER]: Raft consensus shutting down.
I20260710 11:10:26.190089  3325 raft_consensus.cc:2272] T 824017b7f7ae4c42bdf3d5447c089c3a P 91f168800a4647679d7ce948f0719c57 [term 3 FOLLOWER]: Raft consensus is shut down!
I20260710 11:10:26.192121  3325 tablet_replica.cc:333] T ae4dfda5bb8c4004a90a1026352b443a P 91f168800a4647679d7ce948f0719c57: stopping tablet replica
I20260710 11:10:26.192625  3325 raft_consensus.cc:2243] T ae4dfda5bb8c4004a90a1026352b443a P 91f168800a4647679d7ce948f0719c57 [term 4 FOLLOWER]: Raft consensus shutting down.
I20260710 11:10:26.193019  3325 raft_consensus.cc:2272] T ae4dfda5bb8c4004a90a1026352b443a P 91f168800a4647679d7ce948f0719c57 [term 4 FOLLOWER]: Raft consensus is shut down!
I20260710 11:10:26.195765  3325 tablet_replica.cc:333] T 2af5caa21b38415f9b8a3aae3b0f3ac7 P 91f168800a4647679d7ce948f0719c57: stopping tablet replica
I20260710 11:10:26.196300  3325 raft_consensus.cc:2243] T 2af5caa21b38415f9b8a3aae3b0f3ac7 P 91f168800a4647679d7ce948f0719c57 [term 4 LEADER]: Raft consensus shutting down.
I20260710 11:10:26.196971  3325 raft_consensus.cc:2272] T 2af5caa21b38415f9b8a3aae3b0f3ac7 P 91f168800a4647679d7ce948f0719c57 [term 4 FOLLOWER]: Raft consensus is shut down!
I20260710 11:10:26.198585  3325 tablet_replica.cc:333] T 6e5a81c54948446c991ab77a783705ca P 91f168800a4647679d7ce948f0719c57: stopping tablet replica
I20260710 11:10:26.199170  3325 raft_consensus.cc:2243] T 6e5a81c54948446c991ab77a783705ca P 91f168800a4647679d7ce948f0719c57 [term 3 FOLLOWER]: Raft consensus shutting down.
I20260710 11:10:26.199527  3325 raft_consensus.cc:2272] T 6e5a81c54948446c991ab77a783705ca P 91f168800a4647679d7ce948f0719c57 [term 3 FOLLOWER]: Raft consensus is shut down!
I20260710 11:10:26.202286  3325 tablet_replica.cc:333] T 8ed5e14c42384e0781fd5cf0b45449d3 P 91f168800a4647679d7ce948f0719c57: stopping tablet replica
I20260710 11:10:26.202873  3325 raft_consensus.cc:2243] T 8ed5e14c42384e0781fd5cf0b45449d3 P 91f168800a4647679d7ce948f0719c57 [term 5 FOLLOWER]: Raft consensus shutting down.
I20260710 11:10:26.203269  3325 raft_consensus.cc:2272] T 8ed5e14c42384e0781fd5cf0b45449d3 P 91f168800a4647679d7ce948f0719c57 [term 5 FOLLOWER]: Raft consensus is shut down!
I20260710 11:10:26.205600  3325 tablet_replica.cc:333] T 83abf79b2d3540e99eb8cc4472f9e9cc P 91f168800a4647679d7ce948f0719c57: stopping tablet replica
I20260710 11:10:26.206115  3325 raft_consensus.cc:2243] T 83abf79b2d3540e99eb8cc4472f9e9cc P 91f168800a4647679d7ce948f0719c57 [term 1 LEADER]: Raft consensus shutting down.
I20260710 11:10:26.206929  3325 raft_consensus.cc:2272] T 83abf79b2d3540e99eb8cc4472f9e9cc P 91f168800a4647679d7ce948f0719c57 [term 1 FOLLOWER]: Raft consensus is shut down!
I20260710 11:10:26.208703  3325 tablet_replica.cc:333] T 113a44860b184e4f912e0e4c8774b136 P 91f168800a4647679d7ce948f0719c57: stopping tablet replica
I20260710 11:10:26.209244  3325 raft_consensus.cc:2243] T 113a44860b184e4f912e0e4c8774b136 P 91f168800a4647679d7ce948f0719c57 [term 2 LEADER]: Raft consensus shutting down.
I20260710 11:10:26.210059  3325 raft_consensus.cc:2272] T 113a44860b184e4f912e0e4c8774b136 P 91f168800a4647679d7ce948f0719c57 [term 2 FOLLOWER]: Raft consensus is shut down!
I20260710 11:10:26.211984  3325 tablet_replica.cc:333] T 2fffa5d738234442a4688e2a639bd772 P 91f168800a4647679d7ce948f0719c57: stopping tablet replica
I20260710 11:10:26.212491  3325 raft_consensus.cc:2243] T 2fffa5d738234442a4688e2a639bd772 P 91f168800a4647679d7ce948f0719c57 [term 3 FOLLOWER]: Raft consensus shutting down.
I20260710 11:10:26.212881  3325 raft_consensus.cc:2272] T 2fffa5d738234442a4688e2a639bd772 P 91f168800a4647679d7ce948f0719c57 [term 3 FOLLOWER]: Raft consensus is shut down!
I20260710 11:10:26.215716  3325 tablet_replica.cc:333] T 4fbd2162a6d345aea01048a664a30365 P 91f168800a4647679d7ce948f0719c57: stopping tablet replica
I20260710 11:10:26.216320  3325 raft_consensus.cc:2243] T 4fbd2162a6d345aea01048a664a30365 P 91f168800a4647679d7ce948f0719c57 [term 2 FOLLOWER]: Raft consensus shutting down.
I20260710 11:10:26.216769  3325 raft_consensus.cc:2272] T 4fbd2162a6d345aea01048a664a30365 P 91f168800a4647679d7ce948f0719c57 [term 2 FOLLOWER]: Raft consensus is shut down!
I20260710 11:10:26.218745  3325 tablet_replica.cc:333] T e3dc81210436487c936ed03efbf4a6c6 P 91f168800a4647679d7ce948f0719c57: stopping tablet replica
I20260710 11:10:26.219210  3325 raft_consensus.cc:2243] T e3dc81210436487c936ed03efbf4a6c6 P 91f168800a4647679d7ce948f0719c57 [term 2 FOLLOWER]: Raft consensus shutting down.
I20260710 11:10:26.219657  3325 raft_consensus.cc:2272] T e3dc81210436487c936ed03efbf4a6c6 P 91f168800a4647679d7ce948f0719c57 [term 2 FOLLOWER]: Raft consensus is shut down!
I20260710 11:10:26.251269  3325 tablet_server.cc:196] TabletServer@127.3.63.65:0 shutdown complete.
I20260710 11:10:26.275421  3325 tablet_server.cc:179] TabletServer@127.3.63.66:0 shutting down...
I20260710 11:10:26.302207  3325 ts_tablet_manager.cc:1507] Shutting down tablet manager...
I20260710 11:10:26.303345  3325 tablet_replica.cc:333] T e3dc81210436487c936ed03efbf4a6c6 P 6f863a8a6d5842398f5209196d9ceb59: stopping tablet replica
I20260710 11:10:26.304237  3325 raft_consensus.cc:2243] T e3dc81210436487c936ed03efbf4a6c6 P 6f863a8a6d5842398f5209196d9ceb59 [term 2 LEADER]: Raft consensus shutting down.
I20260710 11:10:26.305209  3325 raft_consensus.cc:2272] T e3dc81210436487c936ed03efbf4a6c6 P 6f863a8a6d5842398f5209196d9ceb59 [term 2 FOLLOWER]: Raft consensus is shut down!
I20260710 11:10:26.307761  3325 tablet_replica.cc:333] T 83abf79b2d3540e99eb8cc4472f9e9cc P 6f863a8a6d5842398f5209196d9ceb59: stopping tablet replica
I20260710 11:10:26.308419  3325 raft_consensus.cc:2243] T 83abf79b2d3540e99eb8cc4472f9e9cc P 6f863a8a6d5842398f5209196d9ceb59 [term 1 FOLLOWER]: Raft consensus shutting down.
I20260710 11:10:26.309002  3325 raft_consensus.cc:2272] T 83abf79b2d3540e99eb8cc4472f9e9cc P 6f863a8a6d5842398f5209196d9ceb59 [term 1 FOLLOWER]: Raft consensus is shut down!
I20260710 11:10:26.311332  3325 tablet_replica.cc:333] T 6e5a81c54948446c991ab77a783705ca P 6f863a8a6d5842398f5209196d9ceb59: stopping tablet replica
I20260710 11:10:26.311971  3325 raft_consensus.cc:2243] T 6e5a81c54948446c991ab77a783705ca P 6f863a8a6d5842398f5209196d9ceb59 [term 3 LEADER]: Raft consensus shutting down.
I20260710 11:10:26.312839  3325 raft_consensus.cc:2272] T 6e5a81c54948446c991ab77a783705ca P 6f863a8a6d5842398f5209196d9ceb59 [term 3 FOLLOWER]: Raft consensus is shut down!
I20260710 11:10:26.315263  3325 tablet_replica.cc:333] T 8ed5e14c42384e0781fd5cf0b45449d3 P 6f863a8a6d5842398f5209196d9ceb59: stopping tablet replica
I20260710 11:10:26.315827  3325 raft_consensus.cc:2243] T 8ed5e14c42384e0781fd5cf0b45449d3 P 6f863a8a6d5842398f5209196d9ceb59 [term 5 FOLLOWER]: Raft consensus shutting down.
I20260710 11:10:26.316294  3325 raft_consensus.cc:2272] T 8ed5e14c42384e0781fd5cf0b45449d3 P 6f863a8a6d5842398f5209196d9ceb59 [term 5 FOLLOWER]: Raft consensus is shut down!
I20260710 11:10:26.318619  3325 tablet_replica.cc:333] T 4fbd2162a6d345aea01048a664a30365 P 6f863a8a6d5842398f5209196d9ceb59: stopping tablet replica
I20260710 11:10:26.319293  3325 raft_consensus.cc:2243] T 4fbd2162a6d345aea01048a664a30365 P 6f863a8a6d5842398f5209196d9ceb59 [term 2 FOLLOWER]: Raft consensus shutting down.
I20260710 11:10:26.319921  3325 raft_consensus.cc:2272] T 4fbd2162a6d345aea01048a664a30365 P 6f863a8a6d5842398f5209196d9ceb59 [term 2 FOLLOWER]: Raft consensus is shut down!
I20260710 11:10:26.321874  3325 tablet_replica.cc:333] T 2fffa5d738234442a4688e2a639bd772 P 6f863a8a6d5842398f5209196d9ceb59: stopping tablet replica
I20260710 11:10:26.322531  3325 raft_consensus.cc:2243] T 2fffa5d738234442a4688e2a639bd772 P 6f863a8a6d5842398f5209196d9ceb59 [term 3 LEADER]: Raft consensus shutting down.
I20260710 11:10:26.323348  3325 raft_consensus.cc:2272] T 2fffa5d738234442a4688e2a639bd772 P 6f863a8a6d5842398f5209196d9ceb59 [term 3 FOLLOWER]: Raft consensus is shut down!
I20260710 11:10:26.325439  3325 tablet_replica.cc:333] T 113a44860b184e4f912e0e4c8774b136 P 6f863a8a6d5842398f5209196d9ceb59: stopping tablet replica
I20260710 11:10:26.326006  3325 raft_consensus.cc:2243] T 113a44860b184e4f912e0e4c8774b136 P 6f863a8a6d5842398f5209196d9ceb59 [term 2 FOLLOWER]: Raft consensus shutting down.
I20260710 11:10:26.326484  3325 raft_consensus.cc:2272] T 113a44860b184e4f912e0e4c8774b136 P 6f863a8a6d5842398f5209196d9ceb59 [term 2 FOLLOWER]: Raft consensus is shut down!
I20260710 11:10:26.328557  3325 tablet_replica.cc:333] T 824017b7f7ae4c42bdf3d5447c089c3a P 6f863a8a6d5842398f5209196d9ceb59: stopping tablet replica
I20260710 11:10:26.329059  3325 raft_consensus.cc:2243] T 824017b7f7ae4c42bdf3d5447c089c3a P 6f863a8a6d5842398f5209196d9ceb59 [term 3 FOLLOWER]: Raft consensus shutting down.
I20260710 11:10:26.329484  3325 raft_consensus.cc:2272] T 824017b7f7ae4c42bdf3d5447c089c3a P 6f863a8a6d5842398f5209196d9ceb59 [term 3 FOLLOWER]: Raft consensus is shut down!
