I20260710 11:10:42.630357  5114 consensus_queue.cc:1048] T b88c516026a4463db2bbbb1ad9adc5a8 P ab1febe4a8d5434d8990e8c5585eb10e [LEADER]: Connected to new peer: Peer: permanent_uuid: "2b9de9ee7cd94af9811460c499d9521f" member_type: VOTER last_known_addr { host: "127.3.63.67" port: 37625 } attrs { replace: true }, Status: LMP_MISMATCH, Last received: 0.0, Next index: 2, Last known committed idx: 1, Time since last communication: 0.001s
I20260710 11:10:42.633322  5114 consensus_queue.cc:1048] T b88c516026a4463db2bbbb1ad9adc5a8 P ab1febe4a8d5434d8990e8c5585eb10e [LEADER]: Connected to new peer: Peer: permanent_uuid: "a84f69accde041cb9a214f22765ba2a0" member_type: VOTER last_known_addr { host: "127.3.63.65" port: 45191 }, Status: LMP_MISMATCH, Last received: 0.0, Next index: 2, Last known committed idx: 1, Time since last communication: 0.008s
I20260710 11:10:42.644502  5147 raft_consensus.cc:2955] T b88c516026a4463db2bbbb1ad9adc5a8 P ab1febe4a8d5434d8990e8c5585eb10e [term 1 LEADER]: Committing config change with OpId 1.2: config changed from index -1 to 2, NON_VOTER 456550d80dee4182a2b57b89ce11defb (127.3.63.68) added. New config: { opid_index: 2 OBSOLETE_local: false peers { permanent_uuid: "a84f69accde041cb9a214f22765ba2a0" member_type: VOTER last_known_addr { host: "127.3.63.65" port: 45191 } } peers { permanent_uuid: "ab1febe4a8d5434d8990e8c5585eb10e" member_type: VOTER last_known_addr { host: "127.3.63.66" port: 44781 } } peers { permanent_uuid: "2b9de9ee7cd94af9811460c499d9521f" member_type: VOTER last_known_addr { host: "127.3.63.67" port: 37625 } attrs { replace: true } } peers { permanent_uuid: "456550d80dee4182a2b57b89ce11defb" member_type: NON_VOTER last_known_addr { host: "127.3.63.68" port: 40335 } attrs { promote: true } } }
I20260710 11:10:42.646610  4612 raft_consensus.cc:2955] T b88c516026a4463db2bbbb1ad9adc5a8 P 2b9de9ee7cd94af9811460c499d9521f [term 1 FOLLOWER]: Committing config change with OpId 1.2: config changed from index -1 to 2, NON_VOTER 456550d80dee4182a2b57b89ce11defb (127.3.63.68) added. New config: { opid_index: 2 OBSOLETE_local: false peers { permanent_uuid: "a84f69accde041cb9a214f22765ba2a0" member_type: VOTER last_known_addr { host: "127.3.63.65" port: 45191 } } peers { permanent_uuid: "ab1febe4a8d5434d8990e8c5585eb10e" member_type: VOTER last_known_addr { host: "127.3.63.66" port: 44781 } } peers { permanent_uuid: "2b9de9ee7cd94af9811460c499d9521f" member_type: VOTER last_known_addr { host: "127.3.63.67" port: 37625 } attrs { replace: true } } peers { permanent_uuid: "456550d80dee4182a2b57b89ce11defb" member_type: NON_VOTER last_known_addr { host: "127.3.63.68" port: 40335 } attrs { promote: true } } }
I20260710 11:10:42.652781  4464 raft_consensus.cc:2955] T b88c516026a4463db2bbbb1ad9adc5a8 P a84f69accde041cb9a214f22765ba2a0 [term 1 FOLLOWER]: Committing config change with OpId 1.2: config changed from index -1 to 2, NON_VOTER 456550d80dee4182a2b57b89ce11defb (127.3.63.68) added. New config: { opid_index: 2 OBSOLETE_local: false peers { permanent_uuid: "a84f69accde041cb9a214f22765ba2a0" member_type: VOTER last_known_addr { host: "127.3.63.65" port: 45191 } } peers { permanent_uuid: "ab1febe4a8d5434d8990e8c5585eb10e" member_type: VOTER last_known_addr { host: "127.3.63.66" port: 44781 } } peers { permanent_uuid: "2b9de9ee7cd94af9811460c499d9521f" member_type: VOTER last_known_addr { host: "127.3.63.67" port: 37625 } attrs { replace: true } } peers { permanent_uuid: "456550d80dee4182a2b57b89ce11defb" member_type: NON_VOTER last_known_addr { host: "127.3.63.68" port: 40335 } attrs { promote: true } } }
I20260710 11:10:42.661357  4360 catalog_manager.cc:5697] T b88c516026a4463db2bbbb1ad9adc5a8 P ab1febe4a8d5434d8990e8c5585eb10e reported cstate change: config changed from index -1 to 2, NON_VOTER 456550d80dee4182a2b57b89ce11defb (127.3.63.68) added. New cstate: current_term: 1 leader_uuid: "ab1febe4a8d5434d8990e8c5585eb10e" committed_config { opid_index: 2 OBSOLETE_local: false peers { permanent_uuid: "a84f69accde041cb9a214f22765ba2a0" member_type: VOTER last_known_addr { host: "127.3.63.65" port: 45191 } health_report { overall_health: HEALTHY } } peers { permanent_uuid: "ab1febe4a8d5434d8990e8c5585eb10e" member_type: VOTER last_known_addr { host: "127.3.63.66" port: 44781 } health_report { overall_health: HEALTHY } } peers { permanent_uuid: "2b9de9ee7cd94af9811460c499d9521f" member_type: VOTER last_known_addr { host: "127.3.63.67" port: 37625 } attrs { replace: true } health_report { overall_health: HEALTHY } } peers { permanent_uuid: "456550d80dee4182a2b57b89ce11defb" member_type: NON_VOTER last_known_addr { host: "127.3.63.68" port: 40335 } attrs { promote: true } health_report { overall_health: UNKNOWN } } }
I20260710 11:10:42.865587  5163 ts_tablet_manager.cc:933] T 919fdfa1c0e14778b253509b5402ae3d P 456550d80dee4182a2b57b89ce11defb: Initiating tablet copy from peer a84f69accde041cb9a214f22765ba2a0 (127.3.63.65:45191)
I20260710 11:10:42.867761  5163 tablet_copy_client.cc:323] T 919fdfa1c0e14778b253509b5402ae3d P 456550d80dee4182a2b57b89ce11defb: tablet copy: Beginning tablet copy session from remote peer at address 127.3.63.65:45191
I20260710 11:10:42.870304  4474 tablet_copy_service.cc:140] P a84f69accde041cb9a214f22765ba2a0: Received BeginTabletCopySession request for tablet 919fdfa1c0e14778b253509b5402ae3d from peer 456550d80dee4182a2b57b89ce11defb ({username='slave'} at 127.0.0.1:57748)
I20260710 11:10:42.871068  4474 tablet_copy_service.cc:161] P a84f69accde041cb9a214f22765ba2a0: Beginning new tablet copy session on tablet 919fdfa1c0e14778b253509b5402ae3d from peer 456550d80dee4182a2b57b89ce11defb at {username='slave'} at 127.0.0.1:57748: session id = 456550d80dee4182a2b57b89ce11defb-919fdfa1c0e14778b253509b5402ae3d
I20260710 11:10:42.877728  4474 tablet_copy_source_session.cc:215] T 919fdfa1c0e14778b253509b5402ae3d P a84f69accde041cb9a214f22765ba2a0: Tablet Copy: opened 0 blocks and 1 log segments
I20260710 11:10:42.881497  5163 data_dirs.cc:400] Could only allocate 1 dirs of requested 3 for tablet 919fdfa1c0e14778b253509b5402ae3d. 1 dirs total, 0 dirs full, 0 dirs failed
I20260710 11:10:42.897784  5163 tablet_copy_client.cc:806] T 919fdfa1c0e14778b253509b5402ae3d P 456550d80dee4182a2b57b89ce11defb: tablet copy: Starting download of 0 data blocks...
I20260710 11:10:42.898413  5163 tablet_copy_client.cc:670] T 919fdfa1c0e14778b253509b5402ae3d P 456550d80dee4182a2b57b89ce11defb: tablet copy: Starting download of 1 WAL segments...
I20260710 11:10:42.903091  5163 tablet_copy_client.cc:538] T 919fdfa1c0e14778b253509b5402ae3d P 456550d80dee4182a2b57b89ce11defb: tablet copy: Tablet Copy complete. Replacing tablet superblock.
I20260710 11:10:42.911861  5163 tablet_bootstrap.cc:492] T 919fdfa1c0e14778b253509b5402ae3d P 456550d80dee4182a2b57b89ce11defb: Bootstrap starting.
I20260710 11:10:42.933151  5163 tablet_bootstrap.cc:492] T 919fdfa1c0e14778b253509b5402ae3d P 456550d80dee4182a2b57b89ce11defb: Bootstrap replayed 1/1 log segments. Stats: ops{read=2 overwritten=0 applied=2 ignored=0} inserts{seen=0 ignored=0} mutations{seen=0 ignored=0} orphaned_commits=0. Pending: 0 replicates
I20260710 11:10:42.934229  5163 tablet_bootstrap.cc:492] T 919fdfa1c0e14778b253509b5402ae3d P 456550d80dee4182a2b57b89ce11defb: Bootstrap complete.
I20260710 11:10:42.935010  5163 ts_tablet_manager.cc:1403] T 919fdfa1c0e14778b253509b5402ae3d P 456550d80dee4182a2b57b89ce11defb: Time spent bootstrapping tablet: real 0.023s	user 0.018s	sys 0.005s
I20260710 11:10:42.938544  5163 raft_consensus.cc:359] T 919fdfa1c0e14778b253509b5402ae3d P 456550d80dee4182a2b57b89ce11defb [term 1 LEARNER]: Replica starting. Triggering 0 pending ops. Active config: opid_index: 2 OBSOLETE_local: false peers { permanent_uuid: "a84f69accde041cb9a214f22765ba2a0" member_type: VOTER last_known_addr { host: "127.3.63.65" port: 45191 } } peers { permanent_uuid: "ab1febe4a8d5434d8990e8c5585eb10e" member_type: VOTER last_known_addr { host: "127.3.63.66" port: 44781 } } peers { permanent_uuid: "2b9de9ee7cd94af9811460c499d9521f" member_type: VOTER last_known_addr { host: "127.3.63.67" port: 37625 } attrs { replace: true } } peers { permanent_uuid: "456550d80dee4182a2b57b89ce11defb" member_type: NON_VOTER last_known_addr { host: "127.3.63.68" port: 40335 } attrs { promote: true } }
I20260710 11:10:42.939512  5163 raft_consensus.cc:740] T 919fdfa1c0e14778b253509b5402ae3d P 456550d80dee4182a2b57b89ce11defb [term 1 LEARNER]: Becoming Follower/Learner. State: Replica: 456550d80dee4182a2b57b89ce11defb, State: Initialized, Role: LEARNER
I20260710 11:10:42.940760  5163 consensus_queue.cc:260] T 919fdfa1c0e14778b253509b5402ae3d P 456550d80dee4182a2b57b89ce11defb [NON_LEADER]: Queue going to NON_LEADER mode. State: All replicated index: 0, Majority replicated index: 0, Committed index: 2, Last appended: 1.2, Last appended by leader: 2, Current term: 0, Majority size: -1, State: 0, Mode: NON_LEADER, active raft config: opid_index: 2 OBSOLETE_local: false peers { permanent_uuid: "a84f69accde041cb9a214f22765ba2a0" member_type: VOTER last_known_addr { host: "127.3.63.65" port: 45191 } } peers { permanent_uuid: "ab1febe4a8d5434d8990e8c5585eb10e" member_type: VOTER last_known_addr { host: "127.3.63.66" port: 44781 } } peers { permanent_uuid: "2b9de9ee7cd94af9811460c499d9521f" member_type: VOTER last_known_addr { host: "127.3.63.67" port: 37625 } attrs { replace: true } } peers { permanent_uuid: "456550d80dee4182a2b57b89ce11defb" member_type: NON_VOTER last_known_addr { host: "127.3.63.68" port: 40335 } attrs { promote: true } }
I20260710 11:10:42.944696  5163 ts_tablet_manager.cc:1434] T 919fdfa1c0e14778b253509b5402ae3d P 456550d80dee4182a2b57b89ce11defb: Time spent starting tablet: real 0.009s	user 0.004s	sys 0.004s
I20260710 11:10:42.946762  4474 tablet_copy_service.cc:342] P a84f69accde041cb9a214f22765ba2a0: Request end of tablet copy session 456550d80dee4182a2b57b89ce11defb-919fdfa1c0e14778b253509b5402ae3d received from {username='slave'} at 127.0.0.1:57748
I20260710 11:10:42.947319  4474 tablet_copy_service.cc:434] P a84f69accde041cb9a214f22765ba2a0: ending tablet copy session 456550d80dee4182a2b57b89ce11defb-919fdfa1c0e14778b253509b5402ae3d on tablet 919fdfa1c0e14778b253509b5402ae3d with peer 456550d80dee4182a2b57b89ce11defb
I20260710 11:10:43.102779  5163 ts_tablet_manager.cc:933] T 3ccd27006594485cae6cf29bfdee2678 P 456550d80dee4182a2b57b89ce11defb: Initiating tablet copy from peer 2b9de9ee7cd94af9811460c499d9521f (127.3.63.67:37625)
I20260710 11:10:43.106841  5163 tablet_copy_client.cc:323] T 3ccd27006594485cae6cf29bfdee2678 P 456550d80dee4182a2b57b89ce11defb: tablet copy: Beginning tablet copy session from remote peer at address 127.3.63.67:37625
I20260710 11:10:43.109061  4623 tablet_copy_service.cc:140] P 2b9de9ee7cd94af9811460c499d9521f: Received BeginTabletCopySession request for tablet 3ccd27006594485cae6cf29bfdee2678 from peer 456550d80dee4182a2b57b89ce11defb ({username='slave'} at 127.0.0.1:49906)
I20260710 11:10:43.109580  4623 tablet_copy_service.cc:161] P 2b9de9ee7cd94af9811460c499d9521f: Beginning new tablet copy session on tablet 3ccd27006594485cae6cf29bfdee2678 from peer 456550d80dee4182a2b57b89ce11defb at {username='slave'} at 127.0.0.1:49906: session id = 456550d80dee4182a2b57b89ce11defb-3ccd27006594485cae6cf29bfdee2678
I20260710 11:10:43.116351  4623 tablet_copy_source_session.cc:215] T 3ccd27006594485cae6cf29bfdee2678 P 2b9de9ee7cd94af9811460c499d9521f: Tablet Copy: opened 0 blocks and 1 log segments
I20260710 11:10:43.119694  5163 data_dirs.cc:400] Could only allocate 1 dirs of requested 3 for tablet 3ccd27006594485cae6cf29bfdee2678. 1 dirs total, 0 dirs full, 0 dirs failed
I20260710 11:10:43.134785  5163 tablet_copy_client.cc:806] T 3ccd27006594485cae6cf29bfdee2678 P 456550d80dee4182a2b57b89ce11defb: tablet copy: Starting download of 0 data blocks...
I20260710 11:10:43.135440  5163 tablet_copy_client.cc:670] T 3ccd27006594485cae6cf29bfdee2678 P 456550d80dee4182a2b57b89ce11defb: tablet copy: Starting download of 1 WAL segments...
I20260710 11:10:43.140467  5163 tablet_copy_client.cc:538] T 3ccd27006594485cae6cf29bfdee2678 P 456550d80dee4182a2b57b89ce11defb: tablet copy: Tablet Copy complete. Replacing tablet superblock.
I20260710 11:10:43.151396  5163 tablet_bootstrap.cc:492] T 3ccd27006594485cae6cf29bfdee2678 P 456550d80dee4182a2b57b89ce11defb: Bootstrap starting.
I20260710 11:10:43.163723  5168 ts_tablet_manager.cc:933] T 7a8c418545ab4c82926b7903344d923c P 456550d80dee4182a2b57b89ce11defb: Initiating tablet copy from peer a84f69accde041cb9a214f22765ba2a0 (127.3.63.65:45191)
I20260710 11:10:43.166325  5168 tablet_copy_client.cc:323] T 7a8c418545ab4c82926b7903344d923c P 456550d80dee4182a2b57b89ce11defb: tablet copy: Beginning tablet copy session from remote peer at address 127.3.63.65:45191
I20260710 11:10:43.168424  4474 tablet_copy_service.cc:140] P a84f69accde041cb9a214f22765ba2a0: Received BeginTabletCopySession request for tablet 7a8c418545ab4c82926b7903344d923c from peer 456550d80dee4182a2b57b89ce11defb ({username='slave'} at 127.0.0.1:57748)
I20260710 11:10:43.169135  4474 tablet_copy_service.cc:161] P a84f69accde041cb9a214f22765ba2a0: Beginning new tablet copy session on tablet 7a8c418545ab4c82926b7903344d923c from peer 456550d80dee4182a2b57b89ce11defb at {username='slave'} at 127.0.0.1:57748: session id = 456550d80dee4182a2b57b89ce11defb-7a8c418545ab4c82926b7903344d923c
I20260710 11:10:43.175136  5163 tablet_bootstrap.cc:492] T 3ccd27006594485cae6cf29bfdee2678 P 456550d80dee4182a2b57b89ce11defb: Bootstrap replayed 1/1 log segments. Stats: ops{read=2 overwritten=0 applied=2 ignored=0} inserts{seen=0 ignored=0} mutations{seen=0 ignored=0} orphaned_commits=0. Pending: 0 replicates
I20260710 11:10:43.176312  5163 tablet_bootstrap.cc:492] T 3ccd27006594485cae6cf29bfdee2678 P 456550d80dee4182a2b57b89ce11defb: Bootstrap complete.
I20260710 11:10:43.177115  5163 ts_tablet_manager.cc:1403] T 3ccd27006594485cae6cf29bfdee2678 P 456550d80dee4182a2b57b89ce11defb: Time spent bootstrapping tablet: real 0.026s	user 0.015s	sys 0.008s
I20260710 11:10:43.181510  5163 raft_consensus.cc:359] T 3ccd27006594485cae6cf29bfdee2678 P 456550d80dee4182a2b57b89ce11defb [term 1 LEARNER]: Replica starting. Triggering 0 pending ops. Active config: opid_index: 2 OBSOLETE_local: false peers { permanent_uuid: "a84f69accde041cb9a214f22765ba2a0" member_type: VOTER last_known_addr { host: "127.3.63.65" port: 45191 } attrs { replace: true } } peers { permanent_uuid: "ab1febe4a8d5434d8990e8c5585eb10e" member_type: VOTER last_known_addr { host: "127.3.63.66" port: 44781 } } peers { permanent_uuid: "2b9de9ee7cd94af9811460c499d9521f" member_type: VOTER last_known_addr { host: "127.3.63.67" port: 37625 } } peers { permanent_uuid: "456550d80dee4182a2b57b89ce11defb" member_type: NON_VOTER last_known_addr { host: "127.3.63.68" port: 40335 } attrs { promote: true } }
I20260710 11:10:43.182461  5163 raft_consensus.cc:740] T 3ccd27006594485cae6cf29bfdee2678 P 456550d80dee4182a2b57b89ce11defb [term 1 LEARNER]: Becoming Follower/Learner. State: Replica: 456550d80dee4182a2b57b89ce11defb, State: Initialized, Role: LEARNER
I20260710 11:10:43.183303  5163 consensus_queue.cc:260] T 3ccd27006594485cae6cf29bfdee2678 P 456550d80dee4182a2b57b89ce11defb [NON_LEADER]: Queue going to NON_LEADER mode. State: All replicated index: 0, Majority replicated index: 0, Committed index: 2, Last appended: 1.2, Last appended by leader: 2, Current term: 0, Majority size: -1, State: 0, Mode: NON_LEADER, active raft config: opid_index: 2 OBSOLETE_local: false peers { permanent_uuid: "a84f69accde041cb9a214f22765ba2a0" member_type: VOTER last_known_addr { host: "127.3.63.65" port: 45191 } attrs { replace: true } } peers { permanent_uuid: "ab1febe4a8d5434d8990e8c5585eb10e" member_type: VOTER last_known_addr { host: "127.3.63.66" port: 44781 } } peers { permanent_uuid: "2b9de9ee7cd94af9811460c499d9521f" member_type: VOTER last_known_addr { host: "127.3.63.67" port: 37625 } } peers { permanent_uuid: "456550d80dee4182a2b57b89ce11defb" member_type: NON_VOTER last_known_addr { host: "127.3.63.68" port: 40335 } attrs { promote: true } }
I20260710 11:10:43.186380  5163 ts_tablet_manager.cc:1434] T 3ccd27006594485cae6cf29bfdee2678 P 456550d80dee4182a2b57b89ce11defb: Time spent starting tablet: real 0.009s	user 0.009s	sys 0.000s
I20260710 11:10:43.186486  5171 ts_tablet_manager.cc:933] T b88c516026a4463db2bbbb1ad9adc5a8 P 456550d80dee4182a2b57b89ce11defb: Initiating tablet copy from peer ab1febe4a8d5434d8990e8c5585eb10e (127.3.63.66:44781)
I20260710 11:10:43.190119  5171 tablet_copy_client.cc:323] T b88c516026a4463db2bbbb1ad9adc5a8 P 456550d80dee4182a2b57b89ce11defb: tablet copy: Beginning tablet copy session from remote peer at address 127.3.63.66:44781
I20260710 11:10:43.192939  4623 tablet_copy_service.cc:342] P 2b9de9ee7cd94af9811460c499d9521f: Request end of tablet copy session 456550d80dee4182a2b57b89ce11defb-3ccd27006594485cae6cf29bfdee2678 received from {username='slave'} at 127.0.0.1:49906
I20260710 11:10:43.192961  4549 tablet_copy_service.cc:140] P ab1febe4a8d5434d8990e8c5585eb10e: Received BeginTabletCopySession request for tablet b88c516026a4463db2bbbb1ad9adc5a8 from peer 456550d80dee4182a2b57b89ce11defb ({username='slave'} at 127.0.0.1:42492)
I20260710 11:10:43.193575  4623 tablet_copy_service.cc:434] P 2b9de9ee7cd94af9811460c499d9521f: ending tablet copy session 456550d80dee4182a2b57b89ce11defb-3ccd27006594485cae6cf29bfdee2678 on tablet 3ccd27006594485cae6cf29bfdee2678 with peer 456550d80dee4182a2b57b89ce11defb
I20260710 11:10:43.193796  4549 tablet_copy_service.cc:161] P ab1febe4a8d5434d8990e8c5585eb10e: Beginning new tablet copy session on tablet b88c516026a4463db2bbbb1ad9adc5a8 from peer 456550d80dee4182a2b57b89ce11defb at {username='slave'} at 127.0.0.1:42492: session id = 456550d80dee4182a2b57b89ce11defb-b88c516026a4463db2bbbb1ad9adc5a8
I20260710 11:10:43.190162  4474 tablet_copy_source_session.cc:215] T 7a8c418545ab4c82926b7903344d923c P a84f69accde041cb9a214f22765ba2a0: Tablet Copy: opened 0 blocks and 1 log segments
I20260710 11:10:43.207859  5168 data_dirs.cc:400] Could only allocate 1 dirs of requested 3 for tablet 7a8c418545ab4c82926b7903344d923c. 1 dirs total, 0 dirs full, 0 dirs failed
I20260710 11:10:43.209022  4549 tablet_copy_source_session.cc:215] T b88c516026a4463db2bbbb1ad9adc5a8 P ab1febe4a8d5434d8990e8c5585eb10e: Tablet Copy: opened 0 blocks and 1 log segments
I20260710 11:10:43.212118  5171 data_dirs.cc:400] Could only allocate 1 dirs of requested 3 for tablet b88c516026a4463db2bbbb1ad9adc5a8. 1 dirs total, 0 dirs full, 0 dirs failed
I20260710 11:10:43.227710  5168 tablet_copy_client.cc:806] T 7a8c418545ab4c82926b7903344d923c P 456550d80dee4182a2b57b89ce11defb: tablet copy: Starting download of 0 data blocks...
I20260710 11:10:43.228780  5168 tablet_copy_client.cc:670] T 7a8c418545ab4c82926b7903344d923c P 456550d80dee4182a2b57b89ce11defb: tablet copy: Starting download of 1 WAL segments...
I20260710 11:10:43.230541  5171 tablet_copy_client.cc:806] T b88c516026a4463db2bbbb1ad9adc5a8 P 456550d80dee4182a2b57b89ce11defb: tablet copy: Starting download of 0 data blocks...
I20260710 11:10:43.231241  5171 tablet_copy_client.cc:670] T b88c516026a4463db2bbbb1ad9adc5a8 P 456550d80dee4182a2b57b89ce11defb: tablet copy: Starting download of 1 WAL segments...
I20260710 11:10:43.232939  5168 tablet_copy_client.cc:538] T 7a8c418545ab4c82926b7903344d923c P 456550d80dee4182a2b57b89ce11defb: tablet copy: Tablet Copy complete. Replacing tablet superblock.
I20260710 11:10:43.235402  5171 tablet_copy_client.cc:538] T b88c516026a4463db2bbbb1ad9adc5a8 P 456550d80dee4182a2b57b89ce11defb: tablet copy: Tablet Copy complete. Replacing tablet superblock.
I20260710 11:10:43.244230  5168 tablet_bootstrap.cc:492] T 7a8c418545ab4c82926b7903344d923c P 456550d80dee4182a2b57b89ce11defb: Bootstrap starting.
I20260710 11:10:43.246745  5171 tablet_bootstrap.cc:492] T b88c516026a4463db2bbbb1ad9adc5a8 P 456550d80dee4182a2b57b89ce11defb: Bootstrap starting.
I20260710 11:10:43.272887  5171 tablet_bootstrap.cc:492] T b88c516026a4463db2bbbb1ad9adc5a8 P 456550d80dee4182a2b57b89ce11defb: Bootstrap replayed 1/1 log segments. Stats: ops{read=2 overwritten=0 applied=2 ignored=0} inserts{seen=0 ignored=0} mutations{seen=0 ignored=0} orphaned_commits=0. Pending: 0 replicates
I20260710 11:10:43.273976  5171 tablet_bootstrap.cc:492] T b88c516026a4463db2bbbb1ad9adc5a8 P 456550d80dee4182a2b57b89ce11defb: Bootstrap complete.
I20260710 11:10:43.274791  5171 ts_tablet_manager.cc:1403] T b88c516026a4463db2bbbb1ad9adc5a8 P 456550d80dee4182a2b57b89ce11defb: Time spent bootstrapping tablet: real 0.028s	user 0.013s	sys 0.017s
I20260710 11:10:43.276477  5168 tablet_bootstrap.cc:492] T 7a8c418545ab4c82926b7903344d923c P 456550d80dee4182a2b57b89ce11defb: Bootstrap replayed 1/1 log segments. Stats: ops{read=2 overwritten=0 applied=2 ignored=0} inserts{seen=0 ignored=0} mutations{seen=0 ignored=0} orphaned_commits=0. Pending: 0 replicates
I20260710 11:10:43.277453  5168 tablet_bootstrap.cc:492] T 7a8c418545ab4c82926b7903344d923c P 456550d80dee4182a2b57b89ce11defb: Bootstrap complete.
I20260710 11:10:43.278191  5168 ts_tablet_manager.cc:1403] T 7a8c418545ab4c82926b7903344d923c P 456550d80dee4182a2b57b89ce11defb: Time spent bootstrapping tablet: real 0.034s	user 0.030s	sys 0.001s
I20260710 11:10:43.278016  5171 raft_consensus.cc:359] T b88c516026a4463db2bbbb1ad9adc5a8 P 456550d80dee4182a2b57b89ce11defb [term 1 LEARNER]: Replica starting. Triggering 0 pending ops. Active config: opid_index: 2 OBSOLETE_local: false peers { permanent_uuid: "a84f69accde041cb9a214f22765ba2a0" member_type: VOTER last_known_addr { host: "127.3.63.65" port: 45191 } } peers { permanent_uuid: "ab1febe4a8d5434d8990e8c5585eb10e" member_type: VOTER last_known_addr { host: "127.3.63.66" port: 44781 } } peers { permanent_uuid: "2b9de9ee7cd94af9811460c499d9521f" member_type: VOTER last_known_addr { host: "127.3.63.67" port: 37625 } attrs { replace: true } } peers { permanent_uuid: "456550d80dee4182a2b57b89ce11defb" member_type: NON_VOTER last_known_addr { host: "127.3.63.68" port: 40335 } attrs { promote: true } }
I20260710 11:10:43.278954  5171 raft_consensus.cc:740] T b88c516026a4463db2bbbb1ad9adc5a8 P 456550d80dee4182a2b57b89ce11defb [term 1 LEARNER]: Becoming Follower/Learner. State: Replica: 456550d80dee4182a2b57b89ce11defb, State: Initialized, Role: LEARNER
I20260710 11:10:43.279718  5171 consensus_queue.cc:260] T b88c516026a4463db2bbbb1ad9adc5a8 P 456550d80dee4182a2b57b89ce11defb [NON_LEADER]: Queue going to NON_LEADER mode. State: All replicated index: 0, Majority replicated index: 0, Committed index: 2, Last appended: 1.2, Last appended by leader: 2, Current term: 0, Majority size: -1, State: 0, Mode: NON_LEADER, active raft config: opid_index: 2 OBSOLETE_local: false peers { permanent_uuid: "a84f69accde041cb9a214f22765ba2a0" member_type: VOTER last_known_addr { host: "127.3.63.65" port: 45191 } } peers { permanent_uuid: "ab1febe4a8d5434d8990e8c5585eb10e" member_type: VOTER last_known_addr { host: "127.3.63.66" port: 44781 } } peers { permanent_uuid: "2b9de9ee7cd94af9811460c499d9521f" member_type: VOTER last_known_addr { host: "127.3.63.67" port: 37625 } attrs { replace: true } } peers { permanent_uuid: "456550d80dee4182a2b57b89ce11defb" member_type: NON_VOTER last_known_addr { host: "127.3.63.68" port: 40335 } attrs { promote: true } }
I20260710 11:10:43.281569  5168 raft_consensus.cc:359] T 7a8c418545ab4c82926b7903344d923c P 456550d80dee4182a2b57b89ce11defb [term 1 LEARNER]: Replica starting. Triggering 0 pending ops. Active config: opid_index: 2 OBSOLETE_local: false peers { permanent_uuid: "a84f69accde041cb9a214f22765ba2a0" member_type: VOTER last_known_addr { host: "127.3.63.65" port: 45191 } } peers { permanent_uuid: "ab1febe4a8d5434d8990e8c5585eb10e" member_type: VOTER last_known_addr { host: "127.3.63.66" port: 44781 } attrs { replace: true } } peers { permanent_uuid: "2b9de9ee7cd94af9811460c499d9521f" member_type: VOTER last_known_addr { host: "127.3.63.67" port: 37625 } } peers { permanent_uuid: "456550d80dee4182a2b57b89ce11defb" member_type: NON_VOTER last_known_addr { host: "127.3.63.68" port: 40335 } attrs { promote: true } }
I20260710 11:10:43.282521  5168 raft_consensus.cc:740] T 7a8c418545ab4c82926b7903344d923c P 456550d80dee4182a2b57b89ce11defb [term 1 LEARNER]: Becoming Follower/Learner. State: Replica: 456550d80dee4182a2b57b89ce11defb, State: Initialized, Role: LEARNER
I20260710 11:10:43.282778  5171 ts_tablet_manager.cc:1434] T b88c516026a4463db2bbbb1ad9adc5a8 P 456550d80dee4182a2b57b89ce11defb: Time spent starting tablet: real 0.008s	user 0.007s	sys 0.000s
I20260710 11:10:43.283299  5168 consensus_queue.cc:260] T 7a8c418545ab4c82926b7903344d923c P 456550d80dee4182a2b57b89ce11defb [NON_LEADER]: Queue going to NON_LEADER mode. State: All replicated index: 0, Majority replicated index: 0, Committed index: 2, Last appended: 1.2, Last appended by leader: 2, Current term: 0, Majority size: -1, State: 0, Mode: NON_LEADER, active raft config: opid_index: 2 OBSOLETE_local: false peers { permanent_uuid: "a84f69accde041cb9a214f22765ba2a0" member_type: VOTER last_known_addr { host: "127.3.63.65" port: 45191 } } peers { permanent_uuid: "ab1febe4a8d5434d8990e8c5585eb10e" member_type: VOTER last_known_addr { host: "127.3.63.66" port: 44781 } attrs { replace: true } } peers { permanent_uuid: "2b9de9ee7cd94af9811460c499d9521f" member_type: VOTER last_known_addr { host: "127.3.63.67" port: 37625 } } peers { permanent_uuid: "456550d80dee4182a2b57b89ce11defb" member_type: NON_VOTER last_known_addr { host: "127.3.63.68" port: 40335 } attrs { promote: true } }
I20260710 11:10:43.284977  4898 raft_consensus.cc:1217] T 919fdfa1c0e14778b253509b5402ae3d P 456550d80dee4182a2b57b89ce11defb [term 1 LEARNER]: Deduplicated request from leader. Original: 1.1->[1.2-1.2]   Dedup: 1.2->[]
I20260710 11:10:43.286072  5168 ts_tablet_manager.cc:1434] T 7a8c418545ab4c82926b7903344d923c P 456550d80dee4182a2b57b89ce11defb: Time spent starting tablet: real 0.008s	user 0.010s	sys 0.000s
I20260710 11:10:43.286440  4549 tablet_copy_service.cc:342] P ab1febe4a8d5434d8990e8c5585eb10e: Request end of tablet copy session 456550d80dee4182a2b57b89ce11defb-b88c516026a4463db2bbbb1ad9adc5a8 received from {username='slave'} at 127.0.0.1:42492
I20260710 11:10:43.286927  4549 tablet_copy_service.cc:434] P ab1febe4a8d5434d8990e8c5585eb10e: ending tablet copy session 456550d80dee4182a2b57b89ce11defb-b88c516026a4463db2bbbb1ad9adc5a8 on tablet b88c516026a4463db2bbbb1ad9adc5a8 with peer 456550d80dee4182a2b57b89ce11defb
I20260710 11:10:43.291406  4474 tablet_copy_service.cc:342] P a84f69accde041cb9a214f22765ba2a0: Request end of tablet copy session 456550d80dee4182a2b57b89ce11defb-7a8c418545ab4c82926b7903344d923c received from {username='slave'} at 127.0.0.1:57748
I20260710 11:10:43.291896  4474 tablet_copy_service.cc:434] P a84f69accde041cb9a214f22765ba2a0: ending tablet copy session 456550d80dee4182a2b57b89ce11defb-7a8c418545ab4c82926b7903344d923c on tablet 7a8c418545ab4c82926b7903344d923c with peer 456550d80dee4182a2b57b89ce11defb
I20260710 11:10:43.618569  4899 raft_consensus.cc:1217] T 3ccd27006594485cae6cf29bfdee2678 P 456550d80dee4182a2b57b89ce11defb [term 1 LEARNER]: Deduplicated request from leader. Original: 1.1->[1.2-1.2]   Dedup: 1.2->[]
I20260710 11:10:43.640588  4899 raft_consensus.cc:1217] T 7a8c418545ab4c82926b7903344d923c P 456550d80dee4182a2b57b89ce11defb [term 1 LEARNER]: Deduplicated request from leader. Original: 1.1->[1.2-1.2]   Dedup: 1.2->[]
I20260710 11:10:43.706066  4899 raft_consensus.cc:1217] T b88c516026a4463db2bbbb1ad9adc5a8 P 456550d80dee4182a2b57b89ce11defb [term 1 LEARNER]: Deduplicated request from leader. Original: 1.1->[1.2-1.2]   Dedup: 1.2->[]
I20260710 11:10:43.823287  5176 raft_consensus.cc:1064] T 919fdfa1c0e14778b253509b5402ae3d P a84f69accde041cb9a214f22765ba2a0: attempting to promote NON_VOTER 456550d80dee4182a2b57b89ce11defb to VOTER
I20260710 11:10:43.826148  5176 consensus_queue.cc:237] T 919fdfa1c0e14778b253509b5402ae3d P a84f69accde041cb9a214f22765ba2a0 [LEADER]: Queue going to LEADER mode. State: All replicated index: 0, Majority replicated index: 2, Committed index: 2, Last appended: 1.2, Last appended by leader: 0, Current term: 1, Majority size: 3, State: 0, Mode: LEADER, active raft config: opid_index: 3 OBSOLETE_local: false peers { permanent_uuid: "a84f69accde041cb9a214f22765ba2a0" member_type: VOTER last_known_addr { host: "127.3.63.65" port: 45191 } } peers { permanent_uuid: "ab1febe4a8d5434d8990e8c5585eb10e" member_type: VOTER last_known_addr { host: "127.3.63.66" port: 44781 } } peers { permanent_uuid: "2b9de9ee7cd94af9811460c499d9521f" member_type: VOTER last_known_addr { host: "127.3.63.67" port: 37625 } attrs { replace: true } } peers { permanent_uuid: "456550d80dee4182a2b57b89ce11defb" member_type: VOTER last_known_addr { host: "127.3.63.68" port: 40335 } attrs { promote: false } }
I20260710 11:10:43.834105  4898 raft_consensus.cc:1275] T 919fdfa1c0e14778b253509b5402ae3d P 456550d80dee4182a2b57b89ce11defb [term 1 LEARNER]: Refusing update from remote peer a84f69accde041cb9a214f22765ba2a0: Log matching property violated. Preceding OpId in replica: term: 1 index: 2. Preceding OpId from leader: term: 1 index: 3. (index mismatch)
I20260710 11:10:43.834903  4535 raft_consensus.cc:1275] T 919fdfa1c0e14778b253509b5402ae3d P ab1febe4a8d5434d8990e8c5585eb10e [term 1 FOLLOWER]: Refusing update from remote peer a84f69accde041cb9a214f22765ba2a0: Log matching property violated. Preceding OpId in replica: term: 1 index: 2. Preceding OpId from leader: term: 1 index: 3. (index mismatch)
I20260710 11:10:43.834147  4612 raft_consensus.cc:1275] T 919fdfa1c0e14778b253509b5402ae3d P 2b9de9ee7cd94af9811460c499d9521f [term 1 FOLLOWER]: Refusing update from remote peer a84f69accde041cb9a214f22765ba2a0: Log matching property violated. Preceding OpId in replica: term: 1 index: 2. Preceding OpId from leader: term: 1 index: 3. (index mismatch)
I20260710 11:10:43.836050  5177 consensus_queue.cc:1048] T 919fdfa1c0e14778b253509b5402ae3d P a84f69accde041cb9a214f22765ba2a0 [LEADER]: Connected to new peer: Peer: permanent_uuid: "456550d80dee4182a2b57b89ce11defb" member_type: VOTER last_known_addr { host: "127.3.63.68" port: 40335 } attrs { promote: false }, Status: LMP_MISMATCH, Last received: 0.0, Next index: 3, Last known committed idx: 2, Time since last communication: 0.000s
I20260710 11:10:43.837014  5176 consensus_queue.cc:1048] T 919fdfa1c0e14778b253509b5402ae3d P a84f69accde041cb9a214f22765ba2a0 [LEADER]: Connected to new peer: Peer: permanent_uuid: "ab1febe4a8d5434d8990e8c5585eb10e" member_type: VOTER last_known_addr { host: "127.3.63.66" port: 44781 }, Status: LMP_MISMATCH, Last received: 0.0, Next index: 3, Last known committed idx: 2, Time since last communication: 0.000s
I20260710 11:10:43.838740  5081 consensus_queue.cc:1048] T 919fdfa1c0e14778b253509b5402ae3d P a84f69accde041cb9a214f22765ba2a0 [LEADER]: Connected to new peer: Peer: permanent_uuid: "2b9de9ee7cd94af9811460c499d9521f" member_type: VOTER last_known_addr { host: "127.3.63.67" port: 37625 } attrs { replace: true }, Status: LMP_MISMATCH, Last received: 0.0, Next index: 3, Last known committed idx: 2, Time since last communication: 0.000s
I20260710 11:10:43.857837  5177 raft_consensus.cc:2955] T 919fdfa1c0e14778b253509b5402ae3d P a84f69accde041cb9a214f22765ba2a0 [term 1 LEADER]: Committing config change with OpId 1.3: config changed from index 2 to 3, 456550d80dee4182a2b57b89ce11defb (127.3.63.68) changed from NON_VOTER to VOTER. New config: { opid_index: 3 OBSOLETE_local: false peers { permanent_uuid: "a84f69accde041cb9a214f22765ba2a0" member_type: VOTER last_known_addr { host: "127.3.63.65" port: 45191 } } peers { permanent_uuid: "ab1febe4a8d5434d8990e8c5585eb10e" member_type: VOTER last_known_addr { host: "127.3.63.66" port: 44781 } } peers { permanent_uuid: "2b9de9ee7cd94af9811460c499d9521f" member_type: VOTER last_known_addr { host: "127.3.63.67" port: 37625 } attrs { replace: true } } peers { permanent_uuid: "456550d80dee4182a2b57b89ce11defb" member_type: VOTER last_known_addr { host: "127.3.63.68" port: 40335 } attrs { promote: false } } }
I20260710 11:10:43.859701  4535 raft_consensus.cc:2955] T 919fdfa1c0e14778b253509b5402ae3d P ab1febe4a8d5434d8990e8c5585eb10e [term 1 FOLLOWER]: Committing config change with OpId 1.3: config changed from index 2 to 3, 456550d80dee4182a2b57b89ce11defb (127.3.63.68) changed from NON_VOTER to VOTER. New config: { opid_index: 3 OBSOLETE_local: false peers { permanent_uuid: "a84f69accde041cb9a214f22765ba2a0" member_type: VOTER last_known_addr { host: "127.3.63.65" port: 45191 } } peers { permanent_uuid: "ab1febe4a8d5434d8990e8c5585eb10e" member_type: VOTER last_known_addr { host: "127.3.63.66" port: 44781 } } peers { permanent_uuid: "2b9de9ee7cd94af9811460c499d9521f" member_type: VOTER last_known_addr { host: "127.3.63.67" port: 37625 } attrs { replace: true } } peers { permanent_uuid: "456550d80dee4182a2b57b89ce11defb" member_type: VOTER last_known_addr { host: "127.3.63.68" port: 40335 } attrs { promote: false } } }
I20260710 11:10:43.861455  4612 raft_consensus.cc:2955] T 919fdfa1c0e14778b253509b5402ae3d P 2b9de9ee7cd94af9811460c499d9521f [term 1 FOLLOWER]: Committing config change with OpId 1.3: config changed from index 2 to 3, 456550d80dee4182a2b57b89ce11defb (127.3.63.68) changed from NON_VOTER to VOTER. New config: { opid_index: 3 OBSOLETE_local: false peers { permanent_uuid: "a84f69accde041cb9a214f22765ba2a0" member_type: VOTER last_known_addr { host: "127.3.63.65" port: 45191 } } peers { permanent_uuid: "ab1febe4a8d5434d8990e8c5585eb10e" member_type: VOTER last_known_addr { host: "127.3.63.66" port: 44781 } } peers { permanent_uuid: "2b9de9ee7cd94af9811460c499d9521f" member_type: VOTER last_known_addr { host: "127.3.63.67" port: 37625 } attrs { replace: true } } peers { permanent_uuid: "456550d80dee4182a2b57b89ce11defb" member_type: VOTER last_known_addr { host: "127.3.63.68" port: 40335 } attrs { promote: false } } }
I20260710 11:10:43.872263  4898 raft_consensus.cc:2955] T 919fdfa1c0e14778b253509b5402ae3d P 456550d80dee4182a2b57b89ce11defb [term 1 FOLLOWER]: Committing config change with OpId 1.3: config changed from index 2 to 3, 456550d80dee4182a2b57b89ce11defb (127.3.63.68) changed from NON_VOTER to VOTER. New config: { opid_index: 3 OBSOLETE_local: false peers { permanent_uuid: "a84f69accde041cb9a214f22765ba2a0" member_type: VOTER last_known_addr { host: "127.3.63.65" port: 45191 } } peers { permanent_uuid: "ab1febe4a8d5434d8990e8c5585eb10e" member_type: VOTER last_known_addr { host: "127.3.63.66" port: 44781 } } peers { permanent_uuid: "2b9de9ee7cd94af9811460c499d9521f" member_type: VOTER last_known_addr { host: "127.3.63.67" port: 37625 } attrs { replace: true } } peers { permanent_uuid: "456550d80dee4182a2b57b89ce11defb" member_type: VOTER last_known_addr { host: "127.3.63.68" port: 40335 } attrs { promote: false } } }
I20260710 11:10:43.880853  4361 catalog_manager.cc:5697] T 919fdfa1c0e14778b253509b5402ae3d P ab1febe4a8d5434d8990e8c5585eb10e reported cstate change: config changed from index 2 to 3, 456550d80dee4182a2b57b89ce11defb (127.3.63.68) changed from NON_VOTER to VOTER. New cstate: current_term: 1 leader_uuid: "a84f69accde041cb9a214f22765ba2a0" committed_config { opid_index: 3 OBSOLETE_local: false peers { permanent_uuid: "a84f69accde041cb9a214f22765ba2a0" member_type: VOTER last_known_addr { host: "127.3.63.65" port: 45191 } } peers { permanent_uuid: "ab1febe4a8d5434d8990e8c5585eb10e" member_type: VOTER last_known_addr { host: "127.3.63.66" port: 44781 } } peers { permanent_uuid: "2b9de9ee7cd94af9811460c499d9521f" member_type: VOTER last_known_addr { host: "127.3.63.67" port: 37625 } attrs { replace: true } } peers { permanent_uuid: "456550d80dee4182a2b57b89ce11defb" member_type: VOTER last_known_addr { host: "127.3.63.68" port: 40335 } attrs { promote: false } } }
I20260710 11:10:43.911021  4464 consensus_queue.cc:237] T 919fdfa1c0e14778b253509b5402ae3d P a84f69accde041cb9a214f22765ba2a0 [LEADER]: Queue going to LEADER mode. State: All replicated index: 0, Majority replicated index: 3, Committed index: 3, Last appended: 1.3, Last appended by leader: 0, Current term: 1, Majority size: 2, State: 0, Mode: LEADER, active raft config: opid_index: 4 OBSOLETE_local: false peers { permanent_uuid: "a84f69accde041cb9a214f22765ba2a0" member_type: VOTER last_known_addr { host: "127.3.63.65" port: 45191 } } peers { permanent_uuid: "ab1febe4a8d5434d8990e8c5585eb10e" member_type: VOTER last_known_addr { host: "127.3.63.66" port: 44781 } } peers { permanent_uuid: "456550d80dee4182a2b57b89ce11defb" member_type: VOTER last_known_addr { host: "127.3.63.68" port: 40335 } attrs { promote: false } }
I20260710 11:10:43.916514  4898 raft_consensus.cc:1275] T 919fdfa1c0e14778b253509b5402ae3d P 456550d80dee4182a2b57b89ce11defb [term 1 FOLLOWER]: Refusing update from remote peer a84f69accde041cb9a214f22765ba2a0: Log matching property violated. Preceding OpId in replica: term: 1 index: 3. Preceding OpId from leader: term: 1 index: 4. (index mismatch)
I20260710 11:10:43.917266  4535 raft_consensus.cc:1275] T 919fdfa1c0e14778b253509b5402ae3d P ab1febe4a8d5434d8990e8c5585eb10e [term 1 FOLLOWER]: Refusing update from remote peer a84f69accde041cb9a214f22765ba2a0: Log matching property violated. Preceding OpId in replica: term: 1 index: 3. Preceding OpId from leader: term: 1 index: 4. (index mismatch)
I20260710 11:10:43.918699  5176 consensus_queue.cc:1048] T 919fdfa1c0e14778b253509b5402ae3d P a84f69accde041cb9a214f22765ba2a0 [LEADER]: Connected to new peer: Peer: permanent_uuid: "ab1febe4a8d5434d8990e8c5585eb10e" member_type: VOTER last_known_addr { host: "127.3.63.66" port: 44781 }, Status: LMP_MISMATCH, Last received: 0.0, Next index: 4, Last known committed idx: 3, Time since last communication: 0.000s
I20260710 11:10:43.920904  5176 consensus_queue.cc:1048] T 919fdfa1c0e14778b253509b5402ae3d P a84f69accde041cb9a214f22765ba2a0 [LEADER]: Connected to new peer: Peer: permanent_uuid: "456550d80dee4182a2b57b89ce11defb" member_type: VOTER last_known_addr { host: "127.3.63.68" port: 40335 } attrs { promote: false }, Status: LMP_MISMATCH, Last received: 0.0, Next index: 4, Last known committed idx: 3, Time since last communication: 0.000s
I20260710 11:10:43.929113  5081 raft_consensus.cc:2955] T 919fdfa1c0e14778b253509b5402ae3d P a84f69accde041cb9a214f22765ba2a0 [term 1 LEADER]: Committing config change with OpId 1.4: config changed from index 3 to 4, VOTER 2b9de9ee7cd94af9811460c499d9521f (127.3.63.67) evicted. New config: { opid_index: 4 OBSOLETE_local: false peers { permanent_uuid: "a84f69accde041cb9a214f22765ba2a0" member_type: VOTER last_known_addr { host: "127.3.63.65" port: 45191 } } peers { permanent_uuid: "ab1febe4a8d5434d8990e8c5585eb10e" member_type: VOTER last_known_addr { host: "127.3.63.66" port: 44781 } } peers { permanent_uuid: "456550d80dee4182a2b57b89ce11defb" member_type: VOTER last_known_addr { host: "127.3.63.68" port: 40335 } attrs { promote: false } } }
I20260710 11:10:43.931037  4898 raft_consensus.cc:2955] T 919fdfa1c0e14778b253509b5402ae3d P 456550d80dee4182a2b57b89ce11defb [term 1 FOLLOWER]: Committing config change with OpId 1.4: config changed from index 3 to 4, VOTER 2b9de9ee7cd94af9811460c499d9521f (127.3.63.67) evicted. New config: { opid_index: 4 OBSOLETE_local: false peers { permanent_uuid: "a84f69accde041cb9a214f22765ba2a0" member_type: VOTER last_known_addr { host: "127.3.63.65" port: 45191 } } peers { permanent_uuid: "ab1febe4a8d5434d8990e8c5585eb10e" member_type: VOTER last_known_addr { host: "127.3.63.66" port: 44781 } } peers { permanent_uuid: "456550d80dee4182a2b57b89ce11defb" member_type: VOTER last_known_addr { host: "127.3.63.68" port: 40335 } attrs { promote: false } } }
I20260710 11:10:43.932862  4535 raft_consensus.cc:2955] T 919fdfa1c0e14778b253509b5402ae3d P ab1febe4a8d5434d8990e8c5585eb10e [term 1 FOLLOWER]: Committing config change with OpId 1.4: config changed from index 3 to 4, VOTER 2b9de9ee7cd94af9811460c499d9521f (127.3.63.67) evicted. New config: { opid_index: 4 OBSOLETE_local: false peers { permanent_uuid: "a84f69accde041cb9a214f22765ba2a0" member_type: VOTER last_known_addr { host: "127.3.63.65" port: 45191 } } peers { permanent_uuid: "ab1febe4a8d5434d8990e8c5585eb10e" member_type: VOTER last_known_addr { host: "127.3.63.66" port: 44781 } } peers { permanent_uuid: "456550d80dee4182a2b57b89ce11defb" member_type: VOTER last_known_addr { host: "127.3.63.68" port: 40335 } attrs { promote: false } } }
I20260710 11:10:43.939772  4348 catalog_manager.cc:5210] ChangeConfig:REMOVE_PEER RPC for tablet 919fdfa1c0e14778b253509b5402ae3d with cas_config_opid_index 3: ChangeConfig:REMOVE_PEER succeeded (attempt 1)
I20260710 11:10:43.947189  4360 catalog_manager.cc:5697] T 919fdfa1c0e14778b253509b5402ae3d P 456550d80dee4182a2b57b89ce11defb reported cstate change: config changed from index 3 to 4, VOTER 2b9de9ee7cd94af9811460c499d9521f (127.3.63.67) evicted. New cstate: current_term: 1 leader_uuid: "a84f69accde041cb9a214f22765ba2a0" committed_config { opid_index: 4 OBSOLETE_local: false peers { permanent_uuid: "a84f69accde041cb9a214f22765ba2a0" member_type: VOTER last_known_addr { host: "127.3.63.65" port: 45191 } } peers { permanent_uuid: "ab1febe4a8d5434d8990e8c5585eb10e" member_type: VOTER last_known_addr { host: "127.3.63.66" port: 44781 } } peers { permanent_uuid: "456550d80dee4182a2b57b89ce11defb" member_type: VOTER last_known_addr { host: "127.3.63.68" port: 40335 } attrs { promote: false } } }
I20260710 11:10:43.964268  4603 tablet_service.cc:1558] Processing DeleteTablet for tablet 919fdfa1c0e14778b253509b5402ae3d with delete_type TABLET_DATA_TOMBSTONED (TS 2b9de9ee7cd94af9811460c499d9521f not found in new config with opid_index 4) from {username='slave'} at 127.0.0.1:45580
I20260710 11:10:43.966300  5189 tablet_replica.cc:333] T 919fdfa1c0e14778b253509b5402ae3d P 2b9de9ee7cd94af9811460c499d9521f: stopping tablet replica
I20260710 11:10:43.967422  5189 raft_consensus.cc:2243] T 919fdfa1c0e14778b253509b5402ae3d P 2b9de9ee7cd94af9811460c499d9521f [term 1 FOLLOWER]: Raft consensus shutting down.
I20260710 11:10:43.968124  5189 raft_consensus.cc:2272] T 919fdfa1c0e14778b253509b5402ae3d P 2b9de9ee7cd94af9811460c499d9521f [term 1 FOLLOWER]: Raft consensus is shut down!
I20260710 11:10:43.971850  5189 ts_tablet_manager.cc:1916] T 919fdfa1c0e14778b253509b5402ae3d P 2b9de9ee7cd94af9811460c499d9521f: Deleting tablet data with delete state TABLET_DATA_TOMBSTONED
I20260710 11:10:43.986948  5189 ts_tablet_manager.cc:1929] T 919fdfa1c0e14778b253509b5402ae3d P 2b9de9ee7cd94af9811460c499d9521f: tablet deleted with delete type TABLET_DATA_TOMBSTONED: last-logged OpId 1.3
I20260710 11:10:43.987488  5189 log.cc:1199] T 919fdfa1c0e14778b253509b5402ae3d P 2b9de9ee7cd94af9811460c499d9521f: Deleting WAL directory at /tmp/dist-test-taskcC1HNs/test-tmp/auto_leader_rebalancer-test.0.LeaderRebalancerTest.AddTserver.1783681799922750-3325-0/minicluster-data/ts-2-root/wals/919fdfa1c0e14778b253509b5402ae3d
I20260710 11:10:43.989243  4348 catalog_manager.cc:5028] TS 2b9de9ee7cd94af9811460c499d9521f (127.3.63.67:37625): tablet 919fdfa1c0e14778b253509b5402ae3d (table test-workload [id=d0e7eadc0c214d90b17546a519af91ff]) successfully deleted
I20260710 11:10:43.997071  5175 raft_consensus.cc:1064] T 3ccd27006594485cae6cf29bfdee2678 P 2b9de9ee7cd94af9811460c499d9521f: attempting to promote NON_VOTER 456550d80dee4182a2b57b89ce11defb to VOTER
I20260710 11:10:43.999294  5175 consensus_queue.cc:237] T 3ccd27006594485cae6cf29bfdee2678 P 2b9de9ee7cd94af9811460c499d9521f [LEADER]: Queue going to LEADER mode. State: All replicated index: 0, Majority replicated index: 2, Committed index: 2, Last appended: 1.2, Last appended by leader: 0, Current term: 1, Majority size: 3, State: 0, Mode: LEADER, active raft config: opid_index: 3 OBSOLETE_local: false peers { permanent_uuid: "a84f69accde041cb9a214f22765ba2a0" member_type: VOTER last_known_addr { host: "127.3.63.65" port: 45191 } attrs { replace: true } } peers { permanent_uuid: "ab1febe4a8d5434d8990e8c5585eb10e" member_type: VOTER last_known_addr { host: "127.3.63.66" port: 44781 } } peers { permanent_uuid: "2b9de9ee7cd94af9811460c499d9521f" member_type: VOTER last_known_addr { host: "127.3.63.67" port: 37625 } } peers { permanent_uuid: "456550d80dee4182a2b57b89ce11defb" member_type: VOTER last_known_addr { host: "127.3.63.68" port: 40335 } attrs { promote: false } }
I20260710 11:10:44.007126  4535 raft_consensus.cc:1275] T 3ccd27006594485cae6cf29bfdee2678 P ab1febe4a8d5434d8990e8c5585eb10e [term 1 FOLLOWER]: Refusing update from remote peer 2b9de9ee7cd94af9811460c499d9521f: Log matching property violated. Preceding OpId in replica: term: 1 index: 2. Preceding OpId from leader: term: 1 index: 3. (index mismatch)
I20260710 11:10:44.008347  4898 raft_consensus.cc:1275] T 3ccd27006594485cae6cf29bfdee2678 P 456550d80dee4182a2b57b89ce11defb [term 1 LEARNER]: Refusing update from remote peer 2b9de9ee7cd94af9811460c499d9521f: Log matching property violated. Preceding OpId in replica: term: 1 index: 2. Preceding OpId from leader: term: 1 index: 3. (index mismatch)
I20260710 11:10:44.010236  4460 raft_consensus.cc:1275] T 3ccd27006594485cae6cf29bfdee2678 P a84f69accde041cb9a214f22765ba2a0 [term 1 FOLLOWER]: Refusing update from remote peer 2b9de9ee7cd94af9811460c499d9521f: Log matching property violated. Preceding OpId in replica: term: 1 index: 2. Preceding OpId from leader: term: 1 index: 3. (index mismatch)
I20260710 11:10:44.011514  5156 consensus_queue.cc:1048] T 3ccd27006594485cae6cf29bfdee2678 P 2b9de9ee7cd94af9811460c499d9521f [LEADER]: Connected to new peer: Peer: permanent_uuid: "456550d80dee4182a2b57b89ce11defb" member_type: VOTER last_known_addr { host: "127.3.63.68" port: 40335 } attrs { promote: false }, Status: LMP_MISMATCH, Last received: 0.0, Next index: 3, Last known committed idx: 2, Time since last communication: 0.001s
I20260710 11:10:44.012528  5175 consensus_queue.cc:1048] T 3ccd27006594485cae6cf29bfdee2678 P 2b9de9ee7cd94af9811460c499d9521f [LEADER]: Connected to new peer: Peer: permanent_uuid: "ab1febe4a8d5434d8990e8c5585eb10e" member_type: VOTER last_known_addr { host: "127.3.63.66" port: 44781 }, Status: LMP_MISMATCH, Last received: 0.0, Next index: 3, Last known committed idx: 2, Time since last communication: 0.000s
I20260710 11:10:44.013716  5158 consensus_queue.cc:1048] T 3ccd27006594485cae6cf29bfdee2678 P 2b9de9ee7cd94af9811460c499d9521f [LEADER]: Connected to new peer: Peer: permanent_uuid: "a84f69accde041cb9a214f22765ba2a0" member_type: VOTER last_known_addr { host: "127.3.63.65" port: 45191 } attrs { replace: true }, Status: LMP_MISMATCH, Last received: 0.0, Next index: 3, Last known committed idx: 2, Time since last communication: 0.000s
I20260710 11:10:44.039551  5175 raft_consensus.cc:2955] T 3ccd27006594485cae6cf29bfdee2678 P 2b9de9ee7cd94af9811460c499d9521f [term 1 LEADER]: Committing config change with OpId 1.3: config changed from index 2 to 3, 456550d80dee4182a2b57b89ce11defb (127.3.63.68) changed from NON_VOTER to VOTER. New config: { opid_index: 3 OBSOLETE_local: false peers { permanent_uuid: "a84f69accde041cb9a214f22765ba2a0" member_type: VOTER last_known_addr { host: "127.3.63.65" port: 45191 } attrs { replace: true } } peers { permanent_uuid: "ab1febe4a8d5434d8990e8c5585eb10e" member_type: VOTER last_known_addr { host: "127.3.63.66" port: 44781 } } peers { permanent_uuid: "2b9de9ee7cd94af9811460c499d9521f" member_type: VOTER last_known_addr { host: "127.3.63.67" port: 37625 } } peers { permanent_uuid: "456550d80dee4182a2b57b89ce11defb" member_type: VOTER last_known_addr { host: "127.3.63.68" port: 40335 } attrs { promote: false } } }
I20260710 11:10:44.043066  4460 raft_consensus.cc:2955] T 3ccd27006594485cae6cf29bfdee2678 P a84f69accde041cb9a214f22765ba2a0 [term 1 FOLLOWER]: Committing config change with OpId 1.3: config changed from index 2 to 3, 456550d80dee4182a2b57b89ce11defb (127.3.63.68) changed from NON_VOTER to VOTER. New config: { opid_index: 3 OBSOLETE_local: false peers { permanent_uuid: "a84f69accde041cb9a214f22765ba2a0" member_type: VOTER last_known_addr { host: "127.3.63.65" port: 45191 } attrs { replace: true } } peers { permanent_uuid: "ab1febe4a8d5434d8990e8c5585eb10e" member_type: VOTER last_known_addr { host: "127.3.63.66" port: 44781 } } peers { permanent_uuid: "2b9de9ee7cd94af9811460c499d9521f" member_type: VOTER last_known_addr { host: "127.3.63.67" port: 37625 } } peers { permanent_uuid: "456550d80dee4182a2b57b89ce11defb" member_type: VOTER last_known_addr { host: "127.3.63.68" port: 40335 } attrs { promote: false } } }
I20260710 11:10:44.053115  4898 raft_consensus.cc:2955] T 3ccd27006594485cae6cf29bfdee2678 P 456550d80dee4182a2b57b89ce11defb [term 1 FOLLOWER]: Committing config change with OpId 1.3: config changed from index 2 to 3, 456550d80dee4182a2b57b89ce11defb (127.3.63.68) changed from NON_VOTER to VOTER. New config: { opid_index: 3 OBSOLETE_local: false peers { permanent_uuid: "a84f69accde041cb9a214f22765ba2a0" member_type: VOTER last_known_addr { host: "127.3.63.65" port: 45191 } attrs { replace: true } } peers { permanent_uuid: "ab1febe4a8d5434d8990e8c5585eb10e" member_type: VOTER last_known_addr { host: "127.3.63.66" port: 44781 } } peers { permanent_uuid: "2b9de9ee7cd94af9811460c499d9521f" member_type: VOTER last_known_addr { host: "127.3.63.67" port: 37625 } } peers { permanent_uuid: "456550d80dee4182a2b57b89ce11defb" member_type: VOTER last_known_addr { host: "127.3.63.68" port: 40335 } attrs { promote: false } } }
